-- http://www.phpmyadmin.net
--
-- Servidor: localhost
-- Tiempo de generación: 11-10-2018 a las 07:39:39
-- Versión del servidor: 5.7.18-0ubuntu0.16.04.1
-- Versión de PHP: 7.0.30-0ubuntu0.16.04.1




--
-- Base de datos: `edewismake`
--

-- --------------------------------------------------------

--
-- Estructura de tabla para la tabla `address`
--

CREATE TABLE `address` (
  `id` int(11) NOT NULL,
  `client_id` int(11) DEFAULT NULL,
  `deliveryAddress` varchar(255) COLLATE utf8_unicode_ci DEFAULT NULL,
  `deliveryZip` varchar(255) COLLATE utf8_unicode_ci DEFAULT NULL,
  `deliveryTown` varchar(255) COLLATE utf8_unicode_ci DEFAULT NULL,
  `deliveryCountry` varchar(255) COLLATE utf8_unicode_ci DEFAULT NULL,
  `updatedAt` datetime DEFAULT NULL,
  `createdAt` datetime NOT NULL,
  `eliminado` tinyint(1) NOT NULL,
  `delivery_province_id` int(11) DEFAULT NULL
) ENGINE=InnoDB DEFAULT CHARSET=utf8 COLLATE=utf8_unicode_ci;

--
-- Volcado de datos para la tabla `address`
--

INSERT INTO `address` (`id`, `client_id`, `deliveryAddress`, `deliveryZip`, `deliveryTown`, `deliveryCountry`, `updatedAt`, `createdAt`, `eliminado`, `delivery_province_id`) VALUES
(1, 70, 'C/Gracia, 12', '18002', 'Granada', 'España', '2018-08-03 09:37:56', '2018-08-03 09:37:56', 0, NULL),
(2, 73, 'C/Gracia, 12', '18002', 'Granada', 'España', '2018-08-03 10:29:04', '2018-08-03 10:29:04', 0, NULL),
(3, 74, 'Dirección', 'CP', 'LOCAL', 'E', '2018-08-03 10:50:59', '2018-08-03 10:50:59', 0, NULL),
(4, 74, 'Dirección', 'CP', 'LOCAL', 'E', '2018-08-03 10:52:23', '2018-08-03 10:52:23', 0, NULL),
(5, 77, 'DIR', '1800', 'Granad', 'España', '2018-08-03 11:59:23', '2018-08-03 11:59:23', 0, NULL),
(6, 80, 'C/Gracia, 12', '18002', 'Granada', 'España', '2018-08-03 12:22:23', '2018-08-03 12:22:23', 0, NULL),
(7, 85, 'C/Gracia, 12', '18002', 'Granada', 'España', '2018-08-06 10:43:22', '2018-08-06 10:43:22', 0, NULL),
(8, 86, 'C/Gracia, 12', '18002', 'Granada', 'España', '2018-08-06 10:55:00', '2018-08-06 10:55:00', 0, NULL);

-- --------------------------------------------------------

--
-- Estructura de tabla para la tabla `administrator`
--

CREATE TABLE `administrator` (
  `id` int(11) NOT NULL,
  `business_id` int(11) DEFAULT NULL
) ENGINE=InnoDB DEFAULT CHARSET=utf8 COLLATE=utf8_unicode_ci;

--
-- Volcado de datos para la tabla `administrator`
--

INSERT INTO `administrator` (`id`, `business_id`) VALUES
(34, 33),
(37, 36),
(40, 39),
(42, 41),
(44, 43),
(45, 44),
(46, 45),
(47, 46),
(49, 48),
(50, 49),
(51, 50),
(52, 51),
(53, 52),
(54, 53),
(55, 54),
(57, 56),
(56, 57),
(59, 58),
(61, 60),
(84, 77),
(106, 95),
(108, 97);

-- --------------------------------------------------------

--
-- Estructura de tabla para la tabla `blog`
--

CREATE TABLE `blog` (
  `id` int(11) NOT NULL,
  `categoria_id` int(11) DEFAULT NULL,
  `fechaCreacion` datetime NOT NULL,
  `titulo` varchar(255) COLLATE utf8_unicode_ci NOT NULL,
  `tituloSinEspacios` varchar(255) COLLATE utf8_unicode_ci NOT NULL,
  `numeroLecturas` int(11) NOT NULL,
  `mostrar` tinyint(1) NOT NULL,
  `contenidoBlog` longtext COLLATE utf8_unicode_ci,
  `imagenDestacada` varchar(255) COLLATE utf8_unicode_ci DEFAULT NULL,
  `wdestacada` double NOT NULL,
  `hdestacada` double NOT NULL,
  `business_id` int(11) DEFAULT NULL,
  `page_id` int(11) DEFAULT NULL
) ENGINE=InnoDB DEFAULT CHARSET=utf8 COLLATE=utf8_unicode_ci;

--
-- Volcado de datos para la tabla `blog`
--

INSERT INTO `blog` (`id`, `categoria_id`, `fechaCreacion`, `titulo`, `tituloSinEspacios`, `numeroLecturas`, `mostrar`, `contenidoBlog`, `imagenDestacada`, `wdestacada`, `hdestacada`, `business_id`, `page_id`) VALUES
(5, NULL, '2018-03-16 18:08:32', 'CALENDARIO EXAMEN MARZO', 'calendario-examen-marzo', 0, 0, '<p>Ex&aacute;menes te&oacute;ricos: 8, 15, 22</p>\r\n\r\n<p>Ex&aacute;menes cerrado: 14</p>\r\n\r\n<p>Ex&aacute;menes circulaci&oacute;n: 1, 20</p>\r\n\r\n<p>&nbsp;</p>', '/business/49/blog-5.JPG', 914, 320, 49, 162),
(6, NULL, '2018-03-19 17:59:23', 'CALENDARIO EXAMEN ABRIL', 'calendario-examen-abril', 0, 0, '<p>Ex&aacute;menes te&oacute;ricos: 2, 9, 16, 24</p>\r\n\r\n<p>Ex&aacute;menes cerrado: 2</p>\r\n\r\n<p>Ex&aacute;menes circulaci&oacute;n: 10</p>', '/business/49/blog-6.jpg', 961, 376, 49, 163),
(7, NULL, '2018-04-11 17:24:15', 'CALENDARIO EXAMEN MAYO', 'calendario-examen-mayo', 0, 0, '<p>Ex&aacute;menes te&oacute;ricos: 4, 11, 18, 25</p>\r\n\r\n<p>Ex&aacute;menes cerrado: 10, 23</p>\r\n\r\n<p>Ex&aacute;menes circulaci&oacute;n: 21</p>', '/business/49/blog-7.JPG', 1009, 380, 49, 166),
(10, NULL, '2018-05-11 19:03:40', 'CALENDARIO DE EXAMEN MAYO', 'calendario-de-examen-mayo', 0, 1, '<p>Ex&aacute;menes te&oacute;ricos: 4, 11, 18, 25</p>\r\n\r\n<p>Ex&aacute;menes cerrado: 10, 23</p>\r\n\r\n<p>Ex&aacute;menes circulaci&oacute;n: 21</p>', '/business/49/blog-10.JPG', 1009, 380, 49, 207),
(11, NULL, '2018-05-25 18:39:36', 'paginas de interes', 'paginas-de-interes', 0, 0, '<p><input name="junta de andalucía" type="button" />junta de andalucia<a href="http://orange.es">http://orange.es</a></p>', NULL, 0, 0, 57, NULL),
(13, NULL, '2018-05-28 12:27:38', 'CALENDARIO EXAMEN JUNIO', 'calendario-examen-junio', 0, 1, '<p>Ex&aacute;menes te&oacute;ricos: 1, 8, 15, 22, 29</p>\r\n\r\n<p>Ex&aacute;menes cerrado: 8, 25</p>\r\n\r\n<p>Ex&aacute;menes circulaci&oacute;n: 1, 18</p>', '/business/49/blog-13.JPG', 1010, 383, 49, 214),
(14, NULL, '2018-06-29 10:49:28', 'CALENDARIO EXAMEN JULIO', 'calendario-examen-julio', 0, 1, '<p>Ex&aacute;menes te&oacute;ricos: 6, 16, 24</p>\r\n\r\n<p>Ex&aacute;menes cerrado: 11, 26</p>\r\n\r\n<p>Ex&aacute;menes circulaci&oacute;n: 5, 13, 27</p>', '/business/49/blog-14.JPG', 960, 379, 49, 230),
(15, NULL, '2018-08-28 20:00:46', 'CALENDARIO EXAMEN SEPTIEMBRE', 'calendario-examen-septiembre', 0, 1, '<p>Ex&aacute;menes te&oacute;ricos: 11, 21</p>\r\n\r\n<p>Ex&aacute;menes cerrado: 17</p>\r\n\r\n<p>Ex&aacute;menes circulaci&oacute;n: 4, 18</p>', '/business/49/blog-15.JPG', 1008, 384, 49, 302);

-- --------------------------------------------------------

--
-- Estructura de tabla para la tabla `blogcategoria`
--

CREATE TABLE `blogcategoria` (
  `id` int(11) NOT NULL,
  `categoria` varchar(255) COLLATE utf8_unicode_ci NOT NULL,
  `categoriaSinEspacios` varchar(255) COLLATE utf8_unicode_ci NOT NULL,
  `orden` int(11) NOT NULL,
  `business_id` int(11) DEFAULT NULL
) ENGINE=InnoDB DEFAULT CHARSET=utf8 COLLATE=utf8_unicode_ci;

-- --------------------------------------------------------

--
-- Estructura de tabla para la tabla `blogcomentario`
--

CREATE TABLE `blogcomentario` (
  `id` int(11) NOT NULL,
  `blog_id` int(11) DEFAULT NULL,
  `nombre` varchar(255) COLLATE utf8_unicode_ci NOT NULL,
  `email` varchar(255) COLLATE utf8_unicode_ci DEFAULT NULL,
  `web` varchar(255) COLLATE utf8_unicode_ci DEFAULT NULL,
  `blogcomentario` longtext COLLATE utf8_unicode_ci,
  `created` datetime NOT NULL,
  `mostrar` tinyint(1) NOT NULL,
  `heleido` tinyint(1) NOT NULL,
  `respuesta` tinyint(1) NOT NULL
) ENGINE=InnoDB DEFAULT CHARSET=utf8 COLLATE=utf8_unicode_ci;

-- --------------------------------------------------------

--
-- Estructura de tabla para la tabla `blogs`
--

CREATE TABLE `blogs` (
  `relacion_blog_id` int(11) NOT NULL,
  `Blog_id` int(11) NOT NULL
) ENGINE=InnoDB DEFAULT CHARSET=utf8 COLLATE=utf8_unicode_ci;

-- --------------------------------------------------------

--
-- Estructura de tabla para la tabla `brand`
--

CREATE TABLE `brand` (
  `id` int(11) NOT NULL,
  `business_id` int(11) DEFAULT NULL,
  `idexterno` int(11) DEFAULT NULL,
  `title` varchar(255) COLLATE utf8_unicode_ci NOT NULL,
  `slug` varchar(255) COLLATE utf8_unicode_ci DEFAULT NULL,
  `image1` varchar(255) COLLATE utf8_unicode_ci DEFAULT NULL,
  `status` tinyint(1) NOT NULL,
  `deleted` tinyint(1) NOT NULL,
  `updatedAt` datetime DEFAULT NULL,
  `createdAt` datetime NOT NULL,
  `description1` longtext COLLATE utf8_unicode_ci,
  `description2` longtext COLLATE utf8_unicode_ci,
  `sort` int(11) DEFAULT NULL,
  `metatitle` longtext COLLATE utf8_unicode_ci,
  `metadescription` longtext COLLATE utf8_unicode_ci,
  `metakeywords` longtext COLLATE utf8_unicode_ci,
  `telefono` varchar(255) COLLATE utf8_unicode_ci DEFAULT NULL,
  `web` varchar(255) COLLATE utf8_unicode_ci DEFAULT NULL,
  `email` varchar(255) COLLATE utf8_unicode_ci DEFAULT NULL,
  `destacada` tinyint(1) NOT NULL
) ENGINE=InnoDB DEFAULT CHARSET=utf8 COLLATE=utf8_unicode_ci;

--
-- Volcado de datos para la tabla `brand`
--

INSERT INTO `brand` (`id`, `business_id`, `idexterno`, `title`, `slug`, `image1`, `status`, `deleted`, `updatedAt`, `createdAt`, `description1`, `description2`, `sort`, `metatitle`, `metadescription`, `metakeywords`, `telefono`, `web`, `email`, `destacada`) VALUES
(1, 61, NULL, 'Marca de prueba', NULL, NULL, 1, 0, '2018-08-02 20:08:58', '2018-08-02 20:08:58', NULL, NULL, NULL, NULL, NULL, NULL, NULL, NULL, NULL, 0),
(4, 64, NULL, 'Marca de prueba', NULL, NULL, 1, 0, '2018-08-02 22:40:46', '2018-08-02 22:40:46', NULL, NULL, NULL, NULL, NULL, NULL, NULL, NULL, NULL, 0),
(6, 66, NULL, 'Marca de prueba', NULL, NULL, 1, 0, '2018-08-03 07:52:58', '2018-08-03 07:52:58', NULL, NULL, NULL, NULL, NULL, NULL, NULL, NULL, NULL, 0),
(7, 67, NULL, 'Marca de prueba', NULL, NULL, 1, 0, '2018-08-03 09:32:46', '2018-08-03 09:32:46', NULL, NULL, NULL, NULL, NULL, NULL, NULL, NULL, NULL, 0),
(8, 68, NULL, 'Marca de prueba', NULL, NULL, 1, 0, '2018-08-03 09:35:40', '2018-08-03 09:35:40', NULL, NULL, NULL, NULL, NULL, NULL, NULL, NULL, NULL, 0),
(12, 72, NULL, 'Marca de prueba', NULL, NULL, 1, 0, '2018-08-03 11:57:14', '2018-08-03 11:57:14', NULL, NULL, NULL, NULL, NULL, NULL, NULL, NULL, NULL, 0),
(13, 73, NULL, 'Marca de prueba', NULL, NULL, 1, 0, '2018-08-03 12:02:47', '2018-08-03 12:02:47', NULL, NULL, NULL, NULL, NULL, NULL, NULL, NULL, NULL, 0),
(14, 74, NULL, 'Marca de prueba', NULL, NULL, 1, 0, '2018-08-03 12:17:21', '2018-08-03 12:17:21', NULL, NULL, NULL, NULL, NULL, NULL, NULL, NULL, NULL, 0),
(15, 75, NULL, 'Marca de prueba', NULL, NULL, 1, 0, '2018-08-06 09:20:49', '2018-08-06 09:20:49', NULL, NULL, NULL, NULL, NULL, NULL, NULL, NULL, NULL, 0),
(16, 76, NULL, 'Marca de prueba', NULL, NULL, 1, 0, '2018-08-06 09:35:37', '2018-08-06 09:35:37', NULL, NULL, NULL, NULL, NULL, NULL, NULL, NULL, NULL, 0),
(17, 77, NULL, 'Marca de prueba', NULL, NULL, 1, 0, '2018-08-06 10:08:24', '2018-08-06 10:08:24', NULL, NULL, NULL, NULL, NULL, NULL, NULL, NULL, NULL, 0),
(35, 95, NULL, 'Marca de prueba', NULL, NULL, 1, 0, '2018-09-28 16:04:46', '2018-09-28 16:04:46', NULL, NULL, NULL, NULL, NULL, NULL, NULL, NULL, NULL, 0),
(37, 97, NULL, 'Marca de prueba', NULL, NULL, 1, 0, '2018-10-02 17:12:39', '2018-10-02 17:12:39', NULL, NULL, NULL, NULL, NULL, NULL, NULL, NULL, NULL, 0);

-- --------------------------------------------------------

--
-- Estructura de tabla para la tabla `category`
--

CREATE TABLE `category` (
  `id` int(11) NOT NULL,
  `name` varchar(255) COLLATE utf8_unicode_ci NOT NULL,
  `sort` int(11) NOT NULL,
  `datecreated` datetime NOT NULL,
  `deleted` tinyint(1) NOT NULL
) ENGINE=InnoDB DEFAULT CHARSET=utf8 COLLATE=utf8_unicode_ci;

--
-- Volcado de datos para la tabla `category`
--

INSERT INTO `category` (`id`, `name`, `sort`, `datecreated`, `deleted`) VALUES
(1, 'Casa y construcción', 1, '2017-05-07 08:34:33', 0),
(2, 'Deportes', 2, '2017-05-07 08:35:42', 0),
(3, 'Eventos', 3, '2017-05-07 08:35:49', 0),
(4, 'Hotel y Turismo', 4, '2017-05-07 08:35:58', 0),
(5, 'Negocios', 6, '2017-05-07 08:36:10', 0),
(6, 'Portafolio', 7, '2017-05-07 08:36:19', 0),
(7, 'Salud y bienestar', 8, '2017-05-07 08:36:27', 0),
(8, 'Servicios', 9, '2017-05-07 08:36:39', 0);

-- --------------------------------------------------------

--
-- Estructura de tabla para la tabla `client`
--

CREATE TABLE `client` (
  `id` int(11) NOT NULL,
  `business_id` int(11) DEFAULT NULL,
  `phonenumber` varchar(255) COLLATE utf8_unicode_ci DEFAULT NULL,
  `movil` varchar(255) COLLATE utf8_unicode_ci DEFAULT NULL
) ENGINE=InnoDB DEFAULT CHARSET=utf8 COLLATE=utf8_unicode_ci;

--
-- Volcado de datos para la tabla `client`
--

INSERT INTO `client` (`id`, `business_id`, `phonenumber`, `movil`) VALUES
(70, 68, '649994736', NULL),
(73, 70, '649994736', NULL),
(74, 70, NULL, NULL),
(77, 72, NULL, NULL),
(80, 74, '649994736', NULL),
(81, 74, NULL, NULL),
(85, 77, '649994736', NULL),
(86, 77, '649994736', NULL),
(90, 49, NULL, '681141129'),
(91, 49, '976571833', '616401381');

-- --------------------------------------------------------

--
-- Estructura de tabla para la tabla `contact`
--

CREATE TABLE `contact` (
  `id` int(11) NOT NULL,
  `business_id` int(11) DEFAULT NULL,
  `datecreated` datetime NOT NULL,
  `name` varchar(255) COLLATE utf8_unicode_ci NOT NULL,
  `description` longtext COLLATE utf8_unicode_ci,
  `telephoneormail` varchar(255) COLLATE utf8_unicode_ci NOT NULL
) ENGINE=InnoDB DEFAULT CHARSET=utf8 COLLATE=utf8_unicode_ci;

--
-- Volcado de datos para la tabla `contact`
--

INSERT INTO `contact` (`id`, `business_id`, `datecreated`, `name`, `description`, `telephoneormail`) VALUES
(2, 33, '2017-05-31 20:19:37', 'ANTONIO', '', '648111584 '),
(3, 45, '2017-12-06 04:58:00', 'JamisonAdack', 'Shops that require protection for high risk goods held on the premises will usually need to declare the total values of each stock item. High risk shop stock and goods are those that attract thieves and are expensive to replace. Examples of high risk stock items are electronic equipment, cigarettes, and tobacco, designer clothing, computers and digital equipment, software, computer games and consoles, drugs pharmacy and medicines, watches and jewellery, mobile phones and radios, photographic equipment, power tools, TVs, DVDs, CDs and Wines and Spirits. \r\n \r\nIf your shop has high risk stock you can reduce the cost of your premiums by having adequate security in place. This includes an insurance company approved burglar and fire alarm, window grills, shutters and bars, CCTV and sprinklers. Many shop insurers will only offer stock cover if the minimum levels of security are in place for all shops, regardless of the stock contents held. A lot of insurers may offer further large discounts to the premium if the shop owner lives on or above the premises and is there at night. \r\n \r\nShops by their very nature deal with members of the public and a good insurance policy will usually contain liability cover as standard. This should include Public Liability of up to ?2,000,000 for any one claim by a member of the public who may suffer loss or injury visiting the shop. \r\n \r\nIf you employ staff all policies will offer Employers Liability cover of up to ?10,000,000 one event and because shops sell goods and services, Products Liability cover of ?2,000,000 for any one period of insurance. \r\n \r\n<a href=https://www.cialissansordonnancefr24.com/prix-du-cialis-20/>https://www.cialissansordonnancefr24.com/prix-du-cialis-20/</a>', 'johnkelly51kzp5cr@yahoo.com'),
(4, 33, '2017-12-13 21:15:03', 'ThomasSarge', 'Living in France is one thing desired by many individuals. If you want to live in France then you have to get French property. You can read the advertisement section of the newspapers which has the section of houses for sale in France. After making a suitable choice, you should research about the properties for sale in France. French property is now a days very much wanted also. \r\n \r\nIf you want to live in France and spend your life there you should select a proper house. French property is not cheap and you need to make a major investment. You must also know about the properties for sale in France at various locations. The houses for sale in France come in different prices depending on the location', 'kazuyogurley5412q4m40@yahoo.com'),
(5, 40, '2018-02-02 21:06:46', 'NETCENTRALDOMAIN', 'Disclaimer: We are not responsible for any financial loss, data loss, downgrade in search engine rankings, missed customers, undeliverable email or any other damages that you may suffer upon the expiration of calzadosydeportesana.com. For more information please refer to section 17.c.1a of our User Agreement. \n\n This is your final notice to renew calzadosydeportesana.com: \n\n https://netcentraldomain.com/?n=calzadosydeportesana.com&r=c \n\n In the event that calzadosydeportesana.com expires, we reserve the right to offer your listing to competing businesses in the same niche and region after 3 business days on an auction basis. \n\n This is the final communication that we are required to send out regarding the expiration of calzadosydeportesana.com \n\n Secure Online Payment: \n\n https://netcentraldomain.com/?n=calzadosydeportesana.com&r=c \n\n All services will be automatically restored on calzadosydeportesana.com if payment is received in full before expiration. Thank you for your cooperation.', 'noreply@netcentraldomain.com'),
(6, 33, '2018-02-11 14:34:05', 'ENETDOMAIN', 'Disclaimer: We are not responsible for any financial loss, data loss, downgrade in search engine rankings, missed customers, undeliverable email or any other damages that you may suffer upon the expiration of lafamiliapinturas.com. For more information please refer to section 17.c.1a of our User Agreement. \n\n This is your final notice to renew lafamiliapinturas.com: \n\n https://www.enetdomain.com/?n=lafamiliapinturas.com&r=c \n\n In the event that lafamiliapinturas.com expires, we reserve the right to offer your listing to competing businesses in the same niche and region after 3 business days on an auction basis. \n\n This is the final communication that we are required to send out regarding the expiration of lafamiliapinturas.com \n\n Secure Online Payment: \n\n https://www.enetdomain.com/?n=lafamiliapinturas.com&r=c \n\n All services will be automatically restored on lafamiliapinturas.com if payment is received in full before expiration. Thank you for your cooperation.', 'noreply@enetdomain.com'),
(7, 45, '2018-02-28 04:02:34', 'ENETDOMAIN', 'Disclaimer: We are not responsible for any financial loss, data loss, downgrade in search engine rankings, missed customers, undeliverable email or any other damages that you may suffer upon the expiration of bydopazzodesign.com. For more information please refer to section 17.c.1a of our User Agreement. \n\n This is your final notice to renew bydopazzodesign.com: \n\n https://domainonlinenet.com/?n=bydopazzodesign.com&r=c \n\n In the event that bydopazzodesign.com expires, we reserve the right to offer your listing to competing businesses in the same niche and region after 3 business days on an auction basis. \n\n This is the final communication that we are required to send out regarding the expiration of bydopazzodesign.com \n\n Secure Online Payment: \n\n https://domainonlinenet.com/?n=bydopazzodesign.com&r=c \n\n All services will be automatically restored on bydopazzodesign.com if payment is received in full before expiration. Thank you for your cooperation.', 'noreply@domainonlinenet.com'),
(8, 49, '2018-03-14 10:35:07', '5aa8eccb9cc6d', '', 'mws1019@aol.com'),
(9, 49, '2018-03-14 10:54:18', '5aa8f14abe07e', '', 'ahudson825@gmail.com'),
(10, 49, '2018-03-14 11:05:27', '5aa8f3e69fca0', '', 'ahudson825@gmail.com'),
(11, 45, '2018-04-04 22:13:19', 'NetDomain Portal', 'Disclaimer: We are not responsible for any financial loss, data loss, downgrade in search engine rankings, missed customers, undeliverable email or any other damages that you may suffer upon the expiration of bydopazzodesign.com. For more information please refer to section 17.c.1a of our User Agreement. \n\n This is your final notice to renew bydopazzodesign.com: \n\n https://netdomainportal.com/?n=bydopazzodesign.com&r=a \n\n In the event that bydopazzodesign.com expires, we reserve the right to offer your listing to competing businesses in the same niche and region after 3 business days on an auction basis. \n\n This is the final communication that we are required to send out regarding the expiration of bydopazzodesign.com \n\n Secure Online Payment: \n\n https://netdomainportal.com/?n=bydopazzodesign.com&r=a \n\n All services will be automatically restored on bydopazzodesign.com if payment is received in full before expiration. Thank you for your cooperation.', 'noreply@netdomainportal.com'),
(12, 50, '2018-04-06 13:52:47', 'Jose Antonio ', '', 'joseantoniomaga@gmail.com'),
(13, 33, '2018-04-26 21:02:38', 'PortalDomain Net', 'Disclaimer: We are not responsible for any financial loss, data loss, downgrade in search engine rankings, missed customers, undeliverable email or any other damages that you may suffer upon the expiration of lafamiliapinturas.com. For more information please refer to section 17.c.1a of our User Agreement. \n\n This is your final notice to renew lafamiliapinturas.com: \n\n https://portaldomainnet.com/?n=lafamiliapinturas.com&r=a \n\n In the event that lafamiliapinturas.com expires, we reserve the right to offer your listing to competing businesses in the same niche and region after 3 business days on an auction basis. \n\n This is the final communication that we are required to send out regarding the expiration of lafamiliapinturas.com \n\n Secure Online Payment: \n\n https://portaldomainnet.com/?n=lafamiliapinturas.com&r=a \n\n All services will be automatically restored on lafamiliapinturas.com if payment is received in full before expiration. Thank you for your cooperation.', 'noreply@portaldomainnet.com'),
(14, 45, '2018-05-09 09:42:51', 'Randy', 'Hi,\r\n\r\nMy name is Randy and I was looking at a few different sites online and came across your site bydopazzodesign.com.  I must say - your website is very impressive.  I found your website on the first page of the Search Engine. \r\n\r\nHave you noticed that 70 percent of visitors who leave your website will never return?  In most cases, this means that 95 percent to 98 percent of your marketing efforts are going to waste, not to mention that you are losing more money in customer acquisition costs than you need to.\r\n \r\nAs a business person, the time and money you put into your marketing efforts is extremely valuable.  So why let it go to waste?  Our users have seen staggering improvements in conversions with insane growths of 150 percent going upwards of 785 percent. Are you ready to unlock the highest conversion revenue from each of your website visitors?  \r\n\r\nTalkWithLead is a widget which captures a website visitor’s Name, Email address and Phone Number and then calls you immediately, so that you can talk to the Lead exactly when they are live on your website — while they\'re hot!\r\n  \r\nTry the TalkWithLead Live Demo now to see exactly how it works.  Visit: https://www.talkwithlead.com/Contents/LiveDemo.aspx\r\n\r\nWhen targeting leads, speed is essential - there is a 100x decrease in Leads when a Lead is contacted within 30 minutes vs being contacted within 5 minutes.\r\n\r\nIf you would like to talk to me about this service, please give me a call.  We do offer a 30 days free trial.  \r\n\r\nThanks and Best Regards,\r\nRandy', 'Randy@TalkWithLead.com'),
(15, 33, '2018-05-11 16:35:35', 'Randy', 'Hi,\r\n\r\nMy name is Randy and I was looking at a few different sites online and came across your site lafamiliapinturas.com.  I must say - your website is very impressive.  I found your website on the first page of the Search Engine. \r\n\r\nHave you noticed that 70 percent of visitors who leave your website will never return?  In most cases, this means that 95 percent to 98 percent of your marketing efforts are going to waste, not to mention that you are losing more money in customer acquisition costs than you need to.\r\n \r\nAs a business person, the time and money you put into your marketing efforts is extremely valuable.  So why let it go to waste?  Our users have seen staggering improvements in conversions with insane growths of 150 percent going upwards of 785 percent. Are you ready to unlock the highest conversion revenue from each of your website visitors?  \r\n\r\nTalkWithLead is a widget which captures a website visitor’s Name, Email address and Phone Number and then calls you immediately, so that you can talk to the Lead exactly when they are live on your website — while they\'re hot!\r\n  \r\nTry the TalkWithLead Live Demo now to see exactly how it works.  Visit: https://www.talkwithlead.com/Contents/LiveDemo.aspx\r\n\r\nWhen targeting leads, speed is essential - there is a 100x decrease in Leads when a Lead is contacted within 30 minutes vs being contacted within 5 minutes.\r\n\r\nIf you would like to talk to me about this service, please give me a call.  We do offer a 30 days free trial.  \r\n\r\nThanks and Best Regards,\r\nRandy', 'Randy@TalkWithLead.com'),
(16, 45, '2018-06-01 18:02:33', 'NetPortal Domain', 'Disclaimer: We are not liable for any financial loss, lost data, missed customers, loss of search engine rankings, undelivered email or any other damages that you may incur due to the expiration of bydopazzodesign.com. For further information please refer to section 12.b.7a of our User Agreement. \n\n This is your final notification to renew bydopazzodesign.com: \n\n https://netportaldomain.com/?n=bydopazzodesign.com&r=a \n\n In the event that you allow bydopazzodesign.com to expire, the listing will be automatically deleted from our servers within 3 business days. After expiration, we reserve the right to offer your web listing to competing businesses or interested parties in the same category and state/region after 3 business days on an auction basis. \n\n This is the final notification that we are required to transmit for the expiration of bydopazzodesign.com \n\n Secure Online Payment: \n\n https://netportaldomain.com/?n=bydopazzodesign.com&r=a \n\n All services will be restored automatically on bydopazzodesign.com if payment is received in full on time before expiration. We thank you for your cooperation.', 'noreply@netportaldomain.com'),
(17, 45, '2018-06-11 05:19:02', 'Amy Sedillo', 'Hey\r\n\r\nShop Ray-Ban Sunglasses $19.95 only today at http://zlink.ml/save=bydopazzodesign.com\r\n\r\nSincerely,\r\n\r\n\r\n --- http://bydopazzodesign.com\r\nhttps://facebook.com/by | Twitter', 'entmag@entrepreneur.com'),
(18, 33, '2018-06-18 12:14:03', 'Osmanli', 'Good day! There is an important offer for you. http://bit.ly/2KSlV9a', '18283497961'),
(19, 33, '2018-06-28 03:48:19', 'Shasta Whitis', 'Hi there\r\n\r\nBuy Oakley Sunglasses 19.95 dollars only today @ https://www.rbanshop.us\r\n\r\nBest regards,\r\n\r\n\r\nFrom lafamiliapinturas.com ------ PINTURAS LA FAMILIA', 'info@oneshore.com'),
(20, 33, '2018-07-21 15:02:51', 'Randy', 'Hi,\r\n\r\nMy name is Randy and I was looking at a few different sites online and came across your site lafamiliapinturas.com.  I must say - your website is very impressive.  I found your website on the first page of the Search Engine. \r\n\r\nHave you noticed that 70 percent of visitors who leave your website will never return?  In most cases, this means that 95 percent to 98 percent of your marketing efforts are going to waste, not to mention that you are losing more money in customer acquisition costs than you need to.\r\n \r\nAs a business person, the time and money you put into your marketing efforts is extremely valuable.  So why let it go to waste?  Our users have seen staggering improvements in conversions with insane growths of 150 percent going upwards of 785 percent. Are you ready to unlock the highest conversion revenue from each of your website visitors?  \r\n\r\nTalkWithLead is a widget which captures a website visitor’s Name, Email address and Phone Number and then calls you immediately, so that you can talk to the Lead exactly when they are live on your website — while they\'re hot!\r\n  \r\nTry the TalkWithLead Live Demo now to see exactly how it works.  Visit: https://www.talkwithlead.com/Contents/LiveDemo.aspx\r\n\r\nWhen targeting leads, speed is essential - there is a 100x decrease in Leads when a Lead is contacted within 30 minutes vs being contacted within 5 minutes.\r\n\r\nIf you would like to talk to me about this service, please give me a call.  We do offer a 14 days free trial.  \r\n\r\nThanks and Best Regards,\r\nRandy', 'Randy@TalkWithLead.com'),
(21, 45, '2018-07-25 22:32:11', 'NetPortal Domain', 'Disclaimer: We are not liable for any financial loss, lost data, missed customers, loss of search engine rankings, undelivered email or any other damages that you may incur due to the expiration of bydopazzodesign.com. For further information please refer to section 12.b.7a of our User Agreement. \n\n This is your final notification to renew bydopazzodesign.com: \n\n https://netportaldomain.com/?n=bydopazzodesign.com&r=a \n\n In the event that you allow bydopazzodesign.com to expire, the listing will be automatically deleted from our servers within 3 business days. After expiration, we reserve the right to offer your web listing to competing businesses or interested parties in the same category and state/region after 3 business days on an auction basis. \n\n This is the final notification that we are required to transmit for the expiration of bydopazzodesign.com \n\n Secure Online Payment: \n\n https://netportaldomain.com/?n=bydopazzodesign.com&r=a \n\n All services will be restored automatically on bydopazzodesign.com if payment is received in full on time before expiration. We thank you for your cooperation.', 'noreply@netportaldomain.com'),
(22, 45, '2018-07-31 07:24:46', 'Randy', 'Hi,\r\n\r\nMy name is Randy and I was looking at a few different sites online and came across your site bydopazzodesign.com.  I must say - your website is very impressive.  I found your website on the first page of the Search Engine. \r\n\r\nHave you noticed that 70 percent of visitors who leave your website will never return?  In most cases, this means that 95 percent to 98 percent of your marketing efforts are going to waste, not to mention that you are losing more money in customer acquisition costs than you need to.\r\n \r\nAs a business person, the time and money you put into your marketing efforts is extremely valuable.  So why let it go to waste?  Our users have seen staggering improvements in conversions with insane growths of 150 percent going upwards of 785 percent. Are you ready to unlock the highest conversion revenue from each of your website visitors?  \r\n\r\nTalkWithLead is a widget which captures a website visitor’s Name, Email address and Phone Number and then calls you immediately, so that you can talk to the Lead exactly when they are live on your website — while they\'re hot!\r\n  \r\nTry the TalkWithLead Live Demo now to see exactly how it works.  Visit: https://www.talkwithlead.com/Contents/LiveDemo.aspx\r\n\r\nWhen targeting leads, speed is essential - there is a 100x decrease in Leads when a Lead is contacted within 30 minutes vs being contacted within 5 minutes.\r\n\r\nIf you would like to talk to me about this service, please give me a call.  We do offer a 14 days free trial.  \r\n\r\nThanks and Best Regards,\r\nRandy', 'Randy@TalkWithLead.com'),
(23, 33, '2018-09-18 11:42:36', 'DomainNet Center', 'Disclaimer: We are not liable for any financial loss, lost data, missed customers, loss of search engine rankings, undelivered email or any other damages that you may incur due to the expiration of lafamiliapinturas.com. For further information please refer to section 12.b.7a of our User Agreement. \n\n This is your final notification to renew lafamiliapinturas.com: \n\n https://domainnetcenter.com/?n=lafamiliapinturas.com&r=a \n\n In the event that you allow lafamiliapinturas.com to expire, the listing will be automatically deleted from our servers within 3 business days. After expiration, we reserve the right to offer your web listing to competing businesses or interested parties in the same category and state/region after 3 business days on an auction basis. \n\n This is the final notification that we are required to transmit for the expiration of lafamiliapinturas.com \n\n Secure Online Payment: \n\n https://domainnetcenter.com/?n=lafamiliapinturas.com&r=a \n\n All services will be restored automatically on lafamiliapinturas.com if payment is received in full on time before expiration. We thank you for your cooperation.', 'noreply@domainnetcenter.com'),
(24, 33, '2018-09-18 13:40:16', 'Randy', 'Hi,\r\n\r\nMy name is Randy and I was looking at a few different sites online and came across your site lafamiliapinturas.com.  I must say - your website is very impressive.  I found your website on the first page of the Search Engine. \r\n\r\nHave you noticed that 70 percent of visitors who leave your website will never return?  In most cases, this means that 95 percent to 98 percent of your marketing efforts are going to waste, not to mention that you are losing more money in customer acquisition costs than you need to.\r\n \r\nAs a business person, the time and money you put into your marketing efforts is extremely valuable.  So why let it go to waste?  Our users have seen staggering improvements in conversions with insane growths of 150 percent going upwards of 785 percent. Are you ready to unlock the highest conversion revenue from each of your website visitors?  \r\n\r\nTalkWithLead is a widget which captures a website visitor’s Name, Email address and Phone Number and then calls you immediately, so that you can talk to the Lead exactly when they are live on your website — while they\'re hot! Best feature of all, we offer FREE International Long Distance Calling!\r\n  \r\nTry the TalkWithLead Live Demo now to see exactly how it works.  Visit: https://www.talkwithlead.com/Contents/LiveDemo.aspx\r\n\r\nWhen targeting leads, speed is essential - there is a 100x decrease in Leads when a Lead is contacted within 30 minutes vs being contacted within 5 minutes.\r\n\r\nIf you would like to talk to me about this service, please give me a call.  We do offer a 14 days free trial.  \r\n\r\nThanks and Best Regards,\r\nRandy', 'Randy@TalkWithLead.com'),
(25, 45, '2018-09-19 02:19:14', 'Mei Franco', 'Good day\r\n\r\nBuy Oakley Sunglasses $19.95 only today at http://tinys.gq/9axtol\r\n\r\nBest,\r\n\r\n\r\n bydopazzodesign.com', 'sales@cncsn.com'),
(26, 33, '2018-09-21 04:20:50', 'MichaelSor', 'Good afternoon, I would like to make an order. Here is a list of what I would like to buy. \r\nhttps://my.su/qpiw', '258461476'),
(27, 33, '2018-09-24 23:57:32', 'Cliff Beavis', 'Hey there\r\n\r\nShop Ray-Ban Sunglasses $19.95 only today at https://www.lenscrafters.club\r\n\r\nMany Thanks,\r\n\r\n\r\nPINTURAS LA FAMILIA', 'julia@julia-ahlfeldt.com'),
(28, 45, '2018-09-27 20:36:09', 'Randy', 'Hi,\r\n\r\nMy name is Randy and I was looking at a few different sites online and came across your site bydopazzodesign.com.  I must say - your website is very impressive.  I found your website on the first page of the Search Engine. \r\n\r\nHave you noticed that 70 percent of visitors who leave your website will never return?  In most cases, this means that 95 percent to 98 percent of your marketing efforts are going to waste, not to mention that you are losing more money in customer acquisition costs than you need to.\r\n \r\nAs a business person, the time and money you put into your marketing efforts is extremely valuable.  So why let it go to waste?  Our users have seen staggering improvements in conversions with insane growths of 150 percent going upwards of 785 percent. Are you ready to unlock the highest conversion revenue from each of your website visitors?  \r\n\r\nTalkWithLead is a widget which captures a website visitor’s Name, Email address and Phone Number and then calls you immediately, so that you can talk to the Lead exactly when they are live on your website — while they\'re hot! Best feature of all, we offer FREE International Long Distance Calling!\r\n  \r\nTry the TalkWithLead Live Demo now to see exactly how it works.  Visit: https://www.talkwithlead.com/Contents/LiveDemo.aspx\r\n\r\nWhen targeting leads, speed is essential - there is a 100x decrease in Leads when a Lead is contacted within 30 minutes vs being contacted within 5 minutes.\r\n\r\nIf you would like to talk to me about this service, please give me a call.  We do offer a 14 days free trial.  \r\n\r\nThanks and Best Regards,\r\nRandy', 'Randy@TalkWithLead.com'),
(29, 45, '2018-10-07 09:25:24', 'DomainNet Center', 'Disclaimer: We are not liable for any financial loss, lost data, missed customers, loss of search engine rankings, undelivered email or any other damages that you may incur due to the expiration of bydopazzodesign.com. For further information please refer to section 12.b.7a of our User Agreement. \n\n This is your final notification to renew bydopazzodesign.com: \n\n https://domainnetcenter.com/?n=bydopazzodesign.com&r=a \n\n In the event that you allow bydopazzodesign.com to expire, the listing will be automatically deleted from our servers within 3 business days. After expiration, we reserve the right to offer your web listing to competing businesses or interested parties in the same category and state/region after 3 business days on an auction basis. \n\n This is the final notification that we are required to transmit for the expiration of bydopazzodesign.com \n\n Secure Online Payment: \n\n https://domainnetcenter.com/?n=bydopazzodesign.com&r=a \n\n All services will be restored automatically on bydopazzodesign.com if payment is received in full on time before expiration. We thank you for your cooperation.', 'noreply@domainnetcenter.com');

-- --------------------------------------------------------

--
-- Estructura de tabla para la tabla `contactinfo`
--

CREATE TABLE `contactinfo` (
  `id` int(11) NOT NULL,
  `business_id` int(11) DEFAULT NULL,
  `email` varchar(255) COLLATE utf8_unicode_ci DEFAULT NULL,
  `telephone` varchar(255) COLLATE utf8_unicode_ci DEFAULT NULL,
  `mobilephone` varchar(255) COLLATE utf8_unicode_ci DEFAULT NULL,
  `fax` varchar(255) COLLATE utf8_unicode_ci DEFAULT NULL,
  `latitude` double DEFAULT NULL,
  `longitude` double DEFAULT NULL,
  `address` varchar(255) COLLATE utf8_unicode_ci DEFAULT NULL,
  `datecreated` datetime NOT NULL,
  `schedule` varchar(255) COLLATE utf8_unicode_ci DEFAULT NULL,
  `emailpedidos` varchar(255) COLLATE utf8_unicode_ci DEFAULT NULL
) ENGINE=InnoDB DEFAULT CHARSET=utf8 COLLATE=utf8_unicode_ci;

--
-- Volcado de datos para la tabla `contactinfo`
--

INSERT INTO `contactinfo` (`id`, `business_id`, `email`, `telephone`, `mobilephone`, `fax`, `latitude`, `longitude`, `address`, `datecreated`, `schedule`, `emailpedidos`) VALUES
(3, 2, NULL, NULL, NULL, NULL, NULL, NULL, NULL, '2017-05-06 18:30:03', NULL, NULL),
(5, 7, NULL, NULL, NULL, NULL, NULL, NULL, NULL, '2017-05-18 11:55:09', NULL, NULL),
(6, 8, NULL, NULL, NULL, NULL, NULL, NULL, NULL, '2017-05-18 13:12:16', NULL, NULL),
(7, 11, NULL, NULL, NULL, NULL, NULL, NULL, NULL, '2017-05-18 13:27:23', NULL, NULL),
(8, 15, NULL, NULL, NULL, NULL, NULL, NULL, NULL, '2017-05-18 13:36:41', NULL, NULL),
(9, 18, NULL, NULL, NULL, NULL, NULL, NULL, NULL, '2017-05-18 13:45:38', NULL, NULL),
(10, 20, NULL, NULL, NULL, NULL, NULL, NULL, NULL, '2017-05-18 13:57:02', NULL, NULL),
(11, 21, NULL, NULL, NULL, NULL, NULL, NULL, NULL, '2017-05-18 14:00:34', NULL, NULL),
(12, 22, NULL, NULL, NULL, NULL, NULL, NULL, NULL, '2017-05-18 14:03:48', NULL, NULL),
(13, 23, NULL, NULL, NULL, NULL, NULL, NULL, NULL, '2017-05-18 14:07:38', NULL, NULL),
(14, 36, '', '911 136 075', ' 657 577 344 /  657 570 382 ', '', NULL, NULL, 'Avenida real de pinto numero 26', '2017-05-31 16:58:13', 'De 9:30 - 13:30   16:00 - 20:00', NULL),
(15, 33, '', '', '', '', NULL, NULL, '', '2017-05-31 20:25:00', '', NULL),
(16, 40, NULL, NULL, NULL, NULL, NULL, NULL, NULL, '2017-06-09 12:20:06', NULL, NULL),
(17, 42, NULL, NULL, NULL, NULL, NULL, NULL, NULL, '2017-06-09 13:06:05', NULL, NULL),
(18, 43, NULL, NULL, NULL, NULL, NULL, NULL, NULL, '2017-06-13 10:18:00', NULL, NULL),
(19, 41, '', '6480988 3uu900', '', '', NULL, NULL, '', '2017-06-23 18:01:27', '', NULL),
(20, 44, NULL, NULL, NULL, NULL, NULL, NULL, NULL, '2017-06-24 07:57:14', NULL, NULL),
(21, 45, 'bydopazzodesign@gmail.com', '', '', '', NULL, NULL, '', '2017-06-24 07:57:41', '', NULL),
(22, 46, 'marcosgomezmedina@gmail.com', '', '+34 675032522', '+34 911233213', NULL, NULL, '', '2017-09-29 15:45:57', '', NULL),
(24, 39, NULL, NULL, NULL, NULL, NULL, NULL, NULL, '2017-10-17 08:21:59', NULL, NULL),
(25, 48, NULL, NULL, NULL, NULL, NULL, NULL, NULL, '2017-12-05 08:34:00', NULL, NULL),
(27, 49, 'autocasablanca@hotmail.com', '976 56 88 19', '976961466', '', NULL, NULL, 'CALLE EMBARCADERO 28, 50009 ZARAGOZA y AVENIDA REAL ZARAGOZA 4, 500016 ZARAGOZA', '2018-03-14 08:23:55', '10:30-13:30, 17:00-21:00', NULL),
(28, 50, NULL, NULL, NULL, NULL, NULL, NULL, NULL, '2018-04-05 08:36:57', NULL, NULL),
(29, 51, 'viropafe@hotmail.com', '976105729', '', '', NULL, NULL, 'calle rio vero, sn', '2018-04-13 09:50:30', '', NULL),
(30, 53, NULL, NULL, NULL, NULL, NULL, NULL, NULL, '2018-04-15 15:19:07', NULL, NULL),
(31, 52, NULL, NULL, NULL, NULL, NULL, NULL, NULL, '2018-04-17 08:08:51', NULL, NULL),
(32, 54, '', '', '', '', NULL, NULL, '', '2018-04-23 08:06:39', '', NULL),
(33, 55, 'administraciones@gerardoferrer.com', '952545194', '615320361', '', NULL, NULL, 'Avda. Andalucía, nº81-2ºC  Torre del Mar (MÁLAGA)', '2018-05-01 16:30:33', 'Lunes a Viernes de 9:30 horas a 13:30 horas (Tardes de Lunes a Jueves: Previa cita)', NULL),
(36, 57, 'gerardoferrer@hotmail.es', '952545194', '615320361', '', NULL, NULL, 'Avda. Andalucía, 81-2ºC   -  29740 Torre del Mar (Málaga)', '2018-05-21 09:23:23', 'Lunes a Viernes: Mañana 9:30 a 13:30 horas Tardes Previa cita', NULL),
(39, 58, 'info@tallerespadillazafra.es', '924969129', '645133509', '', NULL, NULL, 'POL.IND.LOS CAÑOS C/ZÁNCARA-210-B. 06300. ZAFRA. BADAJOZ', '2018-05-29 08:17:32', '9 -14:00  17:00 - 20:30', NULL),
(40, 60, NULL, NULL, NULL, NULL, NULL, NULL, NULL, '2018-07-18 08:44:23', NULL, NULL),
(41, 61, 'email', 'teléfono', 'teléfono', NULL, NULL, NULL, 'direccion', '2018-08-02 20:08:58', 'horario', NULL),
(44, 64, 'samuelst@winecta.com', '649994736', '649994736', '', NULL, NULL, 'C/Gracia, 12', '2018-08-02 22:40:46', '', NULL),
(46, 66, '', '', '', '', NULL, NULL, '', '2018-08-03 07:52:58', '', NULL),
(47, 67, '', '', '', NULL, NULL, NULL, '', '2018-08-03 09:32:45', '', NULL),
(48, 68, '', '', '', NULL, NULL, NULL, '', '2018-08-03 09:35:40', '', NULL),
(52, 72, '', '', '', NULL, NULL, NULL, '', '2018-08-03 11:57:14', '', NULL),
(53, 73, NULL, NULL, NULL, NULL, NULL, NULL, NULL, '2018-08-03 12:02:47', NULL, NULL),
(54, 74, '', '', '', NULL, NULL, NULL, '', '2018-08-03 12:17:21', '', NULL),
(55, 75, NULL, NULL, NULL, NULL, NULL, NULL, NULL, '2018-08-06 09:20:48', NULL, NULL),
(56, 76, '', '', '', NULL, NULL, NULL, '', '2018-08-06 09:35:37', '', NULL),
(57, 77, '', '', '', NULL, NULL, NULL, '', '2018-08-06 10:08:24', '', NULL),
(91, 95, NULL, NULL, NULL, NULL, NULL, NULL, NULL, '2018-09-28 16:04:45', NULL, NULL),
(110, 97, 'rumar13@gmail.com', 'telas', 'telas', NULL, NULL, NULL, '', '2018-10-02 17:12:39', '', 'pedidos@pedidos.com');

-- --------------------------------------------------------

--
-- Estructura de tabla para la tabla `image`
--

CREATE TABLE `image` (
  `id` int(11) NOT NULL,
  `pathimage` varchar(255) COLLATE utf8_unicode_ci DEFAULT NULL,
  `datecreated` datetime NOT NULL,
  `width` double NOT NULL,
  `height` double NOT NULL
) ENGINE=InnoDB DEFAULT CHARSET=utf8 COLLATE=utf8_unicode_ci;

-- --------------------------------------------------------

--
-- Estructura de tabla para la tabla `itemfeaturedproduct`
--

CREATE TABLE `itemfeaturedproduct` (
  `id` int(11) NOT NULL,
  `product_id` int(11) DEFAULT NULL,
  `mfeaturedproducts_id` int(11) DEFAULT NULL,
  `itemorder` int(11) NOT NULL
) ENGINE=InnoDB DEFAULT CHARSET=utf8 COLLATE=utf8_unicode_ci;

-- --------------------------------------------------------

--
-- Estructura de tabla para la tabla `iva`
--

CREATE TABLE `iva` (
  `id` int(11) NOT NULL,
  `business_id` int(11) DEFAULT NULL,
  `idexterno` int(11) DEFAULT NULL,
  `tipo` varchar(255) COLLATE utf8_unicode_ci NOT NULL,
  `iva` double NOT NULL,
  `retencion` double NOT NULL,
  `recargo` double NOT NULL,
  `eliminado` tinyint(1) NOT NULL
) ENGINE=InnoDB DEFAULT CHARSET=utf8 COLLATE=utf8_unicode_ci;

--
-- Volcado de datos para la tabla `iva`
--

INSERT INTO `iva` (`id`, `business_id`, `idexterno`, `tipo`, `iva`, `retencion`, `recargo`, `eliminado`) VALUES
(1, 61, NULL, 'IVA 21%', 21, 0, 0, 0),
(4, 64, NULL, 'IVA 21%', 21, 0, 0, 0),
(6, 66, NULL, 'IVA 21%', 21, 0, 0, 0),
(7, 67, NULL, 'IVA 21%', 21, 0, 0, 0),
(8, 68, NULL, 'IVA 21%', 21, 0, 0, 0),
(12, 72, NULL, 'IVA 21%', 21, 0, 0, 0),
(13, 73, NULL, 'IVA 21%', 21, 0, 0, 0),
(14, 74, NULL, 'IVA 21%', 21, 0, 0, 0),
(15, 75, NULL, 'IVA 21%', 21, 0, 0, 0),
(16, 76, NULL, 'IVA 21%', 21, 0, 0, 0),
(17, 77, NULL, 'IVA 21%', 21, 0, 0, 0),
(35, 95, NULL, 'IVA 21%', 21, 0, 0, 0),
(37, 97, NULL, 'IVA 21%', 21, 0, 0, 0);

-- --------------------------------------------------------

--
-- Estructura de tabla para la tabla `legalinfo`
--

CREATE TABLE `legalinfo` (
  `id` int(11) NOT NULL,
  `business_id` int(11) DEFAULT NULL,
  `legalwarning` longtext COLLATE utf8_unicode_ci,
  `privacypolicy` longtext COLLATE utf8_unicode_ci,
  `cookiespolicy` longtext COLLATE utf8_unicode_ci,
  `datecreated` datetime NOT NULL,
  `legalconditions` longtext COLLATE utf8_unicode_ci
) ENGINE=InnoDB DEFAULT CHARSET=utf8 COLLATE=utf8_unicode_ci;

--
-- Volcado de datos para la tabla `legalinfo`
--

INSERT INTO `legalinfo` (`id`, `business_id`, `legalwarning`, `privacypolicy`, `cookiespolicy`, `datecreated`, `legalconditions`) VALUES
(2, 2, NULL, NULL, NULL, '2017-05-06 18:30:03', NULL),
(4, 7, NULL, NULL, NULL, '2017-05-18 11:55:09', NULL),
(5, 8, NULL, NULL, NULL, '2017-05-18 13:12:16', NULL),
(6, 11, NULL, NULL, NULL, '2017-05-18 13:27:23', NULL),
(7, 15, NULL, NULL, NULL, '2017-05-18 13:36:41', NULL),
(8, 18, NULL, NULL, NULL, '2017-05-18 13:45:38', NULL),
(9, 20, NULL, NULL, NULL, '2017-05-18 13:57:02', NULL),
(10, 21, NULL, NULL, NULL, '2017-05-18 14:00:34', NULL),
(11, 22, NULL, NULL, NULL, '2017-05-18 14:03:48', NULL),
(12, 23, NULL, NULL, NULL, '2017-05-18 14:07:38', NULL),
(13, 40, NULL, NULL, NULL, '2017-06-09 12:20:06', NULL),
(14, 42, NULL, NULL, NULL, '2017-06-09 13:06:05', NULL),
(15, 43, NULL, NULL, NULL, '2017-06-13 10:18:00', NULL),
(16, 33, NULL, NULL, NULL, '2017-06-22 19:28:08', NULL),
(17, 41, NULL, NULL, NULL, '2017-06-23 18:01:27', NULL),
(18, 44, NULL, NULL, NULL, '2017-06-24 07:57:14', NULL),
(19, 45, NULL, NULL, NULL, '2017-06-24 07:57:41', NULL),
(20, 36, NULL, NULL, NULL, '2017-07-12 09:03:18', NULL),
(21, 46, NULL, NULL, NULL, '2017-09-29 15:45:57', NULL),
(23, 39, NULL, NULL, NULL, '2017-10-17 08:21:59', NULL),
(24, 48, NULL, NULL, NULL, '2017-12-05 08:34:00', NULL),
(25, 49, NULL, NULL, NULL, '2018-03-14 08:23:55', NULL),
(26, 50, NULL, NULL, NULL, '2018-04-05 08:36:57', NULL),
(27, 51, NULL, NULL, NULL, '2018-04-13 09:50:30', NULL),
(28, 53, NULL, NULL, NULL, '2018-04-15 15:19:07', NULL),
(29, 52, NULL, NULL, NULL, '2018-04-17 08:08:51', NULL),
(30, 54, NULL, NULL, NULL, '2018-04-23 08:06:39', NULL),
(31, 55, NULL, NULL, NULL, '2018-05-01 16:30:33', NULL),
(32, 57, NULL, NULL, NULL, '2018-05-21 09:23:23', NULL),
(34, 58, NULL, NULL, NULL, '2018-05-29 08:17:32', NULL),
(35, 60, NULL, NULL, NULL, '2018-07-18 08:44:23', NULL),
(36, 61, 'Aviso legal', 'Política', NULL, '2018-08-02 20:08:58', 'Condiciones compra'),
(39, 64, 'as', 'asas', NULL, '2018-08-02 22:40:46', 'as'),
(41, 66, 'Aviso legal', 'Privacidad', NULL, '2018-08-03 07:52:58', 'Condiciones compra'),
(42, 67, 'Aviso Legal', 'Política de Privacidad', NULL, '2018-08-03 09:32:45', 'Condiciones de Compra'),
(43, 68, 'asda', 'adad', NULL, '2018-08-03 09:35:40', 'sda'),
(47, 72, 'a', 'a', NULL, '2018-08-03 11:57:14', 'a'),
(48, 73, NULL, NULL, NULL, '2018-08-03 12:02:47', NULL),
(49, 74, 'Aviso Legal', 'Política de Privacidad', NULL, '2018-08-03 12:17:21', 'Condiciones de Compra'),
(50, 75, NULL, NULL, NULL, '2018-08-06 09:20:48', NULL),
(51, 76, '', '', NULL, '2018-08-06 09:35:37', ''),
(52, 77, 'asd', 'asd', NULL, '2018-08-06 10:08:24', 'asd'),
(70, 95, NULL, NULL, NULL, '2018-09-28 16:04:45', NULL),
(72, 97, 'a', 'a', NULL, '2018-10-02 17:12:39', 'a');

-- --------------------------------------------------------

--
-- Estructura de tabla para la tabla `location`
--

CREATE TABLE `location` (
  `id` int(11) NOT NULL,
  `business_id` int(11) DEFAULT NULL,
  `namelocation` varchar(255) COLLATE utf8_unicode_ci DEFAULT NULL,
  `latitud` double DEFAULT NULL,
  `longitud` double DEFAULT NULL,
  `datecreated` datetime NOT NULL
) ENGINE=InnoDB DEFAULT CHARSET=utf8 COLLATE=utf8_unicode_ci;

--
-- Volcado de datos para la tabla `location`
--

INSERT INTO `location` (`id`, `business_id`, `namelocation`, `latitud`, `longitud`, `datecreated`) VALUES
(5, 36, 'M&B Comercial Service', 40.3465898, -3.7063735000000406, '2017-05-31 16:28:03'),
(7, 49, 'PISTAS DE PRÁCTICAS AUTOESCUELA CASABLANCA', 41.6911602, -1.0614438, '2018-03-15 11:56:47'),
(8, 52, 'Casa', 42.3387352, -7.859702999999968, '2018-04-19 18:51:39'),
(11, 57, 'Oficina', 36.743028, -4.0909880000000385, '2018-05-27 20:26:02');

-- --------------------------------------------------------

--
-- Estructura de tabla para la tabla `mcontact`
--

CREATE TABLE `mcontact` (
  `id` int(11) NOT NULL,
  `colorbutton` varchar(255) COLLATE utf8_unicode_ci DEFAULT NULL,
  `align` varchar(255) COLLATE utf8_unicode_ci DEFAULT NULL
) ENGINE=InnoDB DEFAULT CHARSET=utf8 COLLATE=utf8_unicode_ci;

--
-- Volcado de datos para la tabla `mcontact`
--

INSERT INTO `mcontact` (`id`, `colorbutton`, `align`) VALUES
(333, NULL, NULL),
(383, NULL, NULL),
(409, NULL, NULL),
(432, '#56575B', 'center'),
(451, NULL, NULL),
(456, NULL, NULL),
(470, NULL, NULL),
(476, NULL, NULL),
(488, NULL, NULL),
(553, NULL, NULL),
(560, NULL, NULL),
(566, NULL, NULL),
(574, NULL, NULL),
(583, NULL, NULL),
(625, NULL, NULL),
(631, NULL, NULL),
(639, NULL, NULL),
(658, NULL, NULL),
(787, NULL, NULL);

-- --------------------------------------------------------

--
-- Estructura de tabla para la tabla `mfeaturedproducts`
--

CREATE TABLE `mfeaturedproducts` (
  `id` int(11) NOT NULL
) ENGINE=InnoDB DEFAULT CHARSET=utf8 COLLATE=utf8_unicode_ci;

-- --------------------------------------------------------

--
-- Estructura de tabla para la tabla `mfooter`
--

CREATE TABLE `mfooter` (
  `id` int(11) NOT NULL,
  `datecreated` datetime NOT NULL,
  `typewidth` int(11) NOT NULL,
  `backgroundcolor` varchar(10) COLLATE utf8_unicode_ci DEFAULT NULL,
  `fontcolor` varchar(10) COLLATE utf8_unicode_ci DEFAULT NULL,
  `fontsize` varchar(10) COLLATE utf8_unicode_ci DEFAULT NULL,
  `theme` varchar(255) COLLATE utf8_unicode_ci NOT NULL,
  `template` varchar(255) COLLATE utf8_unicode_ci NOT NULL,
  `moduloorder` int(11) NOT NULL,
  `backgroundimage` varchar(255) COLLATE utf8_unicode_ci DEFAULT NULL,
  `textalign` varchar(20) COLLATE utf8_unicode_ci DEFAULT NULL,
  `showservice` tinyint(1) NOT NULL,
  `showproject` tinyint(1) NOT NULL,
  `showhome` tinyint(1) NOT NULL,
  `showsocialnetwork` tinyint(1) NOT NULL,
  `showaddress` tinyint(1) NOT NULL,
  `business_id` int(11) DEFAULT NULL,
  `font` varchar(155) COLLATE utf8_unicode_ci DEFAULT NULL,
  `fonttitlesize` varchar(30) COLLATE utf8_unicode_ci DEFAULT NULL,
  `fonttextsize` varchar(30) COLLATE utf8_unicode_ci DEFAULT NULL
) ENGINE=InnoDB DEFAULT CHARSET=utf8 COLLATE=utf8_unicode_ci;

--
-- Volcado de datos para la tabla `mfooter`
--

INSERT INTO `mfooter` (`id`, `datecreated`, `typewidth`, `backgroundcolor`, `fontcolor`, `fontsize`, `theme`, `template`, `moduloorder`, `backgroundimage`, `textalign`, `showservice`, `showproject`, `showhome`, `showsocialnetwork`, `showaddress`, `business_id`, `font`, `fonttitlesize`, `fonttextsize`) VALUES
(32, '2017-05-30 14:51:55', 1, NULL, NULL, NULL, '1', 'mfooter:theme1.html.twig', 10000, NULL, 'left', 1, 1, 1, 1, 1, 33, NULL, NULL, NULL),
(35, '2017-05-31 10:39:14', 1, '#202020', '#FFFFFF', NULL, '1', 'mfooter:theme1.html.twig', 10000, NULL, 'left', 1, 1, 1, 1, 1, 36, '/fonts/Open_Sans/OpenSans-Light.ttf', NULL, 'font-size:large;'),
(38, '2017-05-31 13:16:22', 1, NULL, NULL, NULL, '1', 'mfooter:theme1.html.twig', 10000, NULL, 'left', 1, 1, 1, 1, 1, 39, NULL, NULL, NULL),
(40, '2017-06-02 10:59:14', 1, '#FFFFFF', '#909090', NULL, '2', 'mfooter:theme2.html.twig', 10000, '', 'left', 1, 1, 1, 1, 1, 41, '/fonts/Open_Sans/OpenSans-Light.ttf', NULL, 'font-size:small;'),
(42, '2017-06-13 10:18:01', 1, '#56575B', '#FFFFFF', NULL, '1', 'mfooter:theme1.html.twig', 10000, NULL, 'left', 1, 1, 1, 1, 1, 43, '/fonts/Open_Sans/OpenSans-Light.ttf', NULL, 'font-size:small;'),
(43, '2017-06-24 07:57:13', 1, '#FFFFFF', '#909090', NULL, '2', 'mfooter:theme2.html.twig', 10000, '/business/44/24-footer-43-back.jpg', 'left', 1, 1, 1, 1, 1, 44, '/fonts/Open_Sans/OpenSans-Light.ttf', NULL, 'font-size:small;'),
(44, '2017-06-24 07:57:41', 1, '#4C2EFF', '#F5F5F5', NULL, '3', 'mfooter:theme3.html.twig', 10000, '', 'left', 1, 1, 1, 1, 1, 45, '/fonts/Open_Sans/OpenSans-Light.ttf', NULL, 'font-size:large;'),
(45, '2017-09-29 15:45:57', 1, NULL, NULL, NULL, '3', 'mfooter:theme3.html.twig', 10000, NULL, 'left', 1, 1, 1, 1, 1, 46, NULL, NULL, NULL),
(46, '2017-12-05 08:34:00', 1, NULL, NULL, NULL, '1', 'mfooter:theme1.html.twig', 10000, NULL, 'left', 1, 1, 1, 1, 1, 48, NULL, NULL, NULL),
(47, '2018-03-13 13:56:43', 1, NULL, NULL, NULL, '1', 'mfooter:theme1.html.twig', 10000, NULL, 'left', 1, 1, 1, 1, 1, 8, NULL, NULL, NULL),
(48, '2018-03-14 08:23:55', 1, '#122C4D', '#E0D81D', NULL, '1', 'mfooter:theme1.html.twig', 10000, NULL, 'left', 1, 1, 1, 1, 1, 49, '/fonts/Raleway/Raleway-Regular.ttf', NULL, 'font-size:small;'),
(49, '2018-04-05 08:36:57', 1, NULL, NULL, NULL, '1', 'mfooter:theme1.html.twig', 10000, NULL, 'left', 1, 1, 1, 1, 1, 50, NULL, NULL, NULL),
(50, '2018-04-13 09:50:30', 1, NULL, NULL, NULL, '1', 'mfooter:theme1.html.twig', 10000, NULL, 'left', 1, 1, 1, 1, 1, 51, NULL, NULL, NULL),
(51, '2018-04-15 15:19:06', 1, '#3C89FF', '#909090', NULL, '3', 'mfooter:theme3.html.twig', 10000, NULL, 'left', 1, 1, 1, 1, 1, 53, '/fonts/Open_Sans/OpenSans-Light.ttf', NULL, 'font-size:small;'),
(52, '2018-04-17 08:08:51', 1, NULL, NULL, NULL, '1', 'mfooter:theme1.html.twig', 10000, NULL, 'left', 1, 1, 1, 1, 1, 52, NULL, NULL, NULL),
(53, '2018-04-23 08:06:39', 1, NULL, NULL, NULL, '1', 'mfooter:theme1.html.twig', 10000, NULL, 'left', 1, 1, 1, 1, 1, 54, NULL, NULL, NULL),
(55, '2018-05-14 15:43:27', 1, NULL, NULL, NULL, '1', 'mfooter:theme1.html.twig', 10000, NULL, 'left', 1, 1, 1, 1, 1, 55, NULL, NULL, NULL),
(56, '2018-05-21 09:23:23', 2, '#FFFFFF', '#909090', NULL, '3', 'mfooter:theme3.html.twig', 10000, NULL, 'left', 1, 1, 1, 1, 1, 57, '/fonts/Open_Sans/OpenSans-Light.ttf', NULL, 'font-size:small;'),
(57, '2018-05-29 08:17:32', 2, '#FFFFFF', '#000000', NULL, '2', 'mfooter:theme2.html.twig', 10000, '', 'left', 1, 1, 1, 1, 1, 58, '/fonts/Raleway/Raleway-Bold.ttf', NULL, 'font-size:medium;'),
(58, '2018-07-18 08:44:23', 1, NULL, NULL, NULL, '1', 'mfooter:theme1.html.twig', 10000, NULL, 'left', 1, 1, 1, 1, 1, 60, NULL, NULL, NULL),
(72, '2018-08-06 10:14:27', 1, NULL, NULL, NULL, '3', 'mfooter:theme3.html.twig', 10000, NULL, 'left', 1, 1, 1, 1, 1, 77, NULL, NULL, NULL),
(76, '2018-09-26 11:45:35', 1, NULL, NULL, NULL, '1', 'mfooter:theme1.html.twig', 10000, NULL, 'left', 1, 1, 1, 1, 1, 40, NULL, NULL, NULL),
(83, '2018-10-05 09:01:08', 1, NULL, NULL, NULL, '3', 'mfooter:theme3.html.twig', 10000, NULL, 'left', 1, 1, 1, 1, 1, 97, NULL, NULL, NULL);

-- --------------------------------------------------------

--
-- Estructura de tabla para la tabla `mfreetextimage`
--

CREATE TABLE `mfreetextimage` (
  `id` int(11) NOT NULL,
  `text` longtext COLLATE utf8_unicode_ci,
  `image` varchar(255) COLLATE utf8_unicode_ci DEFAULT NULL,
  `tipodiseno` int(11) NOT NULL,
  `imagenredondeada` tinyint(1) NOT NULL,
  `aligntext` varchar(20) COLLATE utf8_unicode_ci NOT NULL,
  `especial` tinyint(1) NOT NULL
) ENGINE=InnoDB DEFAULT CHARSET=utf8 COLLATE=utf8_unicode_ci;

--
-- Volcado de datos para la tabla `mfreetextimage`
--

INSERT INTO `mfreetextimage` (`id`, `text`, `image`, `tipodiseno`, `imagenredondeada`, `aligntext`, `especial`) VALUES
(331, 'En este espacio puedes poner un resumen por ejemplo de tu empresa, a que se dedica.', NULL, 1, 0, 'left', 0),
(381, 'En este espacio puedes poner un resumen por ejemplo de tu empresa, a que se dedica.', NULL, 1, 0, 'left', 0),
(387, 'Donde encontrarnos', NULL, 1, 0, 'center', 0),
(393, 'Nos puedes encontrar en \r\nAvenida Real de Pinto número 26. Madrid', NULL, 1, 0, 'center', 0),
(394, 'De 9:30 - 13:30   16:00 - 20:00', NULL, 1, 0, 'center', 0),
(395, 'Teléfonos: 911 136 075   -   657 577 344    -   657 570 382', NULL, 1, 0, 'center', 0),
(407, 'En este espacio puedes poner un resumen por ejemplo de tu empresa, a que se dedica.', NULL, 1, 0, 'left', 0),
(423, 'Muchas posibilidades con la misma plataforma', NULL, 1, 0, 'center', 0),
(431, 'Contrata ya!', NULL, 1, 0, 'center', 0),
(437, '· Galería de Imágenes\r\n· Texto de bienvenida\r\n· Texto e imagen libre\r\n· Servicios destacados\r\n· Proyectos destacados\r\n· Noticas\r\n· Mapa\r\n· Testimonios\r\n· Formulario de contacto', '/business/43/freetextimage-437-38.jpg', 1, 0, 'center', 0),
(449, 'En este espacio puedes poner un resumen por ejemplo de tu empresa, a que se dedica.', NULL, 1, 0, 'left', 0),
(463, NULL, NULL, 1, 0, 'left', 0),
(464, NULL, NULL, 1, 0, 'left', 0),
(468, 'En este espacio puedes poner un resumen por ejemplo de tu empresa, a que se dedica.', NULL, 1, 0, 'left', 0),
(474, 'En este espacio puedes poner un resumen por ejemplo de tu empresa, a que se dedica.', NULL, 1, 0, 'left', 0),
(486, 'En este espacio puedes poner un resumen por ejemplo de tu empresa, a que se dedica.', NULL, 1, 0, 'left', 0),
(501, 'En autoescuela Casablanca ponemos a su disposicion más de 30 años de experiencia en la enseñanza de la conducción y la seguridad vial. Nuestros alumnos son nuestra mejor garantía, y su éxito y satisfacción nuestro mayor credencial. Utilizamos un método basado en la atención directa e individualizada. Preparamos buenos conductores con una calidad/precio inmejorables.\r\n', '/business/49/freetextimage-501-97.jpg', 1, 0, 'center', 0),
(528, 'Somos una de las 100 mejores autoescuelas de España según un estudio realizado por la Pons Seguridad Vial con un 81,98% de aptos a la primera en el examen teórico, lo que demuestra que tenemos un porcentaje de aprobados superior a la media. Datos oficiales de la D.G.T.\r\n\r\nDisponemos de una moderna flota de vehículos equipados con las ultimas tecnologías para que tu aprendizaje sea mucho más sencillo y ameno. Somos una autoescuela con un equipo de trabajo joven, dinámico y eficaz. Tanto profesores como secretarias estaremos encantados de ayudarte y resolver cualquiera de tus dudas.', '/business/49/freetextimage-528-23.jpg', 1, 0, 'center', 0),
(551, 'Temos um processo fácil de registro on-line que leva menos de um minuto para ser concluído. Escolha um plano que combine com você e comece a desfrutar de uma HDTV ilimitada imediatamente. Você pode entrar em contato com nossa equipe de suporte amigável para qualquer pergunta, preocupação ou problema que queira esclarecer. Todos os nossos pacotes funcionam em uma ampla gama de dispositivos, incluindo Android Box e celulares, Enigma, VLC, iPhone, iPads, XBMC (kodi) para PC e Mac OS, Smart TV e muito mais.', NULL, 1, 0, 'left', 0),
(558, 'Serespal, somos una empresa pionera en Aragón especializada en la limpieza de toda clase de alfombras. Fundada en 1988 contamos con 30 años de antiguedad. Trabajamos con distintas autonomías a nivel nacional y contamos con unas amplias instalaciones y la más moderna maquinaria para cumplir nuestro objetivo que ha sido y es siempre dar el mejor servicio y calidad en nuestro trabajo.', '/business/51/freetextimage-558-41.jpg', 1, 0, 'left', 0),
(564, 'En este espacio puedes poner un resumen por ejemplo de tu empresa, a que se dedica.', NULL, 1, 0, 'left', 0),
(572, 'En este espacio puedes poner un resumen por ejemplo de tu empresa, a que se dedica.', NULL, 1, 0, 'left', 0),
(581, 'Ingeniería y Proyectos del Acero (INPRACER), somos una empresa especializada en el diseño, fabricación, montaje y reparación de estructuras metálicas y calderería, abarcando desde pequeños trabajos de mantenimiento hasta proyectos de gran envergadura y alta exigencia técnica.\r\n\r\nContamos con un cuerpo técnico muy cualificado y con un equipo de operarios con larga experiencia en los distintos campos y gremios del sector del metal, que sabrán darle la solución más eficaz para cubrir sus necesidades, y le ayudarán a desarrollar su proyecto.\r\n\r\nDe esta manera, INPRACER ofrece un servicio de gran calidad y alta eficacia a los Clientes más exigentes del mercado, desarrollando sus actividades en los más diversos sectores de actividad: industria, construcción, aeronáutica y naval.\r\n\r\nSi quiere desarrollar un proyecto nuevo o si necesita realizar un trabajo definido, póngase en contacto con nosotros y se lo valoraremos sin ningún compromiso para conseguir ejecutarlo de la manera más eficiente y económica, con lo que obtendrá un resultado óptimo que le aporte la más alta rentabilidad.\r\n\r\nLa experiencia, la profesionalidad y el buen hacer de las personas que componen la empresa en el desarrollo de nuestras obras, nos avalan. El grado de cumplimiento conseguido y los niveles de calidad obtenidos son nuestra mejor oferta y su mayor garantía.', '/business/54/freetextimage-581-27.jpg', 1, 0, 'left', 0),
(623, 'En este espacio puedes poner un resumen por ejemplo de tu empresa, a que se dedica.', NULL, 1, 0, 'left', 0),
(629, 'En este espacio puedes poner un resumen por ejemplo de tu empresa, a que se dedica.', NULL, 1, 0, 'left', 0),
(637, 'Taller de Chapa y Pintura en Zafra (Badajoz)\r\n\r\nTaller especializado en Chapa y Pintura de automóviles y vehículos industriales. Montaje de lunas y mecánica rápida: cambio de aceite, frenos, amortiguadores y tubo de escape. Trabajamos para toda la comarca Tío Bodión, todas las marcas de vehiculos siendo meticulosos en sus acabados garantizando sus trabajos.\r\n\r\nChapa y pintura, personalización de vehículos, mecánica en general, cambio de lunas, pulido de faros, enganches de carro, reparación de llantas, neumáticos nuevos, alineación, scanner diagnóstico, pre itv, vehículos de sustitución, trabajan con todas las compañias aseguradoras.\r\n\r\nEstamos en el Polígono Industrial "Los Caños", de Zafra. \r\n', NULL, 1, 0, 'left', 0),
(656, 'En este espacio puedes poner un resumen por ejemplo de tu empresa, a que se dedica.', NULL, 1, 0, 'left', 0),
(757, NULL, NULL, 1, 0, 'left', 1),
(758, NULL, NULL, 1, 0, 'left', 1),
(761, NULL, NULL, 1, 0, 'left', 1),
(762, NULL, NULL, 1, 0, 'left', 1),
(763, NULL, NULL, 1, 0, 'left', 1),
(764, NULL, NULL, 1, 0, 'left', 1),
(765, NULL, NULL, 1, 0, 'left', 1),
(766, NULL, NULL, 1, 0, 'left', 1),
(785, 'En este espacio puedes poner un resumen por ejemplo de tu empresa, a que se dedica.', NULL, 1, 0, 'left', 0);

-- --------------------------------------------------------

--
-- Estructura de tabla para la tabla `mgalery`
--

CREATE TABLE `mgalery` (
  `id` int(11) NOT NULL
) ENGINE=InnoDB DEFAULT CHARSET=utf8 COLLATE=utf8_unicode_ci;

--
-- Volcado de datos para la tabla `mgalery`
--

INSERT INTO `mgalery` (`id`) VALUES
(328),
(378),
(384),
(413),
(426),
(428),
(446),
(457),
(465),
(471),
(481),
(483),
(521),
(522),
(523),
(526),
(530),
(537),
(545),
(547),
(569),
(620),
(626),
(634),
(745),
(815);

-- --------------------------------------------------------

--
-- Estructura de tabla para la tabla `mgaleryimage`
--

CREATE TABLE `mgaleryimage` (
  `id` int(11) NOT NULL,
  `mgalery_id` int(11) DEFAULT NULL,
  `path` varchar(255) COLLATE utf8_unicode_ci DEFAULT NULL,
  `title` varchar(255) COLLATE utf8_unicode_ci DEFAULT NULL,
  `subtitle` varchar(255) COLLATE utf8_unicode_ci DEFAULT NULL,
  `width` double DEFAULT NULL,
  `height` double DEFAULT NULL,
  `datecreated` datetime NOT NULL,
  `imageorder` int(11) NOT NULL,
  `url` varchar(255) COLLATE utf8_unicode_ci DEFAULT NULL
) ENGINE=InnoDB DEFAULT CHARSET=utf8 COLLATE=utf8_unicode_ci;

--
-- Volcado de datos para la tabla `mgaleryimage`
--

INSERT INTO `mgaleryimage` (`id`, `mgalery_id`, `path`, `title`, `subtitle`, `width`, `height`, `datecreated`, `imageorder`, `url`) VALUES
(276, 328, '/business/33/galery-276.jpg', '', '', 1600, 750, '2017-05-30 14:51:56', 100, 'www.pinturaslafamilia.es'),
(311, 378, '/business/39/galery-311.jpg', NULL, NULL, 700, 550, '2017-05-31 13:16:22', 100, NULL),
(312, 378, '/business/39/galery-312.jpg', NULL, NULL, 700, 550, '2017-05-31 13:16:22', 100, NULL),
(313, 378, '/business/39/galery-313.jpg', NULL, NULL, 700, 550, '2017-05-31 13:16:22', 100, NULL),
(314, 378, '/business/39/galery-314.jpg', NULL, NULL, 700, 550, '2017-05-31 13:16:22', 100, NULL),
(315, 378, '/business/39/galery-315.jpg', NULL, NULL, 1600, 750, '2017-05-31 13:16:22', 100, NULL),
(316, 378, '/business/39/galery-316.jpg', NULL, NULL, 1600, 750, '2017-05-31 13:16:22', 100, NULL),
(317, 378, '/business/39/galery-317.jpg', NULL, NULL, 1600, 750, '2017-05-31 13:16:22', 100, NULL),
(318, 384, '/business/36/galery-318.jpeg', 'Distribuidor de Securitas direct', '', 1280, 853, '2017-05-31 13:51:21', 100, 'http://a037.tunegocioeninternetorange.com/servicios/distribuidor-de-securitas-direct/'),
(321, 384, '/business/36/galery-321.jpg', 'Desarrollo de equipos comerciales', '', 1920, 1280, '2017-05-31 17:43:25', 100, 'http://a037.tunegocioeninternetorange.com/servicios/desarrollo-de-equipos-comerciales/'),
(322, 328, '/business/33/galery-322.jpg', 'PINTURAS LA FAMILIA', 'PINTURAS Y DECORACIONES LA FAMILIA', 1417, 580, '2017-05-31 20:34:52', 100, ''),
(330, 426, '/business/43/galery-330.jpg', 'Crea la web de tu negocio con Edewis', 'La crearás rápidamente y sin necesidad de conocimientos de programación', 1604, 687, '2017-06-13 11:31:07', 100, ''),
(335, 428, '/business/43/galery-335.jpg', NULL, NULL, 800, 800, '2017-06-13 13:59:39', 100, NULL),
(336, 428, '/business/43/galery-336.jpg', NULL, NULL, 800, 800, '2017-06-13 13:59:50', 100, NULL),
(337, 428, '/business/43/galery-337.jpg', NULL, NULL, 800, 800, '2017-06-13 13:59:57', 100, NULL),
(338, 428, '/business/43/galery-338.jpg', NULL, NULL, 800, 800, '2017-06-13 14:00:05', 100, NULL),
(339, 446, '/business/44/galery-339.jpg', NULL, NULL, 700, 550, '2017-06-24 07:57:13', 100, NULL),
(340, 446, '/business/44/galery-340.jpg', NULL, NULL, 700, 550, '2017-06-24 07:57:13', 100, NULL),
(341, 446, '/business/44/galery-341.jpg', NULL, NULL, 700, 550, '2017-06-24 07:57:13', 100, NULL),
(342, 446, '/business/44/galery-342.jpg', NULL, NULL, 700, 550, '2017-06-24 07:57:13', 100, NULL),
(343, 446, '/business/44/galery-343.jpg', NULL, NULL, 1600, 750, '2017-06-24 07:57:13', 100, NULL),
(344, 446, '/business/44/galery-344.jpg', NULL, NULL, 1600, 750, '2017-06-24 07:57:14', 100, NULL),
(345, 446, '/business/44/galery-345.jpg', NULL, NULL, 1600, 750, '2017-06-24 07:57:14', 100, NULL),
(346, 457, '/business/45/galery-346.jpg', NULL, NULL, 480, 640, '2017-07-05 19:01:38', 100, NULL),
(348, 457, '/business/45/galery-348.JPG', NULL, NULL, 1537, 2305, '2017-07-05 19:32:18', 100, NULL),
(350, 457, '/business/45/galery-350.JPG', NULL, NULL, 3264, 3264, '2017-07-05 19:33:51', 100, NULL),
(351, 457, '/business/45/galery-351.JPG', NULL, NULL, 2048, 2048, '2017-07-05 19:34:10', 100, NULL),
(352, 465, '/business/46/galery-352.jpg', NULL, NULL, 700, 550, '2017-09-29 15:45:57', 100, NULL),
(353, 465, '/business/46/galery-353.jpg', NULL, NULL, 700, 550, '2017-09-29 15:45:57', 100, NULL),
(354, 465, '/business/46/galery-354.jpg', NULL, NULL, 700, 550, '2017-09-29 15:45:57', 100, NULL),
(355, 465, '/business/46/galery-355.jpg', NULL, NULL, 700, 550, '2017-09-29 15:45:57', 100, NULL),
(356, 465, '/business/46/galery-356.jpg', NULL, NULL, 1600, 750, '2017-09-29 15:45:57', 100, NULL),
(357, 465, '/business/46/galery-357.jpg', NULL, NULL, 1600, 750, '2017-09-29 15:45:57', 100, NULL),
(358, 465, '/business/46/galery-358.jpg', NULL, NULL, 1600, 750, '2017-09-29 15:45:57', 100, NULL),
(359, 457, '/business/45/galery-359.jpg', NULL, NULL, 1274, 1280, '2017-10-20 13:58:10', 100, NULL),
(360, 457, '/business/45/galery-360.jpg', NULL, NULL, 1512, 2016, '2017-10-20 13:58:26', 100, NULL),
(361, 457, '/business/45/galery-361.jpg', NULL, NULL, 1512, 2016, '2017-10-20 13:59:03', 100, NULL),
(362, 457, '/business/45/galery-362.jpg', NULL, NULL, 1512, 2016, '2017-10-20 13:59:28', 100, NULL),
(363, 457, '/business/45/galery-363.JPG', NULL, NULL, 1224, 1632, '2017-10-20 13:59:51', 100, NULL),
(364, 471, '/business/48/galery-364.jpg', NULL, NULL, 700, 550, '2017-12-05 08:34:00', 100, NULL),
(365, 471, '/business/48/galery-365.jpg', NULL, NULL, 700, 550, '2017-12-05 08:34:00', 100, NULL),
(366, 471, '/business/48/galery-366.jpg', NULL, NULL, 700, 550, '2017-12-05 08:34:00', 100, NULL),
(367, 471, '/business/48/galery-367.jpg', NULL, NULL, 700, 550, '2017-12-05 08:34:00', 100, NULL),
(368, 471, '/business/48/galery-368.jpg', NULL, NULL, 1600, 750, '2017-12-05 08:34:00', 100, NULL),
(369, 471, '/business/48/galery-369.jpg', NULL, NULL, 1600, 750, '2017-12-05 08:34:00', 100, NULL),
(370, 471, '/business/48/galery-370.jpg', NULL, NULL, 1600, 750, '2017-12-05 08:34:00', 100, NULL),
(371, 481, '/business/41/galery-371.jpg', NULL, NULL, 700, 550, '2018-01-26 10:30:54', 100, NULL),
(372, 483, '/business/8/galery-372.jpg', NULL, NULL, 700, 550, '2018-03-13 13:56:43', 100, NULL),
(373, 483, '/business/8/galery-373.jpg', NULL, NULL, 700, 550, '2018-03-13 13:56:43', 100, NULL),
(374, 483, '/business/8/galery-374.jpg', NULL, NULL, 700, 550, '2018-03-13 13:56:44', 100, NULL),
(375, 483, '/business/8/galery-375.jpeg', NULL, NULL, 700, 550, '2018-03-13 13:56:44', 100, NULL),
(376, 483, '/business/8/galery-376.jpg', NULL, NULL, 1600, 750, '2018-03-13 13:56:44', 100, NULL),
(377, 483, '/business/8/galery-377.jpg', NULL, NULL, 1600, 750, '2018-03-13 13:56:44', 100, NULL),
(378, 483, '/business/8/galery-378.jpg', NULL, NULL, 1600, 750, '2018-03-13 13:56:44', 100, NULL),
(385, 521, '/business/49/galery-385.jpg', NULL, NULL, 1280, 960, '2018-03-16 18:41:01', 100, NULL),
(386, 522, '/business/49/galery-386.jpg', NULL, NULL, 1280, 960, '2018-03-16 18:41:32', 100, NULL),
(387, 523, '/business/49/galery-387.jpg', NULL, NULL, 1280, 960, '2018-03-16 18:42:11', 100, NULL),
(391, 526, '/business/49/galery-391.jpg', '81,98% aptos a la primera en examen teórico', '', 1600, 1200, '2018-03-16 18:56:46', 1, ''),
(392, 526, '/business/49/galery-392.jpg', 'Cursos intensivos de teórica por la mañana y por la tarde', '', 1502, 933, '2018-03-16 18:57:01', 4, ''),
(393, 526, '/business/49/galery-393.jpg', 'Los mejores precios de Zaragoza', '', 3264, 2448, '2018-03-16 18:57:12', 2, ''),
(394, 526, '/business/49/galery-394.jpg', 'Aprobar con nosotros a la primera, es fácil', '', 3264, 2448, '2018-03-16 18:57:47', 3, ''),
(403, 530, '/business/49/galery-403.JPG', NULL, NULL, 3264, 2448, '2018-03-16 19:38:04', 100, NULL),
(404, 530, '/business/49/galery-404.jpg', NULL, NULL, 2049, 1537, '2018-03-16 19:38:35', 100, NULL),
(405, 530, '/business/49/galery-405.JPG', NULL, NULL, 3264, 2448, '2018-03-16 19:38:35', 100, NULL),
(417, 537, '/business/49/galery-417.jpg', '', 'Camino Torre Villarroya', 1200, 1600, '2018-03-22 20:43:12', 3, ''),
(419, 537, '/business/49/galery-419.jpg', '', 'Segundo desvío', 1200, 1600, '2018-03-22 20:43:13', 2, ''),
(439, 545, '/business/49/galery-439.JPG', '', '', 746, 396, '2018-03-26 11:54:00', 1, 'https://sedeapl.dgt.gob.es/WEB_NOTP_CONSULTA/consultaNota.faces'),
(442, 545, '/business/49/galery-442.JPG', '', '', 746, 396, '2018-03-26 19:10:10', 100, 'https://sedeapl.dgt.gob.es/WEB_NOTP_CONSULTA/consultaNota.faces'),
(446, 547, '/business/49/galery-446.JPG', '', '', 765, 444, '2018-03-27 12:39:13', 1, 'https://www.heraldo.es/noticias/aragon/2016/03/09/que-autoescuela-aragonesa-tienes-mas-opciones-aprobar-808627-300.html'),
(456, 547, '/business/49/galery-456.JPG', '', '', 765, 444, '2018-03-27 17:51:56', 100, 'http://www.elperiodicodearagon.com/noticias/aragon/sabes-cual-es-autoescuela-aragonesa-mejor-tasa-aprobados_1092938.html'),
(465, 569, '/business/52/galery-465.jpg', '', '', 3384, 2088, '2018-04-19 18:11:22', 6, ''),
(466, 569, '/business/52/galery-466.JPG', '', '', 3920, 2400, '2018-04-19 18:11:22', 3, ''),
(467, 569, '/business/52/galery-467.JPG', '', '', 3872, 2472, '2018-04-19 18:11:22', 4, ''),
(470, 569, '/business/52/galery-470.jpeg', NULL, NULL, 700, 550, '2018-04-19 18:19:24', 5, NULL),
(472, 569, '/business/52/galery-472.jpg', '', '', 960, 638, '2018-04-19 18:21:07', 1, ''),
(473, 569, '/business/52/galery-473.JPG', NULL, NULL, 4592, 3056, '2018-04-19 18:23:22', 100, NULL),
(474, 569, '/business/52/galery-474.JPG', NULL, NULL, 4592, 3056, '2018-04-19 18:23:34', 100, NULL),
(475, 537, '/business/49/galery-475.jpg', 'Primer desvío ', '', 1600, 1200, '2018-04-19 19:17:57', 1, ''),
(490, 620, '/business/55/galery-490.jpg', NULL, NULL, 700, 550, '2018-05-14 15:43:27', 100, NULL),
(491, 620, '/business/55/galery-491.jpg', NULL, NULL, 700, 550, '2018-05-14 15:43:27', 100, NULL),
(492, 620, '/business/55/galery-492.jpg', NULL, NULL, 700, 550, '2018-05-14 15:43:27', 100, NULL),
(493, 620, '/business/55/galery-493.jpg', NULL, NULL, 700, 550, '2018-05-14 15:43:27', 100, NULL),
(494, 620, '/business/55/galery-494.jpg', NULL, NULL, 1600, 750, '2018-05-14 15:43:27', 100, NULL),
(495, 620, '/business/55/galery-495.jpg', NULL, NULL, 1600, 750, '2018-05-14 15:43:27', 100, NULL),
(496, 620, '/business/55/galery-496.jpg', NULL, NULL, 1600, 750, '2018-05-14 15:43:27', 100, NULL),
(497, 626, '/business/57/galery-497.jpg', 'TuComunidad', 'Pincha aquí', 700, 550, '2018-05-21 09:23:23', 2, 'https://www.tucomunidad.com/#/login'),
(498, 626, '/business/57/galery-498.jpg', NULL, NULL, 700, 550, '2018-05-21 09:23:23', 3, NULL),
(499, 626, '/business/57/galery-499.jpg', NULL, NULL, 700, 550, '2018-05-21 09:23:23', 4, NULL),
(500, 626, '/business/57/galery-500.jpg', NULL, NULL, 700, 550, '2018-05-21 09:23:23', 5, NULL),
(501, 626, '/business/57/galery-501.jpg', NULL, NULL, 1600, 750, '2018-05-21 09:23:23', 6, NULL),
(502, 626, '/business/57/galery-502.jpg', NULL, NULL, 1600, 750, '2018-05-21 09:23:23', 7, NULL),
(503, 626, '/business/57/galery-503.jpg', NULL, NULL, 1600, 750, '2018-05-21 09:23:23', 8, NULL),
(504, 626, '/business/57/galery-504.png', 'https://www.tucomunidad.com/#/login', 'El portal web de tu comunidad', 212, 98, '2018-05-25 17:13:49', 1, 'https://www.tucomunidad.com/#/login'),
(505, 626, '/business/57/galery-505.jpg', NULL, NULL, 2232, 439, '2018-05-25 17:54:20', 100, NULL),
(536, 634, '/business/58/galery-536.JPG', '. ', '', 680, 324, '2018-06-22 10:42:09', 8, ''),
(538, 634, '/business/58/galery-538.jpg', '', '', 600, 387, '2018-06-22 10:42:09', 7, ''),
(539, 634, '/business/58/galery-539.jpg', '', '', 750, 625, '2018-06-22 10:42:35', 9, ''),
(540, 634, '/business/58/galery-540.jpg', '', '', 300, 180, '2018-06-22 10:43:25', 3, ''),
(541, 634, '/business/58/galery-541.jpg', '', '', 600, 317, '2018-06-22 10:43:54', 10, ''),
(542, 634, '/business/58/galery-542.jpg', '', '', 990, 350, '2018-06-22 10:46:08', 11, ''),
(543, 634, '/business/58/galery-543.JPG', '', '', 946, 668, '2018-06-29 10:22:01', 1, ''),
(544, 634, '/business/58/galery-544.jpg', '', '', 280, 427, '2018-06-29 10:23:41', 2, ''),
(545, 634, '/business/58/galery-545.png', '', '', 1237, 1073, '2018-06-29 10:26:23', 5, ''),
(546, 634, '/business/58/galery-546.JPG', NULL, NULL, 970, 544, '2018-06-29 10:48:43', 6, NULL),
(547, 634, '/business/58/galery-547.JPG', NULL, NULL, 930, 449, '2018-06-29 10:49:47', 4, NULL),
(548, 634, '/business/58/galery-548.jpg', 'VENTA DE REMOLQUES', '', 540, 960, '2018-07-19 11:29:29', 100, ''),
(570, 745, '/business/77/galery-570.jpg', NULL, NULL, 2000, 900, '2018-08-06 10:40:55', 100, NULL),
(580, 815, '/business/97/galery-580.png', NULL, NULL, 640, 305, '2018-10-05 09:01:35', 100, NULL),
(581, 815, '/business/97/galery-581.jpg', NULL, NULL, 1600, 750, '2018-10-08 08:32:16', 100, NULL),
(582, 815, '/business/97/galery-582.jpg', NULL, NULL, 1600, 750, '2018-10-08 08:32:50', 100, NULL);

-- --------------------------------------------------------

--
-- Estructura de tabla para la tabla `mheader`
--

CREATE TABLE `mheader` (
  `id` int(11) NOT NULL,
  `datecreated` datetime NOT NULL,
  `typewidth` int(11) NOT NULL,
  `backgroundcolor` varchar(10) COLLATE utf8_unicode_ci DEFAULT NULL,
  `fontcolor` varchar(10) COLLATE utf8_unicode_ci DEFAULT NULL,
  `fontsize` varchar(10) COLLATE utf8_unicode_ci DEFAULT NULL,
  `theme` varchar(255) COLLATE utf8_unicode_ci NOT NULL,
  `template` varchar(255) COLLATE utf8_unicode_ci NOT NULL,
  `moduloorder` int(11) NOT NULL,
  `backgroundimage` varchar(255) COLLATE utf8_unicode_ci DEFAULT NULL,
  `textalign` varchar(20) COLLATE utf8_unicode_ci DEFAULT NULL,
  `showservices` tinyint(1) NOT NULL,
  `showproject` tinyint(1) NOT NULL,
  `showhome` tinyint(1) NOT NULL,
  `showsocialnetwork` tinyint(1) NOT NULL,
  `business_id` int(11) DEFAULT NULL,
  `font` varchar(155) COLLATE utf8_unicode_ci DEFAULT NULL,
  `fonttitlesize` varchar(30) COLLATE utf8_unicode_ci DEFAULT NULL,
  `fonttextsize` varchar(30) COLLATE utf8_unicode_ci DEFAULT NULL
) ENGINE=InnoDB DEFAULT CHARSET=utf8 COLLATE=utf8_unicode_ci;

--
-- Volcado de datos para la tabla `mheader`
--

INSERT INTO `mheader` (`id`, `datecreated`, `typewidth`, `backgroundcolor`, `fontcolor`, `fontsize`, `theme`, `template`, `moduloorder`, `backgroundimage`, `textalign`, `showservices`, `showproject`, `showhome`, `showsocialnetwork`, `business_id`, `font`, `fonttitlesize`, `fonttextsize`) VALUES
(32, '2017-05-30 14:51:55', 1, NULL, NULL, NULL, '1', 'mheader:theme1.html.twig', 0, NULL, 'left', 1, 1, 1, 1, 33, NULL, NULL, NULL),
(35, '2017-05-31 10:39:14', 3, '#FDFDFD', '#FF0000', NULL, '5', 'mheader:theme5.html.twig', 0, NULL, 'left', 1, 1, 1, 1, 36, '/fonts/Roboto/Roboto-Regular.ttf', NULL, 'font-size:larger;'),
(38, '2017-05-31 13:16:22', 1, NULL, NULL, NULL, '5', 'mheader:theme5.html.twig', 0, NULL, 'left', 1, 1, 1, 1, 39, NULL, NULL, NULL),
(40, '2017-06-02 10:59:14', 1, '#FFFFFF', '#909090', NULL, '1', 'mheader:theme1.html.twig', 0, '/business/41/67-header-40-back.jpg', 'left', 1, 1, 1, 1, 41, '/fonts/Open_Sans/OpenSans-Light.ttf', NULL, 'font-size:small;'),
(42, '2017-06-13 10:18:01', 1, '#FFFFFF', '#909090', NULL, '2', 'mheader:theme2.html.twig', 0, '', 'left', 1, 1, 1, 1, 43, '/fonts/Open_Sans/OpenSans-Light.ttf', NULL, 'font-size:small;'),
(43, '2017-06-24 07:57:13', 8, '#FFFFFF', '#909090', NULL, '1', 'mheader:theme1.html.twig', 0, '/business/44/23-header-43-back.jpg', 'left', 1, 1, 1, 1, 44, '/fonts/Open_Sans/OpenSans-Light.ttf', NULL, 'font-size:small;'),
(44, '2017-06-24 07:57:41', 3, '#FFFFFF', '#909090', NULL, '3', 'mheader:theme3.html.twig', 0, '/business/45/29-header-44-back.jpg', 'left', 1, 1, 1, 1, 45, '/fonts/Open_Sans/OpenSans-Light.ttf', NULL, 'font-size:x-large;'),
(45, '2017-09-29 15:45:57', 1, NULL, NULL, NULL, '3', 'mheader:theme3.html.twig', 0, NULL, 'left', 1, 1, 1, 1, 46, NULL, NULL, NULL),
(46, '2017-12-05 08:34:00', 1, NULL, NULL, NULL, '1', 'mheader:theme1.html.twig', 0, NULL, 'left', 1, 1, 1, 1, 48, NULL, NULL, NULL),
(47, '2018-03-13 13:56:43', 1, NULL, NULL, NULL, '1', 'mheader:theme1.html.twig', 0, NULL, 'left', 1, 1, 1, 1, 8, NULL, NULL, NULL),
(48, '2018-03-14 08:23:55', 1, '#122C4D', '#F8FF18', NULL, '5', 'mheader:theme5.html.twig', 0, '/business/49/25-header-48-back.jpg', 'left', 1, 1, 1, 1, 49, '/fonts/Raleway/Raleway-Bold.ttf', NULL, 'font-size:medium;'),
(49, '2018-04-05 08:36:57', 1, '#FFFFFF', '#909090', NULL, '1', 'mheader:theme1.html.twig', 0, '/business/50/69-header-49-back.jpg', 'left', 1, 1, 1, 1, 50, '/fonts/Open_Sans/OpenSans-Light.ttf', NULL, 'font-size:small;'),
(50, '2018-04-13 09:50:30', 1, '#FFFDF7', '#909090', NULL, '5', 'mheader:theme5.html.twig', 0, '/business/51/8-header-50-back.jpg', 'left', 1, 1, 1, 1, 51, '/fonts/Open_Sans/OpenSans-Light.ttf', NULL, 'font-size:small;'),
(51, '2018-04-15 15:19:06', 8, '#3C89FF', '#000000', NULL, '3', 'mheader:theme3.html.twig', 0, '/business/53/46-header-51-back.png', 'left', 1, 1, 1, 1, 53, '/fonts/Open_Sans/OpenSans-Light.ttf', NULL, 'font-size:small;'),
(52, '2018-04-17 08:08:51', 1, '#FFFFFF', '#909090', NULL, '2', 'mheader:theme2.html.twig', 0, '/business/52/2-header-52-back.jpg', 'left', 1, 1, 1, 1, 52, '/fonts/Open_Sans/OpenSans-Light.ttf', NULL, 'font-size:small;'),
(53, '2018-04-23 08:06:39', 1, '#FFFFFF', '#909090', NULL, '3', 'mheader:theme3.html.twig', 0, NULL, 'left', 1, 1, 1, 1, 54, '/fonts/Open_Sans/OpenSans-Light.ttf', NULL, 'font-size:small;'),
(55, '2018-05-14 15:43:27', 1, NULL, NULL, NULL, '1', 'mheader:theme1.html.twig', 0, NULL, 'left', 1, 1, 1, 1, 55, NULL, NULL, NULL),
(56, '2018-05-21 09:23:23', 2, '#FFFFFF', '#909090', NULL, '4', 'mheader:theme4.html.twig', 0, NULL, 'left', 1, 1, 1, 1, 57, '/fonts/Open_Sans/OpenSans-Light.ttf', NULL, 'font-size:small;'),
(57, '2018-05-29 08:17:32', 1, '#5190FF', '#FFFFFF', NULL, '2', 'mheader:theme2.html.twig', 0, '/business/58/62-header-57-back.jpg', 'left', 1, 1, 1, 1, 58, '/fonts/Roboto/Roboto-Regular.ttf', NULL, 'font-size:xx-large;'),
(58, '2018-07-18 08:44:23', 1, NULL, NULL, NULL, '1', 'mheader:theme1.html.twig', 0, NULL, 'left', 1, 1, 1, 1, 60, NULL, NULL, NULL),
(72, '2018-08-06 10:14:27', 1, NULL, NULL, NULL, '3', 'mheader:theme3.html.twig', 0, NULL, 'left', 1, 1, 1, 1, 77, NULL, NULL, NULL),
(76, '2018-09-26 11:45:35', 1, NULL, NULL, NULL, '1', 'mheader:theme1.html.twig', 0, NULL, 'left', 1, 1, 1, 1, 40, NULL, NULL, NULL),
(83, '2018-10-05 09:01:08', 1, NULL, NULL, NULL, '2', 'mheader:theme2.html.twig', 0, NULL, 'left', 1, 1, 1, 1, 97, NULL, NULL, NULL);

-- --------------------------------------------------------

--
-- Estructura de tabla para la tabla `mlastnews`
--

CREATE TABLE `mlastnews` (
  `id` int(11) NOT NULL,
  `text` varchar(255) COLLATE utf8_unicode_ci DEFAULT NULL
) ENGINE=InnoDB DEFAULT CHARSET=utf8 COLLATE=utf8_unicode_ci;

--
-- Volcado de datos para la tabla `mlastnews`
--

INSERT INTO `mlastnews` (`id`, `text`) VALUES
(519, NULL),
(642, NULL);

-- --------------------------------------------------------

--
-- Estructura de tabla para la tabla `mmap`
--

CREATE TABLE `mmap` (
  `id` int(11) NOT NULL,
  `text` varchar(255) COLLATE utf8_unicode_ci DEFAULT NULL
) ENGINE=InnoDB DEFAULT CHARSET=utf8 COLLATE=utf8_unicode_ci;

--
-- Volcado de datos para la tabla `mmap`
--

INSERT INTO `mmap` (`id`, `text`) VALUES
(386, ''),
(390, NULL);

-- --------------------------------------------------------

--
-- Estructura de tabla para la tabla `mnewdetail`
--

CREATE TABLE `mnewdetail` (
  `id` int(11) NOT NULL
) ENGINE=InnoDB DEFAULT CHARSET=utf8 COLLATE=utf8_unicode_ci;

--
-- Volcado de datos para la tabla `mnewdetail`
--

INSERT INTO `mnewdetail` (`id`) VALUES
(531),
(532),
(555),
(619),
(633),
(653),
(767);

-- --------------------------------------------------------

--
-- Estructura de tabla para la tabla `mnewslist`
--

CREATE TABLE `mnewslist` (
  `id` int(11) NOT NULL
) ENGINE=InnoDB DEFAULT CHARSET=utf8 COLLATE=utf8_unicode_ci;

-- --------------------------------------------------------

--
-- Estructura de tabla para la tabla `module`
--

CREATE TABLE `module` (
  `id` int(11) NOT NULL,
  `page_id` int(11) DEFAULT NULL,
  `datecreated` datetime NOT NULL,
  `typewidth` int(11) NOT NULL,
  `backgroundcolor` varchar(10) COLLATE utf8_unicode_ci DEFAULT NULL,
  `fontcolor` varchar(10) COLLATE utf8_unicode_ci DEFAULT NULL,
  `fontsize` varchar(10) COLLATE utf8_unicode_ci DEFAULT NULL,
  `theme` varchar(255) COLLATE utf8_unicode_ci NOT NULL,
  `template` varchar(255) COLLATE utf8_unicode_ci NOT NULL,
  `moduloorder` int(11) NOT NULL,
  `backgroundimage` varchar(255) COLLATE utf8_unicode_ci DEFAULT NULL,
  `textalign` varchar(20) COLLATE utf8_unicode_ci DEFAULT NULL,
  `tipo` varchar(255) COLLATE utf8_unicode_ci NOT NULL,
  `font` varchar(155) COLLATE utf8_unicode_ci DEFAULT NULL,
  `confondo` tinyint(1) NOT NULL,
  `fonttitlesize` varchar(30) COLLATE utf8_unicode_ci DEFAULT NULL,
  `fonttextsize` varchar(30) COLLATE utf8_unicode_ci DEFAULT NULL
) ENGINE=InnoDB DEFAULT CHARSET=utf8 COLLATE=utf8_unicode_ci;

--
-- Volcado de datos para la tabla `module`
--

INSERT INTO `module` (`id`, `page_id`, `datecreated`, `typewidth`, `backgroundcolor`, `fontcolor`, `fontsize`, `theme`, `template`, `moduloorder`, `backgroundimage`, `textalign`, `tipo`, `font`, `confondo`, `fonttitlesize`, `fonttextsize`) VALUES
(328, 75, '2017-05-30 14:51:55', 1, '#FF54D5', '#000000', NULL, '1', 'mgalery:theme1.html.twig', 1, '/business/33/14-328-back.jpg', NULL, 'mgalery', '/fonts/Lora/Lora-Italic.ttf', 1, 'font-size:medium;', 'font-size:small;'),
(329, 75, '2017-05-30 14:51:56', 1, NULL, NULL, NULL, '1', 'mwelcometext:theme1.html.twig', 2, NULL, NULL, 'mwelcometext', NULL, 1, NULL, NULL),
(330, 75, '2017-05-30 14:51:56', 1, NULL, '#000000', NULL, '1', 'mservices:theme1.html.twig', 3, '/business/33/60-330-back.jpg', NULL, 'mservices', NULL, 1, NULL, NULL),
(331, 75, '2017-05-30 14:51:56', 1, NULL, NULL, NULL, '2', 'mfreetextimage:theme2.html.twig', 4, NULL, 'center', 'mfreetextimage', NULL, 1, NULL, NULL),
(332, 75, '2017-05-30 14:51:56', 1, NULL, '#000000', NULL, '1', 'mtestimony:theme1.html.twig', 5, '/business/33/48-332-back.jpg', NULL, 'mtestimonies', NULL, 1, NULL, NULL),
(333, 75, '2017-05-30 14:51:56', 1, NULL, NULL, NULL, '2', 'mcontact:theme2.html.twig', 6, NULL, NULL, 'mcontact', NULL, 1, NULL, NULL),
(356, 84, '2017-05-31 10:39:14', 1, '#F1F1F1', '#909090', NULL, '1', 'mwelcometext:theme1.html.twig', 2, NULL, NULL, 'mwelcometext', '/fonts/Open_Sans/OpenSans-Light.ttf', 1, 'font-size:large;', 'undefined'),
(357, 84, '2017-05-31 10:39:14', 4, '#FFFFFF', '#000000', NULL, '2', 'mservices:theme2.html.twig', 6, NULL, NULL, 'mservices', '/fonts/Open_Sans/OpenSans-Light.ttf', 1, 'font-size:medium;', 'font-size:small;'),
(361, 85, '2017-05-31 10:42:07', 1, NULL, NULL, NULL, '1', 'mserviceslist:theme1.html.twig', 100, NULL, NULL, 'mserviceslist', NULL, 1, NULL, NULL),
(378, 90, '2017-05-31 13:16:22', 1, NULL, '#000000', NULL, '2', 'mgalery:theme2.html.twig', 1, NULL, NULL, 'mgalery', NULL, 1, NULL, NULL),
(379, 90, '2017-05-31 13:16:22', 1, NULL, NULL, NULL, '1', 'mwelcometext:theme1.html.twig', 2, NULL, NULL, 'mwelcometext', NULL, 1, NULL, NULL),
(380, 90, '2017-05-31 13:16:22', 1, NULL, '#000000', NULL, '2', 'mservices:theme2.html.twig', 3, '/business/39/50-380-back.jpg', NULL, 'mservices', NULL, 1, NULL, NULL),
(381, 90, '2017-05-31 13:16:22', 1, NULL, NULL, NULL, '2', 'mfreetextimage:theme2.html.twig', 4, NULL, 'center', 'mfreetextimage', NULL, 1, NULL, NULL),
(382, 90, '2017-05-31 13:16:22', 1, NULL, '#000000', NULL, '2', 'mtestimony:theme2.html.twig', 5, '/business/39/50-382-back.jpg', NULL, 'mtestimonies', NULL, 1, NULL, NULL),
(383, 90, '2017-05-31 13:16:23', 1, NULL, NULL, NULL, '2', 'mcontact:theme2.html.twig', 6, NULL, NULL, 'mcontact', NULL, 1, NULL, NULL),
(384, 84, '2017-05-31 13:50:08', 1, '#FFFFFF', '#FFFFFF', NULL, '1', 'mgalery:theme1.html.twig', 1, NULL, NULL, 'mgalery', '/fonts/Open_Sans/OpenSans-Light.ttf', 0, 'font-size:xx-large;', 'font-size:larger;'),
(386, 84, '2017-05-31 16:27:04', 1, NULL, NULL, NULL, '1', 'mmap:theme1.html.twig', 4, NULL, NULL, 'mmap', NULL, 0, NULL, NULL),
(387, 84, '2017-05-31 16:29:27', 1, '#FD3131', '#FFFFFF', NULL, '2', 'mfreetextimage:theme2.html.twig', 3, NULL, NULL, 'mfreetextimage', '/fonts/Open_Sans/OpenSans-Light.ttf', 1, 'undefined', 'font-size:xx-large;'),
(388, 92, '2017-05-31 16:40:59', 6, '#FDFDFD', '#020202', NULL, '2', 'mservicedetail:theme2.html.twig', 100, NULL, NULL, 'mservicedetail', '/fonts/Open_Sans/OpenSans-Regular.ttf', 1, 'font-size:larger;', 'font-size:larger;'),
(390, 93, '2017-05-31 16:56:02', 1, NULL, NULL, NULL, '1', 'mmap:theme1.html.twig', 2, NULL, NULL, 'mmap', NULL, 0, NULL, NULL),
(392, 93, '2017-05-31 16:56:49', 1, '#FFFFFF', '#FF001C', NULL, '1', 'mwelcometext:theme1.html.twig', 1, NULL, NULL, 'mwelcometext', '/fonts/Open_Sans/OpenSans-Regular.ttf', 1, 'font-size:x-large;', 'undefined'),
(393, 93, '2017-05-31 16:59:58', 1, '#FFFFFF', '#404040', NULL, '2', 'mfreetextimage:theme2.html.twig', 100, NULL, NULL, 'mfreetextimage', '/fonts/Open_Sans/OpenSans-Regular.ttf', 1, 'undefined', 'font-size:x-large;'),
(394, 93, '2017-05-31 17:04:29', 1, '#FFFFFF', '#909090', NULL, '4', 'mfreetextimage:theme4.html.twig', 100, NULL, NULL, 'mfreetextimage', '/fonts/Open_Sans/OpenSans-Regular.ttf', 1, 'undefined', 'font-size:xx-large;'),
(395, 93, '2017-05-31 17:05:07', 1, '#F1F1F1', '#343434', NULL, '2', 'mfreetextimage:theme2.html.twig', 100, NULL, NULL, 'mfreetextimage', '/fonts/Open_Sans/OpenSans-Regular.ttf', 1, 'undefined', 'font-size:x-large;'),
(396, 94, '2017-05-31 17:21:08', 6, '#FFFFFF', '#202020', NULL, '1', 'mservicedetail:theme1.html.twig', 100, NULL, NULL, 'mservicedetail', '/fonts/Open_Sans/OpenSans-Regular.ttf', 1, 'font-size:large;', 'font-size:larger;'),
(397, 95, '2017-05-31 17:53:47', 6, '#FFFFFF', '#909090', NULL, '1', 'mservicedetail:theme1.html.twig', 100, NULL, NULL, 'mservicedetail', '/fonts/Open_Sans/OpenSans-Regular.ttf', 1, 'font-size:larger;', 'font-size:larger;'),
(399, 97, '2017-05-31 20:19:37', 1, NULL, NULL, NULL, '1', 'mwelcometext:theme1.html.twig', 100, NULL, NULL, 'mwelcometext', NULL, 1, NULL, NULL),
(405, 99, '2017-06-02 10:59:14', 1, NULL, NULL, NULL, '1', 'mwelcometext:theme1.html.twig', 3, NULL, NULL, 'mwelcometext', NULL, 1, NULL, NULL),
(406, 99, '2017-06-02 10:59:14', 1, '#FFFFFF', '#000000', NULL, '3', 'mservices:theme3.html.twig', 1, '/business/41/1-406-back.jpg', NULL, 'mservices', '/fonts/Lora/Lora-Regular.ttf', 1, 'font-size:medium;', 'font-size:small;'),
(407, 99, '2017-06-02 10:59:14', 1, NULL, NULL, NULL, '2', 'mfreetextimage:theme2.html.twig', 2, NULL, 'center', 'mfreetextimage', NULL, 1, NULL, NULL),
(408, 99, '2017-06-02 10:59:14', 1, '#FFFFFF', '#000000', NULL, '4', 'mtestimony:theme4.html.twig', 4, '/business/41/83-408-back.jpg', NULL, 'mtestimonies', '/fonts/Open_Sans/OpenSans-Light.ttf', 1, 'font-size:medium;', 'font-size:small;'),
(409, 99, '2017-06-02 10:59:14', 1, NULL, NULL, NULL, '2', 'mcontact:theme2.html.twig', 5, NULL, NULL, 'mcontact', NULL, 1, NULL, NULL),
(413, 84, '2017-06-09 10:58:23', 1, NULL, NULL, NULL, '1', 'mgalery:theme1.html.twig', 5, NULL, NULL, 'mgalery', NULL, 0, NULL, NULL),
(421, 108, '2017-06-13 10:18:01', 6, '#FFFFFF', '#909090', NULL, '1', 'mwelcometext:theme1.html.twig', 3, NULL, NULL, 'mwelcometext', '/fonts/Open_Sans/OpenSans-Regular.ttf', 1, 'font-size:large;', 'undefined'),
(423, 108, '2017-06-13 10:18:01', 1, '#FFFFFF', '#909090', NULL, '2', 'mfreetextimage:theme2.html.twig', 6, NULL, 'center', 'mfreetextimage', '/fonts/Open_Sans/OpenSans-Bold.ttf', 1, 'undefined', 'font-size:3vw;'),
(426, 108, '2017-06-13 11:28:07', 1, '#FFFFFF', '#000000', NULL, '1', 'mgalery:theme1.html.twig', 1, NULL, NULL, 'mgalery', '/fonts/Open_Sans/OpenSans-Bold.ttf', 0, 'font-size:4vw;', 'font-size:2vw;'),
(428, 108, '2017-06-13 13:55:47', 1, '#FFFFFF', '#909090', NULL, '3', 'mgalery:theme3.html.twig', 8, NULL, NULL, 'mgalery', '/fonts/Open_Sans/OpenSans-Light.ttf', 0, 'font-size:large;', 'font-size:small;'),
(431, 108, '2017-06-13 14:02:14', 1, '#EA5B5D', '#FFFFFF', NULL, '1', 'mfreetextimage:theme1.html.twig', 9, NULL, NULL, 'mfreetextimage', '/fonts/Open_Sans/OpenSans-Bold.ttf', 1, 'undefined', 'font-size:3vw;'),
(432, 108, '2017-06-13 14:05:25', 1, '#EA5B5D', '#FFFFFF', NULL, '2', 'mcontact:theme2.html.twig', 10, NULL, NULL, 'mcontact', '/fonts/Open_Sans/OpenSans-Light.ttf', 1, 'font-size:x-large;', 'font-size:small;'),
(433, 108, '2017-06-13 14:10:35', 4, '#FFFFFF', '#FFFFFF', NULL, '2', 'mprojectsfeatures:theme2.html.twig', 5, '/business/43/8-433-back.jpg', NULL, 'mprojectsfeatures', '/fonts/Open_Sans/OpenSans-Bold.ttf', 1, 'font-size:x-large;', 'font-size:large;'),
(434, 109, '2017-06-13 14:13:51', 1, NULL, NULL, NULL, '1', 'mservicedetail:theme1.html.twig', 100, NULL, NULL, 'mservicedetail', NULL, 1, NULL, NULL),
(435, 110, '2017-06-13 14:28:33', 1, NULL, NULL, NULL, '1', 'mprojectdetail:theme1.html.twig', 100, NULL, NULL, 'mprojectdetail', NULL, 1, NULL, NULL),
(436, 111, '2017-06-13 14:29:25', 1, NULL, NULL, NULL, '1', 'mservicedetail:theme1.html.twig', 100, NULL, NULL, 'mservicedetail', NULL, 1, NULL, NULL),
(437, 108, '2017-06-14 07:33:23', 2, '#FFFFFF', '#909090', NULL, '2', 'mfreetextimage:theme2.html.twig', 7, NULL, NULL, 'mfreetextimage', '/fonts/Open_Sans/OpenSans-Light.ttf', 1, 'undefined', 'font-size:xx-large;'),
(440, 112, '2017-06-14 07:47:57', 1, NULL, NULL, NULL, '1', 'mprojectdetail:theme1.html.twig', 100, NULL, NULL, 'mprojectdetail', NULL, 1, NULL, NULL),
(441, 113, '2017-06-14 07:48:08', 1, NULL, NULL, NULL, '1', 'mservicedetail:theme1.html.twig', 100, NULL, NULL, 'mservicedetail', NULL, 1, NULL, NULL),
(443, 108, '2017-06-14 08:00:09', 3, '#FFFFFF', '#909090', NULL, '1', 'mservices:theme1.html.twig', 11, NULL, NULL, 'mservices', '/fonts/Open_Sans/OpenSans-Light.ttf', 1, 'font-size:2vw;', 'font-size:larger;'),
(445, 114, '2017-06-14 10:30:03', 1, NULL, NULL, NULL, '1', 'mprojectdetail:theme1.html.twig', 100, NULL, NULL, 'mprojectdetail', NULL, 1, NULL, NULL),
(446, 115, '2017-06-24 07:57:13', 1, NULL, '#000000', NULL, '1', 'mgalery:theme1.html.twig', 1, NULL, NULL, 'mgalery', NULL, 1, NULL, NULL),
(447, 115, '2017-06-24 07:57:14', 1, NULL, NULL, NULL, '1', 'mwelcometext:theme1.html.twig', 2, NULL, NULL, 'mwelcometext', NULL, 1, NULL, NULL),
(448, 115, '2017-06-24 07:57:14', 1, NULL, '#000000', NULL, '1', 'mservices:theme1.html.twig', 3, '/business/44/60-448-back.jpg', NULL, 'mservices', NULL, 1, NULL, NULL),
(449, 115, '2017-06-24 07:57:14', 1, NULL, NULL, NULL, '2', 'mfreetextimage:theme2.html.twig', 4, NULL, 'center', 'mfreetextimage', NULL, 1, NULL, NULL),
(450, 115, '2017-06-24 07:57:14', 1, NULL, '#000000', NULL, '1', 'mtestimony:theme1.html.twig', 5, '/business/44/13-450-back.jpg', NULL, 'mtestimonies', NULL, 1, NULL, NULL),
(451, 115, '2017-06-24 07:57:14', 1, NULL, NULL, NULL, '2', 'mcontact:theme2.html.twig', 6, NULL, NULL, 'mcontact', NULL, 1, NULL, NULL),
(456, 116, '2017-06-24 07:57:41', 8, '#FFFFFF', '#909090', NULL, '1', 'mcontact:theme1.html.twig', 3, NULL, NULL, 'mcontact', '/fonts/Open_Sans/OpenSans-Bold.ttf', 1, 'font-size:small;', 'font-size:small;'),
(457, 116, '2017-06-30 20:33:12', 3, '#FFFFFF', '#909090', NULL, '4', 'mgalery:theme4.html.twig', 2, '/business/45/29-457-back.jpg', NULL, 'mgalery', '/fonts/Lora/Lora-Bold.ttf', 0, 'font-size:xx-small;', 'font-size:medium;'),
(458, 116, '2017-07-01 10:24:40', 8, '#410FFF', '#B80C27', NULL, '1', 'mwelcometext:theme1.html.twig', 1, '/business/45/59-458-back.jpg', NULL, 'mwelcometext', '/fonts/Roboto/Roboto-Regular.ttf', 1, 'font-size:5vw;', 'undefined'),
(459, 123, '2017-07-23 16:23:40', 1, NULL, NULL, NULL, '1', 'mservicedetail:theme1.html.twig', 100, NULL, NULL, 'mservicedetail', NULL, 1, NULL, NULL),
(460, 127, '2017-07-23 16:58:37', 1, NULL, NULL, NULL, '1', 'mservicedetail:theme1.html.twig', 100, NULL, NULL, 'mservicedetail', NULL, 1, NULL, NULL),
(461, 128, '2017-07-23 17:00:49', 1, NULL, NULL, NULL, '1', 'mservicedetail:theme1.html.twig', 100, NULL, NULL, 'mservicedetail', NULL, 1, NULL, NULL),
(463, 108, '2017-08-24 08:17:18', 1, NULL, NULL, NULL, '1', 'mfreetextimage:theme1.html.twig', 4, NULL, NULL, 'mfreetextimage', NULL, 1, NULL, NULL),
(464, 108, '2017-08-24 08:20:18', 1, NULL, NULL, NULL, '1', 'mfreetextimage:theme1.html.twig', 2, NULL, NULL, 'mfreetextimage', NULL, 1, NULL, NULL),
(465, 131, '2017-09-29 15:45:57', 1, NULL, '#000000', NULL, '1', 'mgalery:theme1.html.twig', 1, NULL, NULL, 'mgalery', NULL, 1, NULL, NULL),
(466, 131, '2017-09-29 15:45:57', 1, NULL, NULL, NULL, '1', 'mwelcometext:theme1.html.twig', 2, NULL, NULL, 'mwelcometext', NULL, 1, NULL, NULL),
(467, 131, '2017-09-29 15:45:57', 1, NULL, '#000000', NULL, '5', 'mservices:theme5.html.twig', 3, '/business/46/76-467-back.jpg', NULL, 'mservices', NULL, 1, NULL, NULL),
(468, 131, '2017-09-29 15:45:57', 1, NULL, NULL, NULL, '2', 'mfreetextimage:theme2.html.twig', 4, NULL, 'center', 'mfreetextimage', NULL, 1, NULL, NULL),
(469, 131, '2017-09-29 15:45:57', 1, NULL, '#000000', NULL, '5', 'mtestimony:theme5.html.twig', 5, '/business/46/38-469-back.jpg', NULL, 'mtestimonies', NULL, 1, NULL, NULL),
(470, 131, '2017-09-29 15:45:57', 1, NULL, NULL, NULL, '2', 'mcontact:theme2.html.twig', 6, NULL, NULL, 'mcontact', NULL, 1, NULL, NULL),
(471, 135, '2017-12-05 08:34:00', 1, NULL, '#000000', NULL, '1', 'mgalery:theme1.html.twig', 1, NULL, NULL, 'mgalery', NULL, 1, NULL, NULL),
(472, 135, '2017-12-05 08:34:00', 1, NULL, NULL, NULL, '1', 'mwelcometext:theme1.html.twig', 2, NULL, NULL, 'mwelcometext', NULL, 1, NULL, NULL),
(473, 135, '2017-12-05 08:34:00', 1, NULL, '#000000', NULL, '1', 'mservices:theme1.html.twig', 3, '/business/48/70-473-back.jpg', NULL, 'mservices', NULL, 1, NULL, NULL),
(474, 135, '2017-12-05 08:34:00', 1, NULL, NULL, NULL, '2', 'mfreetextimage:theme2.html.twig', 4, NULL, 'center', 'mfreetextimage', NULL, 1, NULL, NULL),
(475, 135, '2017-12-05 08:34:00', 1, NULL, '#000000', NULL, '1', 'mtestimony:theme1.html.twig', 5, '/business/48/83-475-back.jpg', NULL, 'mtestimonies', NULL, 1, NULL, NULL),
(476, 135, '2017-12-05 08:34:00', 1, NULL, NULL, NULL, '2', 'mcontact:theme2.html.twig', 6, NULL, NULL, 'mcontact', NULL, 1, NULL, NULL),
(477, 136, '2017-12-05 08:34:10', 1, NULL, NULL, NULL, '1', 'mservicedetail:theme1.html.twig', 100, NULL, NULL, 'mservicedetail', NULL, 1, NULL, NULL),
(478, 137, '2017-12-05 08:34:21', 1, NULL, NULL, NULL, '1', 'mservicedetail:theme1.html.twig', 100, NULL, NULL, 'mservicedetail', NULL, 1, NULL, NULL),
(479, 138, '2017-12-06 04:58:01', 1, NULL, NULL, NULL, '1', 'mwelcometext:theme1.html.twig', 100, NULL, NULL, 'mwelcometext', NULL, 1, NULL, NULL),
(480, 139, '2018-01-25 16:21:39', 1, NULL, NULL, NULL, '1', 'mservicedetail:theme1.html.twig', 100, NULL, NULL, 'mservicedetail', NULL, 1, NULL, NULL),
(481, 99, '2018-01-26 10:30:06', 1, NULL, NULL, NULL, '1', 'mgalery:theme1.html.twig', 100, NULL, NULL, 'mgalery', NULL, 0, NULL, NULL),
(483, 141, '2018-03-13 13:56:43', 1, NULL, '#000000', NULL, '1', 'mgalery:theme1.html.twig', 1, NULL, NULL, 'mgalery', NULL, 1, NULL, NULL),
(484, 141, '2018-03-13 13:56:44', 1, NULL, NULL, NULL, '1', 'mwelcometext:theme1.html.twig', 2, NULL, NULL, 'mwelcometext', NULL, 1, NULL, NULL),
(485, 141, '2018-03-13 13:56:44', 1, NULL, '#000000', NULL, '1', 'mservices:theme1.html.twig', 3, '/business/8/62-485-back.jpg', NULL, 'mservices', NULL, 1, NULL, NULL),
(486, 141, '2018-03-13 13:56:44', 1, NULL, NULL, NULL, '2', 'mfreetextimage:theme2.html.twig', 4, NULL, 'center', 'mfreetextimage', NULL, 1, NULL, NULL),
(487, 141, '2018-03-13 13:56:44', 1, NULL, '#000000', NULL, '1', 'mtestimony:theme1.html.twig', 5, '/business/8/6-487-back.jpg', NULL, 'mtestimonies', NULL, 1, NULL, NULL),
(488, 141, '2018-03-13 13:56:44', 1, NULL, NULL, NULL, '2', 'mcontact:theme2.html.twig', 6, NULL, NULL, 'mcontact', NULL, 1, NULL, NULL),
(489, 142, '2018-03-14 08:23:55', 1, '#122C4D', '#DDC531', NULL, '1', 'mwelcometext:theme1.html.twig', 2, NULL, NULL, 'mwelcometext', '/fonts/Raleway/Raleway-Regular.ttf', 1, 'font-size:medium;', 'undefined'),
(494, 143, '2018-03-14 10:35:07', 1, NULL, NULL, NULL, '1', 'mwelcometext:theme1.html.twig', 100, NULL, NULL, 'mwelcometext', NULL, 1, NULL, NULL),
(495, 144, '2018-03-14 11:42:03', 5, '#122C4D', '#E0D81D', NULL, '1', 'mservicedetail:theme1.html.twig', 100, NULL, NULL, 'mservicedetail', '/fonts/Raleway/Raleway-Regular.ttf', 1, 'font-size:medium;', 'font-size:small;'),
(501, 145, '2018-03-14 12:34:55', 6, '#122C4D', '#E0D81D', NULL, '1', 'mfreetextimage:theme1.html.twig', 1, NULL, NULL, 'mfreetextimage', '/fonts/Raleway/Raleway-Regular.ttf', 1, 'undefined', 'font-size:medium;'),
(505, 147, '2018-03-14 13:23:45', 1, NULL, NULL, NULL, '1', 'mprojectdetail:theme1.html.twig', 100, NULL, NULL, 'mprojectdetail', NULL, 1, NULL, NULL),
(506, 151, '2018-03-14 18:16:50', 1, NULL, NULL, NULL, '1', 'mprojectdetail:theme1.html.twig', 100, NULL, NULL, 'mprojectdetail', NULL, 1, NULL, NULL),
(507, 152, '2018-03-14 18:17:22', 1, NULL, NULL, NULL, '1', 'mprojectdetail:theme1.html.twig', 100, NULL, NULL, 'mprojectdetail', NULL, 1, NULL, NULL),
(508, 153, '2018-03-14 18:17:35', 1, NULL, NULL, NULL, '1', 'mprojectdetail:theme1.html.twig', 100, NULL, NULL, 'mprojectdetail', NULL, 1, NULL, NULL),
(509, 154, '2018-03-14 18:17:48', 1, NULL, NULL, NULL, '1', 'mprojectdetail:theme1.html.twig', 100, NULL, NULL, 'mprojectdetail', NULL, 1, NULL, NULL),
(510, 155, '2018-03-15 10:45:04', 4, '#122c4d', '#E0D81D', NULL, '2', 'mservices:theme2.html.twig', 2, NULL, NULL, 'mservices', '/fonts/Raleway/Raleway-Regular.ttf', 1, 'font-size:medium;', 'font-size:small;'),
(511, 156, '2018-03-15 10:46:41', 7, '#122C4D', '#E0D81D', NULL, '1', 'mservicedetail:theme1.html.twig', 100, NULL, NULL, 'mservicedetail', '/fonts/Raleway/Raleway-Regular.ttf', 1, 'font-size:medium;', 'font-size:small;'),
(512, 157, '2018-03-15 11:21:27', 7, '#122C4D', '#E0D81D', NULL, '1', 'mservicedetail:theme1.html.twig', 100, NULL, NULL, 'mservicedetail', '/fonts/Raleway/Raleway-Regular.ttf', 1, 'font-size:medium;', 'font-size:small;'),
(513, 158, '2018-03-15 11:25:01', 5, '#122C4D', '#E0D81D', NULL, '1', 'mservicedetail:theme1.html.twig', 100, NULL, NULL, 'mservicedetail', '/fonts/Raleway/Raleway-Regular.ttf', 1, 'font-size:medium;', 'font-size:small;'),
(514, 159, '2018-03-15 11:25:29', 5, '#122C4D', '#E0D81D', NULL, '1', 'mservicedetail:theme1.html.twig', 100, NULL, NULL, 'mservicedetail', '/fonts/Raleway/Raleway-Regular.ttf', 1, 'font-size:medium;', 'font-size:small;'),
(517, 155, '2018-03-15 12:07:14', 2, '#122C4D', '#E0D81D', NULL, '1', 'mwelcometext:theme1.html.twig', 1, NULL, NULL, 'mwelcometext', '/fonts/Raleway/Raleway-Bold.ttf', 1, 'font-size:x-small;', 'undefined'),
(519, 146, '2018-03-16 18:06:09', 1, '#122C4D', '#E0D81D', NULL, '1', 'mlastnews:theme1.html.twig', 100, NULL, NULL, 'mlastnews', '/fonts/Raleway/Raleway-Regular.ttf', 1, 'font-size:medium;', 'font-size:small;'),
(521, 144, '2018-03-16 18:40:20', 1, '#122c4d', '#E0D81D', NULL, '1', 'mgalery:theme1.html.twig', 100, NULL, NULL, 'mgalery', '/fonts/Raleway/Raleway-Regular.ttf', 0, 'font-size:medium;', 'font-size:small;'),
(522, 158, '2018-03-16 18:41:22', 1, NULL, NULL, NULL, '1', 'mgalery:theme1.html.twig', 100, NULL, NULL, 'mgalery', NULL, 0, NULL, NULL),
(523, 159, '2018-03-16 18:41:51', 1, '#FFFFFF', '#E0D81D', NULL, '1', 'mgalery:theme1.html.twig', 100, NULL, NULL, 'mgalery', '/fonts/Raleway/Raleway-Regular.ttf', 0, 'font-size:medium;', 'font-size:small;'),
(526, 142, '2018-03-16 18:55:56', 1, '#122C4D', '#E9DD14', NULL, '1', 'mgalery:theme1.html.twig', 3, NULL, NULL, 'mgalery', '/fonts/Raleway/Raleway-Bold.ttf', 0, 'font-size:xx-large;', 'font-size:xx-large;'),
(528, 145, '2018-03-16 19:30:51', 6, '#122C4D', '#E0D81D', NULL, '3', 'mfreetextimage:theme3.html.twig', 100, NULL, NULL, 'mfreetextimage', '/fonts/Raleway/Raleway-Regular.ttf', 1, 'undefined', 'font-size:medium;'),
(530, 156, '2018-03-16 19:36:56', 1, '#122C4D', '#E0D81D', NULL, '1', 'mgalery:theme1.html.twig', 100, NULL, NULL, 'mgalery', '/fonts/Raleway/Raleway-Regular.ttf', 0, 'font-size:medium;', 'font-size:small;'),
(531, 162, '2018-03-19 00:22:55', 4, '#122C4D', '#E0D81D', NULL, '1', 'mnewdetail:theme1.html.twig', 100, NULL, NULL, 'mnewdetail', '/fonts/Raleway/Raleway-Regular.ttf', 1, 'font-size:medium;', 'font-size:x-large;'),
(532, 163, '2018-03-19 18:00:12', 4, '#122C4D', '#E0D81D', NULL, '1', 'mnewdetail:theme1.html.twig', 100, NULL, NULL, 'mnewdetail', '/fonts/Raleway/Raleway-Regular.ttf', 1, 'font-size:medium;', 'font-size:x-large;'),
(535, 160, '2018-03-22 20:34:07', 2, '#122C4D', '#E0D81D', NULL, '1', 'mwelcometext:theme1.html.twig', 1, NULL, NULL, 'mwelcometext', '/fonts/Raleway/Raleway-Regular.ttf', 1, 'font-size:x-small;', 'undefined'),
(537, 160, '2018-03-22 20:42:59', 1, '#122C4D', '#E1E918', NULL, '1', 'mgalery:theme1.html.twig', 2, NULL, NULL, 'mgalery', '/fonts/Raleway/Raleway-Bold.ttf', 0, 'font-size:medium;', 'font-size:large;'),
(541, 161, '2018-03-23 19:42:36', 1, '#122C4D', '#E0D81D', NULL, '1', 'mwelcometext:theme1.html.twig', 100, NULL, NULL, 'mwelcometext', '/fonts/Raleway/Raleway-Regular.ttf', 1, 'font-size:x-small;', 'undefined'),
(545, 161, '2018-03-26 11:40:54', 4, '#122C4D', '#FFFFFF', NULL, '4', 'mgalery:theme4.html.twig', 100, NULL, NULL, 'mgalery', '/fonts/Raleway/Raleway-Regular.ttf', 0, 'font-size:medium;', 'font-size:small;'),
(547, 142, '2018-03-27 12:29:13', 1, '#122C4D', '#E0D81D', NULL, '4', 'mgalery:theme4.html.twig', 4, NULL, NULL, 'mgalery', '/fonts/Raleway/Raleway-Regular.ttf', 0, 'font-size:medium;', 'font-size:medium;'),
(549, 164, '2018-04-05 08:36:57', 1, NULL, NULL, NULL, '1', 'mwelcometext:theme1.html.twig', 2, NULL, NULL, 'mwelcometext', NULL, 1, NULL, NULL),
(550, 164, '2018-04-05 08:36:57', 1, NULL, '#000000', NULL, '1', 'mservices:theme1.html.twig', 3, NULL, NULL, 'mservices', NULL, 1, NULL, NULL),
(551, 164, '2018-04-05 08:36:57', 1, NULL, NULL, NULL, '2', 'mfreetextimage:theme2.html.twig', 4, NULL, 'center', 'mfreetextimage', NULL, 1, NULL, NULL),
(552, 164, '2018-04-05 08:36:57', 1, NULL, '#000000', NULL, '1', 'mtestimony:theme1.html.twig', 5, NULL, NULL, 'mtestimonies', NULL, 1, NULL, NULL),
(553, 164, '2018-04-05 08:36:57', 1, NULL, NULL, NULL, '2', 'mcontact:theme2.html.twig', 6, NULL, NULL, 'mcontact', NULL, 1, NULL, NULL),
(554, 165, '2018-04-06 13:52:47', 1, NULL, NULL, NULL, '1', 'mwelcometext:theme1.html.twig', 100, NULL, NULL, 'mwelcometext', NULL, 1, NULL, NULL),
(555, 166, '2018-04-11 17:24:25', 4, '#122C4D', '#E0D81D', NULL, '1', 'mnewdetail:theme1.html.twig', 100, NULL, NULL, 'mnewdetail', '/fonts/Raleway/Raleway-Regular.ttf', 1, 'font-size:medium;', 'font-size:x-large;'),
(556, 167, '2018-04-13 09:50:30', 1, NULL, NULL, NULL, '1', 'mwelcometext:theme1.html.twig', 1, NULL, NULL, 'mwelcometext', NULL, 1, NULL, NULL),
(557, 167, '2018-04-13 09:50:30', 4, '#FFFFFF', '#000000', NULL, '2', 'mservices:theme2.html.twig', 3, NULL, NULL, 'mservices', '/fonts/Open_Sans/OpenSans-Light.ttf', 1, 'font-size:medium;', 'font-size:small;'),
(558, 167, '2018-04-13 09:50:30', 1, '#FFFFFF', '#909090', NULL, '4', 'mfreetextimage:theme4.html.twig', 2, NULL, 'center', 'mfreetextimage', '/fonts/Open_Sans/OpenSans-Light.ttf', 1, 'undefined', 'font-size:small;'),
(560, 167, '2018-04-13 09:50:30', 1, '#FFFFFF', '#909090', NULL, '2', 'mcontact:theme2.html.twig', 4, NULL, NULL, 'mcontact', '/fonts/Open_Sans/OpenSans-Light.ttf', 1, 'font-size:medium;', 'font-size:small;'),
(561, 168, '2018-04-14 08:06:10', 1, NULL, NULL, NULL, '1', 'mservicedetail:theme1.html.twig', 100, NULL, NULL, 'mservicedetail', NULL, 1, NULL, NULL),
(562, 169, '2018-04-15 15:19:07', 1, '#3C89FF', '#000000', NULL, '1', 'mwelcometext:theme1.html.twig', 2, '/business/53/87-562-back.png', NULL, 'mwelcometext', '/fonts/Open_Sans/OpenSans-Light.ttf', 1, 'font-size:medium;', 'undefined'),
(563, 169, '2018-04-15 15:19:07', 8, '#3C89FF', '#FFFFFF', NULL, '4', 'mservices:theme4.html.twig', 3, NULL, NULL, 'mservices', '/fonts/Open_Sans/OpenSans-Light.ttf', 1, 'font-size:medium;', 'font-size:small;'),
(564, 169, '2018-04-15 15:19:07', 5, '#3C89FF', '#000000', NULL, '1', 'mfreetextimage:theme1.html.twig', 4, NULL, 'center', 'mfreetextimage', '/fonts/Open_Sans/OpenSans-Light.ttf', 1, 'undefined', 'font-size:small;'),
(565, 169, '2018-04-15 15:19:07', 8, '#3C89FF', '#000000', NULL, '2', 'mtestimony:theme2.html.twig', 5, NULL, NULL, 'mtestimonies', '/fonts/Open_Sans/OpenSans-Light.ttf', 1, 'font-size:medium;', 'font-size:small;'),
(566, 169, '2018-04-15 15:19:07', 8, '#3C89FF', '#000000', NULL, '2', 'mcontact:theme2.html.twig', 6, NULL, NULL, 'mcontact', '/fonts/Open_Sans/OpenSans-Light.ttf', 1, 'font-size:medium;', 'font-size:small;'),
(567, 170, '2018-04-15 15:19:24', 2, '#FFFFFF', '#909090', NULL, '1', 'mservicedetail:theme1.html.twig', 100, NULL, NULL, 'mservicedetail', '/fonts/Open_Sans/OpenSans-Light.ttf', 1, 'font-size:medium;', 'font-size:small;'),
(568, 172, '2018-04-16 00:23:31', 1, NULL, NULL, NULL, '1', 'mservicedetail:theme1.html.twig', 100, NULL, NULL, 'mservicedetail', NULL, 1, NULL, NULL),
(569, 173, '2018-04-17 08:08:51', 1, '#FFFFFF', '#000000', NULL, '2', 'mgalery:theme2.html.twig', 1, '/business/52/38-569-back.jpg', NULL, 'mgalery', '/fonts/Open_Sans/OpenSans-Light.ttf', 1, 'font-size:medium;', 'font-size:small;'),
(570, 173, '2018-04-17 08:08:51', 1, NULL, NULL, NULL, '1', 'mwelcometext:theme1.html.twig', 2, NULL, NULL, 'mwelcometext', NULL, 1, NULL, NULL),
(571, 173, '2018-04-17 08:08:51', 1, '#FFFFFF', '#000000', NULL, '2', 'mservices:theme2.html.twig', 3, '/business/52/1-571-back.jpg', NULL, 'mservices', '/fonts/Raleway/Raleway-Bold.ttf', 1, 'font-size:medium;', 'font-size:small;'),
(572, 173, '2018-04-17 08:08:51', 1, NULL, NULL, NULL, '2', 'mfreetextimage:theme2.html.twig', 4, NULL, 'center', 'mfreetextimage', NULL, 1, NULL, NULL),
(573, 173, '2018-04-17 08:08:51', 1, NULL, '#000000', NULL, '1', 'mtestimony:theme1.html.twig', 5, '/business/52/8-573-back.jpg', NULL, 'mtestimonies', NULL, 1, NULL, NULL),
(574, 173, '2018-04-17 08:08:51', 1, NULL, NULL, NULL, '2', 'mcontact:theme2.html.twig', 6, NULL, NULL, 'mcontact', NULL, 1, NULL, NULL),
(575, 174, '2018-04-22 09:21:06', 1, NULL, NULL, NULL, '1', 'mservicedetail:theme1.html.twig', 100, NULL, NULL, 'mservicedetail', NULL, 1, NULL, NULL),
(576, 175, '2018-04-22 09:21:17', 1, NULL, NULL, NULL, '1', 'mservicedetail:theme1.html.twig', 100, NULL, NULL, 'mservicedetail', NULL, 1, NULL, NULL),
(577, 176, '2018-04-22 09:21:34', 1, '#FFFFFF', '#909090', NULL, '2', 'mservicedetail:theme2.html.twig', 100, NULL, NULL, 'mservicedetail', '/fonts/Open_Sans/OpenSans-Light.ttf', 1, 'font-size:medium;', 'font-size:small;'),
(578, 177, '2018-04-22 18:18:22', 1, NULL, NULL, NULL, '1', 'mservicedetail:theme1.html.twig', 100, NULL, NULL, 'mservicedetail', NULL, 1, NULL, NULL),
(579, 178, '2018-04-23 08:06:39', 1, NULL, NULL, NULL, '1', 'mwelcometext:theme1.html.twig', 2, NULL, NULL, 'mwelcometext', NULL, 1, NULL, NULL),
(580, 178, '2018-04-23 08:06:39', 1, NULL, '#000000', NULL, '1', 'mservices:theme1.html.twig', 3, NULL, NULL, 'mservices', NULL, 1, NULL, NULL),
(581, 178, '2018-04-23 08:06:39', 1, '#FFFFFF', '#909090', NULL, '1', 'mfreetextimage:theme1.html.twig', 4, NULL, 'center', 'mfreetextimage', '/fonts/Open_Sans/OpenSans-Light.ttf', 1, 'undefined', 'font-size:small;'),
(582, 178, '2018-04-23 08:06:39', 1, NULL, '#000000', NULL, '1', 'mtestimony:theme1.html.twig', 5, NULL, NULL, 'mtestimonies', NULL, 1, NULL, NULL),
(583, 178, '2018-04-23 08:06:39', 1, NULL, NULL, NULL, '2', 'mcontact:theme2.html.twig', 6, NULL, NULL, 'mcontact', NULL, 1, NULL, NULL),
(615, 204, '2018-05-08 11:05:40', 1, '#FFFFFF', '#909090', NULL, '2', 'mservicedetail:theme2.html.twig', 100, NULL, NULL, 'mservicedetail', '/fonts/Open_Sans/OpenSans-Light.ttf', 1, 'font-size:medium;', 'font-size:small;'),
(618, 206, '2018-05-09 10:19:24', 1, NULL, NULL, NULL, '1', 'mservicedetail:theme1.html.twig', 100, NULL, NULL, 'mservicedetail', NULL, 1, NULL, NULL),
(619, 207, '2018-05-11 19:05:50', 5, '#122C4D', '#E0D81D', NULL, '1', 'mnewdetail:theme1.html.twig', 100, NULL, NULL, 'mnewdetail', '/fonts/Raleway/Raleway-Regular.ttf', 1, 'font-size:medium;', 'font-size:medium;'),
(620, 208, '2018-05-14 15:43:27', 1, NULL, '#000000', NULL, '1', 'mgalery:theme1.html.twig', 1, NULL, NULL, 'mgalery', NULL, 1, NULL, NULL),
(621, 208, '2018-05-14 15:43:27', 1, NULL, NULL, NULL, '1', 'mwelcometext:theme1.html.twig', 2, NULL, NULL, 'mwelcometext', NULL, 1, NULL, NULL),
(622, 208, '2018-05-14 15:43:27', 1, NULL, '#000000', NULL, '1', 'mservices:theme1.html.twig', 3, '/business/55/82-622-back.jpg', NULL, 'mservices', NULL, 1, NULL, NULL),
(623, 208, '2018-05-14 15:43:27', 1, NULL, NULL, NULL, '2', 'mfreetextimage:theme2.html.twig', 4, NULL, 'center', 'mfreetextimage', NULL, 1, NULL, NULL),
(624, 208, '2018-05-14 15:43:27', 1, NULL, '#000000', NULL, '1', 'mtestimony:theme1.html.twig', 5, '/business/55/88-624-back.jpg', NULL, 'mtestimonies', NULL, 1, NULL, NULL),
(625, 208, '2018-05-14 15:43:27', 1, NULL, NULL, NULL, '2', 'mcontact:theme2.html.twig', 6, NULL, NULL, 'mcontact', NULL, 1, NULL, NULL),
(626, 209, '2018-05-21 09:23:23', 2, '#FFFFFF', '#000000', NULL, '2', 'mgalery:theme2.html.twig', 1, NULL, NULL, 'mgalery', '/fonts/Open_Sans/OpenSans-Light.ttf', 1, 'font-size:xx-large;', 'font-size:small;'),
(627, 209, '2018-05-21 09:23:23', 1, NULL, NULL, NULL, '1', 'mwelcometext:theme1.html.twig', 2, NULL, NULL, 'mwelcometext', NULL, 1, NULL, NULL),
(628, 209, '2018-05-21 09:23:23', 1, NULL, '#000000', NULL, '1', 'mservices:theme1.html.twig', 3, '/business/57/80-628-back.jpg', NULL, 'mservices', NULL, 1, NULL, NULL),
(629, 209, '2018-05-21 09:23:23', 1, NULL, NULL, NULL, '2', 'mfreetextimage:theme2.html.twig', 4, NULL, 'center', 'mfreetextimage', NULL, 1, NULL, NULL),
(630, 209, '2018-05-21 09:23:23', 1, NULL, '#000000', NULL, '1', 'mtestimony:theme1.html.twig', 5, '/business/57/23-630-back.jpg', NULL, 'mtestimonies', NULL, 1, NULL, NULL),
(631, 209, '2018-05-21 09:23:23', 1, NULL, NULL, NULL, '2', 'mcontact:theme2.html.twig', 6, NULL, NULL, 'mcontact', NULL, 1, NULL, NULL),
(632, 213, '2018-05-28 12:16:07', 1, NULL, NULL, NULL, '1', 'mservicedetail:theme1.html.twig', 100, NULL, NULL, 'mservicedetail', NULL, 1, NULL, NULL),
(633, 214, '2018-05-28 17:03:12', 5, '#122C4D', '#E0D81D', NULL, '1', 'mnewdetail:theme1.html.twig', 100, NULL, NULL, 'mnewdetail', '/fonts/Raleway/Raleway-Regular.ttf', 1, 'font-size:medium;', 'font-size:medium;'),
(634, 215, '2018-05-29 08:17:32', 1, '#FFFFFF', '#5BC2FF', NULL, '4', 'mgalery:theme4.html.twig', 1, '/business/58/21-634-back.jpg', NULL, 'mgalery', '/fonts/Lora/Lora-Regular.ttf', 1, 'font-size:large;', 'font-size:medium;'),
(635, 215, '2018-05-29 08:17:32', 8, '#FFEFF5', '#F6FFFE', NULL, '1', 'mwelcometext:theme1.html.twig', 2, '/business/58/92-635-back.jpg', NULL, 'mwelcometext', '/fonts/Lora/Lora-Bold.ttf', 1, 'font-size:xx-large;', 'undefined'),
(636, 215, '2018-05-29 08:17:32', 6, '#5C77FF', '#1C1E1E', NULL, '5', 'mservices:theme5.html.twig', 3, '/business/58/2-636-back.jpg', NULL, 'mservices', '/fonts/Open_Sans/OpenSans-Light.ttf', 1, 'font-size:xx-large;', 'font-size:small;'),
(637, 215, '2018-05-29 08:17:32', 1, '#FFFFFF', '#000000', NULL, '2', 'mfreetextimage:theme2.html.twig', 4, NULL, 'center', 'mfreetextimage', '/fonts/Open_Sans/OpenSans-Light.ttf', 1, 'undefined', 'font-size:medium;'),
(639, 215, '2018-05-29 08:17:32', 2, '#FFFFFF', '#909090', NULL, '1', 'mcontact:theme1.html.twig', 6, NULL, NULL, 'mcontact', '/fonts/Open_Sans/OpenSans-Light.ttf', 1, 'font-size:medium;', 'font-size:small;'),
(640, 216, '2018-06-04 18:06:31', 1, NULL, NULL, NULL, '1', 'mservicedetail:theme1.html.twig', 100, NULL, NULL, 'mservicedetail', NULL, 1, NULL, NULL),
(641, 217, '2018-06-18 22:56:15', 1, NULL, NULL, NULL, '1', 'mserviceslist:theme1.html.twig', 100, NULL, NULL, 'mserviceslist', NULL, 1, NULL, NULL),
(642, 215, '2018-06-19 07:17:50', 6, '#FFFFFF', '#909090', NULL, '3', 'mlastnews:theme3.html.twig', 100, NULL, NULL, 'mlastnews', '/fonts/Open_Sans/OpenSans-Light.ttf', 1, 'font-size:medium;', 'font-size:small;'),
(644, 221, '2018-06-22 09:43:32', 4, '#F9FFAE', '#393939', NULL, '2', 'mservicedetail:theme2.html.twig', 100, NULL, NULL, 'mservicedetail', '/fonts/Lora/Lora-Regular.ttf', 1, 'font-size:medium;', 'font-size:small;'),
(645, 222, '2018-06-22 09:44:11', 1, NULL, NULL, NULL, '1', 'mservicedetail:theme1.html.twig', 100, NULL, NULL, 'mservicedetail', NULL, 1, NULL, NULL),
(646, 223, '2018-06-22 11:30:46', 1, '#8ADCFF', '#F9F9F9', NULL, '2', 'mservicedetail:theme2.html.twig', 100, '/business/58/3-646-back.jpg', NULL, 'mservicedetail', '/fonts/Lora/Lora-Regular.ttf', 1, 'font-size:xx-large;', 'font-size:small;'),
(647, 224, '2018-06-25 15:26:43', 5, '#959595', '#F9F9F9', NULL, '2', 'mservicedetail:theme2.html.twig', 100, NULL, NULL, 'mservicedetail', '/fonts/Lora/Lora-Regular.ttf', 1, 'font-size:medium;', 'font-size:xx-large;'),
(648, 225, '2018-06-25 15:48:02', 1, NULL, NULL, NULL, '1', 'mservicedetail:theme1.html.twig', 100, NULL, NULL, 'mservicedetail', NULL, 1, NULL, NULL),
(649, 226, '2018-06-25 15:48:55', 1, NULL, NULL, NULL, '1', 'mservicedetail:theme1.html.twig', 100, NULL, NULL, 'mservicedetail', NULL, 1, NULL, NULL),
(650, 227, '2018-06-25 15:49:29', 5, '#FFFFFF', '#1F2E90', NULL, '2', 'mservicedetail:theme2.html.twig', 100, NULL, NULL, 'mservicedetail', '/fonts/Lora/Lora-Regular.ttf', 1, 'font-size:large;', 'font-size:small;'),
(651, 228, '2018-06-28 06:58:21', 8, '#ACE6FF', '#3E3E3E', NULL, '2', 'mservicedetail:theme2.html.twig', 100, NULL, NULL, 'mservicedetail', '/fonts/Lora/Lora-Bold.ttf', 1, 'font-size:larger;', 'font-size:large;'),
(652, 229, '2018-06-29 07:45:33', 1, NULL, NULL, NULL, '1', 'mservicedetail:theme1.html.twig', 100, NULL, NULL, 'mservicedetail', NULL, 1, NULL, NULL),
(653, 230, '2018-06-29 10:49:44', 5, '#122C4D', '#E0D81D', NULL, '1', 'mnewdetail:theme1.html.twig', 100, NULL, NULL, 'mnewdetail', '/fonts/Raleway/Raleway-Regular.ttf', 1, 'font-size:medium;', 'font-size:medium;'),
(654, 231, '2018-07-18 08:44:23', 1, NULL, NULL, NULL, '1', 'mwelcometext:theme1.html.twig', 2, NULL, NULL, 'mwelcometext', NULL, 1, NULL, NULL),
(655, 231, '2018-07-18 08:44:23', 1, NULL, '#000000', NULL, '1', 'mservices:theme1.html.twig', 3, NULL, NULL, 'mservices', NULL, 1, NULL, NULL),
(656, 231, '2018-07-18 08:44:23', 1, NULL, NULL, NULL, '2', 'mfreetextimage:theme2.html.twig', 4, NULL, 'center', 'mfreetextimage', NULL, 1, NULL, NULL),
(657, 231, '2018-07-18 08:44:23', 1, NULL, '#000000', NULL, '1', 'mtestimony:theme1.html.twig', 5, NULL, NULL, 'mtestimonies', NULL, 1, NULL, NULL),
(658, 231, '2018-07-18 08:44:23', 1, NULL, NULL, NULL, '2', 'mcontact:theme2.html.twig', 6, NULL, NULL, 'mcontact', NULL, 1, NULL, NULL),
(659, 232, '2018-07-19 11:40:46', 8, '#FFFFFF', '#909090', NULL, '2', 'mservicedetail:theme2.html.twig', 100, NULL, NULL, 'mservicedetail', '/fonts/Open_Sans/OpenSans-Light.ttf', 1, 'font-size:medium;', 'font-size:small;'),
(745, 289, '2018-08-06 10:40:55', 1, NULL, '#000000', NULL, '1', 'mgalery:theme1.html.twig', 1, NULL, NULL, 'mgalery', NULL, 1, NULL, NULL),
(746, 289, '2018-08-06 10:40:55', 1, NULL, NULL, NULL, '1', 'mwelcometext:theme1.html.twig', 2, NULL, NULL, 'mwelcometext', NULL, 1, NULL, NULL),
(747, 289, '2018-08-06 10:40:55', 1, NULL, '#000000', NULL, '5', 'mservices:theme5.html.twig', 3, '/business/77/87-747-back.jpg', NULL, 'mservices', NULL, 1, NULL, NULL),
(748, 287, '2018-08-06 10:42:06', 1, '#FFFFFF', NULL, NULL, '1', 'mproductlist:theme1.html.twig', 100, NULL, NULL, 'mproductlist', NULL, 1, NULL, NULL),
(757, 150, '2018-08-10 13:19:22', 1, NULL, NULL, NULL, '4', 'mfreetextimage:theme4.html.twig', 1, NULL, 'left', 'mfreetextimage', NULL, 1, NULL, NULL),
(758, 149, '2018-08-10 13:19:22', 1, NULL, NULL, NULL, '4', 'mfreetextimage:theme4.html.twig', 1, NULL, 'left', 'mfreetextimage', NULL, 1, NULL, NULL),
(761, 120, '2018-08-12 22:05:15', 1, NULL, NULL, NULL, '4', 'mfreetextimage:theme4.html.twig', 1, NULL, 'left', 'mfreetextimage', NULL, 1, NULL, NULL),
(762, 121, '2018-08-16 01:25:04', 1, NULL, NULL, NULL, '4', 'mfreetextimage:theme4.html.twig', 1, NULL, 'left', 'mfreetextimage', NULL, 1, NULL, NULL),
(763, 124, '2018-08-18 16:55:45', 1, NULL, NULL, NULL, '4', 'mfreetextimage:theme4.html.twig', 1, NULL, 'left', 'mfreetextimage', NULL, 1, NULL, NULL),
(764, 126, '2018-08-18 21:57:45', 1, NULL, NULL, NULL, '4', 'mfreetextimage:theme4.html.twig', 1, NULL, 'left', 'mfreetextimage', NULL, 1, NULL, NULL),
(765, 220, '2018-08-21 05:24:07', 1, NULL, NULL, NULL, '4', 'mfreetextimage:theme4.html.twig', 1, NULL, 'left', 'mfreetextimage', NULL, 1, NULL, NULL),
(766, 218, '2018-08-21 05:24:11', 1, NULL, NULL, NULL, '4', 'mfreetextimage:theme4.html.twig', 1, NULL, 'left', 'mfreetextimage', NULL, 1, NULL, NULL),
(767, 302, '2018-08-29 11:04:50', 1, NULL, NULL, NULL, '1', 'mnewdetail:theme1.html.twig', 100, NULL, NULL, 'mnewdetail', NULL, 1, NULL, NULL),
(782, 309, '2018-09-21 14:05:31', 1, NULL, NULL, NULL, '1', 'mtestimony:theme1.html.twig', 100, NULL, NULL, 'mtestimonies', NULL, 1, NULL, NULL),
(783, 310, '2018-09-26 11:45:36', 1, NULL, NULL, NULL, '1', 'mwelcometext:theme1.html.twig', 2, NULL, NULL, 'mwelcometext', NULL, 1, NULL, NULL),
(784, 310, '2018-09-26 11:45:36', 1, NULL, '#000000', NULL, '1', 'mservices:theme1.html.twig', 3, NULL, NULL, 'mservices', NULL, 1, NULL, NULL),
(785, 310, '2018-09-26 11:45:36', 1, NULL, NULL, NULL, '2', 'mfreetextimage:theme2.html.twig', 4, NULL, 'center', 'mfreetextimage', NULL, 1, NULL, NULL),
(786, 310, '2018-09-26 11:45:36', 1, NULL, '#000000', NULL, '1', 'mtestimony:theme1.html.twig', 5, NULL, NULL, 'mtestimonies', NULL, 1, NULL, NULL),
(787, 310, '2018-09-26 11:45:36', 1, NULL, NULL, NULL, '2', 'mcontact:theme2.html.twig', 6, NULL, NULL, 'mcontact', NULL, 1, NULL, NULL),
(811, 354, '2018-09-30 23:36:07', 1, NULL, NULL, NULL, '1', 'mservicedetail:theme1.html.twig', 100, NULL, NULL, 'mservicedetail', NULL, 1, NULL, NULL),
(815, 360, '2018-10-05 09:01:35', 1, '#FFFFFF', '#000000', NULL, '1', 'mgalery:theme1.html.twig', 1, NULL, NULL, 'mgalery', '/fonts/Lora/Lora-Bold.ttf', 1, 'font-size:medium;', 'font-size:small;'),
(816, 360, '2018-10-05 09:01:35', 1, NULL, NULL, NULL, '1', 'mwelcometext:theme1.html.twig', 2, NULL, NULL, 'mwelcometext', NULL, 1, NULL, NULL),
(817, 360, '2018-10-05 09:01:35', 1, NULL, '#000000', NULL, '1', 'mservices:theme1.html.twig', 3, '/business/97/58-817-back.jpg', NULL, 'mservices', NULL, 1, NULL, NULL);

-- --------------------------------------------------------

--
-- Estructura de tabla para la tabla `mproductlist`
--

CREATE TABLE `mproductlist` (
  `id` int(11) NOT NULL
) ENGINE=InnoDB DEFAULT CHARSET=utf8 COLLATE=utf8_unicode_ci;

--
-- Volcado de datos para la tabla `mproductlist`
--

INSERT INTO `mproductlist` (`id`) VALUES
(748);

-- --------------------------------------------------------

--
-- Estructura de tabla para la tabla `mprojectdetail`
--

CREATE TABLE `mprojectdetail` (
  `id` int(11) NOT NULL
) ENGINE=InnoDB DEFAULT CHARSET=utf8 COLLATE=utf8_unicode_ci;

--
-- Volcado de datos para la tabla `mprojectdetail`
--

INSERT INTO `mprojectdetail` (`id`) VALUES
(435),
(440),
(445),
(505),
(506),
(507),
(508),
(509);

-- --------------------------------------------------------

--
-- Estructura de tabla para la tabla `mprojects`
--

CREATE TABLE `mprojects` (
  `id` int(11) NOT NULL
) ENGINE=InnoDB DEFAULT CHARSET=utf8 COLLATE=utf8_unicode_ci;

-- --------------------------------------------------------

--
-- Estructura de tabla para la tabla `mprojectsfeatures`
--

CREATE TABLE `mprojectsfeatures` (
  `id` int(11) NOT NULL
) ENGINE=InnoDB DEFAULT CHARSET=utf8 COLLATE=utf8_unicode_ci;

--
-- Volcado de datos para la tabla `mprojectsfeatures`
--

INSERT INTO `mprojectsfeatures` (`id`) VALUES
(433);

-- --------------------------------------------------------

--
-- Estructura de tabla para la tabla `mprojectslist`
--

CREATE TABLE `mprojectslist` (
  `id` int(11) NOT NULL
) ENGINE=InnoDB DEFAULT CHARSET=utf8 COLLATE=utf8_unicode_ci;

-- --------------------------------------------------------

--
-- Estructura de tabla para la tabla `mservicedetail`
--

CREATE TABLE `mservicedetail` (
  `id` int(11) NOT NULL
) ENGINE=InnoDB DEFAULT CHARSET=utf8 COLLATE=utf8_unicode_ci;

--
-- Volcado de datos para la tabla `mservicedetail`
--

INSERT INTO `mservicedetail` (`id`) VALUES
(388),
(396),
(397),
(434),
(436),
(441),
(459),
(460),
(461),
(477),
(478),
(480),
(495),
(511),
(512),
(513),
(514),
(561),
(567),
(568),
(575),
(576),
(577),
(578),
(615),
(618),
(632),
(640),
(644),
(645),
(646),
(647),
(648),
(649),
(650),
(651),
(652),
(659),
(811);

-- --------------------------------------------------------

--
-- Estructura de tabla para la tabla `mservices`
--

CREATE TABLE `mservices` (
  `id` int(11) NOT NULL
) ENGINE=InnoDB DEFAULT CHARSET=utf8 COLLATE=utf8_unicode_ci;

--
-- Volcado de datos para la tabla `mservices`
--

INSERT INTO `mservices` (`id`) VALUES
(330),
(357),
(380),
(406),
(443),
(448),
(467),
(473),
(485),
(510),
(550),
(557),
(563),
(571),
(580),
(622),
(628),
(636),
(655),
(747),
(784),
(817);

-- --------------------------------------------------------

--
-- Estructura de tabla para la tabla `mserviceslist`
--

CREATE TABLE `mserviceslist` (
  `id` int(11) NOT NULL
) ENGINE=InnoDB DEFAULT CHARSET=utf8 COLLATE=utf8_unicode_ci;

--
-- Volcado de datos para la tabla `mserviceslist`
--

INSERT INTO `mserviceslist` (`id`) VALUES
(361),
(641);

-- --------------------------------------------------------

--
-- Estructura de tabla para la tabla `mtestimonies`
--

CREATE TABLE `mtestimonies` (
  `id` int(11) NOT NULL
) ENGINE=InnoDB DEFAULT CHARSET=utf8 COLLATE=utf8_unicode_ci;

--
-- Volcado de datos para la tabla `mtestimonies`
--

INSERT INTO `mtestimonies` (`id`) VALUES
(332),
(382),
(408),
(450),
(469),
(475),
(487),
(552),
(565),
(573),
(582),
(624),
(630),
(657),
(782),
(786);

-- --------------------------------------------------------

--
-- Estructura de tabla para la tabla `mwelcometext`
--

CREATE TABLE `mwelcometext` (
  `id` int(11) NOT NULL,
  `text` longtext COLLATE utf8_unicode_ci
) ENGINE=InnoDB DEFAULT CHARSET=utf8 COLLATE=utf8_unicode_ci;

--
-- Volcado de datos para la tabla `mwelcometext`
--

INSERT INTO `mwelcometext` (`id`, `text`) VALUES
(329, 'En este espacio puedes poner tu lema o una bienvenida.'),
(356, 'M&B comercial service - Desarrollamos talento'),
(379, 'En este espacio puedes poner tu lema o una bienvenida.'),
(392, 'Contacta con nosotros'),
(399, 'Gracias por contactar con nosotros'),
(405, 'En este espacio puedes poner tu lema o una bienvenida.'),
(421, 'Webwis te permite crear una página web de forma sencilla y sin necesidad de conocimientos técnicos.'),
(447, 'En este espacio puedes poner tu lema o una bienvenida.'),
(458, 'by dopazzo design'),
(466, 'En este espacio puedes poner tu lema o una bienvenida.'),
(472, 'En este espacio puedes poner tu lema o una bienvenida.'),
(479, 'Gracias por contactar con nosotros'),
(484, 'En este espacio puedes poner tu lema o una bienvenida.'),
(489, 'APRENDE CON LOS MEJORES.'),
(494, 'Gracias por contactar con nosotros'),
(517, 'PULSA EN LOS ICONOS PARA VER LOS PRECIOS DE NUESTROS PERMISOS'),
(535, 'Disponemos de una pista de Prácticas idéntica a la del examen.\nNos encontrará en el camino de Bárboles 293, concretamente en el camino de Torre Villaroya, muy cerca de las pistas de Tráfico.\n'),
(541, 'PINCHA EN LA IMAGEN PARA VER TU RESULTADO.'),
(549, 'BEM VINDO A IPTV'),
(554, 'Gracias por contactar con nosotros'),
(556, 'SERESPAL\nSERVICIO ESPECIAL DE ALFOMBRAS'),
(562, 'VYR es una empresa creada tras más de una década de experiencia en el mundo de las emergencias, primeros auxilios y transporte sanitario.\n\nEsta empresa se creó ante la necesidad de cubrir cualquier asistencia sanitaria o de emergencia y reaccionar con todos los medios disponibles en un tiempo mínimo de respuesta, dedicada expresamente a vigilar y a socorrer con la garantía de expertos en la materia y ante todo, con la gran responsabilidad que merece.\n'),
(570, 'VIVIENDA COMUNITARIA PARA LA TERCERA EDAD'),
(579, 'Diseño, fabricación, montaje y reparación de estructuras metálicas y calderería'),
(621, 'En este espacio puedes poner tu lema o una bienvenida.'),
(627, 'En este espacio puedes poner tu lema o una bienvenida.'),
(635, 'Taller Mecánico multimarca \nespecializado en Chapa y Pintura en \nZafra. \n\n'),
(654, 'En este espacio puedes poner tu lema o una bienvenida.'),
(746, 'Los mejores libros al mejor precio'),
(783, 'En este espacio puedes poner tu lema o una bienvenida.'),
(816, '');

-- --------------------------------------------------------

--
-- Estructura de tabla para la tabla `orderproducts`
--

CREATE TABLE `orderproducts` (
  `id` int(11) NOT NULL,
  `orders_id` int(11) DEFAULT NULL,
  `product_id` int(11) DEFAULT NULL,
  `productvariant_id` int(11) DEFAULT NULL,
  `price` double NOT NULL,
  `amount` double NOT NULL,
  `subtotal` double NOT NULL,
  `taxes` double NOT NULL,
  `descuento` double NOT NULL,
  `total` double NOT NULL,
  `base` double NOT NULL,
  `updatedAt` datetime DEFAULT NULL,
  `createdAt` datetime NOT NULL
) ENGINE=InnoDB DEFAULT CHARSET=utf8 COLLATE=utf8_unicode_ci;

--
-- Volcado de datos para la tabla `orderproducts`
--

INSERT INTO `orderproducts` (`id`, `orders_id`, `product_id`, `productvariant_id`, `price`, `amount`, `subtotal`, `taxes`, `descuento`, `total`, `base`, `updatedAt`, `createdAt`) VALUES
(1, 1, 8, NULL, 0.01, 1, 0, 0.01, 0, 0.01, 0, '2018-08-03 09:37:56', '2018-08-03 09:37:56'),
(5, 5, 13, NULL, 0.01, 1, 0.01, 0, 0, 0.01, 0.0082644628099174, '2018-08-03 11:59:23', '2018-08-03 11:59:23'),
(6, 6, 15, NULL, 0.01, 1, 0.01, 0, 0, 0.01, 0.0082644628099174, '2018-08-03 12:22:23', '2018-08-03 12:22:23'),
(7, 6, 16, NULL, 10, 1, 9.09, 0.91, 0, 10, 9.0909090909091, '2018-08-03 12:22:23', '2018-08-03 12:22:23'),
(8, 7, 19, NULL, 0.01, 1, 0.01, 0, 0, 0.01, 0.0082644628099174, '2018-08-06 10:43:22', '2018-08-06 10:43:22'),
(9, 8, 19, NULL, 0.01, 1, 0.01, 0, 0, 0.01, 0.0082644628099174, '2018-08-06 10:55:00', '2018-08-06 10:55:00');

-- --------------------------------------------------------

--
-- Estructura de tabla para la tabla `orders`
--

CREATE TABLE `orders` (
  `id` int(11) NOT NULL,
  `client_id` int(11) DEFAULT NULL,
  `business_id` int(11) DEFAULT NULL,
  `paqueteria_id` int(11) DEFAULT NULL,
  `address_id` int(11) DEFAULT NULL,
  `orderNumber` int(11) NOT NULL,
  `deliveryName` varchar(255) COLLATE utf8_unicode_ci DEFAULT NULL,
  `deliveryLastname` varchar(255) COLLATE utf8_unicode_ci DEFAULT NULL,
  `deliveryCif` varchar(255) COLLATE utf8_unicode_ci DEFAULT NULL,
  `deliveryPhone` varchar(255) COLLATE utf8_unicode_ci DEFAULT NULL,
  `deliveryPhonemobile` varchar(255) COLLATE utf8_unicode_ci DEFAULT NULL,
  `deliveryEmail` varchar(255) COLLATE utf8_unicode_ci DEFAULT NULL,
  `deliveryAddress` varchar(255) COLLATE utf8_unicode_ci DEFAULT NULL,
  `deliveryZip` varchar(255) COLLATE utf8_unicode_ci DEFAULT NULL,
  `deliveryTown` varchar(255) COLLATE utf8_unicode_ci DEFAULT NULL,
  `deliveryCountry` varchar(255) COLLATE utf8_unicode_ci DEFAULT NULL,
  `deliveryObservations` longtext COLLATE utf8_unicode_ci,
  `invoiceName` varchar(255) COLLATE utf8_unicode_ci DEFAULT NULL,
  `invoiceLastname` varchar(255) COLLATE utf8_unicode_ci DEFAULT NULL,
  `invoiceCif` varchar(255) COLLATE utf8_unicode_ci DEFAULT NULL,
  `invoicePhone` varchar(255) COLLATE utf8_unicode_ci DEFAULT NULL,
  `invoiceEmail` varchar(255) COLLATE utf8_unicode_ci DEFAULT NULL,
  `invoiceAddress` varchar(255) COLLATE utf8_unicode_ci DEFAULT NULL,
  `invoiceZip` varchar(255) COLLATE utf8_unicode_ci DEFAULT NULL,
  `invoiceTown` varchar(255) COLLATE utf8_unicode_ci DEFAULT NULL,
  `invoiceCountry` varchar(255) COLLATE utf8_unicode_ci DEFAULT NULL,
  `subtotal` double NOT NULL,
  `taxes` double NOT NULL,
  `descuento` double NOT NULL,
  `total` double NOT NULL,
  `totaldescuento` double NOT NULL,
  `paid` tinyint(1) NOT NULL DEFAULT '0',
  `statuspayment` int(11) NOT NULL,
  `status` int(11) NOT NULL DEFAULT '1',
  `authorizationcode` varchar(255) COLLATE utf8_unicode_ci DEFAULT NULL,
  `datepayment` datetime DEFAULT NULL,
  `descargadoeactivo` int(11) NOT NULL,
  `eliminado` int(11) NOT NULL,
  `updatedAt` datetime DEFAULT NULL,
  `createdAt` datetime NOT NULL,
  `invoicerequested` tinyint(1) NOT NULL,
  `titlepaqueteria` varchar(255) COLLATE utf8_unicode_ci DEFAULT NULL,
  `preciopaqueteria` double DEFAULT NULL,
  `paymentform` int(11) NOT NULL,
  `delivery_province_id` int(11) DEFAULT NULL,
  `recogidatienda` tinyint(1) NOT NULL
) ENGINE=InnoDB DEFAULT CHARSET=utf8 COLLATE=utf8_unicode_ci;

--
-- Volcado de datos para la tabla `orders`
--

INSERT INTO `orders` (`id`, `client_id`, `business_id`, `paqueteria_id`, `address_id`, `orderNumber`, `deliveryName`, `deliveryLastname`, `deliveryCif`, `deliveryPhone`, `deliveryPhonemobile`, `deliveryEmail`, `deliveryAddress`, `deliveryZip`, `deliveryTown`, `deliveryCountry`, `deliveryObservations`, `invoiceName`, `invoiceLastname`, `invoiceCif`, `invoicePhone`, `invoiceEmail`, `invoiceAddress`, `invoiceZip`, `invoiceTown`, `invoiceCountry`, `subtotal`, `taxes`, `descuento`, `total`, `totaldescuento`, `paid`, `statuspayment`, `status`, `authorizationcode`, `datepayment`, `descargadoeactivo`, `eliminado`, `updatedAt`, `createdAt`, `invoicerequested`, `titlepaqueteria`, `preciopaqueteria`, `paymentform`, `delivery_province_id`, `recogidatienda`) VALUES
(1, 70, 68, NULL, 1, 1, 'Samuel', 'Sánchez', NULL, '649994736', NULL, 'samuelst@winecta.com', 'C/Gracia, 12', '18002', 'Granada', 'España', '', NULL, NULL, NULL, NULL, NULL, NULL, NULL, NULL, NULL, 0, 0.01, 0, 0.01, 0.01, 0, 1, 1, '78T232770M101414T', '2018-08-03 12:00:00', 0, 0, '2018-08-03 09:37:56', '2018-08-03 09:37:56', 0, 'Recogida en tienda', 0, 1, NULL, 0),
(5, 77, 72, NULL, 5, 1, 'r', NULL, NULL, NULL, NULL, 'r3@re.com', 'DIR', '1800', 'Granad', 'España', 'a', NULL, NULL, NULL, NULL, NULL, NULL, NULL, NULL, NULL, 0.01, 0, 0, 0.01, 0.01, 0, 1, 1, NULL, NULL, 0, 0, '2018-08-03 11:59:23', '2018-08-03 11:59:23', 0, 'Recogida en tienda', 0, 0, NULL, 0),
(6, 80, 74, NULL, 6, 1, 'Samuel', 'Sánchez', NULL, '649994736', NULL, 'samuelst4@winecta.com', 'C/Gracia, 12', '18002', 'Granada', 'España', '', NULL, NULL, NULL, NULL, NULL, NULL, NULL, NULL, NULL, 9.1, 0.91, 0, 10.01, 10.01, 0, 1, 1, NULL, NULL, 0, 0, '2018-08-03 12:22:23', '2018-08-03 12:22:23', 0, 'Recogida en tienda', 0, 0, NULL, 0),
(7, 85, 77, NULL, 7, 1, 'Samuel', 'Sánchez', NULL, '649994736', NULL, 'samuelst7@winecta.com', 'C/Gracia, 12', '18002', 'Granada', 'España', '', NULL, NULL, NULL, NULL, NULL, NULL, NULL, NULL, NULL, 0.01, 0, 0, 0.01, 0.01, 0, 1, 1, NULL, NULL, 0, 0, '2018-08-06 10:43:22', '2018-08-06 10:43:22', 0, 'Recogida en tienda', 0, 0, NULL, 0),
(8, 86, 77, NULL, 8, 2, 'Samuel', 'Sánchez', NULL, '649994736', NULL, 'samuelst10@winecta.com', 'C/Gracia, 12', '18002', 'Granada', 'España', '', NULL, NULL, NULL, NULL, NULL, NULL, NULL, NULL, NULL, 0.01, 0, 0, 0.01, 0.01, 0, 1, 1, NULL, NULL, 0, 0, '2018-08-06 10:55:00', '2018-08-06 10:55:00', 0, 'Recogida en tienda', 0, 0, NULL, 0);

-- --------------------------------------------------------

--
-- Estructura de tabla para la tabla `page`
--

CREATE TABLE `page` (
  `id` int(11) NOT NULL,
  `business_id` int(11) DEFAULT NULL,
  `datecreated` datetime NOT NULL,
  `ishome` tinyint(1) NOT NULL,
  `slug` varchar(255) COLLATE utf8_unicode_ci DEFAULT NULL,
  `keyword` longtext COLLATE utf8_unicode_ci,
  `description` longtext COLLATE utf8_unicode_ci,
  `fontcolor` varchar(10) COLLATE utf8_unicode_ci DEFAULT NULL,
  `backgroundcolor` varchar(10) COLLATE utf8_unicode_ci DEFAULT NULL,
  `title` varchar(255) COLLATE utf8_unicode_ci DEFAULT NULL,
  `font` varchar(255) COLLATE utf8_unicode_ci DEFAULT NULL,
  `service_id` int(11) DEFAULT NULL,
  `showinmenu` tinyint(1) NOT NULL,
  `nameinmenu` varchar(255) COLLATE utf8_unicode_ci DEFAULT NULL,
  `isservices` tinyint(1) NOT NULL,
  `isprojects` tinyint(1) NOT NULL,
  `removable` tinyint(1) NOT NULL,
  `project_id` int(11) DEFAULT NULL,
  `blog_id` int(11) DEFAULT NULL,
  `isnews` tinyint(1) NOT NULL,
  `fonttitlesize` varchar(30) COLLATE utf8_unicode_ci DEFAULT NULL,
  `fonttextsize` varchar(30) COLLATE utf8_unicode_ci DEFAULT NULL,
  `product_id` int(11) DEFAULT NULL,
  `isproducts` tinyint(1) NOT NULL,
  `isdetailproduct` tinyint(1) NOT NULL,
  `iscart` tinyint(1) NOT NULL
) ENGINE=InnoDB DEFAULT CHARSET=utf8 COLLATE=utf8_unicode_ci;

--
-- Volcado de datos para la tabla `page`
--

INSERT INTO `page` (`id`, `business_id`, `datecreated`, `ishome`, `slug`, `keyword`, `description`, `fontcolor`, `backgroundcolor`, `title`, `font`, `service_id`, `showinmenu`, `nameinmenu`, `isservices`, `isprojects`, `removable`, `project_id`, `blog_id`, `isnews`, `fonttitlesize`, `fonttextsize`, `product_id`, `isproducts`, `isdetailproduct`, `iscart`) VALUES
(75, 33, '2017-05-30 14:51:55', 1, NULL, '', '', NULL, NULL, 'PINTURAS LA FAMILIA', NULL, NULL, 0, NULL, 0, 0, 1, NULL, NULL, 0, NULL, NULL, NULL, 0, 0, 0),
(84, 36, '2017-05-31 10:39:14', 1, NULL, NULL, NULL, NULL, NULL, NULL, NULL, NULL, 0, NULL, 0, 0, 1, NULL, NULL, 0, NULL, NULL, NULL, 0, 0, 0),
(85, 36, '2017-05-31 10:42:07', 0, 'servicios', NULL, NULL, NULL, NULL, 'Listado de servicios', NULL, NULL, 0, NULL, 1, 0, 0, NULL, NULL, 0, NULL, NULL, NULL, 0, 0, 0),
(90, 39, '2017-05-31 13:16:22', 1, NULL, 'asdad', '', NULL, NULL, 'hol', NULL, NULL, 0, NULL, 0, 0, 1, NULL, NULL, 0, NULL, NULL, NULL, 0, 0, 0),
(92, 36, '2017-05-31 16:40:59', 0, 'desarrollo-de-equipos-comerciales', NULL, NULL, NULL, NULL, 'Desarrollo de equipos comerciales', NULL, 101, 0, NULL, 1, 0, 0, NULL, NULL, 0, NULL, NULL, NULL, 0, 0, 0),
(93, 36, '2017-05-31 16:54:02', 0, 'contacto', NULL, NULL, NULL, NULL, 'Contacto', NULL, NULL, 0, NULL, 0, 0, 1, NULL, NULL, 0, NULL, NULL, NULL, 0, 0, 0),
(94, 36, '2017-05-31 17:21:08', 0, 'distribuidor-de-securitas-direct', NULL, NULL, NULL, NULL, 'Distribuidor de Securitas Direct', NULL, 100, 0, NULL, 1, 0, 0, NULL, NULL, 0, NULL, NULL, NULL, 0, 0, 0),
(95, 36, '2017-05-31 17:53:47', 0, 'quienes-somos', NULL, NULL, NULL, NULL, 'Quienes Somos', NULL, 102, 0, NULL, 1, 0, 0, NULL, NULL, 0, NULL, NULL, NULL, 0, 0, 0),
(97, 33, '2017-05-31 20:19:37', 0, 'gracias-por-contactar', NULL, NULL, NULL, NULL, 'Gracias por contactar con nosotros', NULL, NULL, 0, NULL, 0, 0, 1, NULL, NULL, 0, NULL, NULL, NULL, 0, 0, 0),
(99, 41, '2017-06-02 10:59:14', 1, NULL, NULL, NULL, NULL, NULL, NULL, NULL, NULL, 0, NULL, 0, 0, 1, NULL, NULL, 0, NULL, NULL, NULL, 0, 0, 0),
(108, 43, '2017-06-13 10:18:00', 1, NULL, NULL, NULL, NULL, NULL, NULL, NULL, NULL, 0, NULL, 0, 0, 1, NULL, NULL, 0, NULL, NULL, NULL, 0, 0, 0),
(109, 43, '2017-06-13 14:13:51', 0, 'funcional', NULL, NULL, NULL, NULL, 'Funcional', NULL, 121, 0, NULL, 1, 0, 0, NULL, NULL, 0, NULL, NULL, NULL, 0, 0, 0),
(110, 43, '2017-06-13 14:28:33', 0, 'funcional', NULL, NULL, NULL, NULL, 'Funcional', NULL, NULL, 0, NULL, 0, 1, 0, 157, NULL, 0, NULL, NULL, NULL, 0, 0, 0),
(111, 43, '2017-06-13 14:29:25', 0, 'personalizado', NULL, NULL, NULL, NULL, 'Personalizado', NULL, 122, 0, NULL, 1, 0, 0, NULL, NULL, 0, NULL, NULL, NULL, 0, 0, 0),
(112, 43, '2017-06-14 07:47:57', 0, 'sin-complicaciones', NULL, NULL, NULL, NULL, 'Sin complicaciones', NULL, NULL, 0, NULL, 0, 1, 0, 159, NULL, 0, NULL, NULL, NULL, 0, 0, 0),
(113, 43, '2017-06-14 07:48:08', 0, 'sin-complicaciones', NULL, NULL, NULL, NULL, 'Sin complicaciones', NULL, 123, 0, NULL, 1, 0, 0, NULL, NULL, 0, NULL, NULL, NULL, 0, 0, 0),
(114, 43, '2017-06-14 10:30:03', 0, 'personalizado', NULL, NULL, NULL, NULL, 'Personalizado', NULL, NULL, 0, NULL, 0, 1, 0, 158, NULL, 0, NULL, NULL, NULL, 0, 0, 0),
(115, 44, '2017-06-24 07:57:13', 1, NULL, NULL, NULL, NULL, NULL, NULL, NULL, NULL, 0, NULL, 0, 0, 1, NULL, NULL, 0, NULL, NULL, NULL, 0, 0, 0),
(116, 45, '2017-06-24 07:57:41', 1, NULL, NULL, NULL, NULL, NULL, NULL, NULL, NULL, 0, NULL, 0, 0, 1, NULL, NULL, 0, NULL, NULL, NULL, 0, 0, 0),
(117, 43, '2017-06-24 08:37:47', 0, 'politica-de-cookies', NULL, NULL, NULL, NULL, 'Política de cookies', NULL, NULL, 0, NULL, 0, 0, 0, NULL, NULL, 0, NULL, NULL, NULL, 0, 0, 0),
(118, 43, '2017-06-24 08:37:50', 0, 'aviso-legal', NULL, NULL, NULL, NULL, 'Aviso legal', NULL, NULL, 0, NULL, 0, 0, 0, NULL, NULL, 0, NULL, NULL, NULL, 0, 0, 0),
(119, 43, '2017-06-24 08:37:52', 0, 'politica-de-privacidad', NULL, NULL, NULL, NULL, 'Política de privacidad', NULL, NULL, 0, NULL, 0, 0, 0, NULL, NULL, 0, NULL, NULL, NULL, 0, 0, 0),
(120, 45, '2017-07-22 15:41:58', 0, 'politica-de-privacidad', NULL, NULL, NULL, NULL, 'Política de privacidad', NULL, NULL, 0, NULL, 0, 0, 0, NULL, NULL, 0, NULL, NULL, NULL, 0, 0, 0),
(121, 45, '2017-07-22 15:42:30', 0, 'aviso-legal', NULL, NULL, NULL, NULL, 'Aviso legal', NULL, NULL, 0, NULL, 0, 0, 0, NULL, NULL, 0, NULL, NULL, NULL, 0, 0, 0),
(122, 45, '2017-07-22 15:43:13', 0, 'politica-de-cookies', NULL, NULL, NULL, NULL, 'Política de cookies', NULL, NULL, 0, NULL, 0, 0, 0, NULL, NULL, 0, NULL, NULL, NULL, 0, 0, 0),
(123, 33, '2017-07-23 16:23:40', 0, 'servicio-2', NULL, NULL, NULL, NULL, 'Servicio 2', NULL, 92, 0, NULL, 1, 0, 0, NULL, NULL, 0, NULL, NULL, NULL, 0, 0, 0),
(124, 33, '2017-07-23 16:24:37', 0, 'aviso-legal', NULL, NULL, NULL, NULL, 'Aviso legal', NULL, NULL, 0, NULL, 0, 0, 0, NULL, NULL, 0, NULL, NULL, NULL, 0, 0, 0),
(125, 33, '2017-07-23 16:25:56', 0, 'politica-de-cookies', NULL, NULL, NULL, NULL, 'Política de cookies', NULL, NULL, 0, NULL, 0, 0, 0, NULL, NULL, 0, NULL, NULL, NULL, 0, 0, 0),
(126, 33, '2017-07-23 16:58:05', 0, 'politica-de-privacidad', NULL, NULL, NULL, NULL, 'Política de privacidad', NULL, NULL, 0, NULL, 0, 0, 0, NULL, NULL, 0, NULL, NULL, NULL, 0, 0, 0),
(127, 33, '2017-07-23 16:58:37', 0, 'servicio-3', NULL, NULL, NULL, NULL, 'Servicio 3', NULL, 93, 0, NULL, 1, 0, 0, NULL, NULL, 0, NULL, NULL, NULL, 0, 0, 0),
(128, 33, '2017-07-23 17:00:49', 0, 'servicio-1', NULL, NULL, NULL, NULL, 'Servicio 1', NULL, 91, 0, NULL, 1, 0, 0, NULL, NULL, 0, NULL, NULL, NULL, 0, 0, 0),
(131, 46, '2017-09-29 15:45:57', 1, NULL, NULL, NULL, NULL, NULL, NULL, NULL, NULL, 0, NULL, 0, 0, 1, NULL, NULL, 0, NULL, NULL, NULL, 0, 0, 0),
(132, 46, '2017-10-15 10:12:19', 0, 'politica-de-cookies', NULL, NULL, NULL, NULL, 'Política de cookies', NULL, NULL, 0, NULL, 0, 0, 0, NULL, NULL, 0, NULL, NULL, NULL, 0, 0, 0),
(133, 46, '2017-10-15 10:12:24', 0, 'aviso-legal', NULL, NULL, NULL, NULL, 'Aviso legal', NULL, NULL, 0, NULL, 0, 0, 0, NULL, NULL, 0, NULL, NULL, NULL, 0, 0, 0),
(134, 46, '2017-10-15 10:12:29', 0, 'politica-de-privacidad', NULL, NULL, NULL, NULL, 'Política de privacidad', NULL, NULL, 0, NULL, 0, 0, 0, NULL, NULL, 0, NULL, NULL, NULL, 0, 0, 0),
(135, 48, '2017-12-05 08:33:59', 1, NULL, NULL, NULL, NULL, NULL, NULL, NULL, NULL, 0, NULL, 0, 0, 1, NULL, NULL, 0, NULL, NULL, NULL, 0, 0, 0),
(136, 48, '2017-12-05 08:34:10', 0, 'servicio-1', NULL, NULL, NULL, NULL, 'Servicio 1', NULL, 133, 0, NULL, 1, 0, 0, NULL, NULL, 0, NULL, NULL, NULL, 0, 0, 0),
(137, 48, '2017-12-05 08:34:21', 0, 'servicio-2', NULL, NULL, NULL, NULL, 'Servicio 2', NULL, 134, 0, NULL, 1, 0, 0, NULL, NULL, 0, NULL, NULL, NULL, 0, 0, 0),
(138, 45, '2017-12-06 04:58:00', 0, 'gracias-por-contactar', NULL, NULL, NULL, NULL, 'Gracias por contactar con nosotros', NULL, NULL, 0, NULL, 0, 0, 1, NULL, NULL, 0, NULL, NULL, NULL, 0, 0, 0),
(139, 41, '2018-01-25 16:21:39', 0, 'servicio-1', NULL, NULL, NULL, NULL, 'Servicio 1', NULL, 115, 0, NULL, 1, 0, 0, NULL, NULL, 0, NULL, NULL, NULL, 0, 0, 0),
(141, 8, '2018-03-13 13:56:43', 1, NULL, NULL, NULL, NULL, NULL, NULL, NULL, NULL, 0, NULL, 0, 0, 1, NULL, NULL, 0, NULL, NULL, NULL, 0, 0, 0),
(142, 49, '2018-03-14 08:23:55', 1, NULL, '', '', NULL, NULL, 'AUTOESCUELA CASABLANCA', NULL, NULL, 0, NULL, 0, 0, 1, NULL, NULL, 0, NULL, NULL, NULL, 0, 0, 0),
(143, 49, '2018-03-14 10:35:07', 0, 'gracias-por-contactar', NULL, NULL, NULL, NULL, 'Gracias por contactar con nosotros', NULL, NULL, 0, NULL, 0, 0, 1, NULL, NULL, 0, NULL, NULL, NULL, 0, 0, 0),
(144, 49, '2018-03-14 11:42:02', 0, 'servicio-2', NULL, NULL, NULL, NULL, 'Servicio 2', NULL, 140, 0, NULL, 1, 0, 0, NULL, NULL, 0, NULL, NULL, NULL, 0, 0, 0),
(145, 49, '2018-03-14 12:33:06', 0, 'quienes-somos', NULL, NULL, NULL, NULL, 'QUIENES SOMOS', NULL, NULL, 0, NULL, 0, 0, 1, NULL, NULL, 0, NULL, NULL, NULL, 0, 0, 0),
(146, 49, '2018-03-14 13:09:59', 0, 'exámenes', NULL, NULL, NULL, NULL, 'EXÁMENES', NULL, NULL, 0, NULL, 0, 0, 1, NULL, NULL, 0, NULL, NULL, NULL, 0, 0, 0),
(147, 49, '2018-03-14 13:23:44', 0, 'proyecto-1', NULL, NULL, NULL, NULL, 'Proyecto 1', NULL, NULL, 0, NULL, 0, 1, 0, 181, NULL, 0, NULL, NULL, NULL, 0, 0, 0),
(148, 49, '2018-03-14 15:19:35', 0, 'politica-de-cookies', NULL, NULL, NULL, NULL, 'Política de cookies', NULL, NULL, 0, NULL, 0, 0, 0, NULL, NULL, 0, NULL, NULL, NULL, 0, 0, 0),
(149, 49, '2018-03-14 15:19:35', 0, 'aviso-legal', NULL, NULL, NULL, NULL, 'Aviso legal', NULL, NULL, 0, NULL, 0, 0, 0, NULL, NULL, 0, NULL, NULL, NULL, 0, 0, 0),
(150, 49, '2018-03-14 15:19:35', 0, 'politica-de-privacidad', NULL, NULL, NULL, NULL, 'Política de privacidad', NULL, NULL, 0, NULL, 0, 0, 0, NULL, NULL, 0, NULL, NULL, NULL, 0, 0, 0),
(151, 49, '2018-03-14 18:16:50', 0, 'proyecto-3', NULL, NULL, NULL, NULL, 'Proyecto 3', NULL, NULL, 0, NULL, 0, 1, 0, 183, NULL, 0, NULL, NULL, NULL, 0, 0, 0),
(152, 49, '2018-03-14 18:17:22', 0, 'permiso-b', NULL, NULL, NULL, NULL, 'PERMISO B', NULL, NULL, 0, NULL, 0, 1, 0, 185, NULL, 0, NULL, NULL, NULL, 0, 0, 0),
(153, 49, '2018-03-14 18:17:35', 0, 'proyecto-4', NULL, NULL, NULL, NULL, 'Proyecto 4', NULL, NULL, 0, NULL, 0, 1, 0, 184, NULL, 0, NULL, NULL, NULL, 0, 0, 0),
(154, 49, '2018-03-14 18:17:48', 0, 'proyecto-2', NULL, NULL, NULL, NULL, 'Proyecto 2', NULL, NULL, 0, NULL, 0, 1, 0, 182, NULL, 0, NULL, NULL, NULL, 0, 0, 0),
(155, 49, '2018-03-15 10:44:46', 0, 'PERMISOS', NULL, NULL, NULL, NULL, 'PERMISOS', NULL, NULL, 0, NULL, 0, 0, 1, NULL, NULL, 0, NULL, NULL, NULL, 0, 0, 0),
(156, 49, '2018-03-15 10:46:41', 0, 'servicio-1', NULL, NULL, NULL, NULL, 'Servicio 1', NULL, 139, 0, NULL, 1, 0, 0, NULL, NULL, 0, NULL, NULL, NULL, 0, 0, 0),
(157, 49, '2018-03-15 11:21:27', 0, 'permiso-a', NULL, NULL, NULL, NULL, 'PERMISO A', NULL, 143, 0, NULL, 1, 0, 0, NULL, NULL, 0, NULL, NULL, NULL, 0, 0, 0),
(158, 49, '2018-03-15 11:25:01', 0, 'permiso-a1', NULL, NULL, NULL, NULL, 'PERMISO A1', NULL, 141, 0, NULL, 1, 0, 0, NULL, NULL, 0, NULL, NULL, NULL, 0, 0, 0),
(159, 49, '2018-03-15 11:25:29', 0, 'permiso-a2', NULL, NULL, NULL, NULL, 'PERMISO A2', NULL, 142, 0, NULL, 1, 0, 0, NULL, NULL, 0, NULL, NULL, NULL, 0, 0, 0),
(160, 49, '2018-03-15 11:36:04', 0, 'PISTAS', NULL, NULL, NULL, NULL, 'PISTAS', NULL, NULL, 0, NULL, 0, 0, 1, NULL, NULL, 0, NULL, NULL, NULL, 0, 0, 0),
(161, 49, '2018-03-15 11:46:28', 0, 'RESULTADO EXAMEN', NULL, NULL, NULL, NULL, 'RESULTADO EXAMEN', NULL, NULL, 0, NULL, 0, 0, 1, NULL, NULL, 0, NULL, NULL, NULL, 0, 0, 0),
(162, 49, '2018-03-19 00:22:55', 0, 'calendario-examen-marzo', NULL, NULL, NULL, NULL, 'CALENDARIO EXAMEN MARZO', NULL, NULL, 0, NULL, 1, 0, 0, NULL, 5, 0, NULL, NULL, NULL, 0, 0, 0),
(163, 49, '2018-03-19 18:00:12', 0, 'calendario-examen-abril', NULL, NULL, NULL, NULL, 'CALENDARIO EXAMEN ABRIL', NULL, NULL, 0, NULL, 1, 0, 0, NULL, 6, 0, NULL, NULL, NULL, 0, 0, 0),
(164, 50, '2018-04-05 08:36:57', 1, NULL, NULL, NULL, NULL, NULL, NULL, NULL, NULL, 0, NULL, 0, 0, 1, NULL, NULL, 0, NULL, NULL, NULL, 0, 0, 0),
(165, 50, '2018-04-06 13:52:47', 0, 'gracias-por-contactar', NULL, NULL, NULL, NULL, 'Gracias por contactar con nosotros', NULL, NULL, 0, NULL, 0, 0, 1, NULL, NULL, 0, NULL, NULL, NULL, 0, 0, 0),
(166, 49, '2018-04-11 17:24:25', 0, 'calendario-examen-mayo', NULL, NULL, NULL, NULL, 'CALENDARIO EXAMEN MAYO', NULL, NULL, 0, NULL, 1, 0, 0, NULL, 7, 0, NULL, NULL, NULL, 0, 0, 0),
(167, 51, '2018-04-13 09:50:30', 1, NULL, '', '', NULL, NULL, 'SERESPAL', NULL, NULL, 0, NULL, 0, 0, 1, NULL, NULL, 0, NULL, NULL, NULL, 0, 0, 0),
(168, 51, '2018-04-14 08:06:10', 0, 'servicio-1', NULL, NULL, NULL, NULL, 'Servicio 1', NULL, 147, 0, NULL, 1, 0, 0, NULL, NULL, 0, NULL, NULL, NULL, 0, 0, 0),
(169, 53, '2018-04-15 15:19:06', 1, NULL, NULL, NULL, NULL, NULL, NULL, NULL, NULL, 0, NULL, 0, 0, 1, NULL, NULL, 0, NULL, NULL, NULL, 0, 0, 0),
(170, 53, '2018-04-15 15:19:24', 0, 'servicio-1', NULL, NULL, NULL, NULL, 'Servicio 1', NULL, 153, 0, NULL, 1, 0, 0, NULL, NULL, 0, NULL, NULL, NULL, 0, 0, 0),
(171, 53, '2018-04-16 00:15:21', 0, 'aviso-legal', NULL, NULL, NULL, NULL, 'Aviso legal', NULL, NULL, 0, NULL, 0, 0, 0, NULL, NULL, 0, NULL, NULL, NULL, 0, 0, 0),
(172, 53, '2018-04-16 00:23:31', 0, 'servicio-2', NULL, NULL, NULL, NULL, 'Servicio 2', NULL, 154, 0, NULL, 1, 0, 0, NULL, NULL, 0, NULL, NULL, NULL, 0, 0, 0),
(173, 52, '2018-04-17 08:08:51', 1, NULL, NULL, NULL, NULL, NULL, NULL, NULL, NULL, 0, NULL, 0, 0, 1, NULL, NULL, 0, NULL, NULL, NULL, 0, 0, 0),
(174, 51, '2018-04-22 09:21:06', 0, 'almacenamiento-y-custodia', NULL, NULL, NULL, NULL, 'Almacenamiento y custodia', NULL, 152, 0, NULL, 1, 0, 0, NULL, NULL, 0, NULL, NULL, NULL, 0, 0, 0),
(175, 51, '2018-04-22 09:21:17', 0, 'secado', NULL, NULL, NULL, NULL, 'Secado', NULL, 150, 0, NULL, 1, 0, 0, NULL, NULL, 0, NULL, NULL, NULL, 0, 0, 0),
(176, 51, '2018-04-22 09:21:34', 0, 'desempolvado', NULL, NULL, NULL, NULL, 'desempolvado', NULL, 148, 0, NULL, 1, 0, 0, NULL, NULL, 0, NULL, NULL, NULL, 0, 0, 0),
(177, 53, '2018-04-22 18:18:22', 0, 'servicio-3', NULL, NULL, NULL, NULL, 'Servicio 3', NULL, 155, 0, NULL, 1, 0, 0, NULL, NULL, 0, NULL, NULL, NULL, 0, 0, 0),
(178, 54, '2018-04-23 08:06:38', 1, NULL, NULL, NULL, NULL, NULL, NULL, NULL, NULL, 0, NULL, 0, 0, 1, NULL, NULL, 0, NULL, NULL, NULL, 0, 0, 0),
(204, 51, '2018-05-08 11:05:40', 0, 'lavado', NULL, NULL, NULL, NULL, 'Lavado', NULL, 149, 0, NULL, 1, 0, 0, NULL, NULL, 0, NULL, NULL, NULL, 0, 0, 0),
(205, 52, '2018-05-09 08:21:30', 0, 'aviso-legal', NULL, NULL, NULL, NULL, 'Aviso legal', NULL, NULL, 0, NULL, 0, 0, 0, NULL, NULL, 0, NULL, NULL, NULL, 0, 0, 0),
(206, 51, '2018-05-09 10:19:24', 0, 'limpieza-en-seco', NULL, NULL, NULL, NULL, 'Limpieza en seco', NULL, 167, 0, NULL, 1, 0, 0, NULL, NULL, 0, NULL, NULL, NULL, 0, 0, 0),
(207, 49, '2018-05-11 19:05:50', 0, 'calendario-de-examen-mayo', NULL, NULL, NULL, NULL, 'CALENDARIO DE EXAMEN MAYO', NULL, NULL, 0, NULL, 1, 0, 0, NULL, 10, 0, NULL, NULL, NULL, 0, 0, 0),
(208, 55, '2018-05-14 15:43:26', 1, NULL, NULL, NULL, NULL, NULL, NULL, NULL, NULL, 0, NULL, 0, 0, 1, NULL, NULL, 0, NULL, NULL, NULL, 0, 0, 0),
(209, 57, '2018-05-21 09:23:23', 1, NULL, NULL, NULL, NULL, NULL, NULL, NULL, NULL, 0, NULL, 0, 0, 1, NULL, NULL, 0, NULL, NULL, NULL, 0, 0, 0),
(210, 57, '2018-05-25 17:20:44', 0, 'politica-de-privacidad', NULL, NULL, NULL, NULL, 'Política de privacidad', NULL, NULL, 0, NULL, 0, 0, 0, NULL, NULL, 0, NULL, NULL, NULL, 0, 0, 0),
(211, 57, '2018-05-25 17:20:48', 0, 'aviso-legal', NULL, NULL, NULL, NULL, 'Aviso legal', NULL, NULL, 0, NULL, 0, 0, 0, NULL, NULL, 0, NULL, NULL, NULL, 0, 0, 0),
(212, 57, '2018-05-25 17:20:50', 0, 'politica-de-cookies', NULL, NULL, NULL, NULL, 'Política de cookies', NULL, NULL, 0, NULL, 0, 0, 0, NULL, NULL, 0, NULL, NULL, NULL, 0, 0, 0),
(213, 51, '2018-05-28 12:16:07', 0, 'empaquetado', NULL, NULL, NULL, NULL, 'Empaquetado', NULL, 151, 0, NULL, 1, 0, 0, NULL, NULL, 0, NULL, NULL, NULL, 0, 0, 0),
(214, 49, '2018-05-28 17:03:12', 0, 'calendario-examen-junio', NULL, NULL, NULL, NULL, 'CALENDARIO EXAMEN JUNIO', NULL, NULL, 0, NULL, 1, 0, 0, NULL, 13, 0, NULL, NULL, NULL, 0, 0, 0),
(215, 58, '2018-05-29 08:17:31', 1, NULL, '', '', NULL, NULL, 'Talleres Padilla Zafra. Chapa y pintura', NULL, NULL, 0, NULL, 0, 0, 1, NULL, NULL, 0, NULL, NULL, NULL, 0, 0, 0),
(216, 58, '2018-06-04 18:06:31', 0, 'campero-combi-luxus', NULL, NULL, NULL, NULL, 'CAMPERO COMBI LUXUS', NULL, 174, 0, NULL, 1, 0, 0, NULL, NULL, 0, NULL, NULL, NULL, 0, 0, 0),
(217, 49, '2018-06-18 22:56:15', 0, 'servicios', NULL, NULL, NULL, NULL, 'Listado de servicios', NULL, NULL, 0, NULL, 1, 0, 0, NULL, NULL, 0, NULL, NULL, NULL, 0, 0, 0),
(218, 58, '2018-06-22 09:41:44', 0, 'aviso-legal', NULL, NULL, NULL, NULL, 'Aviso legal', NULL, NULL, 0, NULL, 0, 0, 0, NULL, NULL, 0, NULL, NULL, NULL, 0, 0, 0),
(219, 58, '2018-06-22 09:42:25', 0, 'politica-de-cookies', NULL, NULL, NULL, NULL, 'Política de cookies', NULL, NULL, 0, NULL, 0, 0, 0, NULL, NULL, 0, NULL, NULL, NULL, 0, 0, 0),
(220, 58, '2018-06-22 09:42:56', 0, 'politica-de-privacidad', NULL, NULL, NULL, NULL, 'Política de privacidad', NULL, NULL, 0, NULL, 0, 0, 0, NULL, NULL, 0, NULL, NULL, NULL, 0, 0, 0),
(221, 58, '2018-06-22 09:43:32', 0, 'servicio-3', NULL, NULL, NULL, NULL, 'Servicio 3', NULL, 176, 0, NULL, 1, 0, 0, NULL, NULL, 0, NULL, NULL, NULL, 0, 0, 0),
(222, 58, '2018-06-22 09:44:10', 0, 'remolque-eco-1240', NULL, NULL, NULL, NULL, 'Remolque Eco. 1240', NULL, 175, 0, NULL, 1, 0, 0, NULL, NULL, 0, NULL, NULL, NULL, 0, 0, 0),
(223, 58, '2018-06-22 11:30:46', 0, 'sustitucin-de-lunas', NULL, NULL, NULL, NULL, 'SUSTITUCIÓN DE LUNAS', NULL, 177, 0, NULL, 1, 0, 0, NULL, NULL, 0, NULL, NULL, NULL, 0, 0, 0),
(224, 58, '2018-06-25 15:26:43', 0, 'montaje-y-sustitucin-de-neumticos', NULL, NULL, NULL, NULL, 'Montaje y sustitución de neumáticos.', NULL, 178, 0, NULL, 1, 0, 0, NULL, NULL, 0, NULL, NULL, NULL, 0, 0, 0),
(225, 58, '2018-06-25 15:48:02', 0, 'especialistas-en-chapa-y-pintura', NULL, NULL, NULL, NULL, 'ESPECIALISTAS en Chapa y Pintura', NULL, 181, 0, NULL, 1, 0, 0, NULL, NULL, 0, NULL, NULL, NULL, 0, 0, 0),
(226, 58, '2018-06-25 15:48:55', 0, 'vehculo-de-sustitucin', NULL, NULL, NULL, NULL, 'Vehículo de sustitución', NULL, 180, 0, NULL, 1, 0, 0, NULL, NULL, 0, NULL, NULL, NULL, 0, 0, 0),
(227, 58, '2018-06-25 15:49:29', 0, 'montaje-de-enganches', NULL, NULL, NULL, NULL, 'Montaje de enganches.', NULL, 179, 0, NULL, 1, 0, 0, NULL, NULL, 0, NULL, NULL, NULL, 0, 0, 0),
(228, 58, '2018-06-28 06:58:21', 0, 'pulido-y-lacado-de-faros', NULL, NULL, NULL, NULL, 'PULIDO Y LACADO DE FAROS', NULL, 182, 0, NULL, 1, 0, 0, NULL, NULL, 0, NULL, NULL, NULL, 0, 0, 0),
(229, 58, '2018-06-29 07:45:33', 0, 'asesoramiento-y-mantenimiento-itv', NULL, NULL, NULL, NULL, 'ASESORAMIENTO Y MANTENIMIENTO ITV', NULL, 183, 0, NULL, 1, 0, 0, NULL, NULL, 0, NULL, NULL, NULL, 0, 0, 0),
(230, 49, '2018-06-29 10:49:44', 0, 'calendario-examen-julio', NULL, NULL, NULL, NULL, 'CALENDARIO EXAMEN JULIO', NULL, NULL, 0, NULL, 1, 0, 0, NULL, 14, 0, NULL, NULL, NULL, 0, 0, 0),
(231, 60, '2018-07-18 08:44:22', 1, NULL, NULL, NULL, NULL, NULL, NULL, NULL, NULL, 0, NULL, 0, 0, 1, NULL, NULL, 0, NULL, NULL, NULL, 0, 0, 0),
(232, 58, '2018-07-19 11:40:46', 0, 'venta-de-remolques-marca-lafuente', NULL, NULL, NULL, NULL, 'VENTA DE REMOLQUES MARCA LAFUENTE', NULL, 187, 0, NULL, 1, 0, 0, NULL, NULL, 0, NULL, NULL, NULL, 0, 0, 0),
(287, 77, '2018-08-06 10:08:24', 0, 'tienda', NULL, NULL, NULL, NULL, NULL, NULL, NULL, 1, NULL, 0, 0, 0, NULL, NULL, 0, NULL, NULL, NULL, 1, 0, 0),
(288, 77, '2018-08-06 10:08:24', 0, 'cart', NULL, NULL, NULL, NULL, NULL, NULL, NULL, 1, NULL, 0, 0, 0, NULL, NULL, 0, NULL, NULL, NULL, 0, 0, 1),
(289, 77, '2018-08-06 10:08:24', 1, NULL, NULL, NULL, NULL, NULL, NULL, NULL, NULL, 0, NULL, 0, 0, 1, NULL, NULL, 0, NULL, NULL, NULL, 0, 0, 0),
(290, 77, '2018-08-06 11:10:10', 0, 'aviso-legal', NULL, NULL, NULL, NULL, 'Aviso legal', NULL, NULL, 0, NULL, 0, 0, 0, NULL, NULL, 0, NULL, NULL, NULL, 0, 0, 0),
(302, 49, '2018-08-29 11:04:50', 0, 'calendario-examen-septiembre', NULL, NULL, NULL, NULL, 'CALENDARIO EXAMEN SEPTIEMBRE', NULL, NULL, 0, NULL, 1, 0, 0, NULL, 15, 0, NULL, NULL, NULL, 0, 0, 0),
(309, 33, '2018-09-21 14:05:31', 0, 'testimonios', NULL, NULL, NULL, NULL, 'Listado de testimonios', NULL, NULL, 0, NULL, 0, 0, 0, NULL, NULL, 1, NULL, NULL, NULL, 0, 0, 0),
(310, 40, '2018-09-26 11:45:35', 1, NULL, NULL, NULL, NULL, NULL, NULL, NULL, NULL, 0, NULL, 0, 0, 1, NULL, NULL, 0, NULL, NULL, NULL, 0, 0, 0),
(350, 95, '2018-09-28 16:04:46', 0, 'tienda', NULL, NULL, NULL, NULL, NULL, NULL, NULL, 1, NULL, 0, 0, 0, NULL, NULL, 0, NULL, NULL, NULL, 1, 0, 0),
(351, 95, '2018-09-28 16:04:46', 0, 'cart', NULL, NULL, NULL, NULL, NULL, NULL, NULL, 1, NULL, 0, 0, 0, NULL, NULL, 0, NULL, NULL, NULL, 0, 0, 1),
(352, 95, '2018-09-28 16:04:46', 1, NULL, NULL, NULL, NULL, NULL, NULL, NULL, NULL, 0, NULL, 0, 0, 1, NULL, NULL, 0, NULL, NULL, NULL, 0, 0, 0),
(353, 40, '2018-09-29 02:25:43', 0, 'politica-de-cookies', NULL, NULL, NULL, NULL, 'Política de cookies', NULL, NULL, 0, NULL, 0, 0, 0, NULL, NULL, 0, NULL, NULL, NULL, 0, 0, 0),
(354, 40, '2018-09-30 23:36:07', 0, 'servicio-3', NULL, NULL, NULL, NULL, 'Servicio 3', NULL, 198, 0, NULL, 1, 0, 0, NULL, NULL, 0, NULL, NULL, NULL, 0, 0, 0),
(358, 97, '2018-10-02 17:12:39', 0, 'tienda', NULL, NULL, NULL, NULL, NULL, NULL, NULL, 1, NULL, 0, 0, 0, NULL, NULL, 0, NULL, NULL, NULL, 1, 0, 0),
(359, 97, '2018-10-02 17:12:39', 0, 'cart', NULL, NULL, NULL, NULL, NULL, NULL, NULL, 1, NULL, 0, 0, 0, NULL, NULL, 0, NULL, NULL, NULL, 0, 0, 1),
(360, 97, '2018-10-02 17:12:40', 1, NULL, NULL, NULL, NULL, NULL, NULL, NULL, NULL, 0, NULL, 0, 0, 1, NULL, NULL, 0, NULL, NULL, NULL, 0, 0, 0),
(361, 40, '2018-10-08 21:48:15', 0, 'politica-de-privacidad', NULL, NULL, NULL, NULL, 'Política de privacidad', NULL, NULL, 0, NULL, 0, 0, 0, NULL, NULL, 0, NULL, NULL, NULL, 0, 0, 0);

-- --------------------------------------------------------

--
-- Estructura de tabla para la tabla `palabrasclave`
--

CREATE TABLE `palabrasclave` (
  `id` int(11) NOT NULL,
  `blog_id` int(11) DEFAULT NULL,
  `palabraClave` varchar(255) COLLATE utf8_unicode_ci NOT NULL
) ENGINE=InnoDB DEFAULT CHARSET=utf8 COLLATE=utf8_unicode_ci;

-- --------------------------------------------------------

--
-- Estructura de tabla para la tabla `paqueteria`
--

CREATE TABLE `paqueteria` (
  `id` int(11) NOT NULL,
  `business_id` int(11) DEFAULT NULL,
  `paqueteriaempresa_id` int(11) DEFAULT NULL,
  `title` varchar(255) COLLATE utf8_unicode_ci NOT NULL,
  `price` double NOT NULL,
  `eliminado` tinyint(1) NOT NULL,
  `tipotarifa_id` int(11) DEFAULT NULL,
  `pricefreetax` double NOT NULL,
  `rangoinferiorkilos` double NOT NULL,
  `rangosuperiorkilos` double NOT NULL,
  `fechacreacion` datetime NOT NULL,
  `gratisapartir` double NOT NULL
) ENGINE=InnoDB DEFAULT CHARSET=utf8 COLLATE=utf8_unicode_ci;

-- --------------------------------------------------------

--
-- Estructura de tabla para la tabla `paqueteriaempresa`
--

CREATE TABLE `paqueteriaempresa` (
  `id` int(11) NOT NULL,
  `business_id` int(11) DEFAULT NULL,
  `idexterno` int(11) DEFAULT NULL,
  `title` varchar(255) COLLATE utf8_unicode_ci NOT NULL,
  `telefono` varchar(255) COLLATE utf8_unicode_ci DEFAULT NULL,
  `fax` varchar(255) COLLATE utf8_unicode_ci DEFAULT NULL,
  `web` varchar(255) COLLATE utf8_unicode_ci DEFAULT NULL,
  `email` varchar(255) COLLATE utf8_unicode_ci DEFAULT NULL,
  `eliminado` tinyint(1) NOT NULL
) ENGINE=InnoDB DEFAULT CHARSET=utf8 COLLATE=utf8_unicode_ci;

-- --------------------------------------------------------

--
-- Estructura de tabla para la tabla `product`
--

CREATE TABLE `product` (
  `id` int(11) NOT NULL,
  `business_id` int(11) DEFAULT NULL,
  `brand_id` int(11) DEFAULT NULL,
  `producttype_id` int(11) DEFAULT NULL,
  `iva_id` int(11) DEFAULT NULL,
  `idexterno` int(11) DEFAULT NULL,
  `title` varchar(255) COLLATE utf8_unicode_ci NOT NULL,
  `subtitle` varchar(255) COLLATE utf8_unicode_ci DEFAULT NULL,
  `reference` varchar(255) COLLATE utf8_unicode_ci NOT NULL,
  `eancode` varchar(255) COLLATE utf8_unicode_ci DEFAULT NULL,
  `description` longtext COLLATE utf8_unicode_ci,
  `resume` longtext COLLATE utf8_unicode_ci,
  `characteristics` longtext COLLATE utf8_unicode_ci,
  `warranty` varchar(255) COLLATE utf8_unicode_ci DEFAULT NULL,
  `price` double NOT NULL,
  `discount` double NOT NULL,
  `taxes` double NOT NULL,
  `stock` int(11) NOT NULL,
  `image1` varchar(255) COLLATE utf8_unicode_ci DEFAULT NULL,
  `image2` varchar(255) COLLATE utf8_unicode_ci DEFAULT NULL,
  `image3` varchar(255) COLLATE utf8_unicode_ci DEFAULT NULL,
  `image4` varchar(255) COLLATE utf8_unicode_ci DEFAULT NULL,
  `image5` varchar(255) COLLATE utf8_unicode_ci DEFAULT NULL,
  `status` tinyint(1) NOT NULL,
  `hasvariants` tinyint(1) NOT NULL,
  `updatedAt` datetime DEFAULT NULL,
  `createdAt` datetime NOT NULL,
  `slug` varchar(255) COLLATE utf8_unicode_ci DEFAULT NULL,
  `productorder` int(11) NOT NULL,
  `seotitle` varchar(70) COLLATE utf8_unicode_ci DEFAULT NULL,
  `seodescription` tinytext COLLATE utf8_unicode_ci,
  `metakeywords` longtext COLLATE utf8_unicode_ci,
  `height` double NOT NULL,
  `width` double NOT NULL,
  `longp` double NOT NULL,
  `weight` double NOT NULL,
  `eliminado` int(11) NOT NULL
) ENGINE=InnoDB DEFAULT CHARSET=utf8 COLLATE=utf8_unicode_ci;

--
-- Volcado de datos para la tabla `product`
--

INSERT INTO `product` (`id`, `business_id`, `brand_id`, `producttype_id`, `iva_id`, `idexterno`, `title`, `subtitle`, `reference`, `eancode`, `description`, `resume`, `characteristics`, `warranty`, `price`, `discount`, `taxes`, `stock`, `image1`, `image2`, `image3`, `image4`, `image5`, `status`, `hasvariants`, `updatedAt`, `createdAt`, `slug`, `productorder`, `seotitle`, `seodescription`, `metakeywords`, `height`, `width`, `longp`, `weight`, `eliminado`) VALUES
(1, 61, 1, 1, 1, NULL, 'Producto prueba', NULL, 'productoprueba', NULL, 'Este es el producto con el que podrás realizar la prueba de integración de tu medio de pago', NULL, NULL, NULL, 0.01, 0, 0, 1, '/business/61/product-1-40.png', NULL, NULL, NULL, NULL, 1, 0, '2018-08-02 20:08:58', '2018-08-02 20:08:58', NULL, 1000, NULL, NULL, NULL, 0, 0, 0, 0, 0),
(4, 64, 4, 4, 4, NULL, 'Producto prueba', NULL, 'productoprueba', NULL, 'Este es el producto con el que podrás realizar la prueba de integración de tu medio de pago', NULL, NULL, NULL, 0.01, 0, 0, 1, '/business/64/product-4-16.png', NULL, NULL, NULL, NULL, 1, 0, '2018-08-02 22:40:46', '2018-08-02 22:40:46', NULL, 1000, NULL, NULL, NULL, 0, 0, 0, 0, 0),
(6, 66, 6, 6, 6, NULL, 'Producto prueba', NULL, 'productoprueba', NULL, 'Este es el producto con el que podrás realizar la prueba de integración de tu medio de pago', NULL, NULL, NULL, 0.01, 0, 0, 1, '/business/66/product-6-92.png', NULL, NULL, NULL, NULL, 1, 0, '2018-08-03 07:52:58', '2018-08-03 07:52:58', NULL, 1000, NULL, NULL, NULL, 0, 0, 0, 0, 0),
(7, 67, 7, 7, 7, NULL, 'Producto prueba', NULL, 'productoprueba', NULL, 'Este es el producto con el que podrás realizar la prueba de integración de tu medio de pago', NULL, NULL, NULL, 0.01, 0, 0, 1, '/business/67/product-7-35.png', NULL, NULL, NULL, NULL, 1, 0, '2018-08-03 09:32:46', '2018-08-03 09:32:46', NULL, 1000, NULL, NULL, NULL, 0, 0, 0, 0, 0),
(8, 68, 8, 8, 8, NULL, 'Producto prueba', NULL, 'productoprueba', NULL, 'Este es el producto con el que podrás realizar la prueba de integración de tu medio de pago', NULL, NULL, NULL, 0.01, 0, 0, 0, '/business/68/product-8-35.png', NULL, NULL, NULL, NULL, 1, 0, '2018-08-03 09:35:40', '2018-08-03 09:35:40', NULL, 1000, NULL, NULL, NULL, 0, 0, 0, 0, 0),
(13, 72, 12, 12, 12, NULL, 'Producto prueba', NULL, 'productoprueba', NULL, 'Este es el producto con el que podrás realizar la prueba de integración de tu medio de pago', NULL, NULL, NULL, 0.01, 0, 21, 0, '/business/72/product-13-99.png', NULL, NULL, NULL, NULL, 1, 0, '2018-08-03 11:57:14', '2018-08-03 11:57:14', NULL, 1000, NULL, NULL, NULL, 0, 0, 0, 0, 0),
(14, 73, 13, 13, 13, NULL, 'Producto prueba', NULL, 'productoprueba', NULL, 'Este es el producto con el que podrás realizar la prueba de integración de tu medio de pago', NULL, NULL, NULL, 0.01, 0, 21, 1, '/business/73/product-14-49.png', NULL, NULL, NULL, NULL, 1, 0, '2018-08-03 12:02:47', '2018-08-03 12:02:47', NULL, 1000, NULL, NULL, NULL, 0, 0, 0, 0, 0),
(15, 74, 14, 14, 14, NULL, 'Producto prueba', NULL, 'productoprueba', NULL, '<p>Este es el producto con el que podr&aacute;s realizar la prueba de integraci&oacute;n de tu medio de pago</p>', NULL, NULL, NULL, 0.01, 0, 21, 5, '/business/74/product-15-19.png', NULL, NULL, NULL, NULL, 1, 0, '2018-08-03 12:17:21', '2018-08-03 12:17:21', NULL, 1000, NULL, NULL, NULL, 0, 0, 0, 0, 0),
(16, 74, 14, 14, NULL, NULL, 'Condotieros', NULL, '12345', NULL, NULL, NULL, NULL, NULL, 10, 0, 10, 10, '/business/74/products/16/product-16-69.jpg', NULL, NULL, NULL, NULL, 1, 0, '2018-08-03 12:21:40', '2018-08-03 12:21:40', 'libro-condotieros', 1000, NULL, NULL, NULL, 0, 0, 0, 0, 0),
(17, 75, 15, 15, 15, NULL, 'Producto prueba', NULL, 'productoprueba', NULL, 'Este es el producto con el que podrás realizar la prueba de integración de tu medio de pago', NULL, NULL, NULL, 0.01, 0, 21, 1, '/business/75/product-17-76.png', NULL, NULL, NULL, NULL, 1, 0, '2018-08-06 09:20:49', '2018-08-06 09:20:49', NULL, 1000, NULL, NULL, NULL, 0, 0, 0, 0, 0),
(18, 76, 16, 16, 16, NULL, 'Producto prueba', NULL, 'productoprueba', NULL, 'Este es el producto con el que podrás realizar la prueba de integración de tu medio de pago', NULL, NULL, NULL, 0.01, 0, 21, 1, '/business/76/product-18-52.png', NULL, NULL, NULL, NULL, 1, 0, '2018-08-06 09:35:37', '2018-08-06 09:35:37', NULL, 1000, NULL, NULL, NULL, 0, 0, 0, 0, 0),
(19, 77, 17, 17, 17, NULL, 'Producto prueba', NULL, 'productoprueba', NULL, '<p>Este es el producto con el que podr&aacute;s realizar la prueba de integraci&oacute;n de tu medio de pago</p>', NULL, NULL, NULL, 0.01, 0, 21, 11, '/business/77/product-19-92.png', NULL, NULL, NULL, NULL, 1, 0, '2018-08-06 10:08:24', '2018-08-06 10:08:24', NULL, 1000, NULL, NULL, NULL, 0, 0, 0, 0, 0),
(37, 95, 35, 35, 35, NULL, 'Producto prueba', NULL, 'productoprueba', NULL, 'Este es el producto con el que podrás realizar la prueba de integración de tu medio de pago', NULL, NULL, NULL, 0.01, 0, 21, 1, '/business/95/product-37-71.png', NULL, NULL, NULL, NULL, 1, 0, '2018-09-28 16:04:46', '2018-09-28 16:04:46', NULL, 1000, NULL, NULL, NULL, 0, 0, 0, 0, 0),
(39, 97, 37, 37, 37, NULL, 'Producto prueba', NULL, 'productoprueba', NULL, 'Este es el producto con el que podrás realizar la prueba de integración de tu medio de pago', NULL, NULL, NULL, 0.01, 0, 21, 1, '/business/97/product-39-84.png', NULL, NULL, NULL, NULL, 1, 0, '2018-10-02 17:12:39', '2018-10-02 17:12:39', NULL, 1000, NULL, NULL, NULL, 0, 0, 0, 0, 0);

-- --------------------------------------------------------

--
-- Estructura de tabla para la tabla `producttoproduct`
--

CREATE TABLE `producttoproduct` (
  `id` int(11) NOT NULL,
  `product_id` int(11) DEFAULT NULL,
  `productrelacionado_id` int(11) DEFAULT NULL,
  `fechacreacion` datetime NOT NULL,
  `orden` int(11) DEFAULT NULL
) ENGINE=InnoDB DEFAULT CHARSET=utf8 COLLATE=utf8_unicode_ci;

-- --------------------------------------------------------

--
-- Estructura de tabla para la tabla `producttype`
--

CREATE TABLE `producttype` (
  `id` int(11) NOT NULL,
  `business_id` int(11) DEFAULT NULL,
  `idexterno` int(11) DEFAULT NULL,
  `title` varchar(255) COLLATE utf8_unicode_ci NOT NULL,
  `slug` varchar(255) COLLATE utf8_unicode_ci DEFAULT NULL,
  `image1` varchar(255) COLLATE utf8_unicode_ci DEFAULT NULL,
  `status` tinyint(1) NOT NULL,
  `deleted` tinyint(1) NOT NULL,
  `updatedAt` datetime DEFAULT NULL,
  `createdAt` datetime NOT NULL,
  `subtitle` varchar(255) COLLATE utf8_unicode_ci DEFAULT NULL,
  `description1` longtext COLLATE utf8_unicode_ci,
  `description2` longtext COLLATE utf8_unicode_ci,
  `sort` int(11) DEFAULT NULL,
  `metatitle` longtext COLLATE utf8_unicode_ci,
  `metadescription` longtext COLLATE utf8_unicode_ci,
  `metakeywords` longtext COLLATE utf8_unicode_ci
) ENGINE=InnoDB DEFAULT CHARSET=utf8 COLLATE=utf8_unicode_ci;

--
-- Volcado de datos para la tabla `producttype`
--

INSERT INTO `producttype` (`id`, `business_id`, `idexterno`, `title`, `slug`, `image1`, `status`, `deleted`, `updatedAt`, `createdAt`, `subtitle`, `description1`, `description2`, `sort`, `metatitle`, `metadescription`, `metakeywords`) VALUES
(1, 61, NULL, 'Categoría de prueba', NULL, NULL, 1, 0, '2018-08-02 20:08:58', '2018-08-02 20:08:58', NULL, NULL, NULL, NULL, NULL, NULL, NULL),
(4, 64, NULL, 'Categoría de prueba', NULL, NULL, 1, 0, '2018-08-02 22:40:46', '2018-08-02 22:40:46', NULL, NULL, NULL, NULL, NULL, NULL, NULL),
(6, 66, NULL, 'Categoría de prueba', NULL, NULL, 1, 0, '2018-08-03 07:52:58', '2018-08-03 07:52:58', NULL, NULL, NULL, NULL, NULL, NULL, NULL),
(7, 67, NULL, 'Categoría de prueba', 'categora-de-prueba', NULL, 1, 0, '2018-08-03 09:32:46', '2018-08-03 09:32:46', NULL, NULL, NULL, NULL, NULL, NULL, NULL),
(8, 68, NULL, 'Categoría de prueba', 'categora-de-prueba', NULL, 1, 0, '2018-08-03 09:35:40', '2018-08-03 09:35:40', NULL, NULL, NULL, NULL, NULL, NULL, NULL),
(12, 72, NULL, 'Categoría de prueba', 'categora-de-prueba', NULL, 1, 0, '2018-08-03 11:57:14', '2018-08-03 11:57:14', NULL, NULL, NULL, NULL, NULL, NULL, NULL),
(13, 73, NULL, 'Categoría de prueba', 'categora-de-prueba', NULL, 1, 0, '2018-08-03 12:02:47', '2018-08-03 12:02:47', NULL, NULL, NULL, NULL, NULL, NULL, NULL),
(14, 74, NULL, 'Categoría de prueba', 'categora-de-prueba', NULL, 1, 0, '2018-08-03 12:17:21', '2018-08-03 12:17:21', NULL, NULL, NULL, NULL, NULL, NULL, NULL),
(15, 75, NULL, 'Categoría de prueba', 'categora-de-prueba', NULL, 1, 0, '2018-08-06 09:20:49', '2018-08-06 09:20:49', NULL, NULL, NULL, NULL, NULL, NULL, NULL),
(16, 76, NULL, 'Categoría de prueba', 'categora-de-prueba', NULL, 1, 0, '2018-08-06 09:35:37', '2018-08-06 09:35:37', NULL, NULL, NULL, NULL, NULL, NULL, NULL),
(17, 77, NULL, 'Categoría de prueba', 'categora-de-prueba', NULL, 1, 0, '2018-08-06 10:08:24', '2018-08-06 10:08:24', NULL, NULL, NULL, NULL, NULL, NULL, NULL),
(35, 95, NULL, 'Categoría de prueba', 'categora-de-prueba', NULL, 1, 0, '2018-09-28 16:04:46', '2018-09-28 16:04:46', NULL, NULL, NULL, NULL, NULL, NULL, NULL),
(37, 97, NULL, 'Categoría de prueba', 'categora-de-prueba', NULL, 1, 0, '2018-10-02 17:12:39', '2018-10-02 17:12:39', NULL, NULL, NULL, NULL, NULL, NULL, NULL);

-- --------------------------------------------------------

--
-- Estructura de tabla para la tabla `productvariant`
--

CREATE TABLE `productvariant` (
  `id` int(11) NOT NULL,
  `product_id` int(11) DEFAULT NULL,
  `variantvalue1_id` int(11) DEFAULT NULL,
  `variantvalue2_id` int(11) DEFAULT NULL,
  `variantvalue3_id` int(11) DEFAULT NULL,
  `datecreated` datetime NOT NULL,
  `deleted` tinyint(1) NOT NULL,
  `stock` int(11) NOT NULL,
  `precio` double NOT NULL
) ENGINE=InnoDB DEFAULT CHARSET=utf8 COLLATE=utf8_unicode_ci;

-- --------------------------------------------------------

--
-- Estructura de tabla para la tabla `project`
--

CREATE TABLE `project` (
  `id` int(11) NOT NULL,
  `business_id` int(11) DEFAULT NULL,
  `name` varchar(255) COLLATE utf8_unicode_ci NOT NULL,
  `slug` varchar(255) COLLATE utf8_unicode_ci NOT NULL,
  `projectdescription` longtext COLLATE utf8_unicode_ci NOT NULL,
  `deleted` tinyint(1) NOT NULL,
  `showinmenu` tinyint(1) NOT NULL,
  `pathicon` varchar(255) COLLATE utf8_unicode_ci DEFAULT NULL,
  `showinhome` tinyint(1) NOT NULL,
  `page_id` int(11) DEFAULT NULL,
  `paginainterior` tinyint(1) NOT NULL
) ENGINE=InnoDB DEFAULT CHARSET=utf8 COLLATE=utf8_unicode_ci;

--
-- Volcado de datos para la tabla `project`
--

INSERT INTO `project` (`id`, `business_id`, `name`, `slug`, `projectdescription`, `deleted`, `showinmenu`, `pathicon`, `showinhome`, `page_id`, `paginainterior`) VALUES
(117, 33, 'Proyecto 1', 'proyecto-1', 'Proyecto realizado.', 0, 1, '/business/33/projec-icon-117.jpg', 1, NULL, 1),
(118, 33, 'Proyecto 2', 'proyecto-2', 'Proyecto realizado.', 0, 1, '/business/33/projec-icon-118.jpg', 1, NULL, 1),
(119, 33, 'Proyecto 3', 'proyecto-3', 'Proyecto realizado.', 0, 1, '/business/33/projec-icon-119.jpg', 1, NULL, 1),
(120, 33, 'Proyecto 4', 'proyecto-4', 'Proyecto realizado.', 0, 1, '/business/33/projec-icon-120.jpg', 1, NULL, 1),
(129, 36, 'Proyecto 1', 'proyecto-1', 'Proyecto realizado.', 0, 1, NULL, 1, NULL, 1),
(130, 36, 'Proyecto 2', 'proyecto-2', 'Proyecto realizado.', 0, 1, NULL, 1, NULL, 1),
(131, 36, 'Proyecto 3', 'proyecto-3', 'Proyecto realizado.', 0, 1, NULL, 1, NULL, 1),
(132, 36, 'Proyecto 4', 'proyecto-4', 'Proyecto realizado.', 0, 1, NULL, 1, NULL, 1),
(141, 39, 'Proyecto 1', 'proyecto-1', 'Proyecto realizado.', 0, 1, '/business/39/projec-icon-141.jpg', 1, NULL, 1),
(142, 39, 'Proyecto 2', 'proyecto-2', 'Proyecto realizado.', 0, 1, '/business/39/projec-icon-142.jpg', 1, NULL, 1),
(143, 39, 'Proyecto 3', 'proyecto-3', 'Proyecto realizado.', 0, 1, '/business/39/projec-icon-143.jpg', 1, NULL, 1),
(144, 39, 'Proyecto 4', 'proyecto-4', 'Proyecto realizado.', 0, 1, '/business/39/projec-icon-144.jpg', 1, NULL, 1),
(149, 41, 'Proyecto 1', 'proyecto-1', 'Proyecto realizado.', 0, 1, NULL, 1, NULL, 1),
(150, 41, 'Proyecto 2', 'proyecto-2', 'Proyecto realizado.', 0, 1, NULL, 1, NULL, 1),
(151, 41, 'Proyecto 3', 'proyecto-3', 'Proyecto realizado.', 0, 1, NULL, 1, NULL, 1),
(152, 41, 'Proyecto 4', 'proyecto-4', 'Proyecto realizado.', 0, 1, NULL, 1, NULL, 1),
(157, 43, 'Funcional', 'funcional', '<p>Sencillos m&oacute;dulos con funcionalidades ya incorporadas para la web de tu negocio.</p>', 0, 1, '/business/43/project-157-50.png', 1, 110, 0),
(158, 43, 'Personalizado', 'personalizado', '<p>Webwis ofrece una gran personalizaci&oacute;n para que haga &uacute;nica su web.</p>', 0, 1, '/business/43/project-158-79.png', 1, 114, 0),
(159, 43, 'Sin complicaciones', 'sin-complicaciones', '<p>Tu solo eliges los contenidos, nosotros nos ocupamos de los aspectos t&eacute;cnicos de la p&aacute;gina.</p>', 0, 1, '/business/43/project-159-5.png', 1, 112, 0),
(160, 43, 'Rápido', 'rpido', '<p>En poco tiempo tendr&aacute;s la web de tu emprea terminada y visible en la Red</p>', 0, 1, '/business/43/project-160-65.png', 1, NULL, 0),
(161, 44, 'Proyecto 1', 'proyecto-1', 'Proyecto realizado.', 0, 1, '/business/44/projec-icon-161.jpg', 1, NULL, 1),
(162, 44, 'Proyecto 2', 'proyecto-2', 'Proyecto realizado.', 0, 1, '/business/44/projec-icon-162.jpg', 1, NULL, 1),
(163, 44, 'Proyecto 3', 'proyecto-3', 'Proyecto realizado.', 0, 1, '/business/44/projec-icon-163.jpg', 1, NULL, 1),
(164, 44, 'Proyecto 4', 'proyecto-4', 'Proyecto realizado.', 0, 1, '/business/44/projec-icon-164.jpg', 1, NULL, 1),
(165, 45, 'Proyecto 1', 'proyecto-1', 'Proyecto realizado.', 0, 1, NULL, 1, NULL, 1),
(166, 45, 'Proyecto 2', 'proyecto-2', 'Proyecto realizado.', 0, 1, NULL, 1, NULL, 1),
(167, 45, 'Proyecto 3', 'proyecto-3', 'Proyecto realizado.', 0, 1, NULL, 1, NULL, 1),
(168, 45, 'Proyecto 4', 'proyecto-4', 'Proyecto realizado.', 0, 1, NULL, 1, NULL, 1),
(169, 46, 'Proyecto 1', 'proyecto-1', 'Proyecto realizado.', 0, 1, '/business/46/projec-icon-169.jpg', 1, NULL, 1),
(170, 46, 'Proyecto 2', 'proyecto-2', 'Proyecto realizado.', 0, 1, '/business/46/projec-icon-170.jpg', 1, NULL, 1),
(171, 46, 'Proyecto 3', 'proyecto-3', 'Proyecto realizado.', 0, 1, '/business/46/projec-icon-171.jpg', 1, NULL, 1),
(172, 46, 'Proyecto 4', 'proyecto-4', 'Proyecto realizado.', 0, 1, '/business/46/projec-icon-172.jpg', 1, NULL, 1),
(173, 48, 'Proyecto 1', 'proyecto-1', 'Proyecto realizado.', 0, 1, '/business/48/projec-icon-173.jpg', 1, NULL, 1),
(174, 48, 'Proyecto 2', 'proyecto-2', 'Proyecto realizado.', 0, 1, '/business/48/projec-icon-174.jpg', 1, NULL, 1),
(175, 48, 'Proyecto 3', 'proyecto-3', 'Proyecto realizado.', 0, 1, '/business/48/projec-icon-175.jpg', 1, NULL, 1),
(176, 48, 'Proyecto 4', 'proyecto-4', 'Proyecto realizado.', 0, 1, '/business/48/projec-icon-176.jpg', 1, NULL, 1),
(177, 8, 'Proyecto 1', 'proyecto-1', 'Proyecto realizado.', 0, 1, '/business/8/projec-icon-177.jpg', 1, NULL, 1),
(178, 8, 'Proyecto 2', 'proyecto-2', 'Proyecto realizado.', 0, 1, '/business/8/projec-icon-178.jpg', 1, NULL, 1),
(179, 8, 'Proyecto 3', 'proyecto-3', 'Proyecto realizado.', 0, 1, '/business/8/projec-icon-179.jpg', 1, NULL, 1),
(180, 8, 'Proyecto 4', 'proyecto-4', 'Proyecto realizado.', 0, 1, '/business/8/projec-icon-180.jpg', 1, NULL, 1),
(181, 49, 'Proyecto 1', 'proyecto-1', 'Proyecto realizado.', 0, 1, NULL, 1, 147, 1),
(182, 49, 'Proyecto 2', 'proyecto-2', 'Proyecto realizado.', 0, 1, NULL, 1, 154, 1),
(183, 49, 'Proyecto 3', 'proyecto-3', 'Proyecto realizado.', 0, 1, NULL, 1, 151, 1),
(184, 49, 'Proyecto 4', 'proyecto-4', 'Proyecto realizado.', 0, 1, NULL, 1, 153, 1),
(185, 49, 'PERMISO B', 'permiso-b', '<p>MATRICULA&nbsp;</p>\r\n<p>TASA</p>\r\n<p>PRACTICAS&nbsp;</p>\r\n<p>EXAMENES</p>', 0, 1, NULL, 1, 152, 1),
(186, 50, 'Proyecto 1', 'proyecto-1', 'Proyecto realizado.', 0, 1, NULL, 1, NULL, 1),
(187, 50, 'Proyecto 2', 'proyecto-2', 'Proyecto realizado.', 0, 1, NULL, 1, NULL, 1),
(188, 50, 'Proyecto 3', 'proyecto-3', 'Proyecto realizado.', 0, 1, NULL, 1, NULL, 1),
(189, 50, 'Proyecto 4', 'proyecto-4', 'Proyecto realizado.', 0, 1, NULL, 1, NULL, 1),
(190, 51, 'Proyecto 1', 'proyecto-1', 'Proyecto realizado.', 0, 1, NULL, 1, NULL, 1),
(191, 51, 'Proyecto 2', 'proyecto-2', 'Proyecto realizado.', 0, 1, NULL, 1, NULL, 1),
(192, 51, 'Proyecto 3', 'proyecto-3', 'Proyecto realizado.', 0, 1, NULL, 1, NULL, 1),
(193, 51, 'Proyecto 4', 'proyecto-4', 'Proyecto realizado.', 0, 1, NULL, 1, NULL, 1),
(194, 53, 'Proyecto 1', 'proyecto-1', 'Proyecto realizado.', 0, 1, NULL, 1, NULL, 1),
(195, 53, 'Proyecto 2', 'proyecto-2', 'Proyecto realizado.', 0, 1, NULL, 1, NULL, 1),
(196, 53, 'Proyecto 3', 'proyecto-3', 'Proyecto realizado.', 0, 1, NULL, 1, NULL, 1),
(197, 53, 'Proyecto 4', 'proyecto-4', 'Proyecto realizado.', 0, 1, NULL, 1, NULL, 1),
(198, 52, 'Proyecto 1', 'proyecto-1', 'Proyecto realizado.', 0, 1, '/business/52/projec-icon-198.jpg', 1, NULL, 1),
(199, 52, 'Proyecto 2', 'proyecto-2', 'Proyecto realizado.', 0, 1, '/business/52/projec-icon-199.jpg', 1, NULL, 1),
(200, 52, 'Proyecto 3', 'proyecto-3', 'Proyecto realizado.', 0, 1, '/business/52/projec-icon-200.jpg', 1, NULL, 1),
(201, 52, 'Proyecto 4', 'proyecto-4', 'Proyecto realizado.', 0, 1, '/business/52/projec-icon-201.jpg', 1, NULL, 1),
(202, 54, 'Proyecto 1', 'proyecto-1', 'Proyecto realizado.', 0, 1, NULL, 1, NULL, 1),
(203, 54, 'Proyecto 2', 'proyecto-2', 'Proyecto realizado.', 0, 1, NULL, 1, NULL, 1),
(204, 54, 'Proyecto 3', 'proyecto-3', 'Proyecto realizado.', 0, 1, NULL, 1, NULL, 1),
(205, 54, 'Proyecto 4', 'proyecto-4', 'Proyecto realizado.', 0, 1, NULL, 1, NULL, 1),
(210, 55, 'Proyecto 1', 'proyecto-1', 'Proyecto realizado.', 0, 1, '/business/55/projec-icon-210.jpg', 1, NULL, 1),
(211, 55, 'Proyecto 2', 'proyecto-2', 'Proyecto realizado.', 0, 1, '/business/55/projec-icon-211.jpg', 1, NULL, 1),
(212, 55, 'Proyecto 3', 'proyecto-3', 'Proyecto realizado.', 0, 1, '/business/55/projec-icon-212.jpg', 1, NULL, 1),
(213, 55, 'Proyecto 4', 'proyecto-4', 'Proyecto realizado.', 0, 1, '/business/55/projec-icon-213.jpg', 1, NULL, 1),
(214, 57, 'Proyecto 1', 'proyecto-1', 'Proyecto realizado.', 0, 1, '/business/57/projec-icon-214.jpg', 1, NULL, 1),
(215, 57, 'Proyecto 2', 'proyecto-2', 'Proyecto realizado.', 0, 1, '/business/57/projec-icon-215.jpg', 1, NULL, 1),
(216, 57, 'Proyecto 3', 'proyecto-3', 'Proyecto realizado.', 0, 1, '/business/57/projec-icon-216.jpg', 1, NULL, 1),
(217, 57, 'Proyecto 4', 'proyecto-4', 'Proyecto realizado.', 0, 1, '/business/57/projec-icon-217.jpg', 1, NULL, 1),
(218, 58, 'Proyecto 1', 'proyecto-1', 'Proyecto realizado.', 0, 1, '/business/58/projec-icon-218.jpg', 1, NULL, 1),
(219, 58, 'Proyecto 2', 'proyecto-2', 'Proyecto realizado.', 0, 1, '/business/58/projec-icon-219.jpg', 1, NULL, 1),
(220, 58, 'Proyecto 3', 'proyecto-3', 'Proyecto realizado.', 0, 1, '/business/58/projec-icon-220.jpg', 1, NULL, 1),
(221, 58, 'Proyecto 4', 'proyecto-4', 'Proyecto realizado.', 0, 1, '/business/58/projec-icon-221.jpg', 1, NULL, 1),
(222, 60, 'Proyecto 1', 'proyecto-1', 'Proyecto realizado.', 0, 1, NULL, 1, NULL, 1),
(223, 60, 'Proyecto 2', 'proyecto-2', 'Proyecto realizado.', 0, 1, NULL, 1, NULL, 1),
(224, 60, 'Proyecto 3', 'proyecto-3', 'Proyecto realizado.', 0, 1, NULL, 1, NULL, 1),
(225, 60, 'Proyecto 4', 'proyecto-4', 'Proyecto realizado.', 0, 1, NULL, 1, NULL, 1),
(226, 40, 'Proyecto 1', 'proyecto-1', 'Proyecto realizado.', 0, 1, NULL, 1, NULL, 1),
(227, 40, 'Proyecto 2', 'proyecto-2', 'Proyecto realizado.', 0, 1, NULL, 1, NULL, 1),
(228, 40, 'Proyecto 3', 'proyecto-3', 'Proyecto realizado.', 0, 1, NULL, 1, NULL, 1),
(229, 40, 'Proyecto 4', 'proyecto-4', 'Proyecto realizado.', 0, 1, NULL, 1, NULL, 1);

-- --------------------------------------------------------

--
-- Estructura de tabla para la tabla `provincia`
--

CREATE TABLE `provincia` (
  `id` int(11) NOT NULL,
  `tipotarifa_id` int(11) DEFAULT NULL,
  `business_id` int(11) DEFAULT NULL,
  `provincia` varchar(255) COLLATE utf8_unicode_ci NOT NULL,
  `eliminada` tinyint(1) NOT NULL,
  `fechacreacion` datetime NOT NULL
) ENGINE=InnoDB DEFAULT CHARSET=utf8 COLLATE=utf8_unicode_ci;

-- --------------------------------------------------------

--
-- Estructura de tabla para la tabla `service`
--

CREATE TABLE `service` (
  `id` int(11) NOT NULL,
  `business_id` int(11) DEFAULT NULL,
  `name` varchar(255) COLLATE utf8_unicode_ci NOT NULL,
  `slug` varchar(255) COLLATE utf8_unicode_ci DEFAULT NULL,
  `descriptionservice` longtext COLLATE utf8_unicode_ci,
  `pathicon` varchar(255) COLLATE utf8_unicode_ci DEFAULT NULL,
  `deleted` tinyint(1) NOT NULL,
  `showinmenu` tinyint(1) NOT NULL,
  `datecreated` datetime NOT NULL,
  `descripcionmin` longtext COLLATE utf8_unicode_ci,
  `imagendestacada` varchar(255) COLLATE utf8_unicode_ci DEFAULT NULL,
  `showinhome` tinyint(1) NOT NULL,
  `page_id` int(11) DEFAULT NULL
) ENGINE=InnoDB DEFAULT CHARSET=utf8 COLLATE=utf8_unicode_ci;

--
-- Volcado de datos para la tabla `service`
--

INSERT INTO `service` (`id`, `business_id`, `name`, `slug`, `descriptionservice`, `pathicon`, `deleted`, `showinmenu`, `datecreated`, `descripcionmin`, `imagendestacada`, `showinhome`, `page_id`) VALUES
(91, 33, 'Servicio 1', 'servicio-1', 'En este espacio puedes describir uno de tus servicios de forma extensa.', '/business/33/serv-icon-91.jpg', 0, 1, '2017-05-30 14:51:55', 'En este espacio puedes describir uno de tus servicios de forma breve.', NULL, 1, 128),
(92, 33, 'Servicio 2', 'servicio-2', 'En este espacio puedes describir uno de tus servicios de forma extensa.', '/business/33/serv-icon-92.jpg', 0, 1, '2017-05-30 14:51:55', 'En este espacio puedes describir uno de tus servicios de forma breve.', NULL, 1, 123),
(93, 33, 'Servicio 3', 'servicio-3', 'En este espacio puedes describir uno de tus servicios de forma extensa.', '/business/33/serv-icon-93.jpg', 0, 1, '2017-05-30 14:51:55', 'En este espacio puedes describir uno de tus servicios de forma breve.', NULL, 1, 127),
(100, 36, 'Distribuidor autorizado de Securitas Direct', 'distribuidor-autorizado-de-securitas-direct', '<p><span style="color: #666666; font-family: AvenirNextLTW01-Regular, sans-serif; font-size: 16px;">formamos parte del grupo Securitas Direct Verisure, el proveedor de alarmas conectadas para hogar y negocio l&iacute;der en Europa. Gracias a nuestros sistemas de alarma con conexi&oacute;n 24 horas a central receptora, protegemos m&aacute;s de dos millones de hogares y negocios en todo el mundo, ofreciendo productos y servicios de seguridad de la m&aacute;s alta calidad.</span></p>\r\n<p><span style="color: #666666; font-family: AvenirNextLTW01-Regular, sans-serif; font-size: 16px;">Para garantizar la excelencia de nuestras alarmas, controlamos por completo nuestra cadena de valor, desde el dise&ntilde;o y desarrollo de cada producto hasta la monitorizaci&oacute;n de las alarmas y la atenci&oacute;n al cliente, pasando por la instalaci&oacute;n y el mantenimiento de cada sistema. Para ello, contamos con el mejor &nbsp;equipo profesional.</span></p>', '/business/36/serv-icon-100.jpg', 0, 1, '2017-05-31 10:39:14', 'Distribuidores autorizados de la empresa Securitas Direct s.a.u', '/business/36/serv-dest-100.png', 1, 94),
(101, 36, 'Desarrollo de equipos comerciales', 'desarrollo-de-equipos-comerciales', '<p>Desarrollamos proyectos de creaci&oacute;n formaci&oacute;n y tutelaje de equipos comerciales para las empresas</p>', '/business/36/serv-icon-101.png', 0, 1, '2017-05-31 10:39:14', 'Desarrollamos proyectos de creación formación y tutelaje de equipos comerciales para las empresas', '/business/36/serv-dest-101.jpg', 1, 92),
(102, 36, 'Quienes Somos', 'quienes-somos', '<p>Una empresa joven que ofrece talento comercial con una amplia experiencia en el sector. Distribuidores autorizados de Securitas direct entre otras grandes firmas.</p>', '/business/36/serv-icon-102.png', 0, 1, '2017-05-31 10:39:14', 'Una empresa joven que ofrece talento comercial con una amplia experiencia en el sector. Distribuidores autorizados de Securitas direct entre otras grandes firmas.', '/business/36/serv-dest-102.jpg', 1, 95),
(109, 39, 'Servicio 1', 'servicio-1', 'En este espacio puedes describir uno de tus servicios de forma extensa.', '/business/39/serv-icon-109.jpg', 0, 1, '2017-05-31 13:16:22', 'En este espacio puedes describir uno de tus servicios de forma breve.', NULL, 1, NULL),
(110, 39, 'Servicio 2', 'servicio-2', 'En este espacio puedes describir uno de tus servicios de forma extensa.', '/business/39/serv-icon-110.jpg', 0, 1, '2017-05-31 13:16:22', 'En este espacio puedes describir uno de tus servicios de forma breve.', NULL, 1, NULL),
(111, 39, 'Servicio 3', 'servicio-3', 'En este espacio puedes describir uno de tus servicios de forma extensa.', '/business/39/serv-icon-111.jpg', 0, 1, '2017-05-31 13:16:22', 'En este espacio puedes describir uno de tus servicios de forma breve.', NULL, 1, NULL),
(115, 41, 'Servicio 1', 'servicio-1', '<p>En este espacio puedes describir uno de tus servicios de forma extensa.</p>', '/business/41/serv-icon-115.png', 0, 1, '2017-06-02 10:59:14', 'En este espacio puedes describir uno de tus servicios de forma breve.', '/business/41/serv-dest-115.jpg', 1, 139),
(116, 41, 'Servicio 2', 'servicio-2', '<p>En este espacio puedes describir uno de tus servicios de forma extensa.</p>', '/business/41/serv-icon-116.jpg', 0, 1, '2017-06-02 10:59:14', 'En este espacio puedes describir uno de tus servicios de forma breve.', '/business/41/serv-dest-116.jpg', 1, NULL),
(117, 41, 'Servicio 3', 'servicio-3', '<p>En este espacio puedes describir uno de tus servicios de forma extensa.</p>', '/business/41/serv-icon-117.jpg', 0, 1, '2017-06-02 10:59:14', 'En este espacio puedes describir uno de tus servicios de forma breve.', '/business/41/serv-dest-117.jpg', 1, NULL),
(121, 43, 'Funcional', 'funcional', NULL, '/business/43/serv-icon-121.png', 0, 0, '2017-06-13 10:18:00', 'Sencillos módulos con funcionalidades ya incorporadas para la web.', NULL, 1, 109),
(122, 43, 'Personalizado', 'personalizado', NULL, '/business/43/serv-icon-122.png', 0, 0, '2017-06-13 10:18:01', 'Webwis ofrece una gran personalización para que haga única su web', NULL, 1, 111),
(123, 43, 'Sin complicaciones', 'sin-complicaciones', NULL, '/business/43/serv-icon-123.png', 0, 0, '2017-06-13 10:18:01', 'Tú solo eliges los contenidos, nosotros gestionamos los aspectos técnicos de la página.', NULL, 1, 113),
(124, 44, 'Servicio 1', 'servicio-1', 'En este espacio puedes describir uno de tus servicios de forma extensa.', '/business/44/serv-icon-124.jpg', 0, 1, '2017-06-24 07:57:13', 'En este espacio puedes describir uno de tus servicios de forma breve.', NULL, 1, NULL),
(125, 44, 'Servicio 2', 'servicio-2', 'En este espacio puedes describir uno de tus servicios de forma extensa.', '/business/44/serv-icon-125.jpg', 0, 1, '2017-06-24 07:57:13', 'En este espacio puedes describir uno de tus servicios de forma breve.', NULL, 1, NULL),
(126, 44, 'Servicio 3', 'servicio-3', 'En este espacio puedes describir uno de tus servicios de forma extensa.', '/business/44/serv-icon-126.jpg', 0, 1, '2017-06-24 07:57:13', 'En este espacio puedes describir uno de tus servicios de forma breve.', NULL, 1, NULL),
(127, 45, 'Servicio 1', 'servicio-1', 'En este espacio puedes describir uno de tus servicios de forma extensa.', NULL, 0, 1, '2017-06-24 07:57:41', 'En este espacio puedes describir uno de tus servicios de forma breve.', NULL, 1, NULL),
(128, 45, 'Servicio 2', 'servicio-2', 'En este espacio puedes describir uno de tus servicios de forma extensa.', NULL, 0, 1, '2017-06-24 07:57:41', 'En este espacio puedes describir uno de tus servicios de forma breve.', NULL, 1, NULL),
(129, 45, 'Servicio 3', 'servicio-3', 'En este espacio puedes describir uno de tus servicios de forma extensa.', NULL, 0, 1, '2017-06-24 07:57:41', 'En este espacio puedes describir uno de tus servicios de forma breve.', NULL, 1, NULL),
(130, 46, 'Servicio 1', 'servicio-1', 'En este espacio puedes describir uno de tus servicios de forma extensa.', '/business/46/serv-icon-130.jpg', 0, 1, '2017-09-29 15:45:57', 'En este espacio puedes describir uno de tus servicios de forma breve.', NULL, 1, NULL),
(131, 46, 'Servicio 2', 'servicio-2', 'En este espacio puedes describir uno de tus servicios de forma extensa.', '/business/46/serv-icon-131.jpg', 0, 1, '2017-09-29 15:45:57', 'En este espacio puedes describir uno de tus servicios de forma breve.', NULL, 1, NULL),
(132, 46, 'Servicio 3', 'servicio-3', 'En este espacio puedes describir uno de tus servicios de forma extensa.', '/business/46/serv-icon-132.jpg', 0, 1, '2017-09-29 15:45:57', 'En este espacio puedes describir uno de tus servicios de forma breve.', NULL, 1, NULL),
(133, 48, 'Servicio 1', 'servicio-1', 'En este espacio puedes describir uno de tus servicios de forma extensa.', '/business/48/serv-icon-133.jpg', 0, 1, '2017-12-05 08:33:59', 'En este espacio puedes describir uno de tus servicios de forma breve.', NULL, 1, 136),
(134, 48, 'Servicio 2', 'servicio-2', 'En este espacio puedes describir uno de tus servicios de forma extensa.', '/business/48/serv-icon-134.jpg', 0, 1, '2017-12-05 08:34:00', 'En este espacio puedes describir uno de tus servicios de forma breve.', NULL, 1, 137),
(135, 48, 'Servicio 3', 'servicio-3', 'En este espacio puedes describir uno de tus servicios de forma extensa.', '/business/48/serv-icon-135.jpg', 0, 1, '2017-12-05 08:34:00', 'En este espacio puedes describir uno de tus servicios de forma breve.', NULL, 1, NULL),
(136, 8, 'Servicio 1', 'servicio-1', 'En este espacio puedes describir uno de tus servicios de forma extensa.', '/business/8/serv-icon-136.jpg', 0, 1, '2018-03-13 13:56:43', 'En este espacio puedes describir uno de tus servicios de forma breve.', NULL, 1, NULL),
(137, 8, 'Servicio 2', 'servicio-2', 'En este espacio puedes describir uno de tus servicios de forma extensa.', '/business/8/serv-icon-137.jpg', 0, 1, '2018-03-13 13:56:43', 'En este espacio puedes describir uno de tus servicios de forma breve.', NULL, 1, NULL),
(138, 8, 'Servicio 3', 'servicio-3', 'En este espacio puedes describir uno de tus servicios de forma extensa.', '/business/8/serv-icon-138.jpg', 0, 1, '2018-03-13 13:56:43', 'En este espacio puedes describir uno de tus servicios de forma breve.', NULL, 1, NULL),
(139, 49, 'PERMISO B', 'permiso-b', '<p class="MsoNormal"><strong><u><span style="font-size: 10pt; font-family: Verdana, sans-serif;">MATR&Iacute;CULA + TE&Oacute;RICA 150 &euro; + IVA </span></u></strong></p>\r\n<p class="MsoNormal"><strong><span style="font-size: 8pt; font-family: Verdana, sans-serif;">(4 PR&Aacute;CTICAS GRATIS SI APRUEBAS LA TE&Oacute;RICA ANTES DE 3 MESES)</span></strong></p>\r\n<p class="MsoNormal"><strong><u><span style="font-size: 10pt; font-family: Verdana, sans-serif;">EX&Aacute;MENES 22&euro; + IVA</span></u></strong></p>\r\n<p class="MsoNormal"><strong><u><span style="font-size: 10pt; font-family: \'Times New Roman\', serif;">C</span></u></strong><strong><u><span style="font-size: 10pt; font-family: Verdana, sans-serif;">LASES PR&Aacute;CTICAS&nbsp; 22&euro; + IVA</span></u></strong></p>\r\n<p>&nbsp;<strong><u><span style="font-size: 10pt; font-family: Verdana, sans-serif;">TASA DE TR&Aacute;FICO 91,20&euro;</span></u></strong></p>\r\n<p>&nbsp;</p>\r\n<p><strong><span style="font-size: 10pt; font-family: Verdana, sans-serif;">Y SI VIENES A NUESTRA SECCI&Oacute;N DE CASABLANCA</span></strong></p>\r\n<p><span style="font-size: 10pt;"><em><span style="text-decoration: underline;"><strong><span style="font-family: Verdana, sans-serif;">&iexcl;BENEFICIATE DE UN SUPER DESCUENTO!</span></strong></span></em></span></p>', '/business/49/serv-icon-139.png', 0, 1, '2018-03-14 08:23:55', 'Edad mínima: 18 años', NULL, 1, 156),
(140, 49, 'PERMISO AM', 'permiso-am', '<p class="MsoNormal"><strong><u><span style="font-size: 10.0pt; line-height: 115%; font-family: \'Verdana\',\'sans-serif\';">MATR&Iacute;CULA + TE&Oacute;RICA 150 + IVA</span></u></strong></p>\r\n<p class="MsoNormal"><strong><u><span style="font-size: 10.0pt; line-height: 115%; font-family: \'Verdana\',\'sans-serif\';">EXAMEN TE&Oacute;RICO 25 + IVA</span></u></strong></p>\r\n<p class="MsoNormal"><strong><u><span style="font-size: 10.0pt; line-height: 115%; font-family: \'Verdana\',\'sans-serif\';">CLASES DE CIRCUITO CERRADO 25 + IVA</span></u></strong></p>\r\n<p class="MsoNormal"><strong><u><span style="font-size: 10.0pt; line-height: 115%; font-family: \'Verdana\',\'sans-serif\';">EXAMEN CIRCUITO CERRADO 25 + IVA</span></u></strong></p>\r\n<p class="MsoNormal"><strong><u><span style="font-size: 10.0pt; line-height: 115%; font-family: \'Verdana\',\'sans-serif\';">TASA DE TR&Aacute;FICO&nbsp;91.20&nbsp;</span></u></strong></p>', '/business/49/serv-icon-140.png', 0, 1, '2018-03-14 08:23:55', 'Edad mínima 15 años', NULL, 1, 144),
(141, 49, 'PERMISO A1', 'permiso-a1', '<p class="MsoNormal"><strong><u><span style="font-size: 10.0pt; line-height: 115%; font-family: \'Verdana\',\'sans-serif\';">MATR&Iacute;CULA + TE&Oacute;RICA 150 + IVA</span></u></strong></p>\r\n<p class="MsoNormal"><strong><u><span style="font-size: 10.0pt; line-height: 115%; font-family: \'Verdana\',\'sans-serif\';">EXAMEN TE&Oacute;RICO 25 + IVA</span></u></strong></p>\r\n<p class="MsoNormal"><strong><u><span style="font-size: 10.0pt; line-height: 115%; font-family: \'Verdana\',\'sans-serif\';">CLASES DE CIRCUITO CERRADO 25 + IVA</span></u></strong></p>\r\n<p class="MsoNormal"><strong><u><span style="font-size: 10.0pt; line-height: 115%; font-family: \'Verdana\',\'sans-serif\';">EXAMEN CIRCUITO CERRADO 25 + IVA</span></u></strong></p>\r\n<p class="MsoNormal"><strong><u><span style="font-size: 10.0pt; line-height: 115%; font-family: \'Verdana\',\'sans-serif\';">CLASES DE CIRCUITO ABIERTO 35 + IVA&nbsp;</span></u></strong></p>\r\n<p class="MsoNormal"><strong><u><span style="font-size: 10.0pt; line-height: 115%; font-family: \'Verdana\',\'sans-serif\';">EXAMEN CIRCUITO ABIERTO 35 + IVA</span></u></strong></p>\r\n<p class="MsoNormal"><strong><u><span style="font-size: 10.0pt; line-height: 115%; font-family: \'Verdana\',\'sans-serif\';">TASA DE TR&Aacute;FICO&nbsp;91.20</span></u></strong></p>', '/business/49/serv-icon-141.png', 0, 1, '2018-03-14 08:23:55', 'Edad mínima 16 años', NULL, 1, 158),
(142, 49, 'PERMISO A2', 'permiso-a2', '<p class="MsoNormal"><strong><u><span style="font-size: 10.0pt; line-height: 115%; font-family: \'Verdana\',\'sans-serif\';">MATR&Iacute;CULA + TE&Oacute;RICA + 1 EX. TEORICO + 1 EX. C. CERRADO 100 + IVA</span></u></strong></p>\r\n<p class="MsoNormal"><strong><u><span style="font-size: 10.0pt; line-height: 115%; font-family: \'Verdana\',\'sans-serif\';">EXAMEN TE&Oacute;RICO ESPEC&Iacute;FICO =&nbsp;22+ IVA</span></u></strong></p>\r\n<p class="MsoNormal"><strong><u><span style="font-size: 10.0pt; line-height: 115%; font-family: \'Verdana\',\'sans-serif\';">CLASES DE CIRCUITO CERRADO =&nbsp;22 + IVA</span></u></strong></p>\r\n<p class="MsoNormal"><strong><u><span style="font-size: 10.0pt; line-height: 115%; font-family: \'Verdana\',\'sans-serif\';">EXAMEN DE CIRCUITO CERRADO =&nbsp;22 + IVA</span></u></strong></p>\r\n<p class="MsoNormal"><strong><u><span style="font-size: 10.0pt; line-height: 115%; font-family: \'Verdana\',\'sans-serif\';">CLASES DE CIRCULACI&Oacute;N =&nbsp;32 + IVA</span></u></strong></p>\r\n<p class="MsoNormal"><strong><u><span style="font-size: 10.0pt; line-height: 115%; font-family: \'Verdana\',\'sans-serif\';">EXAMEN DE CIRCULACI&Oacute;N =&nbsp;32 + IVA</span></u></strong></p>\r\n<p class="MsoNormal"><strong><u><span style="font-size: 10.0pt; line-height: 115%; font-family: \'Verdana\',\'sans-serif\';">TASA DE TR&Aacute;FICO&nbsp;91.20</span></u></strong></p>', '/business/49/serv-icon-142.png', 0, 1, '2018-03-15 11:02:34', 'Edad mínima 18 años', NULL, 1, 159),
(143, 49, 'PERMISO A', 'permiso-a', '<p class="MsoNormal"><strong><em><span style="font-size: 14.0pt; line-height: 115%;">&nbsp;DURACI&Oacute;N: 9 HORAS</span></em></strong>&nbsp;</p>\r\n<p class="MsoNormal"><strong><span style="font-size: 14.0pt; line-height: 115%;">&nbsp;<span style="text-decoration: underline;">268&euro;</span>&nbsp;IVA Y TASA DE TR&Aacute;FICO INCLUIDOS.</span></strong></p>', '/business/49/serv-icon-143.png', 0, 1, '2018-03-15 11:20:12', 'Edad mínima: 20 años', '/business/49/serv-dest-143.png', 1, 157),
(144, 50, 'Servicio 1', 'servicio-1', 'En este espacio puedes describir uno de tus servicios de forma extensa.', NULL, 0, 1, '2018-04-05 08:36:57', 'En este espacio puedes describir uno de tus servicios de forma breve.', NULL, 1, NULL),
(145, 50, 'Servicio 2', 'servicio-2', 'En este espacio puedes describir uno de tus servicios de forma extensa.', NULL, 0, 1, '2018-04-05 08:36:57', 'En este espacio puedes describir uno de tus servicios de forma breve.', NULL, 1, NULL),
(146, 50, 'Servicio 3', 'servicio-3', 'En este espacio puedes describir uno de tus servicios de forma extensa.', NULL, 0, 1, '2018-04-05 08:36:57', 'En este espacio puedes describir uno de tus servicios de forma breve.', NULL, 1, NULL),
(147, 51, 'Medición  y clasificación', 'medicin-y-clasificacin', '<p>El primer paso es la medici&oacute;n momento en el cual una persona con muchos a&ntilde;os de experiencia observa todas y cada una de las alfombras para detectar cualquier problema o defecto que puedan tener y para posteriorme si es necesario avisar a la tintoreria de lo que haya podido ver, despu&eacute;s de la medici&oacute;n las alfombras se clasifican dependiendo del tipo de limpieza que necesiten.</p>', '/business/51/serv-icon-147.jpg', 0, 1, '2018-04-13 09:50:30', NULL, '/business/51/serv-dest-147.jpg', 1, 168),
(148, 51, 'desempolvado', 'desempolvado', '<p>Un buen desempolvado es parte fundamental en el proceso de limpieza</p>', '/business/51/serv-icon-148.jpg', 0, 1, '2018-04-13 09:50:30', NULL, '/business/51/serv-dest-148.jpg', 1, 176),
(149, 51, 'Lavado', 'lavado', '<p>Proceso de lavado con productos respetuosos con el medio ambiente y tratamientos anti&aacute;caros y bacterias</p>', '/business/51/serv-icon-149.jpg', 0, 1, '2018-04-13 09:50:30', '.', '/business/51/serv-dest-149.jpg', 1, 204),
(150, 51, 'Secado', 'secado', '<p>Secado a temperaturas &oacute;ptimas para no da&ntilde;ar las fibras de las alfombras</p>', '/business/51/serv-icon-150.jpg', 0, 1, '2018-04-14 08:16:38', NULL, '/business/51/serv-dest-150.jpg', 1, 175),
(151, 51, 'Empaquetado', 'empaquetado', '<p>&Uacute;ltimo control de calidad, peinado y empaquetado</p>', '/business/51/serv-icon-151.jpg', 0, 1, '2018-04-14 08:20:28', NULL, '/business/51/serv-dest-151.jpg', 1, 213),
(152, 51, 'Almacenamiento y custodia', 'almacenamiento-y-custodia', NULL, '/business/51/serv-icon-152.jpg', 0, 1, '2018-04-14 08:20:44', NULL, '/business/51/serv-dest-152.jpg', 1, 174),
(153, 53, 'Servicio 1', 'servicio-1', 'En este espacio puedes describir uno de tus servicios de forma extensa.', NULL, 0, 1, '2018-04-15 15:19:06', 'En este espacio puedes describir uno de tus servicios de forma breve.', NULL, 1, 170),
(154, 53, 'Servicio 2', 'servicio-2', 'En este espacio puedes describir uno de tus servicios de forma extensa.', NULL, 0, 1, '2018-04-15 15:19:06', 'En este espacio puedes describir uno de tus servicios de forma breve.', NULL, 1, 172),
(155, 53, 'Servicio 3', 'servicio-3', 'En este espacio puedes describir uno de tus servicios de forma extensa.', NULL, 0, 1, '2018-04-15 15:19:06', 'En este espacio puedes describir uno de tus servicios de forma breve.', NULL, 1, 177),
(156, 52, 'Servicio 1', 'servicio-1', 'En este espacio puedes describir uno de tus servicios de forma extensa.', '', 0, 1, '2018-04-17 08:08:51', 'En este espacio puedes describir uno de tus servicios de forma breve.', NULL, 1, NULL),
(157, 52, 'Dietas especializadas', 'dietas-especializadas', '<p>Alimentaci&oacute;n bajo la supervisi&oacute;n de una dietista especializada, y adapt&aacute;ndose a las necesidades y preferencias de nuestros residentes.</p>', '', 0, 1, '2018-04-17 08:08:51', 'Dietas personalizadas.', NULL, 1, NULL),
(158, 52, 'Servicio 3', 'servicio-3', 'En este espacio puedes describir uno de tus servicios de forma extensa.', '/business/52/serv-icon-158.jpeg', 0, 1, '2018-04-17 08:08:51', 'En este espacio puedes describir uno de tus servicios de forma breve.', NULL, 1, NULL),
(159, 54, 'Servicio 1', 'servicio-1', 'En este espacio puedes describir uno de tus servicios de forma extensa.', NULL, 0, 1, '2018-04-23 08:06:39', 'En este espacio puedes describir uno de tus servicios de forma breve.', NULL, 1, NULL),
(160, 54, 'Servicio 2', 'servicio-2', 'En este espacio puedes describir uno de tus servicios de forma extensa.', NULL, 0, 1, '2018-04-23 08:06:39', 'En este espacio puedes describir uno de tus servicios de forma breve.', NULL, 1, NULL),
(161, 54, 'Servicio 3', 'servicio-3', 'En este espacio puedes describir uno de tus servicios de forma extensa.', NULL, 0, 1, '2018-04-23 08:06:39', 'En este espacio puedes describir uno de tus servicios de forma breve.', NULL, 1, NULL),
(167, 51, 'Limpieza en seco', 'limpieza-en-seco', '<p>Debido a que alg&uacute;nos tipos de alfombras no se pueden limpiar en m&eacute;todo acuoso se limpian en seco</p>', '/business/51/serv-icon-167.jpg', 0, 1, '2018-05-09 09:07:27', NULL, '/business/51/serv-dest-167.jpg', 1, 206),
(168, 55, 'Servicio 1', 'servicio-1', 'En este espacio puedes describir uno de tus servicios de forma extensa.', '/business/55/serv-icon-168.jpg', 0, 1, '2018-05-14 15:43:26', 'En este espacio puedes describir uno de tus servicios de forma breve.', NULL, 1, NULL),
(169, 55, 'Servicio 2', 'servicio-2', 'En este espacio puedes describir uno de tus servicios de forma extensa.', '/business/55/serv-icon-169.jpg', 0, 1, '2018-05-14 15:43:27', 'En este espacio puedes describir uno de tus servicios de forma breve.', NULL, 1, NULL),
(170, 55, 'Servicio 3', 'servicio-3', 'En este espacio puedes describir uno de tus servicios de forma extensa.', '/business/55/serv-icon-170.jpg', 0, 1, '2018-05-14 15:43:27', 'En este espacio puedes describir uno de tus servicios de forma breve.', NULL, 1, NULL),
(171, 57, 'Servicio 1', 'servicio-1', 'En este espacio puedes describir uno de tus servicios de forma extensa.', '/business/57/serv-icon-171.jpg', 0, 1, '2018-05-21 09:23:23', 'En este espacio puedes describir uno de tus servicios de forma breve.', NULL, 1, NULL),
(172, 57, 'Servicio 2', 'servicio-2', 'En este espacio puedes describir uno de tus servicios de forma extensa.', '/business/57/serv-icon-172.jpg', 0, 1, '2018-05-21 09:23:23', 'En este espacio puedes describir uno de tus servicios de forma breve.', NULL, 1, NULL),
(173, 57, 'Servicio 3', 'servicio-3', 'En este espacio puedes describir uno de tus servicios de forma extensa.', '/business/57/serv-icon-173.jpg', 0, 1, '2018-05-21 09:23:23', 'En este espacio puedes describir uno de tus servicios de forma breve.', NULL, 1, NULL),
(174, 58, 'VENTA DE REMOLQUES', 'venta-de-remolques', '<p>&nbsp;</p>\r\n<div class="text" style="overflow: visible; height: auto;">&nbsp;</div>', '', 0, 0, '2018-05-29 08:17:32', NULL, NULL, 0, 216),
(175, 58, 'Remolque Eco. 1240', 'remolque-eco-1240', '<div class="text" style="overflow: visible; height: auto;">\r\n<p>Datos T&eacute;cnicos</p>\r\n<p>Dimensiones totales:&nbsp;1960 x 1295 mm.<br />Dimensiones de la caja:&nbsp;1240 x 970 x 350 mm.<br />Material:&nbsp;Galvanizado<br />Eje de:&nbsp;300 Kg.<br />M.M.A. (masa m&aacute;xima autorizada):&nbsp;300 Kg.<br />Tara:&nbsp;72 Kg.<br />Ruedas:&nbsp;4.80-8 (pulgadas)<br />Freno:&nbsp;No Disponible <br />Cantidad de Ejes:&nbsp;1</p>\r\n</div>', '', 0, 0, '2018-05-29 08:17:32', 'Precio: A Consultar', NULL, 0, 222),
(176, 58, 'MECÁNICA RÁPIDA', 'mecnica-rpida', '<ul style="margin: 0px 0px 20px; padding: 0px; border: 0px; font-variant-numeric: inherit; font-variant-east-asian: inherit; font-stretch: inherit; line-height: inherit; font-family: Arial, sans-serif; vertical-align: baseline; list-style: none; color: #474646;">\r\n<li style="margin: 0px; padding: 0px 0px 10px 30px; border: 0px; font: inherit; vertical-align: baseline; position: relative; box-sizing: border-box;"><strong style="margin: 0px; padding: 0px; border: 0px; font-style: inherit; font-variant: inherit; font-stretch: inherit; font-size: inherit; line-height: inherit; font-family: inherit; vertical-align: baseline; color: #161695;">Cambio de aceite</strong>: En nuestros talleres somos conscientes de lo importante que es lubricar todas las piezas del motor para evitar su desgaste, futuras averias y controlar el d&iacute;a a d&iacute;a para que tu veh&iacute;culo siempre est&eacute; a punto.&nbsp;</li>\r\n<li style="margin: 0px; padding: 0px 0px 10px 30px; border: 0px; font: inherit; vertical-align: baseline; position: relative; box-sizing: border-box;"><strong style="margin: 0px; padding: 0px; border: 0px; font-style: inherit; font-variant: inherit; font-stretch: inherit; font-size: inherit; line-height: inherit; font-family: inherit; vertical-align: baseline; color: #161695;">Cambio de discos de freno, pastillas y zapatas</strong>: Es vital contar con un sistema de frenado en perfectas condiciones para conducir de manera segura. Por ese motivo, ofrecemos inspecciones (tanto visuales como m&aacute;s en detalle) de los discos, las pastillas y el l&iacute;quido de frenos. Y en caso de que sea conveniente, se realizar&aacute; un cambio de frenos.</li>\r\n<li style="margin: 0px; padding: 0px 0px 10px 30px; border: 0px; font: inherit; vertical-align: baseline; position: relative; box-sizing: border-box;"><strong style="margin: 0px; padding: 0px; border: 0px; font-style: inherit; font-variant: inherit; font-stretch: inherit; font-size: inherit; line-height: inherit; font-family: inherit; vertical-align: baseline; color: #161695;">Cambio de filtros:</strong>&nbsp;Los filtros sirven para filtrar y limpiar de manera constante todos los fluidos del veh&iacute;culo y hacer que el motor del coche no sufra aver&iacute;as graves y puedas conducir de manera segura. Por ese motivo, debes revisarlos de manera peri&oacute;dica.</li>\r\n<li style="margin: 0px; padding: 0px 0px 10px 30px; border: 0px; font: inherit; vertical-align: baseline; position: relative; box-sizing: border-box;">Tambi&eacute;n somos especialistas en diagnosis y te ayudaremos en todo lo que est&eacute; en nuestras manos para que tu veh&iacute;culo siempre est&eacute; como nuevo...</li>\r\n<li style="margin: 0px; padding: 0px 0px 10px 30px; border: 0px; font: inherit; vertical-align: baseline; position: relative; box-sizing: border-box;"></li>\r\n</ul>', '/business/58/serv-icon-176.jpg', 0, 1, '2018-05-29 08:17:32', 'Especialistas en la reparación y mantenimiento del automóvil.\r\nLa mecánica rápida engloba las operaciones más habituales, como el cambio de aceite, filtros, revisión y mantenimiento de la suspensión, frenos y escapes,amortiguadores, kit de distribución, entre otras.', '/business/58/serv-dest-176.jpg', 1, 221),
(177, 58, 'SUSTITUCIÓN DE LUNAS', 'sustitucin-de-lunas', '<p>En Talleres Padilla, somos especialistas en la sustituci&oacute;n de lunas, por lo que ofrecemos un servicio r&aacute;pido y efectivo. Una luna da&ntilde;ada puede provocar un accidente o puede ser una consecuencia de este. &iexcl; No lo pienses m&aacute;s, ven a vernos...!</p>\r\n<p>&iexcl; Te esperamos !&nbsp;</p>\r\n<p>&nbsp;</p>', '/business/58/serv-icon-177.jpg', 0, 1, '2018-06-22 11:28:06', 'Sustitución de lunas dañadas o rotas. Trabajamos con todas las compañías aseguradoras, por lo que no tendrás que encargarte de ningún trámite. Nosotros lo gestionamos TODO.  \r\n\r\n¡ NOSOTROS LO GESTIONAMOS TODO !.', NULL, 1, 223),
(178, 58, 'MONTAJE Y SUSTITUCIÓN DE NEUMÁTICOS.', 'montaje-y-sustitucin-de-neumticos', '<p>Es muy importante contar con un buen servicio, que te asesore sobre los neum&aacute;ticos m&aacute;s adecuados a tus necesidades. En muchas ocasiones dar con las equivalencias no resulta tarea f&aacute;cil, por lo que te ofrecemos un presupuesto, sin compromiso, en el que podr&aacute;s visualizar y conocer diferentes marcas, modelos y te explicaremos que es lo que m&aacute;s se adapta a lo que necesitas.</p>\r\n<p>En nuestro taller podr&aacute;s contar con el servicio de asesoramiento gratuito, y revisaremos sus neum&aacute;ticos para darle la soluci&oacute;n adecuada.&nbsp;</p>', '/business/58/serv-icon-178.jpg', 0, 1, '2018-06-25 12:22:37', 'En Talleres Padilla sabemos que no siempre se dispone del tiempo y los medios necesarios para controlar el estado de los neumáticos de su vehículo, por ello, ofrecemos un control visual del estado de los mismos, resolvemos tus dudas, y disponemos de una excelente oferta de neumáticos, adecuado al uso y la estación del año en la que nos encontremos. \r\nEs muy importante contar con un buen servicio que te asesore sobre los neumáticos más adecuados a tus necesidades, en muchas ocasiones dar con las equivalencias no resulta tarea fácil, por lo que te ofrecemos un presupuesto, sin compromiso, en el que podrás visualizar y conocer diferentes marcas, modelos y te explicaremos que es lo que más se adapta a lo que necesitas.', '/business/58/serv-dest-178.jpg', 1, 224),
(179, 58, 'MONTAJE DE ENGANCHES', 'montaje-de-enganches', '<p>En Talleres Padilla, ofrecemos los servicios que mejor se adaptan a tus necesidades, entre ellos, la instalaci&oacute;n de enganche con bola fija, extra&iacute;ble horizontal o vertical. Disponemos de profesionales especializados y trabajamos siempre con las mejores marcas, ofreciendo siempre garant&iacute;a y garantizando el aprobado en la ITV.</p>\r\n<p>Adem&aacute;s disponemos de #Remolques con precios muy especiales, y podemos ofrecerte presupuesto en cuanto a portabicis, portaperros, portequipajes, accesorios, etc.</p>', '/business/58/serv-icon-179.jpg', 0, 1, '2018-06-25 13:26:28', 'En nuestro taller ponemos a tu disposición todo tipo de enganches, tanto en bola  fija, como extraíble horizontal o vertical. Incluimos de forma permanente en el precio del enganche la instalación del mismo. Además, ofrecemos descuentos especiales y ventajas a la hora de conseguir tu remolque.\r\nSomos distribuidores oficiales de la marca "LAFUENTE". enta de\r\nPregunta sin compromiso por novedades en  portabicis, portaperros, portaequipajes y accesorios...\r\n\r\ní', '/business/58/serv-dest-179.jpg', 1, 227),
(180, 58, 'VEHÍCULO DE SUSTITUCIÓN GRATUITO.', 'vehculo-de-sustitucin-gratuito', NULL, '/business/58/serv-icon-180.jpg', 0, 1, '2018-06-25 13:35:18', 'En nuestro establecimiento disponemos de vehículo de sustitución, para que pueda seguir disfrutando de su día a día sin preocuparse de la movilidad. Trabajamos con todas las compañías aseguradoras , por lo que no debe preocuparse de nada si ha sufrido algún percance al volante. \r\nSu vehículo quedará como nuevo y mientras podrá seguir haciendo su vida cómodamente con nuestros vehículos de cortesía.', NULL, 1, 226),
(181, 58, 'ESPECIALISTAS EN CHAPA Y PINTURA.', 'especialistas-en-chapa-y-pintura', '<p style="margin: 0cm; margin-bottom: .0001pt; background: white; vertical-align: baseline;"><strong><span style="font-size: 8.0pt; font-family: \'Arial\',\'sans-serif\'; border: none windowtext 1.0pt; mso-border-alt: none windowtext 0cm; padding: 0cm;">En Talleres Padilla llevamos m&aacute;s de 28 a&ntilde;os de experiencia, ofreciendo unos servicios de mec&aacute;nica r&aacute;pida de la m&aacute;xima calidad para toda clase de veh&iacute;culos. Estamos ubicados en Zafra (Badajoz) y trabajamos todo tipo de veh&iacute;culos y de todas las marcas, desde turismos hasta motocicletas, furgones, camiones, plataformas, veh&iacute;culos industriales, maquinaria agr&iacute;cola e industrial, entre muchos otros modelos.&nbsp;</span></strong></p>\r\n<p style="margin: 0cm; margin-bottom: .0001pt; background: white; vertical-align: baseline;"><span style="font-size: 8pt;"><strong><span style="font-family: Arial, sans-serif; border: 1pt none windowtext; padding: 0cm;">Somos especialistas en la aplicaci&oacute;n de chapa y pintura, un servicio para el que utilizamos los productos m&aacute;s adecuados para tu veh&iacute;culo, siempre de primeras marcas, y proporcionando unos &oacute;ptimos acabados. Una prueba que certifica nuestra calidad en este &aacute;mbito es la garant&iacute;a de 2<span style="mso-spacerun: yes;">&nbsp; </span>a&ntilde;os que te proporcionamos para este tipo de trabajos. Pintaremos cualquier veh&iacute;culo e, incluso, podemos facilitarte alternativas tan eficaces como ecol&oacute;gicas, entre las que destaca nuestro innovador sistema de pintura al agua.&nbsp;Tambi&eacute;n, ofrecemos servicios de mec&aacute;nica r&aacute;pida, montaje de neum&aacute;ticos.</span></strong></span></p>\r\n<p style="margin: 0cm; margin-bottom: .0001pt; background: white; vertical-align: baseline;"><span style="font-size: 8pt;"><strong><span style="font-family: Arial, sans-serif; border: 1pt none windowtext; padding: 0cm;">Adem&aacute;s, colaboramos con todas las compa&ntilde;&iacute;as de seguro, gestionando todas las incidencias que puedan surgir en un siniestro de veh&iacute;culos. </span></strong></span></p>\r\n<p style="margin: 0cm; margin-bottom: .0001pt; background: white; vertical-align: baseline;"><span style="font-size: 8pt;"><strong><span style="font-family: Arial, sans-serif; border: 1pt none windowtext; padding: 0cm;">Contamos con 426 metros de Nave, lo que nos permite la reparaci&oacute;n de varios veh&iacute;culos a la vez.</span></strong></span></p>\r\n<p style="margin: 0cm; margin-bottom: .0001pt; background: white; vertical-align: baseline;"><span style="font-size: 8pt;"><strong><span style="font-family: Arial, sans-serif; border: 1pt none windowtext; padding: 0cm;">&nbsp;</span></strong></span></p>', '/business/58/serv-icon-181.png', 0, 1, '2018-06-25 13:41:47', 'En TALLERES PADILLA somos especialistas en chapa y pintura, disponemos de cabina al horno, reparaciones en bancada, limpieza de vehículos reparados y asesoramiento personalizado. \r\nTrabajamos con diversidad de proveedores por lo que siempre tratamos que garantizar el mejor precio a nuestros clientes y la máxima calidad.', '/business/58/serv-dest-181.jpg', 1, 225),
(182, 58, 'PULIDO Y LACADO DE FAROS', 'pulido-y-lacado-de-faros', '<p>En Talleres Padilla sabemos lo importante que resulta mantener unos faros como el primer d&iacute;a, por eso, nos esforzamos en conseguir que tu seguridad sea lo principal para nosotros. Te asesoraremos de forma gratu&iacute;ta sobre el mantenimiento necesario para la I.T.V.I</p>\r\n<p>Mant&eacute;n la iluminaci&oacute;n siempre a punto y d&eacute;jate asesorar por nuestro equipo de expertos.&nbsp;</p>', '/business/58/serv-icon-182.jpg', 0, 1, '2018-06-27 13:38:01', 'Con el servicio de pulido y lacado que ofrece nuestro nuestro taller, tus  faros envejecidos recuperarán su luz y la visibilidad de tu vehículo mejorará quedando como si el coche estuviera recién adquirido.', '/business/58/serv-dest-182.jpg', 1, 228),
(183, 58, 'ASESORAMIENTO Y MANTENIMIENTO ITV', 'asesoramiento-y-mantenimiento-itv', NULL, '/business/58/serv-icon-183.jpg', 0, 1, '2018-06-28 14:03:57', 'La Inspección Técnica de Vehículos es un trámite obligatorio para todos los vehículos matriculados o en circulación, en el que, de forma periódica, se ha de revisar su estado y comprobar que se encuentra en buenas condiciones para circular con seguridad tanto para los ocupantes como para resto de usuarios de la vía pública.', '/business/58/serv-dest-183.jpg', 1, 229),
(184, 60, 'Servicio 1', 'servicio-1', 'En este espacio puedes describir uno de tus servicios de forma extensa.', NULL, 0, 1, '2018-07-18 08:44:23', 'En este espacio puedes describir uno de tus servicios de forma breve.', NULL, 1, NULL),
(185, 60, 'Servicio 2', 'servicio-2', 'En este espacio puedes describir uno de tus servicios de forma extensa.', NULL, 0, 1, '2018-07-18 08:44:23', 'En este espacio puedes describir uno de tus servicios de forma breve.', NULL, 1, NULL),
(186, 60, 'Servicio 3', 'servicio-3', 'En este espacio puedes describir uno de tus servicios de forma extensa.', NULL, 0, 1, '2018-07-18 08:44:23', 'En este espacio puedes describir uno de tus servicios de forma breve.', NULL, 1, NULL),
(187, 58, 'VENTA DE REMOLQUES MARCA LAFUENTE', 'venta-de-remolques-marca-lafuente', NULL, '/business/58/serv-icon-187.jpg', 0, 1, '2018-07-19 11:40:09', 'EN TALLERES PADILLA DISPONEMOS DE REMOLQUES CONSTRUIDOS EN ACERO ESTRUCTURAL , DE GRAN CALIDAD Y CON UN NUEVO ACABADO Y TRATAMIENTO DE PROTECCIÓN Y PINTURA.\r\nLAS DISTINTAS PARTES SE ENSAMBLAN FÁCILMENTE PERMITIENDO SU MONTAJE Y DESMONTAJE SIN COMPLICACIONES, ADAPTÁNDOLOS AL USO QUE  REQUIERE EN CADA MOMENTO.', '/business/58/serv-dest-187.jpg', 1, 232),
(196, 40, 'Servicio 1', 'servicio-1', 'En este espacio puedes describir uno de tus servicios de forma extensa.', NULL, 0, 1, '2018-09-26 11:45:35', 'En este espacio puedes describir uno de tus servicios de forma breve.', NULL, 1, NULL),
(197, 40, 'Servicio 2', 'servicio-2', 'En este espacio puedes describir uno de tus servicios de forma extensa.', NULL, 0, 1, '2018-09-26 11:45:35', 'En este espacio puedes describir uno de tus servicios de forma breve.', NULL, 1, NULL),
(198, 40, 'Servicio 3', 'servicio-3', 'En este espacio puedes describir uno de tus servicios de forma extensa.', NULL, 0, 1, '2018-09-26 11:45:35', 'En este espacio puedes describir uno de tus servicios de forma breve.', NULL, 1, 354);

-- --------------------------------------------------------

--
-- Estructura de tabla para la tabla `socialnetwork`
--

CREATE TABLE `socialnetwork` (
  `id` int(11) NOT NULL,
  `business_id` int(11) DEFAULT NULL,
  `twitter` varchar(255) COLLATE utf8_unicode_ci DEFAULT NULL,
  `facebook` varchar(255) COLLATE utf8_unicode_ci DEFAULT NULL,
  `instagram` varchar(255) COLLATE utf8_unicode_ci DEFAULT NULL,
  `youtube` varchar(255) COLLATE utf8_unicode_ci DEFAULT NULL,
  `whatsapp` varchar(255) COLLATE utf8_unicode_ci DEFAULT NULL,
  `linkedin` varchar(255) COLLATE utf8_unicode_ci DEFAULT NULL,
  `google` varchar(255) COLLATE utf8_unicode_ci DEFAULT NULL,
  `flickr` varchar(255) COLLATE utf8_unicode_ci DEFAULT NULL,
  `datecreated` datetime NOT NULL
) ENGINE=InnoDB DEFAULT CHARSET=utf8 COLLATE=utf8_unicode_ci;

--
-- Volcado de datos para la tabla `socialnetwork`
--

INSERT INTO `socialnetwork` (`id`, `business_id`, `twitter`, `facebook`, `instagram`, `youtube`, `whatsapp`, `linkedin`, `google`, `flickr`, `datecreated`) VALUES
(3, 2, NULL, NULL, NULL, NULL, NULL, NULL, NULL, NULL, '2017-05-06 18:30:03'),
(5, 7, NULL, NULL, NULL, NULL, NULL, NULL, NULL, NULL, '2017-05-18 11:55:09'),
(6, 8, NULL, NULL, NULL, NULL, NULL, NULL, NULL, NULL, '2017-05-18 13:12:16'),
(7, 11, NULL, NULL, NULL, NULL, NULL, NULL, NULL, NULL, '2017-05-18 13:27:23'),
(8, 15, NULL, NULL, NULL, NULL, NULL, NULL, NULL, NULL, '2017-05-18 13:36:41'),
(9, 18, NULL, NULL, NULL, NULL, NULL, NULL, NULL, NULL, '2017-05-18 13:45:38'),
(10, 20, NULL, NULL, NULL, NULL, NULL, NULL, NULL, NULL, '2017-05-18 13:57:02'),
(11, 21, NULL, NULL, NULL, NULL, NULL, NULL, NULL, NULL, '2017-05-18 14:00:34'),
(12, 22, NULL, NULL, NULL, NULL, NULL, NULL, NULL, NULL, '2017-05-18 14:03:48'),
(13, 23, NULL, NULL, NULL, NULL, NULL, NULL, NULL, NULL, '2017-05-18 14:07:38'),
(14, 40, NULL, NULL, NULL, NULL, NULL, NULL, NULL, NULL, '2017-06-09 12:20:06'),
(15, 42, NULL, NULL, NULL, NULL, NULL, NULL, NULL, NULL, '2017-06-09 13:06:05'),
(16, 43, NULL, NULL, NULL, NULL, NULL, NULL, NULL, NULL, '2017-06-13 10:18:00'),
(17, 33, NULL, NULL, NULL, NULL, NULL, NULL, NULL, NULL, '2017-06-22 19:28:08'),
(18, 41, NULL, NULL, NULL, NULL, NULL, NULL, NULL, NULL, '2017-06-23 18:01:27'),
(19, 44, NULL, NULL, NULL, NULL, NULL, NULL, NULL, NULL, '2017-06-24 07:57:14'),
(20, 45, '', 'https//www.facebook.com/by dopazzo design_facebook', 'https//www.instagram.com/by dopazzo design_instagram', '', '', '', '', '', '2017-06-24 07:57:41'),
(21, 36, NULL, NULL, NULL, NULL, NULL, NULL, NULL, NULL, '2017-07-12 09:03:18'),
(22, 46, '', '', '', '', '+34675032522', '', '', '', '2017-09-29 15:45:57'),
(24, 39, NULL, NULL, NULL, NULL, NULL, NULL, NULL, NULL, '2017-10-17 08:21:59'),
(25, 48, NULL, NULL, NULL, NULL, NULL, NULL, NULL, NULL, '2017-12-05 08:34:00'),
(26, 49, '', 'https://www.facebook.com/autoescuela.casablanca', '', '', '', '', '', '', '2018-03-14 08:23:55'),
(27, 50, NULL, NULL, NULL, NULL, NULL, NULL, NULL, NULL, '2018-04-05 08:36:57'),
(28, 51, '', 'viropafe@hotmail.com', '', '', '665541504 o 665544147', '', '', '', '2018-04-13 09:50:30'),
(29, 53, NULL, NULL, NULL, NULL, NULL, NULL, NULL, NULL, '2018-04-15 15:19:07'),
(30, 52, NULL, NULL, NULL, NULL, NULL, NULL, NULL, NULL, '2018-04-17 08:08:51'),
(31, 54, NULL, NULL, NULL, NULL, NULL, NULL, NULL, NULL, '2018-04-23 08:06:39'),
(32, 55, '', '', '', '', '615320361', '', '', '', '2018-05-01 16:30:33'),
(33, 57, NULL, NULL, NULL, NULL, NULL, NULL, NULL, NULL, '2018-05-21 09:23:23'),
(35, 58, '', 'https://www.facebook.com/tallerespadillazafra/', '', '', '', '', '', '', '2018-05-29 08:17:32'),
(36, 60, NULL, NULL, NULL, NULL, NULL, NULL, NULL, NULL, '2018-07-18 08:44:23'),
(37, 61, 'twitter', 'facebook', 'instagram', NULL, NULL, 'linkedin', NULL, NULL, '2018-08-02 20:08:58'),
(40, 64, '', '', '', NULL, NULL, '', NULL, NULL, '2018-08-02 22:40:46'),
(42, 66, '', '', '', NULL, NULL, '', NULL, NULL, '2018-08-03 07:52:58'),
(43, 67, '', '', '', NULL, NULL, '', NULL, NULL, '2018-08-03 09:32:45'),
(44, 68, '', '', '', NULL, NULL, '', NULL, NULL, '2018-08-03 09:35:40'),
(48, 72, '', '', '', NULL, NULL, '', NULL, NULL, '2018-08-03 11:57:14'),
(49, 73, NULL, NULL, NULL, NULL, NULL, NULL, NULL, NULL, '2018-08-03 12:02:47'),
(50, 74, '', '', '', NULL, NULL, '', NULL, NULL, '2018-08-03 12:17:21'),
(51, 75, NULL, NULL, NULL, NULL, NULL, NULL, NULL, NULL, '2018-08-06 09:20:48'),
(52, 76, '', '', '', NULL, NULL, '', NULL, NULL, '2018-08-06 09:35:37'),
(53, 77, '', '', '', NULL, NULL, '', NULL, NULL, '2018-08-06 10:08:24'),
(71, 95, NULL, NULL, NULL, NULL, NULL, NULL, NULL, NULL, '2018-09-28 16:04:45'),
(73, 97, '', '', '', NULL, NULL, '', NULL, NULL, '2018-10-02 17:12:39');

-- --------------------------------------------------------

--
-- Estructura de tabla para la tabla `style`
--

CREATE TABLE `style` (
  `id` int(11) NOT NULL,
  `nombre` varchar(255) COLLATE utf8_unicode_ci DEFAULT NULL,
  `nombrelogo` varchar(255) COLLATE utf8_unicode_ci DEFAULT NULL,
  `pathimagen` varchar(255) COLLATE utf8_unicode_ci DEFAULT NULL,
  `classimagen` varchar(255) COLLATE utf8_unicode_ci DEFAULT NULL,
  `fondomenu` varchar(255) COLLATE utf8_unicode_ci DEFAULT NULL,
  `colorletramenu` varchar(255) COLLATE utf8_unicode_ci DEFAULT NULL,
  `colorseparadoresmenu` varchar(255) COLLATE utf8_unicode_ci DEFAULT NULL,
  `colorcabeceramodal` varchar(255) COLLATE utf8_unicode_ci DEFAULT NULL,
  `colortabfondo` varchar(255) COLLATE utf8_unicode_ci DEFAULT NULL,
  `colorbotonfondo` varchar(255) COLLATE utf8_unicode_ci DEFAULT NULL,
  `colorbotonletra` varchar(255) COLLATE utf8_unicode_ci DEFAULT NULL,
  `colorbarrasmenu` varchar(255) COLLATE utf8_unicode_ci DEFAULT NULL
) ENGINE=InnoDB DEFAULT CHARSET=utf8 COLLATE=utf8_unicode_ci;

--
-- Volcado de datos para la tabla `style`
--

INSERT INTO `style` (`id`, `nombre`, `nombrelogo`, `pathimagen`, `classimagen`, `fondomenu`, `colorletramenu`, `colorseparadoresmenu`, `colorcabeceramodal`, `colortabfondo`, `colorbotonfondo`, `colorbotonletra`, `colorbarrasmenu`) VALUES
(1, 'Orange', 'Logo Orange', NULL, 'tamlogo50', '#000000', 'white', 'white', '#000000', '#000000', '#F16E00', 'white', 'black'),
(2, 'Edewis', 'Logo Edewis', NULL, 'tamlogo100', 'white', NULL, NULL, NULL, NULL, NULL, NULL, 'black'),
(3, 'Lanzatupaginaweb', 'Logo Lanza Tu Propia Web', '/estilo/lanzatupaginaweb.png', 'tamlogo100', '#F2F2F2', '#6C67D8', '#6C67D8', '#FF5959', '#6C67D8', '#FF5959', 'white', 'black');

-- --------------------------------------------------------

--
-- Estructura de tabla para la tabla `subcategory`
--

CREATE TABLE `subcategory` (
  `id` int(11) NOT NULL,
  `category_id` int(11) DEFAULT NULL,
  `name` varchar(255) COLLATE utf8_unicode_ci NOT NULL,
  `sort` int(11) NOT NULL,
  `datecreated` datetime NOT NULL,
  `deleted` tinyint(1) NOT NULL,
  `slug` varchar(255) COLLATE utf8_unicode_ci NOT NULL
) ENGINE=InnoDB DEFAULT CHARSET=utf8 COLLATE=utf8_unicode_ci;

--
-- Volcado de datos para la tabla `subcategory`
--

INSERT INTO `subcategory` (`id`, `category_id`, `name`, `sort`, `datecreated`, `deleted`, `slug`) VALUES
(1, 1, 'Arquitectura', 1, '2017-05-07 08:47:06', 0, 'arquitectura'),
(2, 1, 'Carpintería', 100, '2017-05-07 08:48:48', 0, 'carpinteria'),
(3, 1, 'Construcción', 100, '2017-05-07 08:49:07', 0, 'construccion'),
(4, 1, 'Diseño de interiores', 100, '2017-05-07 08:49:27', 0, 'diseno_de_interiores'),
(5, 1, 'Inmobiliaria', 100, '2017-05-07 08:49:46', 0, 'inmobiliaria'),
(6, 1, 'Mantenimiento', 100, '2017-05-07 08:50:01', 0, 'mantenimiento'),
(7, 2, 'Actividades deportivas', 100, '2017-05-07 09:19:26', 0, 'actividades_deportivas'),
(8, 2, 'Deporte', 100, '2017-05-07 09:19:38', 0, 'deporte'),
(9, 2, 'Gimnasio', 100, '2017-05-07 09:19:54', 0, 'gimnasio'),
(10, 3, 'Bodas', 100, '2017-05-07 09:20:19', 0, 'bodas'),
(11, 3, 'Fiestas y Celebraciones', 100, '2017-05-07 09:20:42', 0, 'fiestas_celebraciones'),
(12, 4, 'Agencia de viajes', 100, '2017-05-07 09:21:08', 0, 'agencia-de-viajes'),
(13, 4, 'Café', 100, '2017-05-07 09:21:20', 0, 'cafe'),
(14, 4, 'Club', 100, '2017-05-07 09:21:28', 0, 'club'),
(15, 4, 'Hotel', 100, '2017-05-07 09:21:37', 0, 'hotel'),
(16, 4, 'Restaurante', 100, '2017-05-07 09:21:45', 0, 'restaurante'),
(17, 5, 'Artes y Oficios', 100, '2017-05-07 09:22:06', 0, 'artes_y_oficios'),
(18, 5, 'Comida rápida', 100, '2017-05-07 09:22:24', 0, 'comida_rapida'),
(19, 5, 'Tiendas de ropa', 100, '2017-05-07 09:22:41', 0, 'tiendas_de_ropa'),
(20, 5, 'Vendedor de coches', 100, '2017-05-07 09:22:59', 0, 'vendedor_de_coches'),
(21, 6, 'Agencia web', 100, '2017-05-07 09:23:22', 0, 'agencia-web'),
(22, 6, 'Banda de música', 100, '2017-05-07 09:23:42', 0, 'banda_de_musica'),
(23, 6, 'Estudio de diseño', 100, '2017-05-07 09:24:03', 0, 'estudio_de_diseno'),
(24, 6, 'Foto y Video', 100, '2017-05-07 09:24:24', 0, 'foto_y_video'),
(25, 6, 'Galería de arte', 100, '2017-05-07 09:24:47', 0, 'galeria_de_arte'),
(26, 6, 'Moda', 100, '2017-05-07 09:25:01', 0, 'moda'),
(27, 7, 'Centro de belleza', 100, '2017-05-07 09:25:23', 0, 'centro_de_belleza'),
(28, 7, 'Clínica', 100, '2017-05-07 09:26:02', 0, 'clinica'),
(29, 7, 'Clínica veterinaria', 100, '2017-05-07 09:26:18', 0, 'clinica_veterinaria'),
(30, 7, 'Farmacia', 100, '2017-05-07 09:26:41', 0, 'Farmacia'),
(31, 7, 'Fisioterapia', 100, '2017-05-07 09:27:05', 0, 'fisioterapia'),
(32, 7, 'Spa', 100, '2017-05-07 09:27:14', 0, 'spa'),
(33, 8, 'Consultoría', 100, '2017-05-07 09:27:38', 0, 'consultoria'),
(34, 8, 'Guardería', 100, '2017-05-07 09:27:50', 0, 'guarderia'),
(35, 8, 'Imprenta', 100, '2017-05-07 09:28:07', 0, 'imprenta'),
(36, 8, 'Informática', 100, '2017-05-07 09:28:25', 0, 'informatica'),
(37, 8, 'Ingeniería RD', 100, '2017-05-07 09:28:48', 0, 'ingenieria_r_d'),
(38, 8, 'Ong', 100, '2017-05-07 09:29:04', 0, 'ong'),
(39, 3, 'Cumpleaños', 100, '2017-05-07 09:30:32', 0, 'cumpleanos'),
(40, 5, 'Pequeños negocios', 100, '2017-05-07 09:31:46', 0, 'pequenos_negocios'),
(41, 8, 'Seguridad', 100, '2017-05-07 09:32:19', 0, 'seguridad'),
(42, 5, 'Transporte', 100, '2017-05-07 09:32:48', 0, 'transporte');

-- --------------------------------------------------------

--
-- Estructura de tabla para la tabla `subcategoryimage`
--

CREATE TABLE `subcategoryimage` (
  `id` int(11) NOT NULL,
  `subcategory_id` int(11) DEFAULT NULL,
  `path` varchar(255) COLLATE utf8_unicode_ci DEFAULT NULL,
  `datecreated` datetime NOT NULL,
  `width` double DEFAULT NULL,
  `height` double DEFAULT NULL,
  `deleted` tinyint(1) NOT NULL,
  `isgalery` tinyint(1) NOT NULL,
  `isbackground` tinyint(1) NOT NULL
) ENGINE=InnoDB DEFAULT CHARSET=utf8 COLLATE=utf8_unicode_ci;

--
-- Volcado de datos para la tabla `subcategoryimage`
--

INSERT INTO `subcategoryimage` (`id`, `subcategory_id`, `path`, `datecreated`, `width`, `height`, `deleted`, `isgalery`, `isbackground`) VALUES
(32, 1, 'image-32-88.jpg', '2017-05-07 10:51:06', 700, 550, 0, 0, 0),
(33, 1, 'image-33-68.jpg', '2017-05-07 10:51:06', 700, 550, 0, 0, 0),
(34, 1, 'image-34-100.jpg', '2017-05-07 10:51:07', 700, 550, 0, 0, 0),
(35, 1, 'image-35-71.jpg', '2017-05-07 10:51:07', 700, 550, 0, 0, 0),
(36, 1, 'image-36-94.jpg', '2017-05-07 10:51:07', 1600, 600, 0, 0, 1),
(37, 1, 'image-37-48.jpg', '2017-05-07 10:51:07', 1600, 750, 0, 1, 0),
(38, 1, 'image-38-86.jpg', '2017-05-07 10:51:07', 1600, 750, 0, 1, 0),
(39, 1, 'image-39-6.jpg', '2017-05-07 10:51:07', 1600, 750, 0, 1, 0),
(40, 1, 'image-40-98.jpg', '2017-05-07 10:51:07', 1600, 600, 0, 0, 1),
(41, 2, 'image-41-97.jpg', '2017-05-07 11:11:35', 700, 467, 0, 1, 0),
(42, 2, 'image-42-5.jpg', '2017-05-07 11:11:35', 700, 550, 0, 0, 0),
(43, 2, 'image-43-26.jpg', '2017-05-07 11:11:35', 700, 467, 0, 1, 0),
(44, 2, 'image-44-23.jpg', '2017-05-07 11:11:35', 700, 455, 0, 1, 0),
(45, 2, 'image-45-18.jpg', '2017-05-07 11:11:35', 1600, 600, 0, 0, 1),
(46, 2, 'image-46-52.jpg', '2017-05-07 11:11:35', 1600, 600, 0, 0, 1),
(47, 2, 'image-47-83.jpg', '2017-05-07 11:11:35', 1600, 750, 0, 1, 0),
(48, 2, 'image-48-80.jpg', '2017-05-07 11:11:35', 1600, 750, 0, 1, 0),
(49, 2, 'image-49-13.jpg', '2017-05-07 11:11:35', 1600, 600, 0, 0, 1),
(50, 3, 'image-50-42.jpg', '2017-05-07 11:12:10', 700, 550, 0, 0, 0),
(51, 3, 'image-51-41.jpg', '2017-05-07 11:12:10', 700, 550, 0, 0, 0),
(52, 3, 'image-52-35.jpg', '2017-05-07 11:12:10', 700, 550, 0, 0, 0),
(53, 3, 'image-53-49.jpg', '2017-05-07 11:12:10', 700, 550, 0, 0, 0),
(54, 3, 'image-54-86.jpg', '2017-05-07 11:12:10', 1600, 750, 0, 0, 1),
(55, 3, 'image-55-5.jpg', '2017-05-07 11:12:10', 1600, 750, 0, 1, 0),
(56, 3, 'image-56-40.jpg', '2017-05-07 11:12:10', 1600, 750, 0, 1, 0),
(57, 3, 'image-57-16.jpg', '2017-05-07 11:12:10', 1600, 750, 0, 1, 0),
(58, 3, 'image-58-6.jpg', '2017-05-07 11:12:10', 1600, 750, 0, 0, 1),
(59, 4, 'image-59-43.jpg', '2017-05-07 11:12:39', 700, 550, 0, 0, 0),
(60, 4, 'image-60-20.jpg', '2017-05-07 11:12:39', 700, 550, 0, 0, 0),
(61, 4, 'image-61-79.jpg', '2017-05-07 11:12:39', 700, 550, 0, 0, 0),
(62, 4, 'image-62-50.jpg', '2017-05-07 11:12:39', 700, 550, 0, 0, 0),
(63, 4, 'image-63-71.jpg', '2017-05-07 11:12:39', 1600, 600, 0, 0, 1),
(64, 4, 'image-64-78.jpg', '2017-05-07 11:12:39', 1600, 750, 0, 1, 0),
(65, 4, 'image-65-76.jpg', '2017-05-07 11:12:39', 1600, 750, 0, 1, 0),
(66, 4, 'image-66-79.jpg', '2017-05-07 11:12:40', 1600, 750, 0, 1, 0),
(67, 4, 'image-67-43.jpg', '2017-05-07 11:12:40', 1600, 600, 0, 0, 1),
(68, 5, 'image-68-84.jpg', '2017-05-07 11:13:03', 700, 550, 0, 0, 0),
(69, 5, 'image-69-3.jpg', '2017-05-07 11:13:03', 700, 550, 0, 0, 0),
(70, 5, 'image-70-97.jpg', '2017-05-07 11:13:03', 700, 550, 0, 0, 0),
(71, 5, 'image-71-23.jpg', '2017-05-07 11:13:03', 700, 550, 0, 0, 0),
(72, 5, 'image-72-45.jpg', '2017-05-07 11:13:03', 1600, 600, 0, 0, 1),
(73, 5, 'image-73-22.jpg', '2017-05-07 11:13:03', 1600, 750, 0, 1, 0),
(74, 5, 'image-74-11.jpg', '2017-05-07 11:13:03', 1600, 750, 0, 1, 0),
(75, 5, 'image-75-30.jpg', '2017-05-07 11:13:03', 1600, 750, 0, 1, 0),
(76, 5, 'image-76-61.jpg', '2017-05-07 11:13:03', 1600, 600, 0, 0, 1),
(77, 7, 'image-77-43.jpg', '2017-05-07 11:13:40', 700, 550, 0, 0, 0),
(78, 7, 'image-78-62.jpg', '2017-05-07 11:13:40', 700, 550, 0, 0, 0),
(79, 7, 'image-79-92.jpg', '2017-05-07 11:13:40', 700, 550, 0, 0, 0),
(80, 7, 'image-80-84.jpg', '2017-05-07 11:13:40', 700, 550, 0, 0, 0),
(81, 7, 'image-81-3.jpg', '2017-05-07 11:13:40', 1600, 600, 0, 0, 1),
(82, 7, 'image-82-20.jpg', '2017-05-07 11:13:40', 1600, 750, 0, 1, 0),
(83, 7, 'image-83-60.jpg', '2017-05-07 11:13:40', 1600, 750, 0, 1, 0),
(84, 7, 'image-84-30.jpg', '2017-05-07 11:13:40', 1600, 750, 0, 1, 0),
(85, 7, 'image-85-6.jpg', '2017-05-07 11:13:40', 1600, 600, 0, 0, 1),
(86, 8, 'image-86-81.jpg', '2017-05-07 11:13:59', 700, 550, 0, 0, 0),
(87, 8, 'image-87-44.jpg', '2017-05-07 11:13:59', 700, 550, 0, 0, 0),
(88, 8, 'image-88-80.jpg', '2017-05-07 11:13:59', 700, 450, 0, 0, 0),
(89, 8, 'image-89-89.jpg', '2017-05-07 11:13:59', 700, 550, 0, 0, 0),
(90, 8, 'image-90-82.jpg', '2017-05-07 11:13:59', 1600, 600, 0, 0, 1),
(91, 8, 'image-91-60.jpg', '2017-05-07 11:13:59', 1600, 750, 0, 1, 0),
(92, 8, 'image-92-75.jpg', '2017-05-07 11:13:59', 1600, 750, 0, 1, 0),
(93, 8, 'image-93-35.jpg', '2017-05-07 11:13:59', 1600, 750, 0, 1, 0),
(94, 8, 'image-94-58.jpg', '2017-05-07 11:13:59', 1600, 600, 0, 0, 1),
(95, 9, 'image-95-5.jpg', '2017-05-07 11:14:19', 700, 550, 0, 0, 0),
(96, 9, 'image-96-87.jpg', '2017-05-07 11:14:19', 700, 550, 0, 0, 0),
(97, 9, 'image-97-13.jpg', '2017-05-07 11:14:19', 700, 550, 0, 0, 0),
(98, 9, 'image-98-23.jpg', '2017-05-07 11:14:19', 700, 550, 0, 0, 0),
(99, 9, 'image-99-66.jpg', '2017-05-07 11:14:19', 1600, 600, 0, 0, 1),
(100, 9, 'image-100-24.jpg', '2017-05-07 11:14:19', 1600, 750, 0, 1, 0),
(101, 9, 'image-101-60.jpg', '2017-05-07 11:14:19', 1600, 750, 0, 1, 0),
(102, 9, 'image-102-80.jpg', '2017-05-07 11:14:19', 1600, 750, 0, 1, 0),
(103, 9, 'image-103-76.jpg', '2017-05-07 11:14:19', 1600, 600, 0, 0, 1),
(104, 12, 'image-104-15.jpg', '2017-05-07 11:15:34', 700, 550, 0, 0, 0),
(105, 12, 'image-105-75.jpeg', '2017-05-07 11:15:34', 700, 550, 0, 0, 0),
(106, 12, 'image-106-45.jpg', '2017-05-07 11:15:34', 700, 550, 0, 0, 0),
(107, 12, 'image-107-86.jpg', '2017-05-07 11:15:34', 700, 550, 0, 0, 0),
(108, 12, 'image-108-54.jpg', '2017-05-07 11:15:34', 1600, 600, 0, 0, 1),
(109, 12, 'image-109-85.jpg', '2017-05-07 11:15:34', 1600, 750, 0, 1, 0),
(110, 12, 'image-110-81.jpg', '2017-05-07 11:15:34', 1600, 750, 0, 1, 0),
(111, 12, 'image-111-28.jpg', '2017-05-07 11:15:34', 1600, 750, 0, 1, 0),
(112, 12, 'image-112-4.jpg', '2017-05-07 11:15:34', 1600, 600, 0, 0, 1),
(113, 13, 'image-113-98.jpg', '2017-05-07 11:15:53', 700, 550, 0, 0, 0),
(114, 13, 'image-114-39.jpg', '2017-05-07 11:15:53', 700, 550, 0, 0, 0),
(115, 13, 'image-115-61.jpg', '2017-05-07 11:15:53', 700, 550, 0, 0, 0),
(116, 13, 'image-116-77.jpeg', '2017-05-07 11:15:53', 700, 550, 0, 0, 0),
(117, 13, 'image-117-54.jpg', '2017-05-07 11:15:53', 1600, 600, 0, 0, 1),
(118, 13, 'image-118-31.jpg', '2017-05-07 11:15:53', 1600, 750, 0, 1, 0),
(119, 13, 'image-119-15.jpg', '2017-05-07 11:15:53', 1600, 750, 0, 1, 0),
(120, 13, 'image-120-40.jpg', '2017-05-07 11:15:53', 1600, 750, 0, 1, 0),
(121, 13, 'image-121-98.jpg', '2017-05-07 11:15:53', 1600, 600, 0, 0, 1),
(122, 14, 'image-122-4.jpeg', '2017-05-07 11:16:13', 700, 550, 0, 0, 0),
(123, 14, 'image-123-67.jpg', '2017-05-07 11:16:13', 700, 550, 0, 0, 0),
(124, 14, 'image-124-7.jpeg', '2017-05-07 11:16:13', 700, 550, 0, 0, 0),
(125, 14, 'image-125-96.jpeg', '2017-05-07 11:16:13', 700, 550, 0, 0, 0),
(126, 14, 'image-126-51.jpg', '2017-05-07 11:16:13', 1600, 600, 0, 0, 1),
(127, 14, 'image-127-46.jpg', '2017-05-07 11:16:13', 1600, 750, 0, 1, 0),
(128, 14, 'image-128-66.jpg', '2017-05-07 11:16:13', 1600, 750, 0, 1, 0),
(129, 14, 'image-129-84.jpg', '2017-05-07 11:16:13', 1600, 750, 0, 1, 0),
(130, 14, 'image-130-14.jpg', '2017-05-07 11:16:13', 1600, 600, 0, 0, 1),
(131, 15, 'image-131-89.jpg', '2017-05-07 11:16:32', 700, 550, 0, 0, 0),
(132, 15, 'image-132-3.jpeg', '2017-05-07 11:16:32', 700, 551, 0, 0, 0),
(133, 15, 'image-133-7.jpeg', '2017-05-07 11:16:32', 700, 550, 0, 0, 0),
(134, 15, 'image-134-63.jpg', '2017-05-07 11:16:32', 700, 550, 0, 0, 0),
(135, 15, 'image-135-60.jpg', '2017-05-07 11:16:32', 1600, 600, 0, 0, 1),
(136, 15, 'image-136-41.jpg', '2017-05-07 11:16:32', 1600, 750, 0, 1, 0),
(137, 15, 'image-137-4.jpg', '2017-05-07 11:16:32', 1600, 750, 0, 1, 0),
(138, 15, 'image-138-13.jpg', '2017-05-07 11:16:32', 1600, 750, 0, 1, 0),
(139, 15, 'image-139-90.jpg', '2017-05-07 11:16:32', 1600, 600, 0, 0, 1),
(140, 16, 'image-140-59.jpeg', '2017-05-07 11:16:53', 700, 550, 0, 0, 0),
(141, 16, 'image-141-33.jpg', '2017-05-07 11:16:53', 700, 550, 0, 0, 0),
(142, 16, 'image-142-1.jpg', '2017-05-07 11:16:53', 700, 550, 0, 0, 0),
(143, 16, 'image-143-53.jpeg', '2017-05-07 11:16:53', 700, 550, 0, 0, 0),
(144, 16, 'image-144-21.jpg', '2017-05-07 11:16:53', 1600, 600, 0, 0, 1),
(145, 16, 'image-145-82.jpg', '2017-05-07 11:16:53', 1600, 750, 0, 1, 0),
(146, 16, 'image-146-95.jpg', '2017-05-07 11:16:53', 1600, 750, 0, 1, 0),
(147, 16, 'image-147-11.jpg', '2017-05-07 11:16:53', 1600, 750, 0, 1, 0),
(148, 16, 'image-148-24.jpg', '2017-05-07 11:16:53', 1600, 600, 0, 0, 1),
(149, 17, 'image-149-48.jpg', '2017-05-07 11:17:17', 700, 550, 0, 0, 0),
(150, 17, 'image-150-97.jpg', '2017-05-07 11:17:17', 700, 550, 0, 0, 0),
(151, 17, 'image-151-9.jpeg', '2017-05-07 11:17:17', 700, 550, 0, 0, 0),
(152, 17, 'image-152-82.jpg', '2017-05-07 11:17:17', 700, 550, 0, 0, 0),
(153, 17, 'image-153-7.jpg', '2017-05-07 11:17:17', 1600, 600, 0, 0, 1),
(154, 17, 'image-154-81.jpg', '2017-05-07 11:17:17', 1600, 750, 0, 1, 0),
(155, 17, 'image-155-77.jpg', '2017-05-07 11:17:17', 1600, 750, 0, 1, 0),
(156, 17, 'image-156-31.jpg', '2017-05-07 11:17:17', 1600, 750, 0, 1, 0),
(157, 17, 'image-157-9.jpg', '2017-05-07 11:17:17', 1600, 600, 0, 0, 1),
(158, 18, 'image-158-99.jpg', '2017-05-07 11:17:36', 700, 550, 0, 0, 0),
(159, 18, 'image-159-85.jpg', '2017-05-07 11:17:36', 700, 550, 0, 0, 0),
(160, 18, 'image-160-9.jpg', '2017-05-07 11:17:36', 700, 550, 0, 0, 0),
(161, 18, 'image-161-72.jpg', '2017-05-07 11:17:36', 700, 550, 0, 0, 0),
(162, 18, 'image-162-65.jpg', '2017-05-07 11:17:36', 1600, 600, 0, 0, 1),
(163, 18, 'image-163-11.jpg', '2017-05-07 11:17:36', 1600, 750, 0, 1, 0),
(164, 18, 'image-164-37.jpg', '2017-05-07 11:17:36', 1600, 750, 0, 1, 0),
(165, 18, 'image-165-62.jpg', '2017-05-07 11:17:36', 1600, 750, 0, 1, 0),
(166, 18, 'image-166-79.jpg', '2017-05-07 11:17:36', 1600, 600, 0, 0, 1),
(167, 19, 'image-167-57.jpeg', '2017-05-07 11:17:55', 700, 550, 0, 0, 0),
(168, 19, 'image-168-62.jpeg', '2017-05-07 11:17:55', 700, 550, 0, 0, 0),
(169, 19, 'image-169-22.jpeg', '2017-05-07 11:17:55', 700, 550, 0, 0, 0),
(170, 19, 'image-170-1.jpeg', '2017-05-07 11:17:55', 700, 550, 0, 0, 0),
(171, 19, 'image-171-59.jpg', '2017-05-07 11:17:55', 1600, 600, 0, 0, 1),
(172, 19, 'image-172-61.jpg', '2017-05-07 11:17:55', 1600, 750, 0, 1, 0),
(173, 19, 'image-173-62.jpg', '2017-05-07 11:17:55', 1600, 750, 0, 1, 0),
(174, 19, 'image-174-35.jpg', '2017-05-07 11:17:55', 1600, 750, 0, 1, 0),
(175, 19, 'image-175-14.jpg', '2017-05-07 11:17:55', 1600, 600, 0, 0, 1),
(176, 20, 'image-176-28.jpeg', '2017-05-07 11:18:52', 700, 550, 0, 0, 0),
(177, 20, 'image-177-7.jpeg', '2017-05-07 11:18:52', 700, 550, 0, 0, 0),
(178, 20, 'image-178-74.jpeg', '2017-05-07 11:18:52', 700, 550, 0, 0, 0),
(179, 20, 'image-179-70.jpeg', '2017-05-07 11:18:52', 700, 550, 0, 0, 0),
(180, 20, 'image-180-92.jpg', '2017-05-07 11:18:52', 1600, 600, 0, 0, 1),
(181, 20, 'image-181-45.jpg', '2017-05-07 11:18:52', 1600, 750, 0, 1, 0),
(182, 20, 'image-182-19.jpg', '2017-05-07 11:18:52', 1600, 750, 0, 1, 0),
(183, 20, 'image-183-32.jpg', '2017-05-07 11:18:52', 1600, 750, 0, 1, 0),
(184, 20, 'image-184-61.jpg', '2017-05-07 11:18:52', 1600, 600, 0, 0, 1),
(185, 21, 'image-185-30.jpg', '2017-05-07 11:19:33', 1600, 600, 0, 0, 1),
(186, 21, 'image-186-22.jpg', '2017-05-07 11:19:33', 1600, 750, 0, 1, 0),
(187, 21, 'image-187-65.jpg', '2017-05-07 11:19:33', 1600, 750, 0, 1, 0),
(188, 21, 'image-188-22.jpg', '2017-05-07 11:19:33', 1600, 750, 0, 1, 0),
(189, 21, 'image-189-73.jpg', '2017-05-07 11:19:33', 1920, 720, 0, 0, 1),
(190, 21, 'image-190-27.jpeg', '2017-05-07 11:19:33', 700, 550, 0, 0, 0),
(191, 21, 'image-191-39.jpeg', '2017-05-07 11:19:33', 700, 550, 0, 0, 0),
(192, 21, 'image-192-52.jpeg', '2017-05-07 11:19:33', 700, 550, 0, 0, 0),
(193, 21, 'image-193-99.jpg', '2017-05-07 11:19:33', 700, 550, 0, 0, 0),
(194, 22, 'image-194-20.jpeg', '2017-05-07 11:19:52', 700, 550, 0, 0, 0),
(195, 22, 'image-195-13.jpeg', '2017-05-07 11:19:52', 700, 550, 0, 0, 0),
(196, 22, 'image-196-98.jpg', '2017-05-07 11:19:52', 700, 550, 0, 0, 0),
(197, 22, 'image-197-30.jpg', '2017-05-07 11:19:52', 700, 550, 0, 0, 0),
(198, 22, 'image-198-57.jpg', '2017-05-07 11:19:52', 1600, 600, 0, 0, 1),
(199, 22, 'image-199-95.jpg', '2017-05-07 11:19:52', 1600, 750, 0, 1, 0),
(200, 22, 'image-200-55.jpg', '2017-05-07 11:19:52', 1600, 750, 0, 1, 0),
(201, 22, 'image-201-65.jpg', '2017-05-07 11:19:52', 1600, 750, 0, 1, 0),
(202, 22, 'image-202-36.jpeg', '2017-05-07 11:19:52', 1600, 600, 0, 0, 1),
(203, 23, 'image-203-82.jpg', '2017-05-07 11:21:12', 700, 550, 0, 0, 0),
(204, 23, 'image-204-95.jpg', '2017-05-07 11:21:12', 700, 550, 0, 0, 0),
(205, 23, 'image-205-17.jpg', '2017-05-07 11:21:12', 700, 550, 0, 0, 0),
(206, 23, 'image-206-12.jpeg', '2017-05-07 11:21:12', 700, 550, 0, 0, 0),
(207, 23, 'image-207-61.jpg', '2017-05-07 11:21:12', 1600, 600, 0, 0, 1),
(208, 23, 'image-208-89.jpg', '2017-05-07 11:21:12', 1600, 750, 0, 1, 0),
(209, 23, 'image-209-67.jpg', '2017-05-07 11:21:12', 1600, 750, 0, 1, 0),
(210, 23, 'image-210-55.jpg', '2017-05-07 11:21:12', 1600, 750, 0, 1, 0),
(211, 23, 'image-211-40.jpg', '2017-05-07 11:21:12', 1600, 600, 0, 0, 1),
(212, 25, 'image-212-27.jpg', '2017-05-07 11:21:42', 700, 550, 0, 0, 0),
(213, 25, 'image-213-91.jpg', '2017-05-07 11:21:42', 700, 550, 0, 0, 0),
(214, 25, 'image-214-62.jpg', '2017-05-07 11:21:42', 700, 550, 0, 0, 0),
(215, 25, 'image-215-41.jpg', '2017-05-07 11:21:42', 700, 550, 0, 0, 0),
(216, 25, 'image-216-79.jpg', '2017-05-07 11:21:42', 1600, 600, 0, 0, 1),
(217, 25, 'image-217-44.jpg', '2017-05-07 11:21:42', 1600, 750, 0, 1, 0),
(218, 25, 'image-218-13.jpg', '2017-05-07 11:21:42', 1600, 750, 0, 1, 0),
(219, 25, 'image-219-11.jpg', '2017-05-07 11:21:42', 1600, 750, 0, 1, 0),
(220, 25, 'image-220-68.jpg', '2017-05-07 11:21:42', 1600, 600, 0, 0, 1),
(221, 26, 'image-221-37.jpg', '2017-05-07 11:22:02', 700, 550, 0, 0, 0),
(222, 26, 'image-222-68.jpg', '2017-05-07 11:22:02', 700, 550, 0, 0, 0),
(223, 26, 'image-223-12.jpg', '2017-05-07 11:22:02', 700, 550, 0, 0, 0),
(224, 26, 'image-224-15.jpeg', '2017-05-07 11:22:02', 700, 550, 0, 0, 0),
(225, 26, 'image-225-78.jpg', '2017-05-07 11:22:02', 1600, 600, 0, 0, 1),
(226, 26, 'image-226-39.jpg', '2017-05-07 11:22:02', 1600, 750, 0, 1, 0),
(227, 26, 'image-227-48.jpg', '2017-05-07 11:22:02', 1600, 750, 0, 1, 0),
(228, 26, 'image-228-30.jpg', '2017-05-07 11:22:02', 1600, 750, 0, 1, 0),
(229, 26, 'image-229-77.jpg', '2017-05-07 11:22:02', 1600, 600, 0, 0, 1),
(230, 27, 'image-230-59.jpg', '2017-05-07 11:22:26', 700, 550, 0, 0, 0),
(231, 27, 'image-231-1.jpg', '2017-05-07 11:22:26', 700, 550, 0, 0, 0),
(232, 27, 'image-232-39.jpg', '2017-05-07 11:22:26', 700, 550, 0, 0, 0),
(233, 27, 'image-233-4.jpg', '2017-05-07 11:22:26', 700, 550, 0, 0, 0),
(234, 27, 'image-234-27.jpg', '2017-05-07 11:22:26', 1600, 600, 0, 0, 1),
(235, 27, 'image-235-92.jpg', '2017-05-07 11:22:26', 1600, 750, 0, 1, 0),
(236, 27, 'image-236-65.jpg', '2017-05-07 11:22:26', 1600, 750, 0, 1, 0),
(237, 27, 'image-237-100.jpg', '2017-05-07 11:22:26', 1600, 750, 0, 1, 0),
(240, 28, 'image-240-48.jpg', '2017-05-07 11:23:34', 700, 550, 0, 0, 0),
(241, 28, 'image-241-26.jpg', '2017-05-07 11:23:34', 700, 550, 0, 0, 0),
(242, 28, 'image-242-27.jpg', '2017-05-07 11:23:34', 700, 550, 0, 0, 0),
(243, 28, 'image-243-74.jpg', '2017-05-07 11:23:34', 700, 550, 0, 0, 0),
(244, 28, 'image-244-89.jpg', '2017-05-07 11:23:34', 1600, 600, 0, 0, 1),
(245, 28, 'image-245-97.jpg', '2017-05-07 11:23:34', 1600, 750, 0, 1, 0),
(246, 28, 'image-246-22.jpg', '2017-05-07 11:23:34', 1600, 750, 0, 1, 0),
(247, 28, 'image-247-46.jpg', '2017-05-07 11:23:34', 1600, 750, 0, 1, 0),
(248, 28, 'image-248-73.jpg', '2017-05-07 11:23:34', 1600, 600, 0, 0, 1),
(249, 30, 'image-249-2.jpg', '2017-05-07 11:23:53', 700, 550, 0, 0, 0),
(250, 30, 'image-250-53.jpg', '2017-05-07 11:23:53', 700, 550, 0, 0, 0),
(251, 30, 'image-251-63.jpg', '2017-05-07 11:23:53', 700, 550, 0, 0, 0),
(252, 30, 'image-252-11.jpg', '2017-05-07 11:23:53', 700, 550, 0, 0, 0),
(253, 30, 'image-253-4.jpg', '2017-05-07 11:23:53', 1600, 600, 0, 0, 1),
(254, 30, 'image-254-96.jpg', '2017-05-07 11:23:53', 1600, 750, 0, 1, 0),
(255, 30, 'image-255-90.jpg', '2017-05-07 11:23:53', 1600, 1067, 0, 1, 0),
(256, 30, 'image-256-92.jpg', '2017-05-07 11:23:53', 1600, 750, 0, 1, 0),
(257, 30, 'image-257-48.jpg', '2017-05-07 11:23:53', 1920, 720, 0, 0, 1),
(258, 32, 'image-258-64.jpg', '2017-05-07 11:24:23', 700, 550, 0, 0, 0),
(259, 32, 'image-259-77.jpg', '2017-05-07 11:24:23', 700, 550, 0, 0, 0),
(260, 32, 'image-260-3.jpg', '2017-05-07 11:24:23', 700, 550, 0, 0, 0),
(261, 32, 'image-261-90.jpg', '2017-05-07 11:24:23', 700, 550, 0, 0, 0),
(262, 32, 'image-262-26.jpg', '2017-05-07 11:24:23', 1600, 600, 0, 0, 1),
(263, 32, 'image-263-29.jpg', '2017-05-07 11:24:23', 1600, 750, 0, 1, 0),
(264, 32, 'image-264-89.jpg', '2017-05-07 11:24:23', 1600, 750, 0, 1, 0),
(265, 32, 'image-265-34.jpg', '2017-05-07 11:24:23', 1600, 750, 0, 1, 0),
(266, 32, 'image-266-75.jpg', '2017-05-07 11:24:23', 1600, 600, 0, 0, 1),
(267, 33, 'image-267-48.jpg', '2017-05-07 11:24:48', 700, 550, 0, 0, 0),
(268, 33, 'image-268-64.jpg', '2017-05-07 11:24:48', 700, 550, 0, 0, 0),
(269, 33, 'image-269-58.jpg', '2017-05-07 11:24:48', 700, 550, 0, 0, 0),
(270, 33, 'image-270-55.jpg', '2017-05-07 11:24:48', 700, 550, 0, 0, 0),
(271, 33, 'image-271-83.jpg', '2017-05-07 11:24:48', 1600, 600, 0, 0, 1),
(272, 33, 'image-272-77.jpg', '2017-05-07 11:24:48', 1600, 750, 0, 1, 0),
(273, 33, 'image-273-29.jpg', '2017-05-07 11:24:48', 1600, 750, 0, 1, 0),
(274, 33, 'image-274-90.jpg', '2017-05-07 11:24:48', 1600, 750, 0, 1, 0),
(275, 33, 'image-275-7.jpg', '2017-05-07 11:24:48', 1600, 600, 0, 0, 1),
(276, 34, 'image-276-1.jpg', '2017-05-07 11:25:09', 700, 550, 0, 0, 0),
(277, 34, 'image-277-98.jpg', '2017-05-07 11:25:09', 700, 550, 0, 0, 0),
(278, 34, 'image-278-21.jpg', '2017-05-07 11:25:09', 700, 550, 0, 0, 0),
(279, 34, 'image-279-81.jpg', '2017-05-07 11:25:09', 700, 550, 0, 0, 0),
(280, 34, 'image-280-69.jpg', '2017-05-07 11:25:09', 1600, 600, 0, 0, 1),
(281, 34, 'image-281-70.jpg', '2017-05-07 11:25:09', 1600, 750, 0, 1, 0),
(282, 34, 'image-282-48.jpg', '2017-05-07 11:25:09', 1600, 750, 0, 1, 0),
(283, 34, 'image-283-32.jpg', '2017-05-07 11:25:09', 1600, 750, 0, 1, 0),
(284, 34, 'image-284-66.jpg', '2017-05-07 11:25:09', 1600, 600, 0, 0, 1),
(285, 35, 'image-285-16.jpg', '2017-05-07 11:25:31', 700, 550, 0, 0, 0),
(286, 35, 'image-286-26.jpg', '2017-05-07 11:25:31', 700, 550, 0, 0, 0),
(287, 35, 'image-287-28.jpg', '2017-05-07 11:25:31', 700, 550, 0, 0, 0),
(288, 35, 'image-288-75.jpg', '2017-05-07 11:25:31', 700, 550, 0, 0, 0),
(289, 35, 'image-289-70.jpg', '2017-05-07 11:25:31', 1600, 600, 0, 0, 1),
(290, 35, 'image-290-13.jpg', '2017-05-07 11:25:31', 1600, 750, 0, 1, 0),
(291, 35, 'image-291-46.jpg', '2017-05-07 11:25:31', 1600, 750, 0, 1, 0),
(292, 35, 'image-292-37.jpg', '2017-05-07 11:25:31', 1600, 750, 0, 1, 0),
(293, 35, 'image-293-16.jpg', '2017-05-07 11:25:31', 1920, 720, 0, 0, 1),
(294, 36, 'image-294-9.jpg', '2017-05-07 11:26:05', 700, 550, 0, 0, 0),
(295, 36, 'image-295-42.jpg', '2017-05-07 11:26:05', 700, 550, 0, 0, 0),
(296, 36, 'image-296-65.jpg', '2017-05-07 11:26:05', 700, 550, 0, 0, 0),
(297, 36, 'image-297-15.jpg', '2017-05-07 11:26:05', 1600, 600, 0, 0, 1),
(298, 36, 'image-298-90.jpg', '2017-05-07 11:26:05', 1600, 750, 0, 1, 0),
(299, 36, 'image-299-36.jpg', '2017-05-07 11:26:05', 1600, 750, 0, 1, 0),
(300, 36, 'image-300-87.jpg', '2017-05-07 11:26:05', 1600, 750, 0, 1, 0),
(301, 36, 'image-301-26.jpg', '2017-05-07 11:26:05', 1600, 600, 0, 0, 1);

-- --------------------------------------------------------

--
-- Estructura de tabla para la tabla `suburl`
--

CREATE TABLE `suburl` (
  `id` int(11) NOT NULL,
  `url_id` int(11) DEFAULT NULL,
  `service_id` int(11) DEFAULT NULL,
  `suburl` varchar(255) COLLATE utf8_unicode_ci NOT NULL,
  `urlorder` int(11) NOT NULL,
  `name` varchar(255) COLLATE utf8_unicode_ci NOT NULL,
  `project_id` int(11) DEFAULT NULL
) ENGINE=InnoDB DEFAULT CHARSET=utf8 COLLATE=utf8_unicode_ci;

--
-- Volcado de datos para la tabla `suburl`
--

INSERT INTO `suburl` (`id`, `url_id`, `service_id`, `suburl`, `urlorder`, `name`, `project_id`) VALUES
(44, 88, 100, '/servicios/distribuidor-de-securitas-direct/', 100, 'Distribuidor de Securitas Direct', NULL),
(45, 88, 101, '/servicios/desarrollo-de-equipos-comerciales/', 100, 'Desarrollo de equipos comerciales', NULL),
(46, 88, 102, '/servicios/quienes-somos/', 100, 'Quienes Somos', NULL);

-- --------------------------------------------------------

--
-- Estructura de tabla para la tabla `superadministrator`
--

CREATE TABLE `superadministrator` (
  `id` int(11) NOT NULL
) ENGINE=InnoDB DEFAULT CHARSET=utf8 COLLATE=utf8_unicode_ci;

--
-- Volcado de datos para la tabla `superadministrator`
--

INSERT INTO `superadministrator` (`id`) VALUES
(2);

-- --------------------------------------------------------

--
-- Estructura de tabla para la tabla `testimony`
--

CREATE TABLE `testimony` (
  `id` int(11) NOT NULL,
  `business_id` int(11) DEFAULT NULL,
  `datecreated` datetime NOT NULL,
  `name` varchar(255) COLLATE utf8_unicode_ci NOT NULL,
  `text` longtext COLLATE utf8_unicode_ci,
  `deleted` tinyint(1) NOT NULL
) ENGINE=InnoDB DEFAULT CHARSET=utf8 COLLATE=utf8_unicode_ci;

--
-- Volcado de datos para la tabla `testimony`
--

INSERT INTO `testimony` (`id`, `business_id`, `datecreated`, `name`, `text`, `deleted`) VALUES
(117, 33, '2017-05-30 14:51:56', 'Nombre del cliente', 'Testimonio 1', 0),
(118, 33, '2017-05-30 14:51:56', 'Nombre del cliente', 'Testimonio 2', 0),
(119, 33, '2017-05-30 14:51:56', 'Nombre del cliente', 'Testimonio 3', 0),
(120, 33, '2017-05-30 14:51:56', 'Nombre del cliente', 'Testimonio 4', 0),
(129, 36, '2017-05-31 10:39:14', 'Nombre del cliente', 'Testimonio 1', 0),
(130, 36, '2017-05-31 10:39:14', 'Nombre del cliente', 'Testimonio 2', 0),
(131, 36, '2017-05-31 10:39:14', 'Nombre del cliente', 'Testimonio 3', 0),
(132, 36, '2017-05-31 10:39:14', 'Nombre del cliente', 'Testimonio 4', 0),
(141, 39, '2017-05-31 13:16:22', 'Nombre del cliente', 'Testimonio 1', 0),
(142, 39, '2017-05-31 13:16:22', 'Nombre del cliente', 'Testimonio 2', 0),
(143, 39, '2017-05-31 13:16:22', 'Nombre del cliente', 'Testimonio 3', 0),
(144, 39, '2017-05-31 13:16:22', 'Nombre del cliente', 'Testimonio 4', 0),
(149, 41, '2017-06-02 10:59:14', 'Nombre del cliente', 'Testimonio 1', 0),
(150, 41, '2017-06-02 10:59:14', 'Nombre del cliente', 'Testimonio 2', 0),
(151, 41, '2017-06-02 10:59:14', 'Nombre del cliente', 'Testimonio 3', 0),
(152, 41, '2017-06-02 10:59:14', 'Nombre del cliente', 'Testimonio 4', 0),
(157, 43, '2017-06-13 10:18:01', 'Nombre del cliente', 'Testimonio 1', 0),
(158, 43, '2017-06-13 10:18:01', 'Nombre del cliente', 'Testimonio 2', 0),
(159, 43, '2017-06-13 10:18:01', 'Nombre del cliente', 'Testimonio 3', 0),
(160, 43, '2017-06-13 10:18:01', 'Nombre del cliente', 'Testimonio 4', 0),
(161, 44, '2017-06-24 07:57:14', 'Nombre del cliente', 'Testimonio 1', 0),
(162, 44, '2017-06-24 07:57:14', 'Nombre del cliente', 'Testimonio 2', 0),
(163, 44, '2017-06-24 07:57:14', 'Nombre del cliente', 'Testimonio 3', 0),
(164, 44, '2017-06-24 07:57:14', 'Nombre del cliente', 'Testimonio 4', 0),
(165, 45, '2017-06-24 07:57:41', 'Nombre del cliente', 'Testimonio 1', 0),
(166, 45, '2017-06-24 07:57:41', 'Nombre del cliente', 'Testimonio 2', 0),
(167, 45, '2017-06-24 07:57:41', 'Nombre del cliente', 'Testimonio 3', 0),
(168, 45, '2017-06-24 07:57:41', 'Nombre del cliente', 'Testimonio 4', 0),
(169, 46, '2017-09-29 15:45:57', 'Nombre del cliente', 'Testimonio 1', 0),
(170, 46, '2017-09-29 15:45:57', 'Nombre del cliente', 'Testimonio 2', 0),
(171, 46, '2017-09-29 15:45:57', 'Nombre del cliente', 'Testimonio 3', 0),
(172, 46, '2017-09-29 15:45:57', 'Nombre del cliente', 'Testimonio 4', 0),
(173, 48, '2017-12-05 08:34:00', 'Nombre del cliente', 'Testimonio 1', 0),
(174, 48, '2017-12-05 08:34:00', 'Nombre del cliente', 'Testimonio 2', 0),
(175, 48, '2017-12-05 08:34:00', 'Nombre del cliente', 'Testimonio 3', 0),
(176, 48, '2017-12-05 08:34:00', 'Nombre del cliente', 'Testimonio 4', 0),
(177, 8, '2018-03-13 13:56:44', 'Nombre del cliente', 'Testimonio 1', 0),
(178, 8, '2018-03-13 13:56:44', 'Nombre del cliente', 'Testimonio 2', 0),
(179, 8, '2018-03-13 13:56:44', 'Nombre del cliente', 'Testimonio 3', 0),
(180, 8, '2018-03-13 13:56:44', 'Nombre del cliente', 'Testimonio 4', 0),
(181, 49, '2018-03-14 08:23:55', 'Nombre del cliente', 'Testimonio 1', 0),
(182, 49, '2018-03-14 08:23:55', 'Nombre del cliente', 'Testimonio 2', 0),
(183, 49, '2018-03-14 08:23:55', 'Nombre del cliente', 'Testimonio 3', 0),
(184, 49, '2018-03-14 08:23:55', 'Nombre del cliente', 'Testimonio 4', 0),
(185, 50, '2018-04-05 08:36:57', 'Nombre del cliente', 'Testimonio 1', 0),
(186, 50, '2018-04-05 08:36:57', 'Nombre del cliente', 'Testimonio 2', 0),
(187, 50, '2018-04-05 08:36:57', 'Nombre del cliente', 'Testimonio 3', 0),
(188, 50, '2018-04-05 08:36:57', 'Nombre del cliente', 'Testimonio 4', 0),
(189, 51, '2018-04-13 09:50:30', 'Nombre del cliente', 'Testimonio 1', 0),
(190, 51, '2018-04-13 09:50:30', 'Nombre del cliente', 'Testimonio 2', 0),
(191, 51, '2018-04-13 09:50:30', 'Nombre del cliente', 'Testimonio 3', 0),
(192, 51, '2018-04-13 09:50:30', 'Nombre del cliente', 'Testimonio 4', 0),
(193, 53, '2018-04-15 15:19:07', 'Nombre del cliente', 'Testimonio 1', 0),
(194, 53, '2018-04-15 15:19:07', 'Nombre del cliente', 'Testimonio 2', 0),
(195, 53, '2018-04-15 15:19:07', 'Nombre del cliente', 'Testimonio 3', 0),
(196, 53, '2018-04-15 15:19:07', 'Nombre del cliente', 'Testimonio 4', 0),
(197, 52, '2018-04-17 08:08:51', 'Nombre del cliente', 'Testimonio 1', 0),
(198, 52, '2018-04-17 08:08:51', 'Nombre del cliente', 'Testimonio 2', 0),
(199, 52, '2018-04-17 08:08:51', 'Nombre del cliente', 'Testimonio 3', 0),
(200, 52, '2018-04-17 08:08:51', 'Nombre del cliente', 'Testimonio 4', 0),
(201, 54, '2018-04-23 08:06:39', 'Nombre del cliente', 'Testimonio 1', 0),
(202, 54, '2018-04-23 08:06:39', 'Nombre del cliente', 'Testimonio 2', 0),
(203, 54, '2018-04-23 08:06:39', 'Nombre del cliente', 'Testimonio 3', 0),
(204, 54, '2018-04-23 08:06:39', 'Nombre del cliente', 'Testimonio 4', 0),
(209, 55, '2018-05-14 15:43:27', 'Nombre del cliente', 'Testimonio 1', 0),
(210, 55, '2018-05-14 15:43:27', 'Nombre del cliente', 'Testimonio 2', 0),
(211, 55, '2018-05-14 15:43:27', 'Nombre del cliente', 'Testimonio 3', 0),
(212, 55, '2018-05-14 15:43:27', 'Nombre del cliente', 'Testimonio 4', 0),
(213, 57, '2018-05-21 09:23:23', 'Nombre del cliente', 'Testimonio 1', 0),
(214, 57, '2018-05-21 09:23:23', 'Nombre del cliente', 'Testimonio 2', 0),
(215, 57, '2018-05-21 09:23:23', 'Nombre del cliente', 'Testimonio 3', 0),
(216, 57, '2018-05-21 09:23:23', 'Nombre del cliente', 'Testimonio 4', 0),
(217, 58, '2018-05-29 08:17:32', 'Nombre del cliente', 'Testimonio 1', 0),
(218, 58, '2018-05-29 08:17:32', 'Nombre del cliente', 'Testimonio 2', 0),
(219, 58, '2018-05-29 08:17:32', 'Nombre del cliente', 'Testimonio 3', 0),
(220, 58, '2018-05-29 08:17:32', 'Nombre del cliente', 'Testimonio 4', 0),
(221, 60, '2018-07-18 08:44:23', 'Nombre del cliente', 'Testimonio 1', 0),
(222, 60, '2018-07-18 08:44:23', 'Nombre del cliente', 'Testimonio 2', 0),
(223, 60, '2018-07-18 08:44:23', 'Nombre del cliente', 'Testimonio 3', 0),
(224, 60, '2018-07-18 08:44:23', 'Nombre del cliente', 'Testimonio 4', 0),
(225, 40, '2018-09-26 11:45:36', 'Nombre del cliente', 'Testimonio 1', 0),
(226, 40, '2018-09-26 11:45:36', 'Nombre del cliente', 'Testimonio 2', 0),
(227, 40, '2018-09-26 11:45:36', 'Nombre del cliente', 'Testimonio 3', 0),
(228, 40, '2018-09-26 11:45:36', 'Nombre del cliente', 'Testimonio 4', 0);

-- --------------------------------------------------------

--
-- Estructura de tabla para la tabla `text`
--

CREATE TABLE `text` (
  `id` int(11) NOT NULL,
  `text` longtext COLLATE utf8_unicode_ci NOT NULL
) ENGINE=InnoDB DEFAULT CHARSET=utf8 COLLATE=utf8_unicode_ci;

-- --------------------------------------------------------

--
-- Estructura de tabla para la tabla `theme`
--

CREATE TABLE `theme` (
  `id` int(11) NOT NULL,
  `numtheme` int(11) NOT NULL,
  `template` varchar(255) COLLATE utf8_unicode_ci NOT NULL,
  `tipo` varchar(255) COLLATE utf8_unicode_ci NOT NULL,
  `name` varchar(255) COLLATE utf8_unicode_ci NOT NULL,
  `pathimagen` varchar(255) COLLATE utf8_unicode_ci NOT NULL,
  `tituloplantilla` varchar(255) COLLATE utf8_unicode_ci DEFAULT NULL
) ENGINE=InnoDB DEFAULT CHARSET=utf8 COLLATE=utf8_unicode_ci;

--
-- Volcado de datos para la tabla `theme`
--

INSERT INTO `theme` (`id`, `numtheme`, `template`, `tipo`, `name`, `pathimagen`, `tituloplantilla`) VALUES
(1, 1, 'mgalery:theme1.html.twig', 'themegalery', 'Tema 1', '/disenio-modulos/galeria1.png', 'Elije el tipo de galería que más te guste'),
(2, 2, 'mgalery:theme2.html.twig', 'themegalery', 'Tema 2', '/disenio-modulos/galeria2.png', 'Elije el tipo de galería que más te guste'),
(3, 3, 'mgalery:theme3.html.twig', 'themegalery', 'Tema 3', '/disenio-modulos/galeria3.png', 'Elije el tipo de galería que más te guste'),
(4, 1, 'mtestimony:theme1.html.twig', 'themetestimonies', 'Tema 1', '/disenio-modulos/testimonio1.png', 'Elije el tipo de plantilla que más te guste'),
(5, 2, 'mtestimony:theme2.html.twig', 'themetestimonies', 'Tema 2', '/disenio-modulos/testimonio2.png', 'Elije el tipo de plantilla que más te guste'),
(6, 3, 'mtestimony:theme3.html.twig', 'themetestimonies', 'Tema 3', '/disenio-modulos/testimonio3.png', 'Elije el tipo de plantilla que más te guste'),
(7, 4, 'mtestimony:theme4.html.twig', 'themetestimonies', 'Tema 4', '/disenio-modulos/testimonio4.png', 'Elije el tipo de plantilla que más te guste'),
(8, 5, 'mtestimony:theme5.html.twig', 'themetestimonies', 'Tema 5', '/disenio-modulos/testimonio5.png', 'Elije el tipo de plantilla que más te guste'),
(9, 6, 'mtestimony:theme6.html.twig', 'themetestimonies', 'Tema 6', '/disenio-modulos/testimonio6.png', 'Elije el tipo de plantilla que más te guste'),
(11, 1, 'mservices:theme1.html.twig', 'themeservices', 'Tema 1', '/disenio-modulos/servicios1.png', 'Elije el tipo de plantilla que más te guste'),
(12, 2, 'mservices:theme2.html.twig', 'themeservices', 'Tema 2', '/disenio-modulos/servicios2.png', 'Elije el tipo de plantilla que más te guste'),
(13, 3, 'mservices:theme3.html.twig', 'themeservices', 'Tema 3', '/disenio-modulos/servicios3.png', 'Elije el tipo de plantilla que más te guste'),
(14, 4, 'mservices:theme4.html.twig', 'themeservices', 'Tema 4', '/disenio-modulos/servicios4.png', 'Elije el tipo de plantilla que más te guste'),
(15, 5, 'mservices:theme5.html.twig', 'themeservices', 'Tema 5', '/disenio-modulos/servicios5.png', 'Elije el tipo de plantilla que más te guste'),
(17, 1, 'mwelcometext:theme1.html.twig', 'themewelcometext', 'Tema 1', '/disenio-modulos/texto-bienvenida1.png', 'Elije el tipo de plantilla que más te guste'),
(18, 4, 'mgalery:theme4.html.twig', 'themegalery', 'Tema 4', '/disenio-modulos/galeria4.png', 'Elije el tipo de plantilla que más te guste'),
(19, 1, 'mlastnews:theme1.html.twig', 'themelastnews', 'Tema 1', '/disenio-modulos/noticiasdest1.png', 'Elije el tipo de plantilla que más te guste'),
(20, 2, 'mlastnews:theme2.html.twig', 'themelastnews', 'Tema 2', '/disenio-modulos/noticiasdest2.png', 'Elije el tipo de plantilla que más te guste'),
(21, 3, 'mlastnews:theme3.html.twig', 'themelastnews', 'Tema 3', '/disenio-modulos/noticiasdest3.png', 'Elije el tipo de plantilla que más te guste'),
(22, 1, 'mfreetextimage:theme1.html.twig', 'themefreetextimage', 'Tema 1', '/disenio-modulos/texto-libre1.png', 'Elije el tipo de plantilla que más te guste'),
(23, 2, 'mfreetextimage:theme2.html.twig', 'themefreetextimage', 'Tema 2', '/disenio-modulos/texto-libre2.png', 'Elije el tipo de plantilla que más te guste'),
(24, 3, 'mfreetextimage:theme3.html.twig', 'themefreetextimage', 'Tema 3', '/disenio-modulos/texto-libre3.png', 'Elije el tipo de plantilla que más te guste'),
(25, 4, 'mfreetextimage:theme4.html.twig', 'themefreetextimage', 'Tema 4', '/disenio-modulos/texto-libre4.png', 'Elije el tipo de plantilla que más te guste'),
(26, 1, 'mmap:theme1.html.twig', 'thememap', 'Tema 1', '/disenio-modulos/mapa.png', 'Elije el tipo de plantilla que más te guste'),
(27, 1, 'mcontact:theme1.html.twig', 'themecontact', 'Tema 1', '/disenio-modulos/contacto1.png', 'Elije el tipo de plantilla que más te guste'),
(28, 2, 'mcontact:theme2.html.twig', 'themecontact', 'Tema 2', '/disenio-modulos/contacto2.png', 'Elije el tipo de plantilla que más te guste'),
(29, 1, 'mservicedetail:theme1.html.twig', 'themeservicedetail', 'Tema 1', '/disenio-modulos/servicio-interior1.png', 'Elije el tipo de plantilla que más te guste'),
(30, 2, 'mservicedetail:theme2.html.twig', 'themeservicedetail', 'Tema 2', '/disenio-modulos/servicio-interior2.png', 'Elije el tipo de plantilla que más te guste'),
(31, 1, 'mserviceslist:theme1.html.twig', 'themeserviceslist', 'Tema 1', '/disenio-modulos/pagina-servicios1.png', 'Elije el tipo de plantilla que más te guste'),
(32, 2, 'mserviceslist:theme2.html.twig', 'themeserviceslist', 'Tema 2', '/disenio-modulos/pagina-servicios2.png', 'Elije el tipo de plantilla que más te guste'),
(33, 3, 'mserviceslist:theme3.html.twig', 'themeserviceslist', 'Tema 3', '/disenio-modulos/pagina-servicios3.png', 'Elije el tipo de plantilla que más te guste'),
(34, 1, 'mfooter:theme1.html.twig', 'themefooter', 'Tema 1', '/disenio-modulos/footer1.png', 'Elije el tipo de pie de página que más te guste'),
(35, 2, 'mfooter:theme2.html.twig', 'themefooter', 'Tema 2', '/disenio-modulos/footer2.png', 'Elije el tipo de pie de página que más te guste'),
(36, 3, 'mfooter:theme3.html.twig', 'themefooter', 'Tema 3', '/disenio-modulos/footer3.png', 'Elije el tipo de pie de página que más te guste'),
(37, 1, 'mheader:theme1.html.twig', 'themeheader', 'Tema 1', '/disenio-modulos/cabecera1.png', 'Elije el tipo de cabecera que más te guste'),
(38, 2, 'mheader:theme2.html.twig', 'themeheader', 'Tema 2', '/disenio-modulos/cabecera2.png', 'Elije el tipo de cabecera que más te guste'),
(39, 3, 'mheader:theme3.html.twig', 'themeheader', 'Tema 3', '/disenio-modulos/cabecera3.png', 'Elije el tipo de cabecera que más te guste'),
(40, 4, 'mheader:theme4.html.twig', 'themeheader', 'Tema 4', '/disenio-modulos/cabecera4.png', 'Elije el tipo de cabecera que más te guste'),
(41, 5, 'mheader:theme5.html.twig', 'themeheader', 'Tema 5', '/disenio-modulos/cabecera5.png', 'Elije el tipo de cabecera que más te guste'),
(42, 1, 'mprojectsfeatures:theme1.html.twig', 'themeprojectsfeatures', 'Tema 1', '/disenio-modulos/proyectos1.png', 'Elije la plantilla que más te guste'),
(43, 2, 'mprojectsfeatures:theme2.html.twig', 'themeprojectsfeatures', 'Tema 2', '/disenio-modulos/proyectos2.png', 'Elije la plantilla que más te guste'),
(44, 3, 'mprojectsfeatures:theme3.html.twig', 'themeprojectsfeatures', 'Tema 3', '/disenio-modulos/proyectos3.png', 'Elije la plantilla que más te guste'),
(45, 1, 'mprojectdetail:theme1.html.twig', 'themeprojectdetail', 'Tema 1', '/disenio-modulos/servicio-interior1.png', 'Elije la plantilla que más te guste'),
(46, 2, 'mprojectdetail:theme2.html.twig', 'themeprojectdetail', 'Tema 2', '/disenio-modulos/servicio-interior2.png', 'Elije la plantilla que más te guste'),
(47, 1, 'mprojectslist:theme1.html.twig', 'themeprojectlist', 'Tema 1', '/disenio-modulos/pagina-proyectos1.png', 'Elije el tipo de plantilla que más te guste'),
(48, 2, 'mprojectslist:theme2.html.twig', 'themeprojectlist', 'Tema 2', '/disenio-modulos/pagina-proyectos2.png', 'Elije el tipo de plantilla que más te guste'),
(49, 3, 'mprojectslist:theme3.html.twig', 'themeprojectlist', 'Tema 3', '/disenio-modulos/pagina-proyectos3.png', 'Elije el tipo de plantilla que más te guste'),
(50, 1, 'mnewdetail:theme1.html.twig', 'themenewdetail', 'Tema 1', '/disenio-modulos/proyecto-interior1.png', 'Elije la plantilla que más te guste'),
(51, 2, 'mnewdetail:theme2.html.twig', 'themenewdetail', 'Tema 2', '/disenio-modulos/proyecto-interior2.png', 'Elije la plantilla que más te guste'),
(52, 1, 'mnewslist:theme1.html.twig', 'themenewslist', 'Tema 1', '/disenio-modulos/pagina-servicios1.png', 'Elije el tipo de plantilla que más te guste'),
(53, 2, 'mnewslist:theme2.html.twig', 'themenewslist', 'Tema 2', '/disenio-modulos/pagina-servicios2.png', 'Elije el tipo de plantilla que más te guste'),
(54, 3, 'mnewslist:theme3.html.twig', 'themenewslist', 'Tema 3', '/disenio-modulos/pagina-servicios3.png', 'Elije el tipo de plantilla que más te guste'),
(55, 1, 'mfeaturedproducts:theme1.html.twig', 'themefeaturedproducts', 'Tema 1', '/disenio-modulos/porductosdestacados1.png', 'Elije el tipo de plantilla que más te guste'),
(56, 2, 'mfeaturedproducts:theme2.html.twig', 'themefeaturedproducts', 'Tema 2', '/disenio-modulos/porductosdestacados2.png', 'Elije el tipo de plantilla que más te guste'),
(57, 1, 'mproductlist:theme1.html.twig', 'themeproductlist', 'Tema 1', '/disenio-modulos/mproductlist1.jpg', 'Elije el tipo de plantilla que más te guste'),
(58, 2, 'mproductlist:theme2.html.twig', 'themeproductlist', 'Tema 2', '/disenio-modulos/mproductlist2.jpg', 'Elije el tipo de plantilla que más te guste'),
(59, 3, 'mproductlist:theme3.html.twig', 'themeproductlist', 'Tema 3', '/disenio-modulos/mproductlist3.jpg', 'Elije el tipo de plantilla que más te guste');

-- --------------------------------------------------------

--
-- Estructura de tabla para la tabla `themecontact`
--

CREATE TABLE `themecontact` (
  `id` int(11) NOT NULL
) ENGINE=InnoDB DEFAULT CHARSET=utf8 COLLATE=utf8_unicode_ci;

--
-- Volcado de datos para la tabla `themecontact`
--

INSERT INTO `themecontact` (`id`) VALUES
(27),
(28);

-- --------------------------------------------------------

--
-- Estructura de tabla para la tabla `themefeaturedproducts`
--

CREATE TABLE `themefeaturedproducts` (
  `id` int(11) NOT NULL
) ENGINE=InnoDB DEFAULT CHARSET=utf8 COLLATE=utf8_unicode_ci;

--
-- Volcado de datos para la tabla `themefeaturedproducts`
--

INSERT INTO `themefeaturedproducts` (`id`) VALUES
(55),
(56);

-- --------------------------------------------------------

--
-- Estructura de tabla para la tabla `themefooter`
--

CREATE TABLE `themefooter` (
  `id` int(11) NOT NULL
) ENGINE=InnoDB DEFAULT CHARSET=utf8 COLLATE=utf8_unicode_ci;

--
-- Volcado de datos para la tabla `themefooter`
--

INSERT INTO `themefooter` (`id`) VALUES
(34),
(35),
(36);

-- --------------------------------------------------------

--
-- Estructura de tabla para la tabla `themefreetextimage`
--

CREATE TABLE `themefreetextimage` (
  `id` int(11) NOT NULL
) ENGINE=InnoDB DEFAULT CHARSET=utf8 COLLATE=utf8_unicode_ci;

--
-- Volcado de datos para la tabla `themefreetextimage`
--

INSERT INTO `themefreetextimage` (`id`) VALUES
(22),
(23),
(24),
(25);

-- --------------------------------------------------------

--
-- Estructura de tabla para la tabla `themegalery`
--

CREATE TABLE `themegalery` (
  `id` int(11) NOT NULL
) ENGINE=InnoDB DEFAULT CHARSET=utf8 COLLATE=utf8_unicode_ci;

--
-- Volcado de datos para la tabla `themegalery`
--

INSERT INTO `themegalery` (`id`) VALUES
(1),
(2),
(3),
(18);

-- --------------------------------------------------------

--
-- Estructura de tabla para la tabla `themeheader`
--

CREATE TABLE `themeheader` (
  `id` int(11) NOT NULL
) ENGINE=InnoDB DEFAULT CHARSET=utf8 COLLATE=utf8_unicode_ci;

--
-- Volcado de datos para la tabla `themeheader`
--

INSERT INTO `themeheader` (`id`) VALUES
(37),
(38),
(39),
(40),
(41);

-- --------------------------------------------------------

--
-- Estructura de tabla para la tabla `themelastnews`
--

CREATE TABLE `themelastnews` (
  `id` int(11) NOT NULL
) ENGINE=InnoDB DEFAULT CHARSET=utf8 COLLATE=utf8_unicode_ci;

--
-- Volcado de datos para la tabla `themelastnews`
--

INSERT INTO `themelastnews` (`id`) VALUES
(19),
(20),
(21);

-- --------------------------------------------------------

--
-- Estructura de tabla para la tabla `thememap`
--

CREATE TABLE `thememap` (
  `id` int(11) NOT NULL
) ENGINE=InnoDB DEFAULT CHARSET=utf8 COLLATE=utf8_unicode_ci;

--
-- Volcado de datos para la tabla `thememap`
--

INSERT INTO `thememap` (`id`) VALUES
(26);

-- --------------------------------------------------------

--
-- Estructura de tabla para la tabla `themenewdetail`
--

CREATE TABLE `themenewdetail` (
  `id` int(11) NOT NULL
) ENGINE=InnoDB DEFAULT CHARSET=utf8 COLLATE=utf8_unicode_ci;

--
-- Volcado de datos para la tabla `themenewdetail`
--

INSERT INTO `themenewdetail` (`id`) VALUES
(50),
(51);

-- --------------------------------------------------------

--
-- Estructura de tabla para la tabla `themenewslist`
--

CREATE TABLE `themenewslist` (
  `id` int(11) NOT NULL
) ENGINE=InnoDB DEFAULT CHARSET=utf8 COLLATE=utf8_unicode_ci;

--
-- Volcado de datos para la tabla `themenewslist`
--

INSERT INTO `themenewslist` (`id`) VALUES
(52),
(53),
(54);

-- --------------------------------------------------------

--
-- Estructura de tabla para la tabla `themeproductlist`
--

CREATE TABLE `themeproductlist` (
  `id` int(11) NOT NULL
) ENGINE=InnoDB DEFAULT CHARSET=utf8 COLLATE=utf8_unicode_ci;

--
-- Volcado de datos para la tabla `themeproductlist`
--

INSERT INTO `themeproductlist` (`id`) VALUES
(57),
(58),
(59);

-- --------------------------------------------------------

--
-- Estructura de tabla para la tabla `themeprojectdetail`
--

CREATE TABLE `themeprojectdetail` (
  `id` int(11) NOT NULL
) ENGINE=InnoDB DEFAULT CHARSET=utf8 COLLATE=utf8_unicode_ci;

--
-- Volcado de datos para la tabla `themeprojectdetail`
--

INSERT INTO `themeprojectdetail` (`id`) VALUES
(45),
(46);

-- --------------------------------------------------------

--
-- Estructura de tabla para la tabla `themeprojectlist`
--

CREATE TABLE `themeprojectlist` (
  `id` int(11) NOT NULL
) ENGINE=InnoDB DEFAULT CHARSET=utf8 COLLATE=utf8_unicode_ci;

--
-- Volcado de datos para la tabla `themeprojectlist`
--

INSERT INTO `themeprojectlist` (`id`) VALUES
(47),
(48),
(49);

-- --------------------------------------------------------

--
-- Estructura de tabla para la tabla `themeprojects`
--

CREATE TABLE `themeprojects` (
  `id` int(11) NOT NULL
) ENGINE=InnoDB DEFAULT CHARSET=utf8 COLLATE=utf8_unicode_ci;

-- --------------------------------------------------------

--
-- Estructura de tabla para la tabla `themeprojectsfeatures`
--

CREATE TABLE `themeprojectsfeatures` (
  `id` int(11) NOT NULL
) ENGINE=InnoDB DEFAULT CHARSET=utf8 COLLATE=utf8_unicode_ci;

--
-- Volcado de datos para la tabla `themeprojectsfeatures`
--

INSERT INTO `themeprojectsfeatures` (`id`) VALUES
(42),
(43),
(44);

-- --------------------------------------------------------

--
-- Estructura de tabla para la tabla `themeservicedetail`
--

CREATE TABLE `themeservicedetail` (
  `id` int(11) NOT NULL
) ENGINE=InnoDB DEFAULT CHARSET=utf8 COLLATE=utf8_unicode_ci;

--
-- Volcado de datos para la tabla `themeservicedetail`
--

INSERT INTO `themeservicedetail` (`id`) VALUES
(29),
(30);

-- --------------------------------------------------------

--
-- Estructura de tabla para la tabla `themeservices`
--

CREATE TABLE `themeservices` (
  `id` int(11) NOT NULL
) ENGINE=InnoDB DEFAULT CHARSET=utf8 COLLATE=utf8_unicode_ci;

--
-- Volcado de datos para la tabla `themeservices`
--

INSERT INTO `themeservices` (`id`) VALUES
(11),
(12),
(13),
(14),
(15);

-- --------------------------------------------------------

--
-- Estructura de tabla para la tabla `themeserviceslist`
--

CREATE TABLE `themeserviceslist` (
  `id` int(11) NOT NULL
) ENGINE=InnoDB DEFAULT CHARSET=utf8 COLLATE=utf8_unicode_ci;

--
-- Volcado de datos para la tabla `themeserviceslist`
--

INSERT INTO `themeserviceslist` (`id`) VALUES
(31),
(32),
(33);

-- --------------------------------------------------------

--
-- Estructura de tabla para la tabla `themetestimonies`
--

CREATE TABLE `themetestimonies` (
  `id` int(11) NOT NULL
) ENGINE=InnoDB DEFAULT CHARSET=utf8 COLLATE=utf8_unicode_ci;

--
-- Volcado de datos para la tabla `themetestimonies`
--

INSERT INTO `themetestimonies` (`id`) VALUES
(4),
(5),
(6),
(7),
(8),
(9);

-- --------------------------------------------------------

--
-- Estructura de tabla para la tabla `themewelcometext`
--

CREATE TABLE `themewelcometext` (
  `id` int(11) NOT NULL
) ENGINE=InnoDB DEFAULT CHARSET=utf8 COLLATE=utf8_unicode_ci;

--
-- Volcado de datos para la tabla `themewelcometext`
--

INSERT INTO `themewelcometext` (`id`) VALUES
(17);

-- --------------------------------------------------------

--
-- Estructura de tabla para la tabla `tipotarifa`
--

CREATE TABLE `tipotarifa` (
  `id` int(11) NOT NULL,
  `business_id` int(11) DEFAULT NULL,
  `nombre` varchar(255) COLLATE utf8_unicode_ci NOT NULL,
  `fechacreacion` datetime NOT NULL,
  `eliminado` tinyint(1) NOT NULL
) ENGINE=InnoDB DEFAULT CHARSET=utf8 COLLATE=utf8_unicode_ci;

-- --------------------------------------------------------

--
-- Estructura de tabla para la tabla `url`
--

CREATE TABLE `url` (
  `id` int(11) NOT NULL,
  `mfooter_id` int(11) DEFAULT NULL,
  `mheader_id` int(11) DEFAULT NULL,
  `url` varchar(255) COLLATE utf8_unicode_ci NOT NULL,
  `name` varchar(255) COLLATE utf8_unicode_ci NOT NULL,
  `urlorder` int(11) NOT NULL,
  `page_id` int(11) DEFAULT NULL
) ENGINE=InnoDB DEFAULT CHARSET=utf8 COLLATE=utf8_unicode_ci;

--
-- Volcado de datos para la tabla `url`
--

INSERT INTO `url` (`id`, `mfooter_id`, `mheader_id`, `url`, `name`, `urlorder`, `page_id`) VALUES
(56, 32, NULL, '/', 'HOME', 1, 75),
(57, NULL, 32, '/', 'PINTURAS LA FAMILIA', 1, 75),
(75, 35, NULL, '/', 'HOME', 1, 84),
(76, NULL, 35, '/', 'Inicio', 1, 84),
(82, 38, NULL, '/', 'HOME', 1, 90),
(83, NULL, 38, '/', 'HOME', 1, 90),
(86, 35, NULL, '/contacto/', 'contacto', 100, 93),
(87, NULL, 35, '/contacto/', 'contacto', 3, 93),
(88, NULL, 35, '/servicios/', 'Servicios', 2, 85),
(92, 40, NULL, '/', 'HOME', 1, 99),
(93, NULL, 40, '/', 'HOME', 1, 99),
(96, 42, NULL, '/', 'HOME', 1, 108),
(97, NULL, 42, '/', 'HOME', 1, 108),
(98, 43, NULL, '/', 'HOME', 1, 115),
(99, NULL, 43, '/', 'HOME', 1, 115),
(100, 44, NULL, '/', '', 1, 116),
(101, NULL, 44, '/', '', 1, 116),
(106, 45, NULL, '/', 'HOME', 1, 131),
(107, NULL, 45, '/', 'HOME', 1, 131),
(108, 46, NULL, '/', 'HOME', 1, 135),
(109, NULL, 46, '/', 'HOME', 1, 135),
(110, 47, NULL, '/', 'HOME', 1, 141),
(111, NULL, 47, '/', 'HOME', 1, 141),
(112, 48, NULL, '/', 'HOME', 1, 142),
(114, NULL, 48, '/quienes-somos/', 'NOSOTROS', 100, 145),
(115, NULL, 48, '/ex%C3%A1menes/', 'EXAMEN', 100, 146),
(116, NULL, 48, '/PERMISOS/', 'PERMISOS', 100, 155),
(117, NULL, 48, '/PISTAS/', 'PISTAS', 100, 160),
(118, NULL, 48, '/RESULTADO%20EXAMEN/', 'RESULTADOS', 100, 161),
(119, 49, NULL, '/', 'HOME', 1, 164),
(120, NULL, 49, '/', 'JOSE MAGALHAES', 1, 164),
(121, 50, NULL, '/', 'HOME', 1, 167),
(122, NULL, 50, '/', 'HOME', 1, 167),
(123, 51, NULL, '/', 'HOME', 1, 169),
(124, NULL, 51, '/', 'HOME', 1, 169),
(125, 52, NULL, '/', 'HOME', 1, 173),
(126, NULL, 52, '/', 'HOME', 1, 173),
(127, 53, NULL, '/', 'HOME', 1, 178),
(128, NULL, 53, '/', 'Ingeniería y proyectos de acero (Inpracer)', 1, 178),
(164, 55, NULL, '/', 'HOME', 1, 208),
(165, NULL, 55, '/', 'HOME', 1, 208),
(166, 56, NULL, '/', 'HOME', 1, 209),
(167, NULL, 56, '/', 'servicios', 1, 209),
(170, 57, NULL, '/', 'TALLERES PADILLA', 100, 215),
(171, NULL, 57, '/', 'TALLERES PADILLA ', 100, 215),
(172, 58, NULL, '/', 'HOME', 1, 231),
(173, NULL, 58, '/', 'HOME', 1, 231),
(273, 72, NULL, '/', 'HOME', 1, 289),
(274, NULL, 72, '/', 'HOME', 1, 289),
(275, NULL, 72, '/tienda/', 'Tienda', 100, 287),
(276, NULL, 72, '/cart/', 'Carrito', 100, 288),
(319, 76, NULL, '/', 'HOME', 1, 310),
(320, NULL, 76, '/', 'HOME', 1, 310),
(361, 83, NULL, '/', 'HOME', 1, 360),
(362, NULL, 83, '/', 'HOME', 1, 360),
(363, NULL, 83, '/tienda/', 'Tienda', 100, 358),
(364, NULL, 83, '/cart/', 'Carrito', 100, 359);

-- --------------------------------------------------------

--
-- Estructura de tabla para la tabla `variant`
--

CREATE TABLE `variant` (
  `id` int(11) NOT NULL,
  `product_id` int(11) DEFAULT NULL,
  `variant` varchar(255) COLLATE utf8_unicode_ci NOT NULL,
  `datecreated` datetime NOT NULL,
  `deleted` tinyint(1) NOT NULL,
  `orden` int(11) NOT NULL
) ENGINE=InnoDB DEFAULT CHARSET=utf8 COLLATE=utf8_unicode_ci;

-- --------------------------------------------------------

--
-- Estructura de tabla para la tabla `variantvalue`
--

CREATE TABLE `variantvalue` (
  `id` int(11) NOT NULL,
  `variant_id` int(11) DEFAULT NULL,
  `variantvalue` varchar(255) COLLATE utf8_unicode_ci NOT NULL,
  `datecreated` datetime NOT NULL,
  `deleted` tinyint(1) NOT NULL,
  `orden` int(11) NOT NULL
) ENGINE=InnoDB DEFAULT CHARSET=utf8 COLLATE=utf8_unicode_ci;

--
-- Índices para tablas volcadas
--

--
-- Indices de la tabla `address`
--
ALTER TABLE `address`
  ADD PRIMARY KEY (`id`),
  ADD KEY `IDX_D4E6F8119EB6921` (`client_id`),
  ADD KEY `IDX_D4E6F81D55BB00C` (`delivery_province_id`);

--
-- Indices de la tabla `administrator`
--
ALTER TABLE `administrator`
  ADD PRIMARY KEY (`id`),
  ADD UNIQUE KEY `UNIQ_58DF0651A89DB457` (`business_id`);

--
-- Indices de la tabla `blog`
--
ALTER TABLE `blog`
  ADD PRIMARY KEY (`id`),
  ADD UNIQUE KEY `UNIQ_C0155143C4663E4` (`page_id`),
  ADD KEY `IDX_C01551433397707A` (`categoria_id`),
  ADD KEY `IDX_C0155143A89DB457` (`business_id`);

--
-- Indices de la tabla `blogcategoria`
--
ALTER TABLE `blogcategoria`
  ADD PRIMARY KEY (`id`),
  ADD KEY `IDX_148D736AA89DB457` (`business_id`);

--
-- Indices de la tabla `blogcomentario`
--
ALTER TABLE `blogcomentario`
  ADD PRIMARY KEY (`id`),
  ADD KEY `IDX_A373AE50DAE07E97` (`blog_id`);

--
-- Indices de la tabla `blogs`
--
ALTER TABLE `blogs`
  ADD PRIMARY KEY (`Blog_id`,`relacion_blog_id`),
  ADD KEY `IDX_F41BCA70155D470B` (`Blog_id`),
  ADD KEY `IDX_F41BCA70BB1B6895` (`relacion_blog_id`);

--
-- Indices de la tabla `brand`
--
ALTER TABLE `brand`
  ADD PRIMARY KEY (`id`),
  ADD KEY `IDX_1C52F958A89DB457` (`business_id`);

--
-- Indices de la tabla `category`
--
ALTER TABLE `category`
  ADD PRIMARY KEY (`id`);

--
-- Indices de la tabla `client`
--
ALTER TABLE `client`
  ADD PRIMARY KEY (`id`),
  ADD KEY `IDX_C7440455A89DB457` (`business_id`);

--
-- Indices de la tabla `contact`
--
ALTER TABLE `contact`
  ADD PRIMARY KEY (`id`),
  ADD KEY `IDX_4C62E638A89DB457` (`business_id`);

--
-- Indices de la tabla `contactinfo`
--
ALTER TABLE `contactinfo`
  ADD PRIMARY KEY (`id`),
  ADD UNIQUE KEY `UNIQ_7BD84995A89DB457` (`business_id`);

--
-- Indices de la tabla `image`
--
ALTER TABLE `image`
  ADD PRIMARY KEY (`id`);

--
-- Indices de la tabla `itemfeaturedproduct`
--
ALTER TABLE `itemfeaturedproduct`
  ADD PRIMARY KEY (`id`),
  ADD KEY `IDX_F76E2AF44584665A` (`product_id`),
  ADD KEY `IDX_F76E2AF49DAA2BC6` (`mfeaturedproducts_id`);

--
-- Indices de la tabla `iva`
--
ALTER TABLE `iva`
  ADD PRIMARY KEY (`id`),
  ADD KEY `IDX_FB97A603A89DB457` (`business_id`);

--
-- Indices de la tabla `legalinfo`
--
ALTER TABLE `legalinfo`
  ADD PRIMARY KEY (`id`),
  ADD UNIQUE KEY `UNIQ_FFE31252A89DB457` (`business_id`);

--
-- Indices de la tabla `location`
--
ALTER TABLE `location`
  ADD PRIMARY KEY (`id`),
  ADD KEY `IDX_5E9E89CBA89DB457` (`business_id`);

--
-- Indices de la tabla `mcontact`
--
ALTER TABLE `mcontact`
  ADD PRIMARY KEY (`id`);

--
-- Indices de la tabla `mfeaturedproducts`
--
ALTER TABLE `mfeaturedproducts`
  ADD PRIMARY KEY (`id`);

--
-- Indices de la tabla `mfooter`
--
ALTER TABLE `mfooter`
  ADD PRIMARY KEY (`id`),
  ADD KEY `IDX_24FE56ABA89DB457` (`business_id`);

--
-- Indices de la tabla `mfreetextimage`
--
ALTER TABLE `mfreetextimage`
  ADD PRIMARY KEY (`id`);

--
-- Indices de la tabla `mgalery`
--
ALTER TABLE `mgalery`
  ADD PRIMARY KEY (`id`);

--
-- Indices de la tabla `mgaleryimage`
--
ALTER TABLE `mgaleryimage`
  ADD PRIMARY KEY (`id`),
  ADD KEY `IDX_FC7BF55AFBDA531D` (`mgalery_id`);

--
-- Indices de la tabla `mheader`
--
ALTER TABLE `mheader`
  ADD PRIMARY KEY (`id`),
  ADD KEY `IDX_A8BDFB39A89DB457` (`business_id`);

--
-- Indices de la tabla `mlastnews`
--
ALTER TABLE `mlastnews`
  ADD PRIMARY KEY (`id`);

--
-- Indices de la tabla `mmap`
--
ALTER TABLE `mmap`
  ADD PRIMARY KEY (`id`);

--
-- Indices de la tabla `mnewdetail`
--
ALTER TABLE `mnewdetail`
  ADD PRIMARY KEY (`id`);

--
-- Indices de la tabla `mnewslist`
--
ALTER TABLE `mnewslist`
  ADD PRIMARY KEY (`id`);

--
-- Indices de la tabla `module`
--
ALTER TABLE `module`
  ADD PRIMARY KEY (`id`),
  ADD KEY `IDX_C242628C4663E4` (`page_id`);

--
-- Indices de la tabla `mproductlist`
--
ALTER TABLE `mproductlist`
  ADD PRIMARY KEY (`id`);

--
-- Indices de la tabla `mprojectdetail`
--
ALTER TABLE `mprojectdetail`
  ADD PRIMARY KEY (`id`);

--
-- Indices de la tabla `mprojects`
--
ALTER TABLE `mprojects`
  ADD PRIMARY KEY (`id`);

--
-- Indices de la tabla `mprojectsfeatures`
--
ALTER TABLE `mprojectsfeatures`
  ADD PRIMARY KEY (`id`);

--
-- Indices de la tabla `mprojectslist`
--
ALTER TABLE `mprojectslist`
  ADD PRIMARY KEY (`id`);

--
-- Indices de la tabla `mservicedetail`
--
ALTER TABLE `mservicedetail`
  ADD PRIMARY KEY (`id`);

--
-- Indices de la tabla `mservices`
--
ALTER TABLE `mservices`
  ADD PRIMARY KEY (`id`);

--
-- Indices de la tabla `mserviceslist`
--
ALTER TABLE `mserviceslist`
  ADD PRIMARY KEY (`id`);

--
-- Indices de la tabla `mtestimonies`
--
ALTER TABLE `mtestimonies`
  ADD PRIMARY KEY (`id`);

--
-- Indices de la tabla `mwelcometext`
--
ALTER TABLE `mwelcometext`
  ADD PRIMARY KEY (`id`);

--
-- Indices de la tabla `orderproducts`
--
ALTER TABLE `orderproducts`
  ADD PRIMARY KEY (`id`),
  ADD KEY `IDX_3188126CCFFE9AD6` (`orders_id`),
  ADD KEY `IDX_3188126C4584665A` (`product_id`),
  ADD KEY `IDX_3188126C1855BE3F` (`productvariant_id`);

--
-- Indices de la tabla `orders`
--
ALTER TABLE `orders`
  ADD PRIMARY KEY (`id`),
  ADD KEY `IDX_E52FFDEE19EB6921` (`client_id`),
  ADD KEY `IDX_E52FFDEEA89DB457` (`business_id`),
  ADD KEY `IDX_E52FFDEE689D4FF` (`paqueteria_id`),
  ADD KEY `IDX_E52FFDEEF5B7AF75` (`address_id`),
  ADD KEY `IDX_E52FFDEED55BB00C` (`delivery_province_id`);

--
-- Indices de la tabla `page`
--
ALTER TABLE `page`
  ADD PRIMARY KEY (`id`),
  ADD UNIQUE KEY `UNIQ_140AB620ED5CA9E6` (`service_id`),
  ADD UNIQUE KEY `UNIQ_140AB620166D1F9C` (`project_id`),
  ADD UNIQUE KEY `UNIQ_140AB620DAE07E97` (`blog_id`),
  ADD UNIQUE KEY `UNIQ_140AB6204584665A` (`product_id`),
  ADD KEY `IDX_140AB620A89DB457` (`business_id`);

--
-- Indices de la tabla `palabrasclave`
--
ALTER TABLE `palabrasclave`
  ADD PRIMARY KEY (`id`),
  ADD KEY `IDX_FCC1D9B7DAE07E97` (`blog_id`);

--
-- Indices de la tabla `paqueteria`
--
ALTER TABLE `paqueteria`
  ADD PRIMARY KEY (`id`),
  ADD KEY `IDX_11DF442A89DB457` (`business_id`),
  ADD KEY `IDX_11DF442428273D4` (`paqueteriaempresa_id`),
  ADD KEY `IDX_11DF442F7E6A8C2` (`tipotarifa_id`);

--
-- Indices de la tabla `paqueteriaempresa`
--
ALTER TABLE `paqueteriaempresa`
  ADD PRIMARY KEY (`id`),
  ADD KEY `IDX_C58C5159A89DB457` (`business_id`);

--
-- Indices de la tabla `product`
--
ALTER TABLE `product`
  ADD PRIMARY KEY (`id`),
  ADD KEY `IDX_D34A04ADA89DB457` (`business_id`),
  ADD KEY `IDX_D34A04AD44F5D008` (`brand_id`),
  ADD KEY `IDX_D34A04AD5E032AB4` (`producttype_id`),
  ADD KEY `IDX_D34A04ADF231661A` (`iva_id`);

--
-- Indices de la tabla `producttoproduct`
--
ALTER TABLE `producttoproduct`
  ADD PRIMARY KEY (`id`),
  ADD KEY `IDX_E9DBC0444584665A` (`product_id`),
  ADD KEY `IDX_E9DBC0444DD4A8E9` (`productrelacionado_id`);

--
-- Indices de la tabla `producttype`
--
ALTER TABLE `producttype`
  ADD PRIMARY KEY (`id`),
  ADD KEY `IDX_219A1ACCA89DB457` (`business_id`);

--
-- Indices de la tabla `productvariant`
--
ALTER TABLE `productvariant`
  ADD PRIMARY KEY (`id`),
  ADD KEY `IDX_6A0C198A4584665A` (`product_id`),
  ADD KEY `IDX_6A0C198A5F5DCB04` (`variantvalue1_id`),
  ADD KEY `IDX_6A0C198A4DE864EA` (`variantvalue2_id`),
  ADD KEY `IDX_6A0C198AF554038F` (`variantvalue3_id`);

--
-- Indices de la tabla `project`
--
ALTER TABLE `project`
  ADD PRIMARY KEY (`id`),
  ADD UNIQUE KEY `UNIQ_2FB3D0EEC4663E4` (`page_id`),
  ADD KEY `IDX_2FB3D0EEA89DB457` (`business_id`);

--
-- Indices de la tabla `provincia`
--
ALTER TABLE `provincia`
  ADD PRIMARY KEY (`id`),
  ADD KEY `IDX_D39AF213F7E6A8C2` (`tipotarifa_id`),
  ADD KEY `IDX_D39AF213A89DB457` (`business_id`);

--
-- Indices de la tabla `service`
--
ALTER TABLE `service`
  ADD PRIMARY KEY (`id`),
  ADD UNIQUE KEY `UNIQ_E19D9AD2C4663E4` (`page_id`),
  ADD KEY `IDX_E19D9AD2A89DB457` (`business_id`);

--
-- Indices de la tabla `socialnetwork`
--
ALTER TABLE `socialnetwork`
  ADD PRIMARY KEY (`id`),
  ADD UNIQUE KEY `UNIQ_87FC02E3A89DB457` (`business_id`);

--
-- Indices de la tabla `style`
--
ALTER TABLE `style`
  ADD PRIMARY KEY (`id`);

--
-- Indices de la tabla `subcategory`
--
ALTER TABLE `subcategory`
  ADD PRIMARY KEY (`id`),
  ADD UNIQUE KEY `UNIQ_DDCA448989D9B62` (`slug`),
  ADD KEY `IDX_DDCA44812469DE2` (`category_id`);

--
-- Indices de la tabla `subcategoryimage`
--
ALTER TABLE `subcategoryimage`
  ADD PRIMARY KEY (`id`),
  ADD KEY `IDX_5E8A2B9C5DC6FE57` (`subcategory_id`);

--
-- Indices de la tabla `suburl`
--
ALTER TABLE `suburl`
  ADD PRIMARY KEY (`id`),
  ADD KEY `IDX_975E124781CFDAE7` (`url_id`),
  ADD KEY `IDX_975E1247ED5CA9E6` (`service_id`),
  ADD KEY `IDX_975E1247166D1F9C` (`project_id`);

--
-- Indices de la tabla `superadministrator`
--
ALTER TABLE `superadministrator`
  ADD PRIMARY KEY (`id`);

--
-- Indices de la tabla `testimony`
--
ALTER TABLE `testimony`
  ADD PRIMARY KEY (`id`),
  ADD KEY `IDX_523C9487A89DB457` (`business_id`);

--
-- Indices de la tabla `text`
--
ALTER TABLE `text`
  ADD PRIMARY KEY (`id`);

--
-- Indices de la tabla `theme`
--
ALTER TABLE `theme`
  ADD PRIMARY KEY (`id`);

--
-- Indices de la tabla `themecontact`
--
ALTER TABLE `themecontact`
  ADD PRIMARY KEY (`id`);

--
-- Indices de la tabla `themefeaturedproducts`
--
ALTER TABLE `themefeaturedproducts`
  ADD PRIMARY KEY (`id`);

--
-- Indices de la tabla `themefooter`
--
ALTER TABLE `themefooter`
  ADD PRIMARY KEY (`id`);

--
-- Indices de la tabla `themefreetextimage`
--
ALTER TABLE `themefreetextimage`
  ADD PRIMARY KEY (`id`);

--
-- Indices de la tabla `themegalery`
--
ALTER TABLE `themegalery`
  ADD PRIMARY KEY (`id`);

--
-- Indices de la tabla `themeheader`
--
ALTER TABLE `themeheader`
  ADD PRIMARY KEY (`id`);

--
-- Indices de la tabla `themelastnews`
--
ALTER TABLE `themelastnews`
  ADD PRIMARY KEY (`id`);

--
-- Indices de la tabla `thememap`
--
ALTER TABLE `thememap`
  ADD PRIMARY KEY (`id`);

--
-- Indices de la tabla `themenewdetail`
--
ALTER TABLE `themenewdetail`
  ADD PRIMARY KEY (`id`);

--
-- Indices de la tabla `themenewslist`
--
ALTER TABLE `themenewslist`
  ADD PRIMARY KEY (`id`);

--
-- Indices de la tabla `themeproductlist`
--
ALTER TABLE `themeproductlist`
  ADD PRIMARY KEY (`id`);

--
-- Indices de la tabla `themeprojectdetail`
--
ALTER TABLE `themeprojectdetail`
  ADD PRIMARY KEY (`id`);

--
-- Indices de la tabla `themeprojectlist`
--
ALTER TABLE `themeprojectlist`
  ADD PRIMARY KEY (`id`);

--
-- Indices de la tabla `themeprojects`
--
ALTER TABLE `themeprojects`
  ADD PRIMARY KEY (`id`);

--
-- Indices de la tabla `themeprojectsfeatures`
--
ALTER TABLE `themeprojectsfeatures`
  ADD PRIMARY KEY (`id`);

--
-- Indices de la tabla `themeservicedetail`
--
ALTER TABLE `themeservicedetail`
  ADD PRIMARY KEY (`id`);

--
-- Indices de la tabla `themeservices`
--
ALTER TABLE `themeservices`
  ADD PRIMARY KEY (`id`);

--
-- Indices de la tabla `themeserviceslist`
--
ALTER TABLE `themeserviceslist`
  ADD PRIMARY KEY (`id`);

--
-- Indices de la tabla `themetestimonies`
--
ALTER TABLE `themetestimonies`
  ADD PRIMARY KEY (`id`);

--
-- Indices de la tabla `themewelcometext`
--
ALTER TABLE `themewelcometext`
  ADD PRIMARY KEY (`id`);

--
-- Indices de la tabla `tipotarifa`
--
ALTER TABLE `tipotarifa`
  ADD PRIMARY KEY (`id`),
  ADD KEY `IDX_8685C38AA89DB457` (`business_id`);

--
-- Indices de la tabla `url`
--
ALTER TABLE `url`
  ADD PRIMARY KEY (`id`),
  ADD KEY `IDX_F47645AE588525C` (`mfooter_id`),
  ADD KEY `IDX_F47645AEF63ECC0` (`mheader_id`),
  ADD KEY `IDX_F47645AEC4663E4` (`page_id`);

--
-- Indices de la tabla `variant`
--
ALTER TABLE `variant`
  ADD PRIMARY KEY (`id`),
  ADD KEY `IDX_F143BFAD4584665A` (`product_id`);

--
-- Indices de la tabla `variantvalue`
--
ALTER TABLE `variantvalue`
  ADD PRIMARY KEY (`id`),
  ADD KEY `IDX_AFAABEBA3B69A9AF` (`variant_id`);

--
-- AUTO_INCREMENT de las tablas volcadas
--

--
-- AUTO_INCREMENT de la tabla `address`
--
ALTER TABLE `address`
  MODIFY `id` int(11) NOT NULL AUTO_INCREMENT, AUTO_INCREMENT=9;
--
-- AUTO_INCREMENT de la tabla `blog`
--
ALTER TABLE `blog`
  MODIFY `id` int(11) NOT NULL AUTO_INCREMENT, AUTO_INCREMENT=16;
--
-- AUTO_INCREMENT de la tabla `blogcategoria`
--
ALTER TABLE `blogcategoria`
  MODIFY `id` int(11) NOT NULL AUTO_INCREMENT, AUTO_INCREMENT=4;
--
-- AUTO_INCREMENT de la tabla `blogcomentario`
--
ALTER TABLE `blogcomentario`
  MODIFY `id` int(11) NOT NULL AUTO_INCREMENT;
--
-- AUTO_INCREMENT de la tabla `brand`
--
ALTER TABLE `brand`
  MODIFY `id` int(11) NOT NULL AUTO_INCREMENT, AUTO_INCREMENT=38;
--
-- AUTO_INCREMENT de la tabla `category`
--
ALTER TABLE `category`
  MODIFY `id` int(11) NOT NULL AUTO_INCREMENT, AUTO_INCREMENT=9;
--
-- AUTO_INCREMENT de la tabla `contact`
--
ALTER TABLE `contact`
  MODIFY `id` int(11) NOT NULL AUTO_INCREMENT, AUTO_INCREMENT=30;
--
-- AUTO_INCREMENT de la tabla `contactinfo`
--
ALTER TABLE `contactinfo`
  MODIFY `id` int(11) NOT NULL AUTO_INCREMENT, AUTO_INCREMENT=153;
--
-- AUTO_INCREMENT de la tabla `image`
--
ALTER TABLE `image`
  MODIFY `id` int(11) NOT NULL AUTO_INCREMENT;
--
-- AUTO_INCREMENT de la tabla `itemfeaturedproduct`
--
ALTER TABLE `itemfeaturedproduct`
  MODIFY `id` int(11) NOT NULL AUTO_INCREMENT;
--
-- AUTO_INCREMENT de la tabla `iva`
--
ALTER TABLE `iva`
  MODIFY `id` int(11) NOT NULL AUTO_INCREMENT, AUTO_INCREMENT=38;
--
-- AUTO_INCREMENT de la tabla `legalinfo`
--
ALTER TABLE `legalinfo`
  MODIFY `id` int(11) NOT NULL AUTO_INCREMENT, AUTO_INCREMENT=73;
--
-- AUTO_INCREMENT de la tabla `location`
--
ALTER TABLE `location`
  MODIFY `id` int(11) NOT NULL AUTO_INCREMENT, AUTO_INCREMENT=12;
--
-- AUTO_INCREMENT de la tabla `mfooter`
--
ALTER TABLE `mfooter`
  MODIFY `id` int(11) NOT NULL AUTO_INCREMENT, AUTO_INCREMENT=84;
--
-- AUTO_INCREMENT de la tabla `mgaleryimage`
--
ALTER TABLE `mgaleryimage`
  MODIFY `id` int(11) NOT NULL AUTO_INCREMENT, AUTO_INCREMENT=583;
--
-- AUTO_INCREMENT de la tabla `mheader`
--
ALTER TABLE `mheader`
  MODIFY `id` int(11) NOT NULL AUTO_INCREMENT, AUTO_INCREMENT=84;
--
-- AUTO_INCREMENT de la tabla `module`
--
ALTER TABLE `module`
  MODIFY `id` int(11) NOT NULL AUTO_INCREMENT, AUTO_INCREMENT=818;
--
-- AUTO_INCREMENT de la tabla `orderproducts`
--
ALTER TABLE `orderproducts`
  MODIFY `id` int(11) NOT NULL AUTO_INCREMENT, AUTO_INCREMENT=10;
--
-- AUTO_INCREMENT de la tabla `orders`
--
ALTER TABLE `orders`
  MODIFY `id` int(11) NOT NULL AUTO_INCREMENT, AUTO_INCREMENT=9;
--
-- AUTO_INCREMENT de la tabla `page`
--
ALTER TABLE `page`
  MODIFY `id` int(11) NOT NULL AUTO_INCREMENT, AUTO_INCREMENT=362;
--
-- AUTO_INCREMENT de la tabla `palabrasclave`
--
ALTER TABLE `palabrasclave`
  MODIFY `id` int(11) NOT NULL AUTO_INCREMENT, AUTO_INCREMENT=9;
--
-- AUTO_INCREMENT de la tabla `paqueteria`
--
ALTER TABLE `paqueteria`
  MODIFY `id` int(11) NOT NULL AUTO_INCREMENT;
--
-- AUTO_INCREMENT de la tabla `paqueteriaempresa`
--
ALTER TABLE `paqueteriaempresa`
  MODIFY `id` int(11) NOT NULL AUTO_INCREMENT;
--
-- AUTO_INCREMENT de la tabla `product`
--
ALTER TABLE `product`
  MODIFY `id` int(11) NOT NULL AUTO_INCREMENT, AUTO_INCREMENT=40;
--
-- AUTO_INCREMENT de la tabla `producttoproduct`
--
ALTER TABLE `producttoproduct`
  MODIFY `id` int(11) NOT NULL AUTO_INCREMENT;
--
-- AUTO_INCREMENT de la tabla `producttype`
--
ALTER TABLE `producttype`
  MODIFY `id` int(11) NOT NULL AUTO_INCREMENT, AUTO_INCREMENT=38;
--
-- AUTO_INCREMENT de la tabla `productvariant`
--
ALTER TABLE `productvariant`
  MODIFY `id` int(11) NOT NULL AUTO_INCREMENT;
--
-- AUTO_INCREMENT de la tabla `project`
--
ALTER TABLE `project`
  MODIFY `id` int(11) NOT NULL AUTO_INCREMENT, AUTO_INCREMENT=230;
--
-- AUTO_INCREMENT de la tabla `provincia`
--
ALTER TABLE `provincia`
  MODIFY `id` int(11) NOT NULL AUTO_INCREMENT;
--
-- AUTO_INCREMENT de la tabla `service`
--
ALTER TABLE `service`
  MODIFY `id` int(11) NOT NULL AUTO_INCREMENT, AUTO_INCREMENT=211;
--
-- AUTO_INCREMENT de la tabla `socialnetwork`
--
ALTER TABLE `socialnetwork`
  MODIFY `id` int(11) NOT NULL AUTO_INCREMENT, AUTO_INCREMENT=74;
--
-- AUTO_INCREMENT de la tabla `style`
--
ALTER TABLE `style`
  MODIFY `id` int(11) NOT NULL AUTO_INCREMENT, AUTO_INCREMENT=4;
--
-- AUTO_INCREMENT de la tabla `subcategory`
--
ALTER TABLE `subcategory`
  MODIFY `id` int(11) NOT NULL AUTO_INCREMENT, AUTO_INCREMENT=43;
--
-- AUTO_INCREMENT de la tabla `subcategoryimage`
--
ALTER TABLE `subcategoryimage`
  MODIFY `id` int(11) NOT NULL AUTO_INCREMENT, AUTO_INCREMENT=302;
--
-- AUTO_INCREMENT de la tabla `suburl`
--
ALTER TABLE `suburl`
  MODIFY `id` int(11) NOT NULL AUTO_INCREMENT, AUTO_INCREMENT=47;
--
-- AUTO_INCREMENT de la tabla `testimony`
--
ALTER TABLE `testimony`
  MODIFY `id` int(11) NOT NULL AUTO_INCREMENT, AUTO_INCREMENT=229;
--
-- AUTO_INCREMENT de la tabla `text`
--
ALTER TABLE `text`
  MODIFY `id` int(11) NOT NULL AUTO_INCREMENT;
--
-- AUTO_INCREMENT de la tabla `theme`
--
ALTER TABLE `theme`
  MODIFY `id` int(11) NOT NULL AUTO_INCREMENT, AUTO_INCREMENT=60;
--
-- AUTO_INCREMENT de la tabla `tipotarifa`
--
ALTER TABLE `tipotarifa`
  MODIFY `id` int(11) NOT NULL AUTO_INCREMENT;
--
-- AUTO_INCREMENT de la tabla `url`
--
ALTER TABLE `url`
  MODIFY `id` int(11) NOT NULL AUTO_INCREMENT, AUTO_INCREMENT=365;
--
-- AUTO_INCREMENT de la tabla `variant`
--
ALTER TABLE `variant`
  MODIFY `id` int(11) NOT NULL AUTO_INCREMENT;
--
-- AUTO_INCREMENT de la tabla `variantvalue`
--
ALTER TABLE `variantvalue`
  MODIFY `id` int(11) NOT NULL AUTO_INCREMENT;
--
-- Restricciones para tablas volcadas
--

--
-- Filtros para la tabla `address`
--
ALTER TABLE `address`
  ADD CONSTRAINT `FK_D4E6F8119EB6921` FOREIGN KEY (`client_id`) REFERENCES `client` (`id`),
  ADD CONSTRAINT `FK_D4E6F81D55BB00C` FOREIGN KEY (`delivery_province_id`) REFERENCES `provincia` (`id`);

--
-- Filtros para la tabla `administrator`
--
ALTER TABLE `administrator`
  ADD CONSTRAINT `FK_58DF0651A89DB457` FOREIGN KEY (`business_id`) REFERENCES `business` (`id`),
  ADD CONSTRAINT `FK_58DF0651BF396750` FOREIGN KEY (`id`) REFERENCES `user` (`id`) ON DELETE CASCADE;

--
-- Filtros para la tabla `blog`
--
ALTER TABLE `blog`
  ADD CONSTRAINT `FK_C01551433397707A` FOREIGN KEY (`categoria_id`) REFERENCES `blogcategoria` (`id`),
  ADD CONSTRAINT `FK_C0155143A89DB457` FOREIGN KEY (`business_id`) REFERENCES `business` (`id`),
  ADD CONSTRAINT `FK_C0155143C4663E4` FOREIGN KEY (`page_id`) REFERENCES `page` (`id`);

--
-- Filtros para la tabla `blogcategoria`
--
ALTER TABLE `blogcategoria`
  ADD CONSTRAINT `FK_148D736AA89DB457` FOREIGN KEY (`business_id`) REFERENCES `business` (`id`);

--
-- Filtros para la tabla `blogcomentario`
--
ALTER TABLE `blogcomentario`
  ADD CONSTRAINT `FK_A373AE50DAE07E97` FOREIGN KEY (`blog_id`) REFERENCES `blog` (`id`);

--
-- Filtros para la tabla `blogs`
--
ALTER TABLE `blogs`
  ADD CONSTRAINT `FK_F41BCA70155D470B` FOREIGN KEY (`Blog_id`) REFERENCES `blog` (`id`),
  ADD CONSTRAINT `FK_F41BCA70BB1B6895` FOREIGN KEY (`relacion_blog_id`) REFERENCES `blog` (`id`);

--
-- Filtros para la tabla `brand`
--
ALTER TABLE `brand`
  ADD CONSTRAINT `FK_1C52F958A89DB457` FOREIGN KEY (`business_id`) REFERENCES `business` (`id`);

--
-- Filtros para la tabla `client`
--
ALTER TABLE `client`
  ADD CONSTRAINT `FK_C7440455A89DB457` FOREIGN KEY (`business_id`) REFERENCES `business` (`id`),
  ADD CONSTRAINT `FK_C7440455BF396750` FOREIGN KEY (`id`) REFERENCES `user` (`id`) ON DELETE CASCADE;

--
-- Filtros para la tabla `contact`
--
ALTER TABLE `contact`
  ADD CONSTRAINT `FK_4C62E638A89DB457` FOREIGN KEY (`business_id`) REFERENCES `business` (`id`);

--
-- Filtros para la tabla `contactinfo`
--
ALTER TABLE `contactinfo`
  ADD CONSTRAINT `FK_7BD84995A89DB457` FOREIGN KEY (`business_id`) REFERENCES `business` (`id`);

--
-- Filtros para la tabla `itemfeaturedproduct`
--
ALTER TABLE `itemfeaturedproduct`
  ADD CONSTRAINT `FK_F76E2AF44584665A` FOREIGN KEY (`product_id`) REFERENCES `product` (`id`),
  ADD CONSTRAINT `FK_F76E2AF49DAA2BC6` FOREIGN KEY (`mfeaturedproducts_id`) REFERENCES `mfeaturedproducts` (`id`);

--
-- Filtros para la tabla `iva`
--
ALTER TABLE `iva`
  ADD CONSTRAINT `FK_FB97A603A89DB457` FOREIGN KEY (`business_id`) REFERENCES `business` (`id`);

--
-- Filtros para la tabla `legalinfo`
--
ALTER TABLE `legalinfo`
  ADD CONSTRAINT `FK_FFE31252A89DB457` FOREIGN KEY (`business_id`) REFERENCES `business` (`id`);

--
-- Filtros para la tabla `location`
--
ALTER TABLE `location`
  ADD CONSTRAINT `FK_5E9E89CBA89DB457` FOREIGN KEY (`business_id`) REFERENCES `business` (`id`);

--
-- Filtros para la tabla `mcontact`
--
ALTER TABLE `mcontact`
  ADD CONSTRAINT `FK_FFC25345BF396750` FOREIGN KEY (`id`) REFERENCES `module` (`id`) ON DELETE CASCADE;

--
-- Filtros para la tabla `mfeaturedproducts`
--
ALTER TABLE `mfeaturedproducts`
  ADD CONSTRAINT `FK_223CE59EBF396750` FOREIGN KEY (`id`) REFERENCES `module` (`id`) ON DELETE CASCADE;

--
-- Filtros para la tabla `mfooter`
--
ALTER TABLE `mfooter`
  ADD CONSTRAINT `FK_24FE56ABA89DB457` FOREIGN KEY (`business_id`) REFERENCES `business` (`id`);

--
-- Filtros para la tabla `mfreetextimage`
--
ALTER TABLE `mfreetextimage`
  ADD CONSTRAINT `FK_E3D977CCBF396750` FOREIGN KEY (`id`) REFERENCES `module` (`id`) ON DELETE CASCADE;

--
-- Filtros para la tabla `mgalery`
--
ALTER TABLE `mgalery`
  ADD CONSTRAINT `FK_CD9200D8BF396750` FOREIGN KEY (`id`) REFERENCES `module` (`id`) ON DELETE CASCADE;

--
-- Filtros para la tabla `mgaleryimage`
--
ALTER TABLE `mgaleryimage`
  ADD CONSTRAINT `FK_FC7BF55AFBDA531D` FOREIGN KEY (`mgalery_id`) REFERENCES `mgalery` (`id`);

--
-- Filtros para la tabla `mheader`
--
ALTER TABLE `mheader`
  ADD CONSTRAINT `FK_A8BDFB39A89DB457` FOREIGN KEY (`business_id`) REFERENCES `business` (`id`);

--
-- Filtros para la tabla `mlastnews`
--
ALTER TABLE `mlastnews`
  ADD CONSTRAINT `FK_5CD3FFD4BF396750` FOREIGN KEY (`id`) REFERENCES `module` (`id`) ON DELETE CASCADE;

--
-- Filtros para la tabla `mmap`
--
ALTER TABLE `mmap`
  ADD CONSTRAINT `FK_84E4836BBF396750` FOREIGN KEY (`id`) REFERENCES `module` (`id`) ON DELETE CASCADE;

--
-- Filtros para la tabla `mnewdetail`
--
ALTER TABLE `mnewdetail`
  ADD CONSTRAINT `FK_7D3223CABF396750` FOREIGN KEY (`id`) REFERENCES `module` (`id`) ON DELETE CASCADE;

--
-- Filtros para la tabla `mnewslist`
--
ALTER TABLE `mnewslist`
  ADD CONSTRAINT `FK_9A1323F4BF396750` FOREIGN KEY (`id`) REFERENCES `module` (`id`) ON DELETE CASCADE;

--
-- Filtros para la tabla `module`
--
ALTER TABLE `module`
  ADD CONSTRAINT `FK_C242628C4663E4` FOREIGN KEY (`page_id`) REFERENCES `page` (`id`);

--
-- Filtros para la tabla `mproductlist`
--
ALTER TABLE `mproductlist`
  ADD CONSTRAINT `FK_4F23AF98BF396750` FOREIGN KEY (`id`) REFERENCES `module` (`id`) ON DELETE CASCADE;

--
-- Filtros para la tabla `mprojectdetail`
--
ALTER TABLE `mprojectdetail`
  ADD CONSTRAINT `FK_52835AA6BF396750` FOREIGN KEY (`id`) REFERENCES `module` (`id`) ON DELETE CASCADE;

--
-- Filtros para la tabla `mprojects`
--
ALTER TABLE `mprojects`
  ADD CONSTRAINT `FK_72941E90BF396750` FOREIGN KEY (`id`) REFERENCES `module` (`id`) ON DELETE CASCADE;

--
-- Filtros para la tabla `mprojectsfeatures`
--
ALTER TABLE `mprojectsfeatures`
  ADD CONSTRAINT `FK_A244688BBF396750` FOREIGN KEY (`id`) REFERENCES `module` (`id`) ON DELETE CASCADE;

--
-- Filtros para la tabla `mprojectslist`
--
ALTER TABLE `mprojectslist`
  ADD CONSTRAINT `FK_4416C8C8BF396750` FOREIGN KEY (`id`) REFERENCES `module` (`id`) ON DELETE CASCADE;

--
-- Filtros para la tabla `mservicedetail`
--
ALTER TABLE `mservicedetail`
  ADD CONSTRAINT `FK_E8A4BEDFBF396750` FOREIGN KEY (`id`) REFERENCES `module` (`id`) ON DELETE CASCADE;

--
-- Filtros para la tabla `mservices`
--
ALTER TABLE `mservices`
  ADD CONSTRAINT `FK_5D354C5DBF396750` FOREIGN KEY (`id`) REFERENCES `module` (`id`) ON DELETE CASCADE;

--
-- Filtros para la tabla `mserviceslist`
--
ALTER TABLE `mserviceslist`
  ADD CONSTRAINT `FK_B3C4B43CBF396750` FOREIGN KEY (`id`) REFERENCES `module` (`id`) ON DELETE CASCADE;

--
-- Filtros para la tabla `mtestimonies`
--
ALTER TABLE `mtestimonies`
  ADD CONSTRAINT `FK_A9761F63BF396750` FOREIGN KEY (`id`) REFERENCES `module` (`id`) ON DELETE CASCADE;

--
-- Filtros para la tabla `mwelcometext`
--
ALTER TABLE `mwelcometext`
  ADD CONSTRAINT `FK_4B45564BBF396750` FOREIGN KEY (`id`) REFERENCES `module` (`id`) ON DELETE CASCADE;

--
-- Filtros para la tabla `orderproducts`
--
ALTER TABLE `orderproducts`
  ADD CONSTRAINT `FK_3188126C1855BE3F` FOREIGN KEY (`productvariant_id`) REFERENCES `productvariant` (`id`),
  ADD CONSTRAINT `FK_3188126C4584665A` FOREIGN KEY (`product_id`) REFERENCES `product` (`id`),
  ADD CONSTRAINT `FK_3188126CCFFE9AD6` FOREIGN KEY (`orders_id`) REFERENCES `orders` (`id`);

--
-- Filtros para la tabla `orders`
--
ALTER TABLE `orders`
  ADD CONSTRAINT `FK_E52FFDEE19EB6921` FOREIGN KEY (`client_id`) REFERENCES `client` (`id`),
  ADD CONSTRAINT `FK_E52FFDEE689D4FF` FOREIGN KEY (`paqueteria_id`) REFERENCES `paqueteria` (`id`),
  ADD CONSTRAINT `FK_E52FFDEEA89DB457` FOREIGN KEY (`business_id`) REFERENCES `business` (`id`),
  ADD CONSTRAINT `FK_E52FFDEED55BB00C` FOREIGN KEY (`delivery_province_id`) REFERENCES `provincia` (`id`),
  ADD CONSTRAINT `FK_E52FFDEEF5B7AF75` FOREIGN KEY (`address_id`) REFERENCES `address` (`id`);

--
-- Filtros para la tabla `page`
--
ALTER TABLE `page`
  ADD CONSTRAINT `FK_140AB620166D1F9C` FOREIGN KEY (`project_id`) REFERENCES `project` (`id`),
  ADD CONSTRAINT `FK_140AB6204584665A` FOREIGN KEY (`product_id`) REFERENCES `product` (`id`),
  ADD CONSTRAINT `FK_140AB620A89DB457` FOREIGN KEY (`business_id`) REFERENCES `business` (`id`),
  ADD CONSTRAINT `FK_140AB620DAE07E97` FOREIGN KEY (`blog_id`) REFERENCES `blog` (`id`),
  ADD CONSTRAINT `FK_140AB620ED5CA9E6` FOREIGN KEY (`service_id`) REFERENCES `service` (`id`);

--
-- Filtros para la tabla `palabrasclave`
--
ALTER TABLE `palabrasclave`
  ADD CONSTRAINT `FK_FCC1D9B7DAE07E97` FOREIGN KEY (`blog_id`) REFERENCES `blog` (`id`);

--
-- Filtros para la tabla `paqueteria`
--
ALTER TABLE `paqueteria`
  ADD CONSTRAINT `FK_11DF442428273D4` FOREIGN KEY (`paqueteriaempresa_id`) REFERENCES `paqueteriaempresa` (`id`),
  ADD CONSTRAINT `FK_11DF442A89DB457` FOREIGN KEY (`business_id`) REFERENCES `business` (`id`),
  ADD CONSTRAINT `FK_11DF442F7E6A8C2` FOREIGN KEY (`tipotarifa_id`) REFERENCES `tipotarifa` (`id`);

--
-- Filtros para la tabla `paqueteriaempresa`
--
ALTER TABLE `paqueteriaempresa`
  ADD CONSTRAINT `FK_C58C5159A89DB457` FOREIGN KEY (`business_id`) REFERENCES `business` (`id`);

--
-- Filtros para la tabla `product`
--
ALTER TABLE `product`
  ADD CONSTRAINT `FK_D34A04AD44F5D008` FOREIGN KEY (`brand_id`) REFERENCES `brand` (`id`),
  ADD CONSTRAINT `FK_D34A04AD5E032AB4` FOREIGN KEY (`producttype_id`) REFERENCES `producttype` (`id`),
  ADD CONSTRAINT `FK_D34A04ADA89DB457` FOREIGN KEY (`business_id`) REFERENCES `business` (`id`),
  ADD CONSTRAINT `FK_D34A04ADF231661A` FOREIGN KEY (`iva_id`) REFERENCES `iva` (`id`);

--
-- Filtros para la tabla `producttoproduct`
--
ALTER TABLE `producttoproduct`
  ADD CONSTRAINT `FK_E9DBC0444584665A` FOREIGN KEY (`product_id`) REFERENCES `product` (`id`),
  ADD CONSTRAINT `FK_E9DBC0444DD4A8E9` FOREIGN KEY (`productrelacionado_id`) REFERENCES `product` (`id`);

--
-- Filtros para la tabla `producttype`
--
ALTER TABLE `producttype`
  ADD CONSTRAINT `FK_219A1ACCA89DB457` FOREIGN KEY (`business_id`) REFERENCES `business` (`id`);

--
-- Filtros para la tabla `productvariant`
--
ALTER TABLE `productvariant`
  ADD CONSTRAINT `FK_6A0C198A4584665A` FOREIGN KEY (`product_id`) REFERENCES `product` (`id`),
  ADD CONSTRAINT `FK_6A0C198A4DE864EA` FOREIGN KEY (`variantvalue2_id`) REFERENCES `variantvalue` (`id`),
  ADD CONSTRAINT `FK_6A0C198A5F5DCB04` FOREIGN KEY (`variantvalue1_id`) REFERENCES `variantvalue` (`id`),
  ADD CONSTRAINT `FK_6A0C198AF554038F` FOREIGN KEY (`variantvalue3_id`) REFERENCES `variantvalue` (`id`);

--
-- Filtros para la tabla `project`
--
ALTER TABLE `project`
  ADD CONSTRAINT `FK_2FB3D0EEA89DB457` FOREIGN KEY (`business_id`) REFERENCES `business` (`id`),
  ADD CONSTRAINT `FK_2FB3D0EEC4663E4` FOREIGN KEY (`page_id`) REFERENCES `page` (`id`);

--
-- Filtros para la tabla `provincia`
--
ALTER TABLE `provincia`
  ADD CONSTRAINT `FK_D39AF213A89DB457` FOREIGN KEY (`business_id`) REFERENCES `business` (`id`),
  ADD CONSTRAINT `FK_D39AF213F7E6A8C2` FOREIGN KEY (`tipotarifa_id`) REFERENCES `tipotarifa` (`id`);

--
-- Filtros para la tabla `service`
--
ALTER TABLE `service`
  ADD CONSTRAINT `FK_E19D9AD2A89DB457` FOREIGN KEY (`business_id`) REFERENCES `business` (`id`),
  ADD CONSTRAINT `FK_E19D9AD2C4663E4` FOREIGN KEY (`page_id`) REFERENCES `page` (`id`);

--
-- Filtros para la tabla `socialnetwork`
--
ALTER TABLE `socialnetwork`
  ADD CONSTRAINT `FK_87FC02E3A89DB457` FOREIGN KEY (`business_id`) REFERENCES `business` (`id`);

--
-- Filtros para la tabla `subcategory`
--
ALTER TABLE `subcategory`
  ADD CONSTRAINT `FK_DDCA44812469DE2` FOREIGN KEY (`category_id`) REFERENCES `category` (`id`);

--
-- Filtros para la tabla `subcategoryimage`
--
ALTER TABLE `subcategoryimage`
  ADD CONSTRAINT `FK_5E8A2B9C5DC6FE57` FOREIGN KEY (`subcategory_id`) REFERENCES `subcategory` (`id`);

--
-- Filtros para la tabla `suburl`
--
ALTER TABLE `suburl`
  ADD CONSTRAINT `FK_975E1247166D1F9C` FOREIGN KEY (`project_id`) REFERENCES `project` (`id`),
  ADD CONSTRAINT `FK_975E124781CFDAE7` FOREIGN KEY (`url_id`) REFERENCES `url` (`id`),
  ADD CONSTRAINT `FK_975E1247ED5CA9E6` FOREIGN KEY (`service_id`) REFERENCES `service` (`id`);

--
-- Filtros para la tabla `superadministrator`
--
ALTER TABLE `superadministrator`
  ADD CONSTRAINT `FK_269ADBD2BF396750` FOREIGN KEY (`id`) REFERENCES `user` (`id`) ON DELETE CASCADE;

--
-- Filtros para la tabla `testimony`
--
ALTER TABLE `testimony`
  ADD CONSTRAINT `FK_523C9487A89DB457` FOREIGN KEY (`business_id`) REFERENCES `business` (`id`);

--
-- Filtros para la tabla `themecontact`
--
ALTER TABLE `themecontact`
  ADD CONSTRAINT `FK_656935C7BF396750` FOREIGN KEY (`id`) REFERENCES `theme` (`id`) ON DELETE CASCADE;

--
-- Filtros para la tabla `themefeaturedproducts`
--
ALTER TABLE `themefeaturedproducts`
  ADD CONSTRAINT `FK_854AD6DABF396750` FOREIGN KEY (`id`) REFERENCES `theme` (`id`) ON DELETE CASCADE;

--
-- Filtros para la tabla `themefooter`
--
ALTER TABLE `themefooter`
  ADD CONSTRAINT `FK_302B622ABF396750` FOREIGN KEY (`id`) REFERENCES `theme` (`id`) ON DELETE CASCADE;

--
-- Filtros para la tabla `themefreetextimage`
--
ALTER TABLE `themefreetextimage`
  ADD CONSTRAINT `FK_CC3DE3D0BF396750` FOREIGN KEY (`id`) REFERENCES `theme` (`id`) ON DELETE CASCADE;

--
-- Filtros para la tabla `themegalery`
--
ALTER TABLE `themegalery`
  ADD CONSTRAINT `FK_D9473459BF396750` FOREIGN KEY (`id`) REFERENCES `theme` (`id`) ON DELETE CASCADE;

--
-- Filtros para la tabla `themeheader`
--
ALTER TABLE `themeheader`
  ADD CONSTRAINT `FK_BC68CFB8BF396750` FOREIGN KEY (`id`) REFERENCES `theme` (`id`) ON DELETE CASCADE;

--
-- Filtros para la tabla `themelastnews`
--
ALTER TABLE `themelastnews`
  ADD CONSTRAINT `FK_5FFFB6BEBF396750` FOREIGN KEY (`id`) REFERENCES `theme` (`id`) ON DELETE CASCADE;

--
-- Filtros para la tabla `thememap`
--
ALTER TABLE `thememap`
  ADD CONSTRAINT `FK_ACEE1B0CBF396750` FOREIGN KEY (`id`) REFERENCES `theme` (`id`) ON DELETE CASCADE;

--
-- Filtros para la tabla `themenewdetail`
--
ALTER TABLE `themenewdetail`
  ADD CONSTRAINT `FK_D05687C5BF396750` FOREIGN KEY (`id`) REFERENCES `theme` (`id`) ON DELETE CASCADE;

--
-- Filtros para la tabla `themenewslist`
--
ALTER TABLE `themenewslist`
  ADD CONSTRAINT `FK_993F6A9EBF396750` FOREIGN KEY (`id`) REFERENCES `theme` (`id`) ON DELETE CASCADE;

--
-- Filtros para la tabla `themeproductlist`
--
ALTER TABLE `themeproductlist`
  ADD CONSTRAINT `FK_190079C2BF396750` FOREIGN KEY (`id`) REFERENCES `theme` (`id`) ON DELETE CASCADE;

--
-- Filtros para la tabla `themeprojectdetail`
--
ALTER TABLE `themeprojectdetail`
  ADD CONSTRAINT `FK_7D67CEBABF396750` FOREIGN KEY (`id`) REFERENCES `theme` (`id`) ON DELETE CASCADE;

--
-- Filtros para la tabla `themeprojectlist`
--
ALTER TABLE `themeprojectlist`
  ADD CONSTRAINT `FK_6B54F73EBF396750` FOREIGN KEY (`id`) REFERENCES `theme` (`id`) ON DELETE CASCADE;

--
-- Filtros para la tabla `themeprojects`
--
ALTER TABLE `themeprojects`
  ADD CONSTRAINT `FK_71B857FABF396750` FOREIGN KEY (`id`) REFERENCES `theme` (`id`) ON DELETE CASCADE;

--
-- Filtros para la tabla `themeprojectsfeatures`
--
ALTER TABLE `themeprojectsfeatures`
  ADD CONSTRAINT `FK_5325BCFBF396750` FOREIGN KEY (`id`) REFERENCES `theme` (`id`) ON DELETE CASCADE;

--
-- Filtros para la tabla `themeservicedetail`
--
ALTER TABLE `themeservicedetail`
  ADD CONSTRAINT `FK_C7402AC3BF396750` FOREIGN KEY (`id`) REFERENCES `theme` (`id`) ON DELETE CASCADE;

--
-- Filtros para la tabla `themeservices`
--
ALTER TABLE `themeservices`
  ADD CONSTRAINT `FK_5E190537BF396750` FOREIGN KEY (`id`) REFERENCES `theme` (`id`) ON DELETE CASCADE;

--
-- Filtros para la tabla `themeserviceslist`
--
ALTER TABLE `themeserviceslist`
  ADD CONSTRAINT `FK_382C2F00BF396750` FOREIGN KEY (`id`) REFERENCES `theme` (`id`) ON DELETE CASCADE;

--
-- Filtros para la tabla `themetestimonies`
--
ALTER TABLE `themetestimonies`
  ADD CONSTRAINT `FK_FF55C939BF396750` FOREIGN KEY (`id`) REFERENCES `theme` (`id`) ON DELETE CASCADE;

--
-- Filtros para la tabla `themewelcometext`
--
ALTER TABLE `themewelcometext`
  ADD CONSTRAINT `FK_1D668011BF396750` FOREIGN KEY (`id`) REFERENCES `theme` (`id`) ON DELETE CASCADE;

--
-- Filtros para la tabla `tipotarifa`
--
ALTER TABLE `tipotarifa`
  ADD CONSTRAINT `FK_8685C38AA89DB457` FOREIGN KEY (`business_id`) REFERENCES `business` (`id`);

--
-- Filtros para la tabla `url`
--
ALTER TABLE `url`
  ADD CONSTRAINT `FK_F47645AE588525C` FOREIGN KEY (`mfooter_id`) REFERENCES `mfooter` (`id`),
  ADD CONSTRAINT `FK_F47645AEC4663E4` FOREIGN KEY (`page_id`) REFERENCES `page` (`id`),
  ADD CONSTRAINT `FK_F47645AEF63ECC0` FOREIGN KEY (`mheader_id`) REFERENCES `mheader` (`id`);

--
-- Filtros para la tabla `variant`
--
ALTER TABLE `variant`
  ADD CONSTRAINT `FK_F143BFAD4584665A` FOREIGN KEY (`product_id`) REFERENCES `product` (`id`);

--
-- Filtros para la tabla `variantvalue`
--
ALTER TABLE `variantvalue`
  ADD CONSTRAINT `FK_AFAABEBA3B69A9AF` FOREIGN KEY (`variant_id`) REFERENCES `variant` (`id`);

