-- http://www.phpmyadmin.net
--
-- Servidor: localhost
-- Tiempo de generación: 07-12-2017 a las 09:25:55
-- Versión del servidor: 5.7.18-0ubuntu0.16.04.1
-- Versión de PHP: 7.0.15-0ubuntu0.16.04.4




--
-- Base de datos: `edewismake`
--

-- --------------------------------------------------------

--
-- Estructura de tabla para la tabla `administrator`
--

CREATE TABLE `administrator` (
  `id` int(11) NOT NULL,
  `business_id` int(11) DEFAULT NULL
) ENGINE=InnoDB DEFAULT CHARSET=utf8 COLLATE=utf8_unicode_ci;

--
-- Volcado de datos para la tabla `administrator`
--

INSERT INTO `administrator` (`id`, `business_id`) VALUES
(43, NULL),
(1, 1),
(30, 29),
(34, 33),
(37, 36),
(40, 39),
(41, 40),
(42, 41),
(44, 43),
(45, 44),
(46, 45),
(47, 46),
(48, 47),
(49, 48);

-- --------------------------------------------------------

--
-- Estructura de tabla para la tabla `blog`
--

CREATE TABLE `blog` (
  `id` int(11) NOT NULL,
  `categoria_id` int(11) DEFAULT NULL,
  `fechaCreacion` datetime NOT NULL,
  `titulo` varchar(255) COLLATE utf8_unicode_ci NOT NULL,
  `tituloSinEspacios` varchar(255) COLLATE utf8_unicode_ci NOT NULL,
  `numeroLecturas` int(11) NOT NULL,
  `mostrar` tinyint(1) NOT NULL,
  `contenidoBlog` longtext COLLATE utf8_unicode_ci,
  `imagenDestacada` varchar(255) COLLATE utf8_unicode_ci DEFAULT NULL,
  `wdestacada` double NOT NULL,
  `hdestacada` double NOT NULL,
  `business_id` int(11) DEFAULT NULL,
  `page_id` int(11) DEFAULT NULL
) ENGINE=InnoDB DEFAULT CHARSET=utf8 COLLATE=utf8_unicode_ci;

--
-- Volcado de datos para la tabla `blog`
--

INSERT INTO `blog` (`id`, `categoria_id`, `fechaCreacion`, `titulo`, `tituloSinEspacios`, `numeroLecturas`, `mostrar`, `contenidoBlog`, `imagenDestacada`, `wdestacada`, `hdestacada`, `business_id`, `page_id`) VALUES
(2, 2, '2017-04-29 07:50:10', 'Creando Custom Views en Android 2', 'creando-custom-views-en-android-2', 0, 1, '<p>Uno de los principales problemas que nos encontramos en los frameworks de desarrollo mobile es la tendencia a tener toda nuestra l&oacute;gica implementada en una misma clase. En el caso de Android, suele recaer en las Activities, y en caso de iOS en los ViewControllers.</p>\r\n\r\n<p>Este antipatr&oacute;n ya se viene estudiando desde los noventa y se cita en varios libros de programaci&oacute;n orientada a objetos con el sobrenombre de &quot;God class&quot; o &quot;God object&quot;.</p>\r\n\r\n<p>En la jerga Android se suele hablar de &quot;God Activities&quot;, y en iOS se dice &quot;Massive View Controller&quot;, creando un juego de palabras las siglas &quot;MVC&quot; del conocido patr&oacute;n de dise&ntilde;o &quot;Model-View-Controller&quot;.</p>\r\n\r\n<p>En ambos casos, el problema en nuestro c&oacute;digo aparece a medio o largo plazo, cuando tras intensas semanas de trabajo en nuestra App, las activities acaban teniendo por encima de 1000 o 1500 l&iacute;neas de c&oacute;digo.</p>\r\n\r\n<p>La funcionalidad se cubre, el proyecto se entrega, y el c&oacute;digo se guarda durante un periodo de tiempo.</p>', '/business/1/blog-2.JPG', 954, 426, 1, 33),
(3, 2, '2017-04-29 07:50:50', 'Creando Custom Views en Android 35', 'creando-custom-views-en-android-35', 0, 1, '<p>Uno de los principales problemas que nos encontramos en los frameworks de desarrollo mobile es la tendencia a tener toda nuestra l&oacute;gica implementada en una misma clase. En el caso de Android, suele recaer en las Activities, y en caso de iOS en los ViewControllers.</p>\r\n\r\n<p>Este antipatr&oacute;n ya se viene estudiando desde los noventa y se cita en varios libros de programaci&oacute;n orientada a objetos con el sobrenombre de &quot;God class&quot; o &quot;God object&quot;.</p>\r\n\r\n<p>En la jerga Android se suele hablar de &quot;God Activities&quot;, y en iOS se dice &quot;Massive View Controller&quot;, creando un juego de palabras las siglas &quot;MVC&quot; del conocido patr&oacute;n de dise&ntilde;o &quot;Model-View-Controller&quot;.</p>\r\n\r\n<p>En ambos casos, el problema en nuestro c&oacute;digo aparece a medio o largo plazo, cuando tras intensas semanas de trabajo en nuestra App, las activities acaban teniendo por encima de 1000 o 1500 l&iacute;neas de c&oacute;digo.</p>\r\n\r\n<p>La funcionalidad se cubre, el proyecto se entrega, y el c&oacute;digo se guarda durante un periodo de tiempo.</p>', '/business/1/blog-3.JPG', 945, 338, 1, 35),
(4, NULL, '2017-05-06 17:38:10', 'Creando Custom Views en Android', 'creando-custom-views-en-android', 0, 1, NULL, '/business/1/blog-4.JPG', 951, 330, 1, 37);

-- --------------------------------------------------------

--
-- Estructura de tabla para la tabla `blogcategoria`
--

CREATE TABLE `blogcategoria` (
  `id` int(11) NOT NULL,
  `categoria` varchar(255) COLLATE utf8_unicode_ci NOT NULL,
  `categoriaSinEspacios` varchar(255) COLLATE utf8_unicode_ci NOT NULL,
  `orden` int(11) NOT NULL,
  `business_id` int(11) DEFAULT NULL
) ENGINE=InnoDB DEFAULT CHARSET=utf8 COLLATE=utf8_unicode_ci;

--
-- Volcado de datos para la tabla `blogcategoria`
--

INSERT INTO `blogcategoria` (`id`, `categoria`, `categoriaSinEspacios`, `orden`, `business_id`) VALUES
(2, 'Categoría 1', 'categoria-1', 1, 1),
(3, 'Categoría 2', 'categoria-2', 2, 1);

-- --------------------------------------------------------

--
-- Estructura de tabla para la tabla `blogcomentario`
--

CREATE TABLE `blogcomentario` (
  `id` int(11) NOT NULL,
  `blog_id` int(11) DEFAULT NULL,
  `nombre` varchar(255) COLLATE utf8_unicode_ci NOT NULL,
  `email` varchar(255) COLLATE utf8_unicode_ci DEFAULT NULL,
  `web` varchar(255) COLLATE utf8_unicode_ci DEFAULT NULL,
  `blogcomentario` longtext COLLATE utf8_unicode_ci,
  `created` datetime NOT NULL,
  `mostrar` tinyint(1) NOT NULL,
  `heleido` tinyint(1) NOT NULL,
  `respuesta` tinyint(1) NOT NULL
) ENGINE=InnoDB DEFAULT CHARSET=utf8 COLLATE=utf8_unicode_ci;

-- --------------------------------------------------------

--
-- Estructura de tabla para la tabla `blogs`
--

CREATE TABLE `blogs` (
  `relacion_blog_id` int(11) NOT NULL,
  `Blog_id` int(11) NOT NULL
) ENGINE=InnoDB DEFAULT CHARSET=utf8 COLLATE=utf8_unicode_ci;

-- --------------------------------------------------------

--
-- Estructura de tabla para la tabla `business`
--

CREATE TABLE `business` (
  `id` int(11) NOT NULL,
  `subcategory_id` int(11) DEFAULT NULL,
  `contactinfo_id` int(11) DEFAULT NULL,
  `legalinfo_id` int(11) DEFAULT NULL,
  `socialnetwork_id` int(11) DEFAULT NULL,
  `nif` varchar(255) COLLATE utf8_unicode_ci DEFAULT NULL,
  `domain` varchar(255) COLLATE utf8_unicode_ci DEFAULT NULL,
  `subdomain` varchar(255) COLLATE utf8_unicode_ci DEFAULT NULL,
  `teposicionamos` tinyint(1) NOT NULL,
  `pathlogo` varchar(255) COLLATE utf8_unicode_ci DEFAULT NULL,
  `pathfavicon` varchar(255) COLLATE utf8_unicode_ci DEFAULT NULL,
  `phone` varchar(255) COLLATE utf8_unicode_ci DEFAULT NULL,
  `mobilephone` varchar(255) COLLATE utf8_unicode_ci DEFAULT NULL,
  `backgroundcolor` varchar(255) COLLATE utf8_unicode_ci DEFAULT NULL,
  `font` varchar(255) COLLATE utf8_unicode_ci DEFAULT NULL,
  `fontcolor` varchar(10) COLLATE utf8_unicode_ci DEFAULT NULL,
  `cansell` tinyint(1) NOT NULL,
  `administrator_id` int(11) DEFAULT NULL,
  `nombre` varchar(255) COLLATE utf8_unicode_ci DEFAULT NULL,
  `pathlogofooter` varchar(255) COLLATE utf8_unicode_ci DEFAULT NULL,
  `fonttitlesize` varchar(30) COLLATE utf8_unicode_ci DEFAULT NULL,
  `fonttextsize` varchar(30) COLLATE utf8_unicode_ci DEFAULT NULL,
  `codigonalytics` longtext COLLATE utf8_unicode_ci,
  `clientidanalytics` varchar(255) COLLATE utf8_unicode_ci DEFAULT NULL
) ENGINE=InnoDB DEFAULT CHARSET=utf8 COLLATE=utf8_unicode_ci;

--
-- Volcado de datos para la tabla `business`
--

INSERT INTO `business` (`id`, `subcategory_id`, `contactinfo_id`, `legalinfo_id`, `socialnetwork_id`, `nif`, `domain`, `subdomain`, `teposicionamos`, `pathlogo`, `pathfavicon`, `phone`, `mobilephone`, `backgroundcolor`, `font`, `fontcolor`, `cansell`, `administrator_id`, `nombre`, `pathlogofooter`, `fonttitlesize`, `fonttextsize`, `codigonalytics`, `clientidanalytics`) VALUES
(1, 15, 2, 1, 1, 'APP', 'edewis.com', 'ruben.tunegocioeninternetorange.com', 0, '/business/1/icon-1-18.png', '/business/1/favicon-1-62.png', NULL, NULL, '#FFFFFF', '/fonts/Roboto/Roboto-Light.ttf', '#909090', 0, 1, 'Nombre de negocio', '/business/1/icon-footer-1-55.png', NULL, NULL, NULL, NULL),
(2, 36, NULL, NULL, NULL, NULL, NULL, 'local2.edewis.com', 0, 'icon-2-100.png', NULL, NULL, NULL, NULL, NULL, NULL, 0, NULL, NULL, NULL, NULL, NULL, NULL, NULL),
(7, 13, NULL, NULL, NULL, NULL, NULL, 'a005.tunegocioeninternetorange.com\0\0\0\0\0\0\0\0\0\0\0\0', 0, NULL, NULL, NULL, NULL, NULL, NULL, NULL, 0, NULL, 'Café El Margen', NULL, NULL, NULL, NULL, NULL),
(8, 13, NULL, NULL, NULL, NULL, NULL, 'a006.tunegocioeninternetorange.com\0\0\0\0\0', 0, NULL, NULL, NULL, NULL, NULL, NULL, NULL, 0, NULL, 'Café ', NULL, NULL, NULL, NULL, NULL),
(11, 13, NULL, NULL, NULL, NULL, NULL, 'a008.tunegocioeninternetorange.com\0\0\0\0\0\0\0', 0, NULL, NULL, NULL, NULL, NULL, NULL, NULL, 0, NULL, 'CAfe', NULL, NULL, NULL, NULL, NULL),
(15, 13, NULL, NULL, NULL, NULL, NULL, 'a012.tunegocioeninternetorange.com\0\0\0\0\0\0\0\0\0\0', 0, NULL, NULL, NULL, NULL, NULL, NULL, NULL, 0, NULL, 'c', NULL, NULL, NULL, NULL, NULL),
(18, 13, NULL, NULL, NULL, NULL, NULL, 'a016.tunegocioeninternetorange.com', 0, NULL, NULL, NULL, NULL, NULL, NULL, NULL, 0, NULL, 'c', NULL, NULL, NULL, NULL, NULL),
(20, 7, NULL, NULL, NULL, NULL, NULL, 'a018.tunegocioeninternetorange.com', 0, NULL, NULL, NULL, NULL, NULL, NULL, NULL, 0, NULL, 'Cafe', NULL, NULL, NULL, NULL, NULL),
(21, 7, NULL, NULL, NULL, NULL, NULL, 'a019.tunegocioeninternetorange.com', 0, NULL, NULL, NULL, NULL, NULL, NULL, NULL, 0, NULL, 'Actividades deportivas', NULL, NULL, NULL, NULL, NULL),
(22, 7, NULL, NULL, NULL, NULL, NULL, 'a020.tunegocioeninternetorange.com', 0, NULL, NULL, NULL, NULL, NULL, NULL, NULL, 0, NULL, 'Deporte', NULL, NULL, NULL, NULL, NULL),
(23, 13, NULL, NULL, NULL, NULL, NULL, 'a021.tunegocioeninternetorange.com', 0, NULL, NULL, NULL, NULL, NULL, NULL, NULL, 0, NULL, 'Cafe del mar', NULL, NULL, NULL, NULL, NULL),
(29, 15, 23, 22, 23, NULL, NULL, 'a027.tunegocioeninternetorange.com', 0, '/business/29/icon-29-77.png', NULL, NULL, NULL, NULL, NULL, NULL, 0, 30, 'Hotel Samuel', '/business/29/icon-footer-29-11.png', NULL, NULL, NULL, NULL),
(33, 33, 15, 16, 17, NULL, 'lafamiliapinturas.com', 'a033.tunegocioeninternetorange.com', 0, '/business/33/icon-33-39.png', NULL, NULL, NULL, NULL, NULL, NULL, 0, 34, 'Pinturas La Familia ', '/business/33/icon-footer-33-51.png', NULL, NULL, NULL, NULL),
(36, 41, 14, 20, 21, NULL, NULL, 'a037.tunegocioeninternetorange.com', 0, '/business/36/icon-36-45.jpg', NULL, NULL, NULL, '#FFFFFF', '/fonts/Raleway/Raleway-Regular.ttf', '#909090', 0, 37, 'M&B Comercial Service', '', NULL, NULL, NULL, NULL),
(39, 7, 24, 23, 24, NULL, NULL, 'a040.tunegocioeninternetorange.com', 1, '/business/39/icon-39-11.png', NULL, NULL, NULL, NULL, NULL, NULL, 0, 40, 'asd', '/business/39/icon-footer-39-75.png', NULL, NULL, NULL, NULL),
(40, 40, 16, 13, 14, NULL, 'calzadosydeportesana.com', 'a042.tunegocioeninternetorange.com', 1, '/business/40/icon-40-32.png', NULL, NULL, NULL, NULL, NULL, NULL, 0, 41, 'Calzados y Deportes Ana', '/business/40/icon-footer-40-86.png', NULL, NULL, '<script>\r\n  (function(i,s,o,g,r,a,m){i[\'GoogleAnalyticsObject\']=r;i[r]=i[r]||function(){\r\n  (i[r].q=i[r].q||[]).push(arguments)},i[r].l=1*new Date();a=s.createElement(o),\r\n  m=s.getElementsByTagName(o)[0];a.async=1;a.src=g;m.parentNode.insertBefore(a,m)\r\n  })(window,document,\'script\',\'https://www.google-analytics.com/analytics.js\',\'ga\');\r\n\r\n  ga(\'create\', \'UA-100780622-1\', \'auto\');\r\n  ga(\'send\', \'pageview\');\r\n\r\n</script>', '941977289127-grld66fh79s1t73u2hcd86ll066je9rk.apps.googleusercontent.com'),
(41, NULL, 19, 17, 18, NULL, NULL, 'a043.tunegocioeninternetorange.com', 1, '/business/41/icon-41-24.png', NULL, NULL, NULL, NULL, NULL, NULL, 0, 42, 'viajes aventuar', '/business/41/icon-footer-41-16.png', NULL, NULL, NULL, NULL),
(42, 35, NULL, NULL, NULL, NULL, NULL, 'a045.tunegocioeninternetorange.com', 0, '/business/42/icon-42-9.png', NULL, NULL, NULL, NULL, NULL, NULL, 0, NULL, 'idem', '/business/42/icon-footer-42-70.png', NULL, NULL, NULL, NULL),
(43, NULL, 18, 15, 16, NULL, NULL, 'a046.tunegocioeninternetorange.com', 0, '/business/43/icon-43-28.png', NULL, NULL, NULL, NULL, NULL, NULL, 0, 44, 'Webwis', '/business/43/icon-footer-43-81.png', NULL, NULL, NULL, NULL),
(44, 3, 20, 18, 19, NULL, NULL, 'a047.tunegocioeninternetorange.com', 0, '/business/44/icon-44-67.png', NULL, NULL, NULL, NULL, NULL, NULL, 0, 45, 'Instalaciones Herosa SC', '/business/44/icon-footer-44-8.png', NULL, NULL, NULL, NULL),
(45, 40, 21, 19, 20, NULL, 'bydopazzodesign.com', 'a050.tunegocioeninternetorange.com', 0, '', NULL, NULL, NULL, '#FBFBFB', '/fonts/Open_Sans/OpenSans-Regular.ttf', '#F8F8F8', 0, 46, 'by dopazzo design', '', NULL, NULL, NULL, NULL),
(46, 33, 22, 21, 22, NULL, NULL, 'a051.tunegocioeninternetorange.com', 0, '/business/46/icon-46-11.png', NULL, NULL, NULL, NULL, NULL, NULL, 0, 47, 'Marcos Gómez Medina / Abogado & Consultor Político', '/business/46/icon-footer-46-55.png', NULL, NULL, NULL, NULL),
(47, NULL, NULL, NULL, NULL, NULL, NULL, 'a052.tunegocioeninternetorange.com', 0, '/business/47/icon-47-84.png', NULL, NULL, NULL, NULL, NULL, NULL, 0, 48, 'Tu Bussiness en Internet', '/business/47/icon-footer-47-31.png', NULL, NULL, NULL, NULL),
(48, 33, 25, 24, 25, NULL, NULL, 'a053.tunegocioeninternetorange.com', 0, '/business/48/icon-48-19.png', NULL, NULL, NULL, NULL, NULL, NULL, 0, 49, 'IURIS GABINETE JURÍDICO', '/business/48/icon-footer-48-36.png', NULL, NULL, NULL, NULL);

-- --------------------------------------------------------

--
-- Estructura de tabla para la tabla `category`
--

CREATE TABLE `category` (
  `id` int(11) NOT NULL,
  `name` varchar(255) COLLATE utf8_unicode_ci NOT NULL,
  `sort` int(11) NOT NULL,
  `datecreated` datetime NOT NULL,
  `deleted` tinyint(1) NOT NULL
) ENGINE=InnoDB DEFAULT CHARSET=utf8 COLLATE=utf8_unicode_ci;

--
-- Volcado de datos para la tabla `category`
--

INSERT INTO `category` (`id`, `name`, `sort`, `datecreated`, `deleted`) VALUES
(1, 'Casa y construcción', 1, '2017-05-07 08:34:33', 0),
(2, 'Deportes', 2, '2017-05-07 08:35:42', 0),
(3, 'Eventos', 3, '2017-05-07 08:35:49', 0),
(4, 'Hotel y Turismo', 4, '2017-05-07 08:35:58', 0),
(5, 'Negocios', 6, '2017-05-07 08:36:10', 0),
(6, 'Portafolio', 7, '2017-05-07 08:36:19', 0),
(7, 'Salud y bienestar', 8, '2017-05-07 08:36:27', 0),
(8, 'Servicios', 9, '2017-05-07 08:36:39', 0);

-- --------------------------------------------------------

--
-- Estructura de tabla para la tabla `contact`
--

CREATE TABLE `contact` (
  `id` int(11) NOT NULL,
  `business_id` int(11) DEFAULT NULL,
  `datecreated` datetime NOT NULL,
  `name` varchar(255) COLLATE utf8_unicode_ci NOT NULL,
  `description` longtext COLLATE utf8_unicode_ci,
  `telephoneormail` varchar(255) COLLATE utf8_unicode_ci NOT NULL
) ENGINE=InnoDB DEFAULT CHARSET=utf8 COLLATE=utf8_unicode_ci;

--
-- Volcado de datos para la tabla `contact`
--

INSERT INTO `contact` (`id`, `business_id`, `datecreated`, `name`, `description`, `telephoneormail`) VALUES
(1, 1, '2017-05-02 07:35:15', 'Rubén', '', '123456789'),
(2, 33, '2017-05-31 20:19:37', 'ANTONIO', '', '648111584 '),
(3, 45, '2017-12-06 04:58:00', 'JamisonAdack', 'Shops that require protection for high risk goods held on the premises will usually need to declare the total values of each stock item. High risk shop stock and goods are those that attract thieves and are expensive to replace. Examples of high risk stock items are electronic equipment, cigarettes, and tobacco, designer clothing, computers and digital equipment, software, computer games and consoles, drugs pharmacy and medicines, watches and jewellery, mobile phones and radios, photographic equipment, power tools, TVs, DVDs, CDs and Wines and Spirits. \r\n \r\nIf your shop has high risk stock you can reduce the cost of your premiums by having adequate security in place. This includes an insurance company approved burglar and fire alarm, window grills, shutters and bars, CCTV and sprinklers. Many shop insurers will only offer stock cover if the minimum levels of security are in place for all shops, regardless of the stock contents held. A lot of insurers may offer further large discounts to the premium if the shop owner lives on or above the premises and is there at night. \r\n \r\nShops by their very nature deal with members of the public and a good insurance policy will usually contain liability cover as standard. This should include Public Liability of up to ?2,000,000 for any one claim by a member of the public who may suffer loss or injury visiting the shop. \r\n \r\nIf you employ staff all policies will offer Employers Liability cover of up to ?10,000,000 one event and because shops sell goods and services, Products Liability cover of ?2,000,000 for any one period of insurance. \r\n \r\n<a href=https://www.cialissansordonnancefr24.com/prix-du-cialis-20/>https://www.cialissansordonnancefr24.com/prix-du-cialis-20/</a>', 'johnkelly51kzp5cr@yahoo.com');

-- --------------------------------------------------------

--
-- Estructura de tabla para la tabla `contactinfo`
--

CREATE TABLE `contactinfo` (
  `id` int(11) NOT NULL,
  `business_id` int(11) DEFAULT NULL,
  `email` varchar(255) COLLATE utf8_unicode_ci DEFAULT NULL,
  `telephone` varchar(255) COLLATE utf8_unicode_ci DEFAULT NULL,
  `mobilephone` varchar(255) COLLATE utf8_unicode_ci DEFAULT NULL,
  `fax` varchar(255) COLLATE utf8_unicode_ci DEFAULT NULL,
  `latitude` double DEFAULT NULL,
  `longitude` double DEFAULT NULL,
  `address` varchar(255) COLLATE utf8_unicode_ci DEFAULT NULL,
  `datecreated` datetime NOT NULL,
  `schedule` varchar(255) COLLATE utf8_unicode_ci DEFAULT NULL
) ENGINE=InnoDB DEFAULT CHARSET=utf8 COLLATE=utf8_unicode_ci;

--
-- Volcado de datos para la tabla `contactinfo`
--

INSERT INTO `contactinfo` (`id`, `business_id`, `email`, `telephone`, `mobilephone`, `fax`, `latitude`, `longitude`, `address`, `datecreated`, `schedule`) VALUES
(2, 1, 'ejemplo@correo.es', '912345678', '612345678', '123456789', NULL, NULL, 'Gran Vía, Madrid', '2017-05-06 08:23:25', 'Mañanas de 07:00 a 15:00 y Tardes de 16:00 a 19:00'),
(3, 2, NULL, NULL, NULL, NULL, NULL, NULL, NULL, '2017-05-06 18:30:03', NULL),
(5, 7, NULL, NULL, NULL, NULL, NULL, NULL, NULL, '2017-05-18 11:55:09', NULL),
(6, 8, NULL, NULL, NULL, NULL, NULL, NULL, NULL, '2017-05-18 13:12:16', NULL),
(7, 11, NULL, NULL, NULL, NULL, NULL, NULL, NULL, '2017-05-18 13:27:23', NULL),
(8, 15, NULL, NULL, NULL, NULL, NULL, NULL, NULL, '2017-05-18 13:36:41', NULL),
(9, 18, NULL, NULL, NULL, NULL, NULL, NULL, NULL, '2017-05-18 13:45:38', NULL),
(10, 20, NULL, NULL, NULL, NULL, NULL, NULL, NULL, '2017-05-18 13:57:02', NULL),
(11, 21, NULL, NULL, NULL, NULL, NULL, NULL, NULL, '2017-05-18 14:00:34', NULL),
(12, 22, NULL, NULL, NULL, NULL, NULL, NULL, NULL, '2017-05-18 14:03:48', NULL),
(13, 23, NULL, NULL, NULL, NULL, NULL, NULL, NULL, '2017-05-18 14:07:38', NULL),
(14, 36, '', '911 136 075', ' 657 577 344 /  657 570 382 ', '', NULL, NULL, 'Avenida real de pinto numero 26', '2017-05-31 16:58:13', 'De 9:30 - 13:30   16:00 - 20:00'),
(15, 33, '', '', '', '', NULL, NULL, '', '2017-05-31 20:25:00', ''),
(16, 40, NULL, NULL, NULL, NULL, NULL, NULL, NULL, '2017-06-09 12:20:06', NULL),
(17, 42, NULL, NULL, NULL, NULL, NULL, NULL, NULL, '2017-06-09 13:06:05', NULL),
(18, 43, NULL, NULL, NULL, NULL, NULL, NULL, NULL, '2017-06-13 10:18:00', NULL),
(19, 41, NULL, NULL, NULL, NULL, NULL, NULL, NULL, '2017-06-23 18:01:27', NULL),
(20, 44, NULL, NULL, NULL, NULL, NULL, NULL, NULL, '2017-06-24 07:57:14', NULL),
(21, 45, 'bydopazzodesign@gmail.com', '', '', '', NULL, NULL, '', '2017-06-24 07:57:41', ''),
(22, 46, 'marcosgomezmedina@gmail.com', '', '+34 675032522', '+34 911233213', NULL, NULL, '', '2017-09-29 15:45:57', ''),
(23, 29, NULL, NULL, NULL, NULL, NULL, NULL, NULL, '2017-10-17 08:20:48', NULL),
(24, 39, NULL, NULL, NULL, NULL, NULL, NULL, NULL, '2017-10-17 08:21:59', NULL),
(25, 48, NULL, NULL, NULL, NULL, NULL, NULL, NULL, '2017-12-05 08:34:00', NULL);

-- --------------------------------------------------------

--
-- Estructura de tabla para la tabla `image`
--

CREATE TABLE `image` (
  `id` int(11) NOT NULL,
  `pathimage` varchar(255) COLLATE utf8_unicode_ci DEFAULT NULL,
  `datecreated` datetime NOT NULL,
  `width` double NOT NULL,
  `height` double NOT NULL
) ENGINE=InnoDB DEFAULT CHARSET=utf8 COLLATE=utf8_unicode_ci;

-- --------------------------------------------------------

--
-- Estructura de tabla para la tabla `legalinfo`
--

CREATE TABLE `legalinfo` (
  `id` int(11) NOT NULL,
  `business_id` int(11) DEFAULT NULL,
  `legalwarning` longtext COLLATE utf8_unicode_ci,
  `privacypolicy` longtext COLLATE utf8_unicode_ci,
  `cookiespolicy` longtext COLLATE utf8_unicode_ci,
  `datecreated` datetime NOT NULL
) ENGINE=InnoDB DEFAULT CHARSET=utf8 COLLATE=utf8_unicode_ci;

--
-- Volcado de datos para la tabla `legalinfo`
--

INSERT INTO `legalinfo` (`id`, `business_id`, `legalwarning`, `privacypolicy`, `cookiespolicy`, `datecreated`) VALUES
(1, 1, NULL, NULL, NULL, '2017-05-06 08:52:13'),
(2, 2, NULL, NULL, NULL, '2017-05-06 18:30:03'),
(4, 7, NULL, NULL, NULL, '2017-05-18 11:55:09'),
(5, 8, NULL, NULL, NULL, '2017-05-18 13:12:16'),
(6, 11, NULL, NULL, NULL, '2017-05-18 13:27:23'),
(7, 15, NULL, NULL, NULL, '2017-05-18 13:36:41'),
(8, 18, NULL, NULL, NULL, '2017-05-18 13:45:38'),
(9, 20, NULL, NULL, NULL, '2017-05-18 13:57:02'),
(10, 21, NULL, NULL, NULL, '2017-05-18 14:00:34'),
(11, 22, NULL, NULL, NULL, '2017-05-18 14:03:48'),
(12, 23, NULL, NULL, NULL, '2017-05-18 14:07:38'),
(13, 40, NULL, NULL, NULL, '2017-06-09 12:20:06'),
(14, 42, NULL, NULL, NULL, '2017-06-09 13:06:05'),
(15, 43, NULL, NULL, NULL, '2017-06-13 10:18:00'),
(16, 33, NULL, NULL, NULL, '2017-06-22 19:28:08'),
(17, 41, NULL, NULL, NULL, '2017-06-23 18:01:27'),
(18, 44, NULL, NULL, NULL, '2017-06-24 07:57:14'),
(19, 45, NULL, NULL, NULL, '2017-06-24 07:57:41'),
(20, 36, NULL, NULL, NULL, '2017-07-12 09:03:18'),
(21, 46, NULL, NULL, NULL, '2017-09-29 15:45:57'),
(22, 29, NULL, NULL, NULL, '2017-10-17 08:20:48'),
(23, 39, NULL, NULL, NULL, '2017-10-17 08:21:59'),
(24, 48, NULL, NULL, NULL, '2017-12-05 08:34:00');

-- --------------------------------------------------------

--
-- Estructura de tabla para la tabla `location`
--

CREATE TABLE `location` (
  `id` int(11) NOT NULL,
  `business_id` int(11) DEFAULT NULL,
  `namelocation` varchar(255) COLLATE utf8_unicode_ci DEFAULT NULL,
  `latitud` double DEFAULT NULL,
  `longitud` double DEFAULT NULL,
  `datecreated` datetime NOT NULL
) ENGINE=InnoDB DEFAULT CHARSET=utf8 COLLATE=utf8_unicode_ci;

--
-- Volcado de datos para la tabla `location`
--

INSERT INTO `location` (`id`, `business_id`, `namelocation`, `latitud`, `longitud`, `datecreated`) VALUES
(2, 1, 'Sede de Madrid', 40.45451973283749, -3.6904032859832796, '2017-04-29 12:02:07'),
(3, 1, 'Sede de Barcelona', 41.3850639, 2.1734034999999494, '2017-04-29 12:02:29'),
(5, 36, 'M&B Comercial Service', 40.3465898, -3.7063735000000406, '2017-05-31 16:28:03');

-- --------------------------------------------------------

--
-- Estructura de tabla para la tabla `mcontact`
--

CREATE TABLE `mcontact` (
  `id` int(11) NOT NULL,
  `colorbutton` varchar(255) COLLATE utf8_unicode_ci DEFAULT NULL,
  `align` varchar(255) COLLATE utf8_unicode_ci DEFAULT NULL
) ENGINE=InnoDB DEFAULT CHARSET=utf8 COLLATE=utf8_unicode_ci;

--
-- Volcado de datos para la tabla `mcontact`
--

INSERT INTO `mcontact` (`id`, `colorbutton`, `align`) VALUES
(300, NULL, NULL),
(333, NULL, NULL),
(345, NULL, NULL),
(383, NULL, NULL),
(404, NULL, NULL),
(409, NULL, NULL),
(432, '#56575B', 'center'),
(451, NULL, NULL),
(456, NULL, NULL),
(470, NULL, NULL),
(476, NULL, NULL);

-- --------------------------------------------------------

--
-- Estructura de tabla para la tabla `mfooter`
--

CREATE TABLE `mfooter` (
  `id` int(11) NOT NULL,
  `datecreated` datetime NOT NULL,
  `typewidth` int(11) NOT NULL,
  `backgroundcolor` varchar(10) COLLATE utf8_unicode_ci DEFAULT NULL,
  `fontcolor` varchar(10) COLLATE utf8_unicode_ci DEFAULT NULL,
  `fontsize` varchar(10) COLLATE utf8_unicode_ci DEFAULT NULL,
  `theme` varchar(255) COLLATE utf8_unicode_ci NOT NULL,
  `template` varchar(255) COLLATE utf8_unicode_ci NOT NULL,
  `moduloorder` int(11) NOT NULL,
  `backgroundimage` varchar(255) COLLATE utf8_unicode_ci DEFAULT NULL,
  `textalign` varchar(20) COLLATE utf8_unicode_ci DEFAULT NULL,
  `showservice` tinyint(1) NOT NULL,
  `showproject` tinyint(1) NOT NULL,
  `showhome` tinyint(1) NOT NULL,
  `showsocialnetwork` tinyint(1) NOT NULL,
  `showaddress` tinyint(1) NOT NULL,
  `business_id` int(11) DEFAULT NULL,
  `font` varchar(155) COLLATE utf8_unicode_ci DEFAULT NULL,
  `fonttitlesize` varchar(30) COLLATE utf8_unicode_ci DEFAULT NULL,
  `fonttextsize` varchar(30) COLLATE utf8_unicode_ci DEFAULT NULL
) ENGINE=InnoDB DEFAULT CHARSET=utf8 COLLATE=utf8_unicode_ci;

--
-- Volcado de datos para la tabla `mfooter`
--

INSERT INTO `mfooter` (`id`, `datecreated`, `typewidth`, `backgroundcolor`, `fontcolor`, `fontsize`, `theme`, `template`, `moduloorder`, `backgroundimage`, `textalign`, `showservice`, `showproject`, `showhome`, `showsocialnetwork`, `showaddress`, `business_id`, `font`, `fonttitlesize`, `fonttextsize`) VALUES
(1, '2017-04-23 15:40:32', 2, '#FFFFFF', '#909090', NULL, '3', 'mfooter:theme3.html.twig', 10000, '', 'left', 1, 1, 1, 1, 1, 1, '/fonts/Raleway/Raleway-Light.ttf', NULL, 'font-size:small;'),
(28, '2017-05-18 16:23:39', 1, NULL, NULL, NULL, '1', 'mfooter:theme1.html.twig', 10000, NULL, 'left', 1, 1, 1, 1, 1, 29, NULL, NULL, NULL),
(32, '2017-05-30 14:51:55', 1, NULL, NULL, NULL, '1', 'mfooter:theme1.html.twig', 10000, NULL, 'left', 1, 1, 1, 1, 1, 33, NULL, NULL, NULL),
(35, '2017-05-31 10:39:14', 1, '#202020', '#FFFFFF', NULL, '1', 'mfooter:theme1.html.twig', 10000, NULL, 'left', 1, 1, 1, 1, 1, 36, '/fonts/Open_Sans/OpenSans-Light.ttf', NULL, 'font-size:large;'),
(38, '2017-05-31 13:16:22', 1, NULL, NULL, NULL, '1', 'mfooter:theme1.html.twig', 10000, NULL, 'left', 1, 1, 1, 1, 1, 39, NULL, NULL, NULL),
(39, '2017-06-01 14:13:09', 1, NULL, NULL, NULL, '2', 'mfooter:theme2.html.twig', 10000, NULL, 'left', 1, 1, 1, 1, 1, 40, NULL, NULL, NULL),
(40, '2017-06-02 10:59:14', 1, NULL, NULL, NULL, '2', 'mfooter:theme2.html.twig', 10000, NULL, 'left', 1, 1, 1, 1, 1, 41, NULL, NULL, NULL),
(42, '2017-06-13 10:18:01', 1, '#56575B', '#FFFFFF', NULL, '1', 'mfooter:theme1.html.twig', 10000, NULL, 'left', 1, 1, 1, 1, 1, 43, '/fonts/Open_Sans/OpenSans-Light.ttf', NULL, 'font-size:small;'),
(43, '2017-06-24 07:57:13', 1, NULL, NULL, NULL, '1', 'mfooter:theme1.html.twig', 10000, NULL, 'left', 1, 1, 1, 1, 1, 44, NULL, NULL, NULL),
(44, '2017-06-24 07:57:41', 1, '#4C2EFF', '#F5F5F5', NULL, '3', 'mfooter:theme3.html.twig', 10000, '', 'left', 1, 1, 1, 1, 1, 45, '/fonts/Open_Sans/OpenSans-Light.ttf', NULL, 'font-size:large;'),
(45, '2017-09-29 15:45:57', 1, NULL, NULL, NULL, '3', 'mfooter:theme3.html.twig', 10000, NULL, 'left', 1, 1, 1, 1, 1, 46, NULL, NULL, NULL),
(46, '2017-12-05 08:34:00', 1, NULL, NULL, NULL, '1', 'mfooter:theme1.html.twig', 10000, NULL, 'left', 1, 1, 1, 1, 1, 48, NULL, NULL, NULL);

-- --------------------------------------------------------

--
-- Estructura de tabla para la tabla `mfreetextimage`
--

CREATE TABLE `mfreetextimage` (
  `id` int(11) NOT NULL,
  `text` longtext COLLATE utf8_unicode_ci,
  `image` varchar(255) COLLATE utf8_unicode_ci DEFAULT NULL,
  `tipodiseno` int(11) NOT NULL,
  `imagenredondeada` tinyint(1) NOT NULL,
  `aligntext` varchar(20) COLLATE utf8_unicode_ci NOT NULL
) ENGINE=InnoDB DEFAULT CHARSET=utf8 COLLATE=utf8_unicode_ci;

--
-- Volcado de datos para la tabla `mfreetextimage`
--

INSERT INTO `mfreetextimage` (`id`, `text`, `image`, `tipodiseno`, `imagenredondeada`, `aligntext`) VALUES
(298, 'En este espacio puedes poner un resumen por ejemplo de tu empresa, a que se dedica.', NULL, 1, 0, 'left'),
(331, 'En este espacio puedes poner un resumen por ejemplo de tu empresa, a que se dedica.', NULL, 1, 0, 'left'),
(349, 'Bienvenido a tu negocio en internet. Consigue mejores resultados. La nueva forma de tener que tu negocio esté en internet de la mano de Orange.', '/business/1/freetextimage-349-1.JPG', 1, 0, 'left'),
(381, 'En este espacio puedes poner un resumen por ejemplo de tu empresa, a que se dedica.', NULL, 1, 0, 'left'),
(387, 'Donde encontrarnos', NULL, 1, 0, 'center'),
(393, 'Nos puedes encontrar en \r\nAvenida Real de Pinto número 26. Madrid', NULL, 1, 0, 'center'),
(394, 'De 9:30 - 13:30   16:00 - 20:00', NULL, 1, 0, 'center'),
(395, 'Teléfonos: 911 136 075   -   657 577 344    -   657 570 382', NULL, 1, 0, 'center'),
(402, 'En este espacio puedes poner un resumen por ejemplo de tu empresa, a que se dedica.', NULL, 1, 0, 'left'),
(407, 'En este espacio puedes poner un resumen por ejemplo de tu empresa, a que se dedica.', NULL, 1, 0, 'left'),
(423, 'Muchas posibilidades con la misma plataforma', NULL, 1, 0, 'center'),
(431, 'Contrata ya!', NULL, 1, 0, 'center'),
(437, '· Galería de Imágenes\r\n· Texto de bienvenida\r\n· Texto e imagen libre\r\n· Servicios destacados\r\n· Proyectos destacados\r\n· Noticas\r\n· Mapa\r\n· Testimonios\r\n· Formulario de contacto', '/business/43/freetextimage-437-38.jpg', 1, 0, 'center'),
(449, 'En este espacio puedes poner un resumen por ejemplo de tu empresa, a que se dedica.', NULL, 1, 0, 'left'),
(463, NULL, NULL, 1, 0, 'left'),
(464, NULL, NULL, 1, 0, 'left'),
(468, 'En este espacio puedes poner un resumen por ejemplo de tu empresa, a que se dedica.', NULL, 1, 0, 'left'),
(474, 'En este espacio puedes poner un resumen por ejemplo de tu empresa, a que se dedica.', NULL, 1, 0, 'left');

-- --------------------------------------------------------

--
-- Estructura de tabla para la tabla `mgalery`
--

CREATE TABLE `mgalery` (
  `id` int(11) NOT NULL
) ENGINE=InnoDB DEFAULT CHARSET=utf8 COLLATE=utf8_unicode_ci;

--
-- Volcado de datos para la tabla `mgalery`
--

INSERT INTO `mgalery` (`id`) VALUES
(56),
(295),
(328),
(368),
(378),
(384),
(413),
(426),
(428),
(446),
(457),
(465),
(471);

-- --------------------------------------------------------

--
-- Estructura de tabla para la tabla `mgaleryimage`
--

CREATE TABLE `mgaleryimage` (
  `id` int(11) NOT NULL,
  `mgalery_id` int(11) DEFAULT NULL,
  `path` varchar(255) COLLATE utf8_unicode_ci DEFAULT NULL,
  `title` varchar(255) COLLATE utf8_unicode_ci DEFAULT NULL,
  `subtitle` varchar(255) COLLATE utf8_unicode_ci DEFAULT NULL,
  `width` double DEFAULT NULL,
  `height` double DEFAULT NULL,
  `datecreated` datetime NOT NULL,
  `imageorder` int(11) NOT NULL,
  `url` varchar(255) COLLATE utf8_unicode_ci DEFAULT NULL
) ENGINE=InnoDB DEFAULT CHARSET=utf8 COLLATE=utf8_unicode_ci;

--
-- Volcado de datos para la tabla `mgaleryimage`
--

INSERT INTO `mgaleryimage` (`id`, `mgalery_id`, `path`, `title`, `subtitle`, `width`, `height`, `datecreated`, `imageorder`, `url`) VALUES
(70, 56, '70.jpg', NULL, NULL, 1600, 750, '2017-05-04 18:45:38', 100, NULL),
(71, 56, '71.jpg', NULL, NULL, 1600, 750, '2017-05-04 18:45:38', 100, NULL),
(72, 56, '72.jpg', NULL, NULL, 1600, 750, '2017-05-04 18:45:38', 100, NULL),
(243, 295, '/business/29/galery-243.jpg', NULL, NULL, 700, 550, '2017-05-18 16:23:40', 100, NULL),
(244, 295, '/business/29/galery-244.jpeg', NULL, NULL, 700, 551, '2017-05-18 16:23:40', 100, NULL),
(245, 295, '/business/29/galery-245.jpeg', NULL, NULL, 700, 550, '2017-05-18 16:23:40', 100, NULL),
(246, 295, '/business/29/galery-246.jpg', NULL, NULL, 700, 550, '2017-05-18 16:23:40', 100, NULL),
(247, 295, '/business/29/galery-247.jpg', NULL, NULL, 1600, 750, '2017-05-18 16:23:40', 100, NULL),
(248, 295, '/business/29/galery-248.jpg', NULL, NULL, 1600, 750, '2017-05-18 16:23:40', 100, NULL),
(249, 295, '/business/29/galery-249.jpg', NULL, NULL, 1600, 750, '2017-05-18 16:23:40', 100, NULL),
(276, 328, '/business/33/galery-276.jpg', '', '', 1600, 750, '2017-05-30 14:51:56', 100, 'www.pinturaslafamilia.es'),
(299, 368, '/business/1/galery-299.JPG', NULL, NULL, 955, 475, '2017-05-31 13:01:31', 2, NULL),
(300, 368, '/business/1/galery-300.JPG', '', '', 945, 338, '2017-05-31 13:04:53', 1, ''),
(301, 368, '/business/1/galery-301.JPG', NULL, NULL, 951, 330, '2017-05-31 13:05:03', 3, NULL),
(302, 368, '/business/1/galery-302.JPG', '', '', 954, 426, '2017-05-31 13:05:12', 4, 'http://ruben.tunegocioeninternetorange.com/servicios2/'),
(303, 368, '/business/1/galery-303.JPG', NULL, NULL, 948, 424, '2017-05-31 13:05:18', 5, NULL),
(311, 378, '/business/39/galery-311.jpg', NULL, NULL, 700, 550, '2017-05-31 13:16:22', 100, NULL),
(312, 378, '/business/39/galery-312.jpg', NULL, NULL, 700, 550, '2017-05-31 13:16:22', 100, NULL),
(313, 378, '/business/39/galery-313.jpg', NULL, NULL, 700, 550, '2017-05-31 13:16:22', 100, NULL),
(314, 378, '/business/39/galery-314.jpg', NULL, NULL, 700, 550, '2017-05-31 13:16:22', 100, NULL),
(315, 378, '/business/39/galery-315.jpg', NULL, NULL, 1600, 750, '2017-05-31 13:16:22', 100, NULL),
(316, 378, '/business/39/galery-316.jpg', NULL, NULL, 1600, 750, '2017-05-31 13:16:22', 100, NULL),
(317, 378, '/business/39/galery-317.jpg', NULL, NULL, 1600, 750, '2017-05-31 13:16:22', 100, NULL),
(318, 384, '/business/36/galery-318.jpeg', 'Distribuidor de Securitas direct', '', 1280, 853, '2017-05-31 13:51:21', 100, 'http://a037.tunegocioeninternetorange.com/servicios/distribuidor-de-securitas-direct/'),
(321, 384, '/business/36/galery-321.jpg', 'Desarrollo de equipos comerciales', '', 1920, 1280, '2017-05-31 17:43:25', 100, 'http://a037.tunegocioeninternetorange.com/servicios/desarrollo-de-equipos-comerciales/'),
(322, 328, '/business/33/galery-322.jpg', 'PINTURAS LA FAMILIA', 'PINTURAS Y DECORACIONES LA FAMILIA', 1417, 580, '2017-05-31 20:34:52', 100, ''),
(330, 426, '/business/43/galery-330.jpg', 'Crea la web de tu negocio con Edewis', 'La crearás rápidamente y sin necesidad de conocimientos de programación', 1604, 687, '2017-06-13 11:31:07', 100, ''),
(335, 428, '/business/43/galery-335.jpg', NULL, NULL, 800, 800, '2017-06-13 13:59:39', 100, NULL),
(336, 428, '/business/43/galery-336.jpg', NULL, NULL, 800, 800, '2017-06-13 13:59:50', 100, NULL),
(337, 428, '/business/43/galery-337.jpg', NULL, NULL, 800, 800, '2017-06-13 13:59:57', 100, NULL),
(338, 428, '/business/43/galery-338.jpg', NULL, NULL, 800, 800, '2017-06-13 14:00:05', 100, NULL),
(339, 446, '/business/44/galery-339.jpg', NULL, NULL, 700, 550, '2017-06-24 07:57:13', 100, NULL),
(340, 446, '/business/44/galery-340.jpg', NULL, NULL, 700, 550, '2017-06-24 07:57:13', 100, NULL),
(341, 446, '/business/44/galery-341.jpg', NULL, NULL, 700, 550, '2017-06-24 07:57:13', 100, NULL),
(342, 446, '/business/44/galery-342.jpg', NULL, NULL, 700, 550, '2017-06-24 07:57:13', 100, NULL),
(343, 446, '/business/44/galery-343.jpg', NULL, NULL, 1600, 750, '2017-06-24 07:57:13', 100, NULL),
(344, 446, '/business/44/galery-344.jpg', NULL, NULL, 1600, 750, '2017-06-24 07:57:14', 100, NULL),
(345, 446, '/business/44/galery-345.jpg', NULL, NULL, 1600, 750, '2017-06-24 07:57:14', 100, NULL),
(346, 457, '/business/45/galery-346.jpg', NULL, NULL, 480, 640, '2017-07-05 19:01:38', 100, NULL),
(348, 457, '/business/45/galery-348.JPG', NULL, NULL, 1537, 2305, '2017-07-05 19:32:18', 100, NULL),
(350, 457, '/business/45/galery-350.JPG', NULL, NULL, 3264, 3264, '2017-07-05 19:33:51', 100, NULL),
(351, 457, '/business/45/galery-351.JPG', NULL, NULL, 2048, 2048, '2017-07-05 19:34:10', 100, NULL),
(352, 465, '/business/46/galery-352.jpg', NULL, NULL, 700, 550, '2017-09-29 15:45:57', 100, NULL),
(353, 465, '/business/46/galery-353.jpg', NULL, NULL, 700, 550, '2017-09-29 15:45:57', 100, NULL),
(354, 465, '/business/46/galery-354.jpg', NULL, NULL, 700, 550, '2017-09-29 15:45:57', 100, NULL),
(355, 465, '/business/46/galery-355.jpg', NULL, NULL, 700, 550, '2017-09-29 15:45:57', 100, NULL),
(356, 465, '/business/46/galery-356.jpg', NULL, NULL, 1600, 750, '2017-09-29 15:45:57', 100, NULL),
(357, 465, '/business/46/galery-357.jpg', NULL, NULL, 1600, 750, '2017-09-29 15:45:57', 100, NULL),
(358, 465, '/business/46/galery-358.jpg', NULL, NULL, 1600, 750, '2017-09-29 15:45:57', 100, NULL),
(359, 457, '/business/45/galery-359.jpg', NULL, NULL, 1274, 1280, '2017-10-20 13:58:10', 100, NULL),
(360, 457, '/business/45/galery-360.jpg', NULL, NULL, 1512, 2016, '2017-10-20 13:58:26', 100, NULL),
(361, 457, '/business/45/galery-361.jpg', NULL, NULL, 1512, 2016, '2017-10-20 13:59:03', 100, NULL),
(362, 457, '/business/45/galery-362.jpg', NULL, NULL, 1512, 2016, '2017-10-20 13:59:28', 100, NULL),
(363, 457, '/business/45/galery-363.JPG', NULL, NULL, 1224, 1632, '2017-10-20 13:59:51', 100, NULL),
(364, 471, '/business/48/galery-364.jpg', NULL, NULL, 700, 550, '2017-12-05 08:34:00', 100, NULL),
(365, 471, '/business/48/galery-365.jpg', NULL, NULL, 700, 550, '2017-12-05 08:34:00', 100, NULL),
(366, 471, '/business/48/galery-366.jpg', NULL, NULL, 700, 550, '2017-12-05 08:34:00', 100, NULL),
(367, 471, '/business/48/galery-367.jpg', NULL, NULL, 700, 550, '2017-12-05 08:34:00', 100, NULL),
(368, 471, '/business/48/galery-368.jpg', NULL, NULL, 1600, 750, '2017-12-05 08:34:00', 100, NULL),
(369, 471, '/business/48/galery-369.jpg', NULL, NULL, 1600, 750, '2017-12-05 08:34:00', 100, NULL),
(370, 471, '/business/48/galery-370.jpg', NULL, NULL, 1600, 750, '2017-12-05 08:34:00', 100, NULL);

-- --------------------------------------------------------

--
-- Estructura de tabla para la tabla `mheader`
--

CREATE TABLE `mheader` (
  `id` int(11) NOT NULL,
  `datecreated` datetime NOT NULL,
  `typewidth` int(11) NOT NULL,
  `backgroundcolor` varchar(10) COLLATE utf8_unicode_ci DEFAULT NULL,
  `fontcolor` varchar(10) COLLATE utf8_unicode_ci DEFAULT NULL,
  `fontsize` varchar(10) COLLATE utf8_unicode_ci DEFAULT NULL,
  `theme` varchar(255) COLLATE utf8_unicode_ci NOT NULL,
  `template` varchar(255) COLLATE utf8_unicode_ci NOT NULL,
  `moduloorder` int(11) NOT NULL,
  `backgroundimage` varchar(255) COLLATE utf8_unicode_ci DEFAULT NULL,
  `textalign` varchar(20) COLLATE utf8_unicode_ci DEFAULT NULL,
  `showservices` tinyint(1) NOT NULL,
  `showproject` tinyint(1) NOT NULL,
  `showhome` tinyint(1) NOT NULL,
  `showsocialnetwork` tinyint(1) NOT NULL,
  `business_id` int(11) DEFAULT NULL,
  `font` varchar(155) COLLATE utf8_unicode_ci DEFAULT NULL,
  `fonttitlesize` varchar(30) COLLATE utf8_unicode_ci DEFAULT NULL,
  `fonttextsize` varchar(30) COLLATE utf8_unicode_ci DEFAULT NULL
) ENGINE=InnoDB DEFAULT CHARSET=utf8 COLLATE=utf8_unicode_ci;

--
-- Volcado de datos para la tabla `mheader`
--

INSERT INTO `mheader` (`id`, `datecreated`, `typewidth`, `backgroundcolor`, `fontcolor`, `fontsize`, `theme`, `template`, `moduloorder`, `backgroundimage`, `textalign`, `showservices`, `showproject`, `showhome`, `showsocialnetwork`, `business_id`, `font`, `fonttitlesize`, `fonttextsize`) VALUES
(1, '2017-04-23 15:41:26', 1, '#FFFFFF', '#6D6D6D', NULL, '5', 'mheader:theme5.html.twig', 0, '', 'left', 1, 1, 1, 1, 1, '/fonts/Roboto/Roboto-Light.ttf', NULL, 'font-size:small;'),
(28, '2017-05-18 16:23:39', 2, '#FFFFFF', '#909090', NULL, '1', 'mheader:theme1.html.twig', 0, NULL, 'left', 1, 1, 1, 1, 29, '/fonts/Open_Sans/OpenSans-Light.ttf', NULL, 'font-size:small;'),
(32, '2017-05-30 14:51:55', 1, NULL, NULL, NULL, '1', 'mheader:theme1.html.twig', 0, NULL, 'left', 1, 1, 1, 1, 33, NULL, NULL, NULL),
(35, '2017-05-31 10:39:14', 3, '#FDFDFD', '#FF0000', NULL, '5', 'mheader:theme5.html.twig', 0, NULL, 'left', 1, 1, 1, 1, 36, '/fonts/Roboto/Roboto-Regular.ttf', NULL, 'font-size:larger;'),
(38, '2017-05-31 13:16:22', 1, NULL, NULL, NULL, '5', 'mheader:theme5.html.twig', 0, NULL, 'left', 1, 1, 1, 1, 39, NULL, NULL, NULL),
(39, '2017-06-01 14:13:09', 1, NULL, NULL, NULL, '3', 'mheader:theme3.html.twig', 0, NULL, 'left', 1, 1, 1, 1, 40, NULL, NULL, NULL),
(40, '2017-06-02 10:59:14', 1, NULL, NULL, NULL, '3', 'mheader:theme3.html.twig', 0, NULL, 'left', 1, 1, 1, 1, 41, NULL, NULL, NULL),
(42, '2017-06-13 10:18:01', 1, '#FFFFFF', '#909090', NULL, '2', 'mheader:theme2.html.twig', 0, '', 'left', 1, 1, 1, 1, 43, '/fonts/Open_Sans/OpenSans-Light.ttf', NULL, 'font-size:small;'),
(43, '2017-06-24 07:57:13', 1, NULL, NULL, NULL, '1', 'mheader:theme1.html.twig', 0, NULL, 'left', 1, 1, 1, 1, 44, NULL, NULL, NULL),
(44, '2017-06-24 07:57:41', 3, '#FFFFFF', '#909090', NULL, '3', 'mheader:theme3.html.twig', 0, '/business/45/29-header-44-back.jpg', 'left', 1, 1, 1, 1, 45, '/fonts/Open_Sans/OpenSans-Light.ttf', NULL, 'font-size:x-large;'),
(45, '2017-09-29 15:45:57', 1, NULL, NULL, NULL, '3', 'mheader:theme3.html.twig', 0, NULL, 'left', 1, 1, 1, 1, 46, NULL, NULL, NULL),
(46, '2017-12-05 08:34:00', 1, NULL, NULL, NULL, '1', 'mheader:theme1.html.twig', 0, NULL, 'left', 1, 1, 1, 1, 48, NULL, NULL, NULL);

-- --------------------------------------------------------

--
-- Estructura de tabla para la tabla `mlastnews`
--

CREATE TABLE `mlastnews` (
  `id` int(11) NOT NULL,
  `text` varchar(255) COLLATE utf8_unicode_ci DEFAULT NULL
) ENGINE=InnoDB DEFAULT CHARSET=utf8 COLLATE=utf8_unicode_ci;

--
-- Volcado de datos para la tabla `mlastnews`
--

INSERT INTO `mlastnews` (`id`, `text`) VALUES
(343, NULL),
(385, NULL);

-- --------------------------------------------------------

--
-- Estructura de tabla para la tabla `mmap`
--

CREATE TABLE `mmap` (
  `id` int(11) NOT NULL,
  `text` varchar(255) COLLATE utf8_unicode_ci DEFAULT NULL
) ENGINE=InnoDB DEFAULT CHARSET=utf8 COLLATE=utf8_unicode_ci;

--
-- Volcado de datos para la tabla `mmap`
--

INSERT INTO `mmap` (`id`, `text`) VALUES
(344, 'Ubicación en mapa'),
(386, ''),
(390, NULL);

-- --------------------------------------------------------

--
-- Estructura de tabla para la tabla `mnewdetail`
--

CREATE TABLE `mnewdetail` (
  `id` int(11) NOT NULL
) ENGINE=InnoDB DEFAULT CHARSET=utf8 COLLATE=utf8_unicode_ci;

--
-- Volcado de datos para la tabla `mnewdetail`
--

INSERT INTO `mnewdetail` (`id`) VALUES
(117),
(119),
(143);

-- --------------------------------------------------------

--
-- Estructura de tabla para la tabla `mnewslist`
--

CREATE TABLE `mnewslist` (
  `id` int(11) NOT NULL
) ENGINE=InnoDB DEFAULT CHARSET=utf8 COLLATE=utf8_unicode_ci;

--
-- Volcado de datos para la tabla `mnewslist`
--

INSERT INTO `mnewslist` (`id`) VALUES
(118);

-- --------------------------------------------------------

--
-- Estructura de tabla para la tabla `module`
--

CREATE TABLE `module` (
  `id` int(11) NOT NULL,
  `page_id` int(11) DEFAULT NULL,
  `datecreated` datetime NOT NULL,
  `typewidth` int(11) NOT NULL,
  `backgroundcolor` varchar(10) COLLATE utf8_unicode_ci DEFAULT NULL,
  `fontcolor` varchar(10) COLLATE utf8_unicode_ci DEFAULT NULL,
  `fontsize` varchar(10) COLLATE utf8_unicode_ci DEFAULT NULL,
  `theme` varchar(255) COLLATE utf8_unicode_ci NOT NULL,
  `template` varchar(255) COLLATE utf8_unicode_ci NOT NULL,
  `moduloorder` int(11) NOT NULL,
  `backgroundimage` varchar(255) COLLATE utf8_unicode_ci DEFAULT NULL,
  `textalign` varchar(20) COLLATE utf8_unicode_ci DEFAULT NULL,
  `tipo` varchar(255) COLLATE utf8_unicode_ci NOT NULL,
  `font` varchar(155) COLLATE utf8_unicode_ci DEFAULT NULL,
  `confondo` tinyint(1) NOT NULL,
  `fonttitlesize` varchar(30) COLLATE utf8_unicode_ci DEFAULT NULL,
  `fonttextsize` varchar(30) COLLATE utf8_unicode_ci DEFAULT NULL
) ENGINE=InnoDB DEFAULT CHARSET=utf8 COLLATE=utf8_unicode_ci;

--
-- Volcado de datos para la tabla `module`
--

INSERT INTO `module` (`id`, `page_id`, `datecreated`, `typewidth`, `backgroundcolor`, `fontcolor`, `fontsize`, `theme`, `template`, `moduloorder`, `backgroundimage`, `textalign`, `tipo`, `font`, `confondo`, `fonttitlesize`, `fonttextsize`) VALUES
(54, 13, '2017-05-04 17:33:02', 6, '#FFFFFF', '#909090', NULL, '2', 'mservicedetail:theme2.html.twig', 100, NULL, NULL, 'mservicedetail', '/fonts/Open_Sans/OpenSans-Light.ttf', 1, NULL, NULL),
(55, 14, '2017-05-04 17:33:08', 2, '#FFFFFF', '#909090', NULL, '3', 'mserviceslist:theme3.html.twig', 100, NULL, NULL, 'mserviceslist', '/fonts/Open_Sans/OpenSans-Light.ttf', 1, NULL, NULL),
(56, 14, '2017-05-04 18:45:16', 1, '#FFFFFF', '#909090', NULL, '3', 'mgalery:theme3.html.twig', 100, NULL, NULL, 'mgalery', '/fonts/Open_Sans/OpenSans-Light.ttf', 0, NULL, NULL),
(57, 15, '2017-05-04 19:08:53', 2, '#FFFFFF', '#909090', NULL, '2', 'mservicedetail:theme2.html.twig', 100, NULL, NULL, 'mservicedetail', '/fonts/Open_Sans/OpenSans-Light.ttf', 1, NULL, NULL),
(58, 18, '2017-05-05 08:09:19', 1, NULL, NULL, NULL, '1', 'mservicedetail:theme1.html.twig', 100, NULL, NULL, 'mservicedetail', NULL, 1, NULL, NULL),
(84, 22, '2017-05-06 16:26:40', 2, '#FFFFFF', '#909090', NULL, '2', 'mservicedetail:theme2.html.twig', 100, NULL, NULL, 'mservicedetail', '/fonts/Roboto/Roboto-Light.ttf', 1, NULL, NULL),
(111, 28, '2017-05-09 16:44:37', 5, '#FFFFFF', '#909090', NULL, '2', 'mprojectdetail:theme2.html.twig', 100, NULL, NULL, 'mprojectdetail', '/fonts/Roboto/Roboto-Light.ttf', 1, 'font-size:medium;', 'font-size:small;'),
(112, 29, '2017-05-09 16:56:08', 1, '#FFFFFF', '#909090', NULL, '1', 'mprojectdetail:theme1.html.twig', 100, NULL, NULL, 'mprojectdetail', '/fonts/Roboto/Roboto-Light.ttf', 1, NULL, NULL),
(114, 31, '2017-05-09 17:43:30', 1, '#FFFFFF', '#909090', NULL, '1', 'mprojectslist:theme1.html.twig', 100, NULL, NULL, 'mprojectslist', '/fonts/Roboto/Roboto-Light.ttf', 1, NULL, NULL),
(115, 32, '2017-05-09 18:12:24', 1, NULL, NULL, NULL, '1', 'mprojectdetail:theme1.html.twig', 100, NULL, NULL, 'mprojectdetail', NULL, 1, NULL, NULL),
(117, 33, '2017-05-09 18:45:34', 1, '#FFFFFF', '#909090', NULL, '2', 'mnewdetail:theme2.html.twig', 100, NULL, NULL, 'mnewdetail', '/fonts/Roboto/Roboto-Light.ttf', 1, NULL, NULL),
(118, 34, '2017-05-09 20:30:52', 1, '#FFFFFF', '#909090', NULL, '3', 'mnewslist:theme3.html.twig', 100, NULL, NULL, 'mnewslist', '/fonts/Roboto/Roboto-Light.ttf', 1, NULL, NULL),
(119, 35, '2017-05-09 20:45:45', 1, NULL, NULL, NULL, '1', 'mnewdetail:theme1.html.twig', 100, NULL, NULL, 'mnewdetail', NULL, 1, NULL, NULL),
(141, 36, '2017-05-11 18:51:35', 1, NULL, NULL, NULL, '1', 'mprojectdetail:theme1.html.twig', 100, NULL, NULL, 'mprojectdetail', NULL, 1, NULL, NULL),
(143, 37, '2017-05-11 18:57:57', 1, '#FFFFFF', '#909090', NULL, '2', 'mnewdetail:theme2.html.twig', 100, NULL, NULL, 'mnewdetail', '/fonts/Roboto/Roboto-Light.ttf', 1, NULL, NULL),
(149, 38, '2017-05-13 13:43:11', 1, NULL, NULL, NULL, '1', 'mservicedetail:theme1.html.twig', 100, NULL, NULL, 'mservicedetail', NULL, 1, NULL, NULL),
(295, 67, '2017-05-18 16:23:40', 1, NULL, '#000000', NULL, '1', 'mgalery:theme1.html.twig', 1, NULL, NULL, 'mgalery', NULL, 1, NULL, NULL),
(296, 67, '2017-05-18 16:23:40', 1, '#FFFFFF', '#909090', NULL, '1', 'mwelcometext:theme1.html.twig', 2, NULL, NULL, 'mwelcometext', '/fonts/Open_Sans/OpenSans-Light.ttf', 1, 'font-size:xx-small;', 'undefined'),
(297, 67, '2017-05-18 16:23:40', 1, NULL, '#000000', NULL, '1', 'mservices:theme1.html.twig', 3, '/business/29/94-297-back.jpg', NULL, 'mservices', NULL, 1, NULL, NULL),
(298, 67, '2017-05-18 16:23:40', 1, '#FFFFFF', '#909090', NULL, '2', 'mfreetextimage:theme2.html.twig', 4, NULL, 'center', 'mfreetextimage', '/fonts/Open_Sans/OpenSans-Light.ttf', 1, 'undefined', 'font-size:5vw;'),
(299, 67, '2017-05-18 16:23:40', 1, NULL, '#000000', NULL, '1', 'mtestimony:theme1.html.twig', 5, '/business/29/70-299-back.jpg', NULL, 'mtestimonies', NULL, 1, NULL, NULL),
(300, 67, '2017-05-18 16:23:40', 1, NULL, NULL, NULL, '2', 'mcontact:theme2.html.twig', 6, NULL, NULL, 'mcontact', NULL, 1, NULL, NULL),
(328, 75, '2017-05-30 14:51:55', 1, '#FF54D5', '#000000', NULL, '1', 'mgalery:theme1.html.twig', 1, '/business/33/14-328-back.jpg', NULL, 'mgalery', '/fonts/Lora/Lora-Italic.ttf', 1, 'font-size:medium;', 'font-size:small;'),
(329, 75, '2017-05-30 14:51:56', 1, NULL, NULL, NULL, '1', 'mwelcometext:theme1.html.twig', 2, NULL, NULL, 'mwelcometext', NULL, 1, NULL, NULL),
(330, 75, '2017-05-30 14:51:56', 1, NULL, '#000000', NULL, '1', 'mservices:theme1.html.twig', 3, '/business/33/60-330-back.jpg', NULL, 'mservices', NULL, 1, NULL, NULL),
(331, 75, '2017-05-30 14:51:56', 1, NULL, NULL, NULL, '2', 'mfreetextimage:theme2.html.twig', 4, NULL, 'center', 'mfreetextimage', NULL, 1, NULL, NULL),
(332, 75, '2017-05-30 14:51:56', 1, NULL, '#000000', NULL, '1', 'mtestimony:theme1.html.twig', 5, '/business/33/48-332-back.jpg', NULL, 'mtestimonies', NULL, 1, NULL, NULL),
(333, 75, '2017-05-30 14:51:56', 1, NULL, NULL, NULL, '2', 'mcontact:theme2.html.twig', 6, NULL, NULL, 'mcontact', NULL, 1, NULL, NULL),
(340, 1, '2017-05-30 20:43:56', 2, '#FFFFFF', '#909090', NULL, '1', 'mwelcometext:theme1.html.twig', 3, NULL, NULL, 'mwelcometext', '/fonts/Roboto/Roboto-Light.ttf', 1, 'font-size:medium;', 'undefined'),
(342, 78, '2017-05-31 09:41:32', 2, '#FFFFFF', '#909090', NULL, '1', 'mprojectsfeatures:theme1.html.twig', 100, NULL, NULL, 'mprojectsfeatures', '/fonts/Roboto/Roboto-Light.ttf', 1, 'font-size:medium;', 'font-size:small;'),
(343, 79, '2017-05-31 09:46:05', 1, '#FFFFFF', '#909090', NULL, '3', 'mlastnews:theme3.html.twig', 100, NULL, NULL, 'mlastnews', '/fonts/Roboto/Roboto-Light.ttf', 1, 'font-size:medium;', 'font-size:small;'),
(344, 80, '2017-05-31 09:49:15', 2, '#FFFFFF', '#909090', NULL, '1', 'mmap:theme1.html.twig', 100, NULL, NULL, 'mmap', '/fonts/Roboto/Roboto-Light.ttf', 0, 'font-size:medium;', 'undefined'),
(345, 80, '2017-05-31 09:51:08', 2, '#FFFFFF', '#595959', NULL, '2', 'mcontact:theme2.html.twig', 100, NULL, NULL, 'mcontact', '/fonts/Roboto/Roboto-Light.ttf', 1, 'font-size:x-large;', 'font-size:small;'),
(346, 81, '2017-05-31 09:54:43', 2, '#FFFFFF', '#505050', NULL, '5', 'mtestimony:theme5.html.twig', 100, NULL, NULL, 'mtestimonies', '/fonts/Roboto/Roboto-Light.ttf', 1, 'font-size:x-large;', 'font-size:medium;'),
(347, 78, '2017-05-31 10:01:08', 2, '#FFFFFF', '#909090', NULL, '1', 'mservices:theme1.html.twig', 100, NULL, NULL, 'mservices', '/fonts/Roboto/Roboto-Light.ttf', 1, 'font-size:medium;', 'font-size:small;'),
(348, 82, '2017-05-31 10:03:19', 2, '#FFFFFF', '#909090', NULL, '1', 'mservices:theme1.html.twig', 100, NULL, NULL, 'mservices', '/fonts/Roboto/Roboto-Light.ttf', 1, 'font-size:medium;', 'font-size:small;'),
(349, 1, '2017-05-31 10:22:03', 4, '#FFFFFF', '#909090', NULL, '3', 'mfreetextimage:theme3.html.twig', 4, NULL, NULL, 'mfreetextimage', '/fonts/Roboto/Roboto-Light.ttf', 1, 'undefined', 'font-size:medium;'),
(356, 84, '2017-05-31 10:39:14', 1, '#F1F1F1', '#909090', NULL, '1', 'mwelcometext:theme1.html.twig', 2, NULL, NULL, 'mwelcometext', '/fonts/Open_Sans/OpenSans-Light.ttf', 1, 'font-size:large;', 'undefined'),
(357, 84, '2017-05-31 10:39:14', 4, '#FFFFFF', '#000000', NULL, '2', 'mservices:theme2.html.twig', 6, NULL, NULL, 'mservices', '/fonts/Open_Sans/OpenSans-Light.ttf', 1, 'font-size:medium;', 'font-size:small;'),
(361, 85, '2017-05-31 10:42:07', 1, NULL, NULL, NULL, '1', 'mserviceslist:theme1.html.twig', 100, NULL, NULL, 'mserviceslist', NULL, 1, NULL, NULL),
(368, 1, '2017-05-31 12:42:29', 2, '#FFFFFF', '#909090', NULL, '3', 'mgalery:theme3.html.twig', 2, NULL, NULL, 'mgalery', '/fonts/Roboto/Roboto-Light.ttf', 0, 'font-size:medium;', 'font-size:small;'),
(378, 90, '2017-05-31 13:16:22', 1, NULL, '#000000', NULL, '2', 'mgalery:theme2.html.twig', 1, NULL, NULL, 'mgalery', NULL, 1, NULL, NULL),
(379, 90, '2017-05-31 13:16:22', 1, NULL, NULL, NULL, '1', 'mwelcometext:theme1.html.twig', 2, NULL, NULL, 'mwelcometext', NULL, 1, NULL, NULL),
(380, 90, '2017-05-31 13:16:22', 1, NULL, '#000000', NULL, '2', 'mservices:theme2.html.twig', 3, '/business/39/50-380-back.jpg', NULL, 'mservices', NULL, 1, NULL, NULL),
(381, 90, '2017-05-31 13:16:22', 1, NULL, NULL, NULL, '2', 'mfreetextimage:theme2.html.twig', 4, NULL, 'center', 'mfreetextimage', NULL, 1, NULL, NULL),
(382, 90, '2017-05-31 13:16:22', 1, NULL, '#000000', NULL, '2', 'mtestimony:theme2.html.twig', 5, '/business/39/50-382-back.jpg', NULL, 'mtestimonies', NULL, 1, NULL, NULL),
(383, 90, '2017-05-31 13:16:23', 1, NULL, NULL, NULL, '2', 'mcontact:theme2.html.twig', 6, NULL, NULL, 'mcontact', NULL, 1, NULL, NULL),
(384, 84, '2017-05-31 13:50:08', 1, '#FFFFFF', '#FFFFFF', NULL, '1', 'mgalery:theme1.html.twig', 1, NULL, NULL, 'mgalery', '/fonts/Open_Sans/OpenSans-Light.ttf', 0, 'font-size:xx-large;', 'font-size:larger;'),
(385, 1, '2017-05-31 14:10:56', 1, NULL, NULL, NULL, '1', 'mlastnews:theme1.html.twig', 1, NULL, NULL, 'mlastnews', NULL, 1, NULL, NULL),
(386, 84, '2017-05-31 16:27:04', 1, NULL, NULL, NULL, '1', 'mmap:theme1.html.twig', 4, NULL, NULL, 'mmap', NULL, 0, NULL, NULL),
(387, 84, '2017-05-31 16:29:27', 1, '#FD3131', '#FFFFFF', NULL, '2', 'mfreetextimage:theme2.html.twig', 3, NULL, NULL, 'mfreetextimage', '/fonts/Open_Sans/OpenSans-Light.ttf', 1, 'undefined', 'font-size:xx-large;'),
(388, 92, '2017-05-31 16:40:59', 6, '#FDFDFD', '#020202', NULL, '2', 'mservicedetail:theme2.html.twig', 100, NULL, NULL, 'mservicedetail', '/fonts/Open_Sans/OpenSans-Regular.ttf', 1, 'font-size:larger;', 'font-size:larger;'),
(390, 93, '2017-05-31 16:56:02', 1, NULL, NULL, NULL, '1', 'mmap:theme1.html.twig', 2, NULL, NULL, 'mmap', NULL, 0, NULL, NULL),
(392, 93, '2017-05-31 16:56:49', 1, '#FFFFFF', '#FF001C', NULL, '1', 'mwelcometext:theme1.html.twig', 1, NULL, NULL, 'mwelcometext', '/fonts/Open_Sans/OpenSans-Regular.ttf', 1, 'font-size:x-large;', 'undefined'),
(393, 93, '2017-05-31 16:59:58', 1, '#FFFFFF', '#404040', NULL, '2', 'mfreetextimage:theme2.html.twig', 100, NULL, NULL, 'mfreetextimage', '/fonts/Open_Sans/OpenSans-Regular.ttf', 1, 'undefined', 'font-size:x-large;'),
(394, 93, '2017-05-31 17:04:29', 1, '#FFFFFF', '#909090', NULL, '4', 'mfreetextimage:theme4.html.twig', 100, NULL, NULL, 'mfreetextimage', '/fonts/Open_Sans/OpenSans-Regular.ttf', 1, 'undefined', 'font-size:xx-large;'),
(395, 93, '2017-05-31 17:05:07', 1, '#F1F1F1', '#343434', NULL, '2', 'mfreetextimage:theme2.html.twig', 100, NULL, NULL, 'mfreetextimage', '/fonts/Open_Sans/OpenSans-Regular.ttf', 1, 'undefined', 'font-size:x-large;'),
(396, 94, '2017-05-31 17:21:08', 6, '#FFFFFF', '#202020', NULL, '1', 'mservicedetail:theme1.html.twig', 100, NULL, NULL, 'mservicedetail', '/fonts/Open_Sans/OpenSans-Regular.ttf', 1, 'font-size:large;', 'font-size:larger;'),
(397, 95, '2017-05-31 17:53:47', 6, '#FFFFFF', '#909090', NULL, '1', 'mservicedetail:theme1.html.twig', 100, NULL, NULL, 'mservicedetail', '/fonts/Open_Sans/OpenSans-Regular.ttf', 1, 'font-size:larger;', 'font-size:larger;'),
(398, 96, '2017-05-31 18:34:50', 1, '#FFFFFF', '#909090', NULL, '5', 'mtestimony:theme5.html.twig', 100, NULL, NULL, 'mtestimonies', '/fonts/Roboto/Roboto-Light.ttf', 1, 'font-size:x-large;', 'font-size:small;'),
(399, 97, '2017-05-31 20:19:37', 1, NULL, NULL, NULL, '1', 'mwelcometext:theme1.html.twig', 100, NULL, NULL, 'mwelcometext', NULL, 1, NULL, NULL),
(400, 98, '2017-06-01 14:13:09', 1, NULL, NULL, NULL, '1', 'mwelcometext:theme1.html.twig', 2, NULL, NULL, 'mwelcometext', NULL, 1, NULL, NULL),
(401, 98, '2017-06-01 14:13:09', 1, NULL, '#000000', NULL, '3', 'mservices:theme3.html.twig', 3, NULL, NULL, 'mservices', NULL, 1, NULL, NULL),
(402, 98, '2017-06-01 14:13:09', 1, NULL, NULL, NULL, '2', 'mfreetextimage:theme2.html.twig', 4, NULL, 'center', 'mfreetextimage', NULL, 1, NULL, NULL),
(403, 98, '2017-06-01 14:13:09', 1, NULL, '#000000', NULL, '3', 'mtestimony:theme3.html.twig', 5, NULL, NULL, 'mtestimonies', NULL, 1, NULL, NULL),
(404, 98, '2017-06-01 14:13:09', 1, NULL, NULL, NULL, '2', 'mcontact:theme2.html.twig', 6, NULL, NULL, 'mcontact', NULL, 1, NULL, NULL),
(405, 99, '2017-06-02 10:59:14', 1, NULL, NULL, NULL, '1', 'mwelcometext:theme1.html.twig', 2, NULL, NULL, 'mwelcometext', NULL, 1, NULL, NULL),
(406, 99, '2017-06-02 10:59:14', 1, NULL, '#000000', NULL, '3', 'mservices:theme3.html.twig', 3, NULL, NULL, 'mservices', NULL, 1, NULL, NULL),
(407, 99, '2017-06-02 10:59:14', 1, NULL, NULL, NULL, '2', 'mfreetextimage:theme2.html.twig', 4, NULL, 'center', 'mfreetextimage', NULL, 1, NULL, NULL),
(408, 99, '2017-06-02 10:59:14', 1, NULL, '#000000', NULL, '3', 'mtestimony:theme3.html.twig', 5, NULL, NULL, 'mtestimonies', NULL, 1, NULL, NULL),
(409, 99, '2017-06-02 10:59:14', 1, NULL, NULL, NULL, '2', 'mcontact:theme2.html.twig', 6, NULL, NULL, 'mcontact', NULL, 1, NULL, NULL),
(410, 103, '2017-06-04 15:39:17', 1, NULL, NULL, NULL, '1', 'mservicedetail:theme1.html.twig', 100, NULL, NULL, 'mservicedetail', NULL, 1, NULL, NULL),
(411, 104, '2017-06-04 15:40:02', 1, NULL, NULL, NULL, '1', 'mservicedetail:theme1.html.twig', 100, NULL, NULL, 'mservicedetail', NULL, 1, NULL, NULL),
(412, 105, '2017-06-04 15:40:52', 1, NULL, NULL, NULL, '1', 'mservicedetail:theme1.html.twig', 100, NULL, NULL, 'mservicedetail', NULL, 1, NULL, NULL),
(413, 84, '2017-06-09 10:58:23', 1, NULL, NULL, NULL, '1', 'mgalery:theme1.html.twig', 5, NULL, NULL, 'mgalery', NULL, 0, NULL, NULL),
(420, 107, '2017-06-09 12:20:15', 1, NULL, NULL, NULL, '1', 'mserviceslist:theme1.html.twig', 100, NULL, NULL, 'mserviceslist', NULL, 1, NULL, NULL),
(421, 108, '2017-06-13 10:18:01', 6, '#FFFFFF', '#909090', NULL, '1', 'mwelcometext:theme1.html.twig', 3, NULL, NULL, 'mwelcometext', '/fonts/Open_Sans/OpenSans-Regular.ttf', 1, 'font-size:large;', 'undefined'),
(423, 108, '2017-06-13 10:18:01', 1, '#FFFFFF', '#909090', NULL, '2', 'mfreetextimage:theme2.html.twig', 6, NULL, 'center', 'mfreetextimage', '/fonts/Open_Sans/OpenSans-Bold.ttf', 1, 'undefined', 'font-size:3vw;'),
(426, 108, '2017-06-13 11:28:07', 1, '#FFFFFF', '#000000', NULL, '1', 'mgalery:theme1.html.twig', 1, NULL, NULL, 'mgalery', '/fonts/Open_Sans/OpenSans-Bold.ttf', 0, 'font-size:4vw;', 'font-size:2vw;'),
(428, 108, '2017-06-13 13:55:47', 1, '#FFFFFF', '#909090', NULL, '3', 'mgalery:theme3.html.twig', 8, NULL, NULL, 'mgalery', '/fonts/Open_Sans/OpenSans-Light.ttf', 0, 'font-size:large;', 'font-size:small;'),
(431, 108, '2017-06-13 14:02:14', 1, '#EA5B5D', '#FFFFFF', NULL, '1', 'mfreetextimage:theme1.html.twig', 9, NULL, NULL, 'mfreetextimage', '/fonts/Open_Sans/OpenSans-Bold.ttf', 1, 'undefined', 'font-size:3vw;'),
(432, 108, '2017-06-13 14:05:25', 1, '#EA5B5D', '#FFFFFF', NULL, '2', 'mcontact:theme2.html.twig', 10, NULL, NULL, 'mcontact', '/fonts/Open_Sans/OpenSans-Light.ttf', 1, 'font-size:x-large;', 'font-size:small;'),
(433, 108, '2017-06-13 14:10:35', 4, '#FFFFFF', '#FFFFFF', NULL, '2', 'mprojectsfeatures:theme2.html.twig', 5, '/business/43/8-433-back.jpg', NULL, 'mprojectsfeatures', '/fonts/Open_Sans/OpenSans-Bold.ttf', 1, 'font-size:x-large;', 'font-size:large;'),
(434, 109, '2017-06-13 14:13:51', 1, NULL, NULL, NULL, '1', 'mservicedetail:theme1.html.twig', 100, NULL, NULL, 'mservicedetail', NULL, 1, NULL, NULL),
(435, 110, '2017-06-13 14:28:33', 1, NULL, NULL, NULL, '1', 'mprojectdetail:theme1.html.twig', 100, NULL, NULL, 'mprojectdetail', NULL, 1, NULL, NULL),
(436, 111, '2017-06-13 14:29:25', 1, NULL, NULL, NULL, '1', 'mservicedetail:theme1.html.twig', 100, NULL, NULL, 'mservicedetail', NULL, 1, NULL, NULL),
(437, 108, '2017-06-14 07:33:23', 2, '#FFFFFF', '#909090', NULL, '2', 'mfreetextimage:theme2.html.twig', 7, NULL, NULL, 'mfreetextimage', '/fonts/Open_Sans/OpenSans-Light.ttf', 1, 'undefined', 'font-size:xx-large;'),
(440, 112, '2017-06-14 07:47:57', 1, NULL, NULL, NULL, '1', 'mprojectdetail:theme1.html.twig', 100, NULL, NULL, 'mprojectdetail', NULL, 1, NULL, NULL),
(441, 113, '2017-06-14 07:48:08', 1, NULL, NULL, NULL, '1', 'mservicedetail:theme1.html.twig', 100, NULL, NULL, 'mservicedetail', NULL, 1, NULL, NULL),
(443, 108, '2017-06-14 08:00:09', 3, '#FFFFFF', '#909090', NULL, '1', 'mservices:theme1.html.twig', 11, NULL, NULL, 'mservices', '/fonts/Open_Sans/OpenSans-Light.ttf', 1, 'font-size:2vw;', 'font-size:larger;'),
(444, 1, '2017-06-14 09:37:28', 1, NULL, NULL, NULL, '1', 'mwelcometext:theme1.html.twig', 100, NULL, NULL, 'mwelcometext', NULL, 1, NULL, NULL),
(445, 114, '2017-06-14 10:30:03', 1, NULL, NULL, NULL, '1', 'mprojectdetail:theme1.html.twig', 100, NULL, NULL, 'mprojectdetail', NULL, 1, NULL, NULL),
(446, 115, '2017-06-24 07:57:13', 1, NULL, '#000000', NULL, '1', 'mgalery:theme1.html.twig', 1, NULL, NULL, 'mgalery', NULL, 1, NULL, NULL),
(447, 115, '2017-06-24 07:57:14', 1, NULL, NULL, NULL, '1', 'mwelcometext:theme1.html.twig', 2, NULL, NULL, 'mwelcometext', NULL, 1, NULL, NULL),
(448, 115, '2017-06-24 07:57:14', 1, NULL, '#000000', NULL, '1', 'mservices:theme1.html.twig', 3, '/business/44/60-448-back.jpg', NULL, 'mservices', NULL, 1, NULL, NULL),
(449, 115, '2017-06-24 07:57:14', 1, NULL, NULL, NULL, '2', 'mfreetextimage:theme2.html.twig', 4, NULL, 'center', 'mfreetextimage', NULL, 1, NULL, NULL),
(450, 115, '2017-06-24 07:57:14', 1, NULL, '#000000', NULL, '1', 'mtestimony:theme1.html.twig', 5, '/business/44/13-450-back.jpg', NULL, 'mtestimonies', NULL, 1, NULL, NULL),
(451, 115, '2017-06-24 07:57:14', 1, NULL, NULL, NULL, '2', 'mcontact:theme2.html.twig', 6, NULL, NULL, 'mcontact', NULL, 1, NULL, NULL),
(456, 116, '2017-06-24 07:57:41', 8, '#FFFFFF', '#909090', NULL, '1', 'mcontact:theme1.html.twig', 3, NULL, NULL, 'mcontact', '/fonts/Open_Sans/OpenSans-Bold.ttf', 1, 'font-size:small;', 'font-size:small;'),
(457, 116, '2017-06-30 20:33:12', 3, '#FFFFFF', '#909090', NULL, '4', 'mgalery:theme4.html.twig', 2, '/business/45/29-457-back.jpg', NULL, 'mgalery', '/fonts/Lora/Lora-Bold.ttf', 0, 'font-size:xx-small;', 'font-size:medium;'),
(458, 116, '2017-07-01 10:24:40', 8, '#410FFF', '#B80C27', NULL, '1', 'mwelcometext:theme1.html.twig', 1, '/business/45/59-458-back.jpg', NULL, 'mwelcometext', '/fonts/Roboto/Roboto-Regular.ttf', 1, 'font-size:5vw;', 'undefined'),
(459, 123, '2017-07-23 16:23:40', 1, NULL, NULL, NULL, '1', 'mservicedetail:theme1.html.twig', 100, NULL, NULL, 'mservicedetail', NULL, 1, NULL, NULL),
(460, 127, '2017-07-23 16:58:37', 1, NULL, NULL, NULL, '1', 'mservicedetail:theme1.html.twig', 100, NULL, NULL, 'mservicedetail', NULL, 1, NULL, NULL),
(461, 128, '2017-07-23 17:00:49', 1, NULL, NULL, NULL, '1', 'mservicedetail:theme1.html.twig', 100, NULL, NULL, 'mservicedetail', NULL, 1, NULL, NULL),
(463, 108, '2017-08-24 08:17:18', 1, NULL, NULL, NULL, '1', 'mfreetextimage:theme1.html.twig', 4, NULL, NULL, 'mfreetextimage', NULL, 1, NULL, NULL),
(464, 108, '2017-08-24 08:20:18', 1, NULL, NULL, NULL, '1', 'mfreetextimage:theme1.html.twig', 2, NULL, NULL, 'mfreetextimage', NULL, 1, NULL, NULL),
(465, 131, '2017-09-29 15:45:57', 1, NULL, '#000000', NULL, '1', 'mgalery:theme1.html.twig', 1, NULL, NULL, 'mgalery', NULL, 1, NULL, NULL),
(466, 131, '2017-09-29 15:45:57', 1, NULL, NULL, NULL, '1', 'mwelcometext:theme1.html.twig', 2, NULL, NULL, 'mwelcometext', NULL, 1, NULL, NULL),
(467, 131, '2017-09-29 15:45:57', 1, NULL, '#000000', NULL, '5', 'mservices:theme5.html.twig', 3, '/business/46/76-467-back.jpg', NULL, 'mservices', NULL, 1, NULL, NULL),
(468, 131, '2017-09-29 15:45:57', 1, NULL, NULL, NULL, '2', 'mfreetextimage:theme2.html.twig', 4, NULL, 'center', 'mfreetextimage', NULL, 1, NULL, NULL),
(469, 131, '2017-09-29 15:45:57', 1, NULL, '#000000', NULL, '5', 'mtestimony:theme5.html.twig', 5, '/business/46/38-469-back.jpg', NULL, 'mtestimonies', NULL, 1, NULL, NULL),
(470, 131, '2017-09-29 15:45:57', 1, NULL, NULL, NULL, '2', 'mcontact:theme2.html.twig', 6, NULL, NULL, 'mcontact', NULL, 1, NULL, NULL),
(471, 135, '2017-12-05 08:34:00', 1, NULL, '#000000', NULL, '1', 'mgalery:theme1.html.twig', 1, NULL, NULL, 'mgalery', NULL, 1, NULL, NULL),
(472, 135, '2017-12-05 08:34:00', 1, NULL, NULL, NULL, '1', 'mwelcometext:theme1.html.twig', 2, NULL, NULL, 'mwelcometext', NULL, 1, NULL, NULL),
(473, 135, '2017-12-05 08:34:00', 1, NULL, '#000000', NULL, '1', 'mservices:theme1.html.twig', 3, '/business/48/70-473-back.jpg', NULL, 'mservices', NULL, 1, NULL, NULL),
(474, 135, '2017-12-05 08:34:00', 1, NULL, NULL, NULL, '2', 'mfreetextimage:theme2.html.twig', 4, NULL, 'center', 'mfreetextimage', NULL, 1, NULL, NULL),
(475, 135, '2017-12-05 08:34:00', 1, NULL, '#000000', NULL, '1', 'mtestimony:theme1.html.twig', 5, '/business/48/83-475-back.jpg', NULL, 'mtestimonies', NULL, 1, NULL, NULL),
(476, 135, '2017-12-05 08:34:00', 1, NULL, NULL, NULL, '2', 'mcontact:theme2.html.twig', 6, NULL, NULL, 'mcontact', NULL, 1, NULL, NULL),
(477, 136, '2017-12-05 08:34:10', 1, NULL, NULL, NULL, '1', 'mservicedetail:theme1.html.twig', 100, NULL, NULL, 'mservicedetail', NULL, 1, NULL, NULL),
(478, 137, '2017-12-05 08:34:21', 1, NULL, NULL, NULL, '1', 'mservicedetail:theme1.html.twig', 100, NULL, NULL, 'mservicedetail', NULL, 1, NULL, NULL),
(479, 138, '2017-12-06 04:58:01', 1, NULL, NULL, NULL, '1', 'mwelcometext:theme1.html.twig', 100, NULL, NULL, 'mwelcometext', NULL, 1, NULL, NULL);

-- --------------------------------------------------------

--
-- Estructura de tabla para la tabla `mprojectdetail`
--

CREATE TABLE `mprojectdetail` (
  `id` int(11) NOT NULL
) ENGINE=InnoDB DEFAULT CHARSET=utf8 COLLATE=utf8_unicode_ci;

--
-- Volcado de datos para la tabla `mprojectdetail`
--

INSERT INTO `mprojectdetail` (`id`) VALUES
(111),
(112),
(115),
(141),
(435),
(440),
(445);

-- --------------------------------------------------------

--
-- Estructura de tabla para la tabla `mprojects`
--

CREATE TABLE `mprojects` (
  `id` int(11) NOT NULL
) ENGINE=InnoDB DEFAULT CHARSET=utf8 COLLATE=utf8_unicode_ci;

-- --------------------------------------------------------

--
-- Estructura de tabla para la tabla `mprojectsfeatures`
--

CREATE TABLE `mprojectsfeatures` (
  `id` int(11) NOT NULL
) ENGINE=InnoDB DEFAULT CHARSET=utf8 COLLATE=utf8_unicode_ci;

--
-- Volcado de datos para la tabla `mprojectsfeatures`
--

INSERT INTO `mprojectsfeatures` (`id`) VALUES
(342),
(433);

-- --------------------------------------------------------

--
-- Estructura de tabla para la tabla `mprojectslist`
--

CREATE TABLE `mprojectslist` (
  `id` int(11) NOT NULL
) ENGINE=InnoDB DEFAULT CHARSET=utf8 COLLATE=utf8_unicode_ci;

--
-- Volcado de datos para la tabla `mprojectslist`
--

INSERT INTO `mprojectslist` (`id`) VALUES
(114);

-- --------------------------------------------------------

--
-- Estructura de tabla para la tabla `mservicedetail`
--

CREATE TABLE `mservicedetail` (
  `id` int(11) NOT NULL
) ENGINE=InnoDB DEFAULT CHARSET=utf8 COLLATE=utf8_unicode_ci;

--
-- Volcado de datos para la tabla `mservicedetail`
--

INSERT INTO `mservicedetail` (`id`) VALUES
(54),
(57),
(58),
(84),
(149),
(388),
(396),
(397),
(410),
(411),
(412),
(434),
(436),
(441),
(459),
(460),
(461),
(477),
(478);

-- --------------------------------------------------------

--
-- Estructura de tabla para la tabla `mservices`
--

CREATE TABLE `mservices` (
  `id` int(11) NOT NULL
) ENGINE=InnoDB DEFAULT CHARSET=utf8 COLLATE=utf8_unicode_ci;

--
-- Volcado de datos para la tabla `mservices`
--

INSERT INTO `mservices` (`id`) VALUES
(297),
(330),
(347),
(348),
(357),
(380),
(401),
(406),
(443),
(448),
(467),
(473);

-- --------------------------------------------------------

--
-- Estructura de tabla para la tabla `mserviceslist`
--

CREATE TABLE `mserviceslist` (
  `id` int(11) NOT NULL
) ENGINE=InnoDB DEFAULT CHARSET=utf8 COLLATE=utf8_unicode_ci;

--
-- Volcado de datos para la tabla `mserviceslist`
--

INSERT INTO `mserviceslist` (`id`) VALUES
(55),
(361),
(420);

-- --------------------------------------------------------

--
-- Estructura de tabla para la tabla `mtestimonies`
--

CREATE TABLE `mtestimonies` (
  `id` int(11) NOT NULL
) ENGINE=InnoDB DEFAULT CHARSET=utf8 COLLATE=utf8_unicode_ci;

--
-- Volcado de datos para la tabla `mtestimonies`
--

INSERT INTO `mtestimonies` (`id`) VALUES
(299),
(332),
(346),
(382),
(398),
(403),
(408),
(450),
(469),
(475);

-- --------------------------------------------------------

--
-- Estructura de tabla para la tabla `mwelcometext`
--

CREATE TABLE `mwelcometext` (
  `id` int(11) NOT NULL,
  `text` longtext COLLATE utf8_unicode_ci
) ENGINE=InnoDB DEFAULT CHARSET=utf8 COLLATE=utf8_unicode_ci;

--
-- Volcado de datos para la tabla `mwelcometext`
--

INSERT INTO `mwelcometext` (`id`, `text`) VALUES
(296, 'En este espacio puedes poner tu lema o una bienvenida.'),
(329, 'En este espacio puedes poner tu lema o una bienvenida.'),
(340, 'Texto de bienvenida de prueba.'),
(356, 'M&B comercial service - Desarrollamos talento'),
(379, 'En este espacio puedes poner tu lema o una bienvenida.'),
(392, 'Contacta con nosotros'),
(399, 'Gracias por contactar con nosotros'),
(400, 'En este espacio puedes poner tu lema o una bienvenida.'),
(405, 'En este espacio puedes poner tu lema o una bienvenida.'),
(421, 'Webwis te permite crear una página web de forma sencilla y sin necesidad de conocimientos técnicos.'),
(444, NULL),
(447, 'En este espacio puedes poner tu lema o una bienvenida.'),
(458, 'by dopazzo design'),
(466, 'En este espacio puedes poner tu lema o una bienvenida.'),
(472, 'En este espacio puedes poner tu lema o una bienvenida.'),
(479, 'Gracias por contactar con nosotros');

-- --------------------------------------------------------

--
-- Estructura de tabla para la tabla `page`
--

CREATE TABLE `page` (
  `id` int(11) NOT NULL,
  `business_id` int(11) DEFAULT NULL,
  `datecreated` datetime NOT NULL,
  `ishome` tinyint(1) NOT NULL,
  `slug` varchar(255) COLLATE utf8_unicode_ci DEFAULT NULL,
  `keyword` longtext COLLATE utf8_unicode_ci,
  `description` longtext COLLATE utf8_unicode_ci,
  `fontcolor` varchar(10) COLLATE utf8_unicode_ci DEFAULT NULL,
  `backgroundcolor` varchar(10) COLLATE utf8_unicode_ci DEFAULT NULL,
  `title` varchar(255) COLLATE utf8_unicode_ci DEFAULT NULL,
  `font` varchar(255) COLLATE utf8_unicode_ci DEFAULT NULL,
  `service_id` int(11) DEFAULT NULL,
  `showinmenu` tinyint(1) NOT NULL,
  `nameinmenu` varchar(255) COLLATE utf8_unicode_ci DEFAULT NULL,
  `isservices` tinyint(1) NOT NULL,
  `isprojects` tinyint(1) NOT NULL,
  `removable` tinyint(1) NOT NULL,
  `project_id` int(11) DEFAULT NULL,
  `blog_id` int(11) DEFAULT NULL,
  `isnews` tinyint(1) NOT NULL,
  `fonttitlesize` varchar(30) COLLATE utf8_unicode_ci DEFAULT NULL,
  `fonttextsize` varchar(30) COLLATE utf8_unicode_ci DEFAULT NULL
) ENGINE=InnoDB DEFAULT CHARSET=utf8 COLLATE=utf8_unicode_ci;

--
-- Volcado de datos para la tabla `page`
--

INSERT INTO `page` (`id`, `business_id`, `datecreated`, `ishome`, `slug`, `keyword`, `description`, `fontcolor`, `backgroundcolor`, `title`, `font`, `service_id`, `showinmenu`, `nameinmenu`, `isservices`, `isprojects`, `removable`, `project_id`, `blog_id`, `isnews`, `fonttitlesize`, `fonttextsize`) VALUES
(1, 1, '2017-04-23 15:38:55', 1, NULL, '', '', NULL, NULL, 'Tu negocio en internet', NULL, NULL, 0, NULL, 0, 0, 0, NULL, NULL, 0, NULL, NULL),
(13, 1, '2017-05-04 17:33:02', 0, 'desarrollo-web-a-medida', NULL, NULL, NULL, NULL, 'Desarrollo web a medida', NULL, 2, 0, NULL, 1, 0, 0, NULL, NULL, 0, NULL, NULL),
(14, 1, '2017-05-04 17:33:08', 0, 'servicios', NULL, NULL, NULL, NULL, 'Listado de servicios', NULL, NULL, 0, NULL, 1, 0, 0, NULL, NULL, 0, NULL, NULL),
(15, 1, '2017-05-04 19:08:53', 0, 'consultoria-it', NULL, NULL, NULL, NULL, 'Consultoría IT', NULL, 1, 0, NULL, 1, 0, 0, NULL, NULL, 0, NULL, NULL),
(18, 1, '2017-05-05 08:09:19', 0, 'apps-a-medida', NULL, NULL, NULL, NULL, 'Desarrollo apps a medida', NULL, 3, 0, NULL, 1, 0, 0, NULL, NULL, 0, NULL, NULL),
(22, 1, '2017-05-06 16:26:40', 0, 'posicionamiento-seo', NULL, NULL, NULL, NULL, 'Posicionamiento Web SEO y Gestión de Redes Sociales', NULL, 4, 0, NULL, 1, 0, 0, NULL, NULL, 0, NULL, NULL),
(23, 1, '2017-05-06 16:58:10', 0, 'politica-de-cookies', NULL, NULL, NULL, NULL, 'Política de cookies', NULL, NULL, 0, NULL, 0, 0, 0, NULL, NULL, 0, NULL, NULL),
(24, 1, '2017-05-06 16:59:23', 0, 'aviso-legal', NULL, NULL, NULL, NULL, 'Aviso legal', NULL, NULL, 0, NULL, 0, 0, 0, NULL, NULL, 0, NULL, NULL),
(25, 1, '2017-05-06 16:59:26', 0, 'politica-de-privacidad', NULL, NULL, NULL, NULL, 'Política de privacidad', NULL, NULL, 0, NULL, 0, 0, 0, NULL, NULL, 0, NULL, NULL),
(28, 1, '2017-05-09 16:44:36', 0, 'proyecto-de-disenos', NULL, NULL, NULL, NULL, 'Proyecto de diseños', NULL, NULL, 0, NULL, 0, 1, 0, 1, NULL, 0, NULL, NULL),
(29, 1, '2017-05-09 16:56:08', 0, 'proyecto-2', NULL, NULL, NULL, NULL, 'Proyecto 2', NULL, NULL, 0, NULL, 0, 1, 0, 2, NULL, 0, NULL, NULL),
(31, 1, '2017-05-09 17:43:30', 0, 'proyectos', NULL, NULL, NULL, NULL, 'Listado de proyectos', NULL, NULL, 0, NULL, 0, 1, 0, NULL, NULL, 0, NULL, NULL),
(32, 1, '2017-05-09 18:12:24', 0, 'proyecto-3', NULL, NULL, NULL, NULL, 'Proyecto 3', NULL, NULL, 0, NULL, 0, 1, 0, 3, NULL, 0, NULL, NULL),
(33, 1, '2017-05-09 18:45:34', 0, 'custom-view-android', NULL, NULL, NULL, NULL, 'Creando Custom Views en Android 2', NULL, NULL, 0, NULL, 1, 0, 0, NULL, 2, 0, NULL, NULL),
(34, 1, '2017-05-09 20:30:52', 0, 'noticias', NULL, NULL, NULL, NULL, 'Listado de noticias', NULL, NULL, 0, NULL, 0, 0, 0, NULL, NULL, 1, NULL, NULL),
(35, 1, '2017-05-09 20:45:45', 0, 'custom-view-android-2', NULL, NULL, NULL, NULL, 'Creando Custom Views en Android 35', NULL, NULL, 0, NULL, 1, 0, 0, NULL, 3, 0, NULL, NULL),
(36, 1, '2017-05-11 18:51:35', 0, 'proyecto-4', NULL, NULL, NULL, NULL, 'Proyecto 4', NULL, NULL, 0, NULL, 0, 1, 0, 4, NULL, 0, NULL, NULL),
(37, 1, '2017-05-11 18:57:57', 0, 'creando-custom-views-en-android', NULL, NULL, NULL, NULL, 'Creando Custom Views en Android', NULL, NULL, 0, NULL, 1, 0, 0, NULL, 4, 0, NULL, NULL),
(38, 1, '2017-05-13 13:43:11', 0, 'desarrollo-de-aplicaciones-de-gestion-en-la-nube', NULL, NULL, NULL, NULL, 'Desarrollo de aplicaciones de gestión en la nube.', NULL, 5, 0, NULL, 1, 0, 0, NULL, NULL, 0, NULL, NULL),
(67, 29, '2017-05-18 16:23:39', 1, NULL, '', '', NULL, NULL, 'Página Principal', NULL, NULL, 0, NULL, 0, 0, 1, NULL, NULL, 0, NULL, NULL),
(75, 33, '2017-05-30 14:51:55', 1, NULL, '', '', NULL, NULL, 'PINTURAS LA FAMILIA', NULL, NULL, 0, NULL, 0, 0, 1, NULL, NULL, 0, NULL, NULL),
(78, 1, '2017-05-31 09:40:45', 0, 'producto', NULL, NULL, NULL, NULL, 'Producto', NULL, NULL, 0, NULL, 0, 0, 1, NULL, NULL, 0, NULL, NULL),
(79, 1, '2017-05-31 09:45:29', 0, 'prueba', NULL, NULL, NULL, NULL, 'prueba', NULL, NULL, 0, NULL, 0, 0, 1, NULL, NULL, 0, NULL, NULL),
(80, 1, '2017-05-31 09:48:50', 0, 'mapa', NULL, NULL, NULL, NULL, 'Mapa', NULL, NULL, 0, NULL, 0, 0, 1, NULL, NULL, 0, NULL, NULL),
(81, 1, '2017-05-31 09:54:32', 0, 'cosas', NULL, NULL, NULL, NULL, 'COSAS', NULL, NULL, 0, NULL, 0, 0, 1, NULL, NULL, 0, NULL, NULL),
(82, 1, '2017-05-31 10:02:17', 0, 'servicios2', NULL, NULL, NULL, NULL, 'Servicios', NULL, NULL, 0, NULL, 0, 0, 1, NULL, NULL, 0, NULL, NULL),
(84, 36, '2017-05-31 10:39:14', 1, NULL, NULL, NULL, NULL, NULL, NULL, NULL, NULL, 0, NULL, 0, 0, 1, NULL, NULL, 0, NULL, NULL),
(85, 36, '2017-05-31 10:42:07', 0, 'servicios', NULL, NULL, NULL, NULL, 'Listado de servicios', NULL, NULL, 0, NULL, 1, 0, 0, NULL, NULL, 0, NULL, NULL),
(90, 39, '2017-05-31 13:16:22', 1, NULL, 'asdad', '', NULL, NULL, 'hol', NULL, NULL, 0, NULL, 0, 0, 1, NULL, NULL, 0, NULL, NULL),
(92, 36, '2017-05-31 16:40:59', 0, 'desarrollo-de-equipos-comerciales', NULL, NULL, NULL, NULL, 'Desarrollo de equipos comerciales', NULL, 101, 0, NULL, 1, 0, 0, NULL, NULL, 0, NULL, NULL),
(93, 36, '2017-05-31 16:54:02', 0, 'contacto', NULL, NULL, NULL, NULL, 'Contacto', NULL, NULL, 0, NULL, 0, 0, 1, NULL, NULL, 0, NULL, NULL),
(94, 36, '2017-05-31 17:21:08', 0, 'distribuidor-de-securitas-direct', NULL, NULL, NULL, NULL, 'Distribuidor de Securitas Direct', NULL, 100, 0, NULL, 1, 0, 0, NULL, NULL, 0, NULL, NULL),
(95, 36, '2017-05-31 17:53:47', 0, 'quienes-somos', NULL, NULL, NULL, NULL, 'Quienes Somos', NULL, 102, 0, NULL, 1, 0, 0, NULL, NULL, 0, NULL, NULL),
(96, 1, '2017-05-31 18:34:37', 0, 'Sobre nosotros', NULL, NULL, NULL, NULL, 'Sobre nosotros', NULL, NULL, 0, NULL, 0, 0, 1, NULL, NULL, 0, NULL, NULL),
(97, 33, '2017-05-31 20:19:37', 0, 'gracias-por-contactar', NULL, NULL, NULL, NULL, 'Gracias por contactar con nosotros', NULL, NULL, 0, NULL, 0, 0, 1, NULL, NULL, 0, NULL, NULL),
(98, 40, '2017-06-01 14:13:08', 1, NULL, NULL, NULL, NULL, NULL, NULL, NULL, NULL, 0, NULL, 0, 0, 1, NULL, NULL, 0, NULL, NULL),
(99, 41, '2017-06-02 10:59:14', 1, NULL, NULL, NULL, NULL, NULL, NULL, NULL, NULL, 0, NULL, 0, 0, 1, NULL, NULL, 0, NULL, NULL),
(100, 40, '2017-06-04 15:37:02', 0, 'politica-de-privacidad', NULL, NULL, NULL, NULL, 'Política de privacidad', NULL, NULL, 0, NULL, 0, 0, 0, NULL, NULL, 0, NULL, NULL),
(101, 40, '2017-06-04 15:37:49', 0, 'aviso-legal', NULL, NULL, NULL, NULL, 'Aviso legal', NULL, NULL, 0, NULL, 0, 0, 0, NULL, NULL, 0, NULL, NULL),
(102, 40, '2017-06-04 15:38:35', 0, 'politica-de-cookies', NULL, NULL, NULL, NULL, 'Política de cookies', NULL, NULL, 0, NULL, 0, 0, 0, NULL, NULL, 0, NULL, NULL),
(103, 40, '2017-06-04 15:39:17', 0, 'servicio-3', NULL, NULL, NULL, NULL, 'Servicio 3', NULL, 114, 0, NULL, 1, 0, 0, NULL, NULL, 0, NULL, NULL),
(104, 40, '2017-06-04 15:40:02', 0, 'servicio-2', NULL, NULL, NULL, NULL, 'Servicio 2', NULL, 113, 0, NULL, 1, 0, 0, NULL, NULL, 0, NULL, NULL),
(105, 40, '2017-06-04 15:40:52', 0, 'servicio-1', NULL, NULL, NULL, NULL, 'Servicio 1', NULL, 112, 0, NULL, 1, 0, 0, NULL, NULL, 0, NULL, NULL),
(107, 40, '2017-06-09 12:20:15', 0, 'servicios', NULL, NULL, NULL, NULL, 'Listado de servicios', NULL, NULL, 0, NULL, 1, 0, 0, NULL, NULL, 0, NULL, NULL),
(108, 43, '2017-06-13 10:18:00', 1, NULL, NULL, NULL, NULL, NULL, NULL, NULL, NULL, 0, NULL, 0, 0, 1, NULL, NULL, 0, NULL, NULL),
(109, 43, '2017-06-13 14:13:51', 0, 'funcional', NULL, NULL, NULL, NULL, 'Funcional', NULL, 121, 0, NULL, 1, 0, 0, NULL, NULL, 0, NULL, NULL),
(110, 43, '2017-06-13 14:28:33', 0, 'funcional', NULL, NULL, NULL, NULL, 'Funcional', NULL, NULL, 0, NULL, 0, 1, 0, 157, NULL, 0, NULL, NULL),
(111, 43, '2017-06-13 14:29:25', 0, 'personalizado', NULL, NULL, NULL, NULL, 'Personalizado', NULL, 122, 0, NULL, 1, 0, 0, NULL, NULL, 0, NULL, NULL),
(112, 43, '2017-06-14 07:47:57', 0, 'sin-complicaciones', NULL, NULL, NULL, NULL, 'Sin complicaciones', NULL, NULL, 0, NULL, 0, 1, 0, 159, NULL, 0, NULL, NULL),
(113, 43, '2017-06-14 07:48:08', 0, 'sin-complicaciones', NULL, NULL, NULL, NULL, 'Sin complicaciones', NULL, 123, 0, NULL, 1, 0, 0, NULL, NULL, 0, NULL, NULL),
(114, 43, '2017-06-14 10:30:03', 0, 'personalizado', NULL, NULL, NULL, NULL, 'Personalizado', NULL, NULL, 0, NULL, 0, 1, 0, 158, NULL, 0, NULL, NULL),
(115, 44, '2017-06-24 07:57:13', 1, NULL, NULL, NULL, NULL, NULL, NULL, NULL, NULL, 0, NULL, 0, 0, 1, NULL, NULL, 0, NULL, NULL),
(116, 45, '2017-06-24 07:57:41', 1, NULL, NULL, NULL, NULL, NULL, NULL, NULL, NULL, 0, NULL, 0, 0, 1, NULL, NULL, 0, NULL, NULL),
(117, 43, '2017-06-24 08:37:47', 0, 'politica-de-cookies', NULL, NULL, NULL, NULL, 'Política de cookies', NULL, NULL, 0, NULL, 0, 0, 0, NULL, NULL, 0, NULL, NULL),
(118, 43, '2017-06-24 08:37:50', 0, 'aviso-legal', NULL, NULL, NULL, NULL, 'Aviso legal', NULL, NULL, 0, NULL, 0, 0, 0, NULL, NULL, 0, NULL, NULL),
(119, 43, '2017-06-24 08:37:52', 0, 'politica-de-privacidad', NULL, NULL, NULL, NULL, 'Política de privacidad', NULL, NULL, 0, NULL, 0, 0, 0, NULL, NULL, 0, NULL, NULL),
(120, 45, '2017-07-22 15:41:58', 0, 'politica-de-privacidad', NULL, NULL, NULL, NULL, 'Política de privacidad', NULL, NULL, 0, NULL, 0, 0, 0, NULL, NULL, 0, NULL, NULL),
(121, 45, '2017-07-22 15:42:30', 0, 'aviso-legal', NULL, NULL, NULL, NULL, 'Aviso legal', NULL, NULL, 0, NULL, 0, 0, 0, NULL, NULL, 0, NULL, NULL),
(122, 45, '2017-07-22 15:43:13', 0, 'politica-de-cookies', NULL, NULL, NULL, NULL, 'Política de cookies', NULL, NULL, 0, NULL, 0, 0, 0, NULL, NULL, 0, NULL, NULL),
(123, 33, '2017-07-23 16:23:40', 0, 'servicio-2', NULL, NULL, NULL, NULL, 'Servicio 2', NULL, 92, 0, NULL, 1, 0, 0, NULL, NULL, 0, NULL, NULL),
(124, 33, '2017-07-23 16:24:37', 0, 'aviso-legal', NULL, NULL, NULL, NULL, 'Aviso legal', NULL, NULL, 0, NULL, 0, 0, 0, NULL, NULL, 0, NULL, NULL),
(125, 33, '2017-07-23 16:25:56', 0, 'politica-de-cookies', NULL, NULL, NULL, NULL, 'Política de cookies', NULL, NULL, 0, NULL, 0, 0, 0, NULL, NULL, 0, NULL, NULL),
(126, 33, '2017-07-23 16:58:05', 0, 'politica-de-privacidad', NULL, NULL, NULL, NULL, 'Política de privacidad', NULL, NULL, 0, NULL, 0, 0, 0, NULL, NULL, 0, NULL, NULL),
(127, 33, '2017-07-23 16:58:37', 0, 'servicio-3', NULL, NULL, NULL, NULL, 'Servicio 3', NULL, 93, 0, NULL, 1, 0, 0, NULL, NULL, 0, NULL, NULL),
(128, 33, '2017-07-23 17:00:49', 0, 'servicio-1', NULL, NULL, NULL, NULL, 'Servicio 1', NULL, 91, 0, NULL, 1, 0, 0, NULL, NULL, 0, NULL, NULL),
(129, 40, '2017-08-24 08:27:19', 0, 'quienes-somos', NULL, NULL, NULL, NULL, 'Quienes somos', NULL, NULL, 0, NULL, 0, 0, 1, NULL, NULL, 0, NULL, NULL),
(130, 40, '2017-08-24 09:02:13', 0, 'funcionalidades', NULL, NULL, NULL, NULL, 'Funcionalidades', NULL, NULL, 0, NULL, 0, 0, 1, NULL, NULL, 0, NULL, NULL),
(131, 46, '2017-09-29 15:45:57', 1, NULL, NULL, NULL, NULL, NULL, NULL, NULL, NULL, 0, NULL, 0, 0, 1, NULL, NULL, 0, NULL, NULL),
(132, 46, '2017-10-15 10:12:19', 0, 'politica-de-cookies', NULL, NULL, NULL, NULL, 'Política de cookies', NULL, NULL, 0, NULL, 0, 0, 0, NULL, NULL, 0, NULL, NULL),
(133, 46, '2017-10-15 10:12:24', 0, 'aviso-legal', NULL, NULL, NULL, NULL, 'Aviso legal', NULL, NULL, 0, NULL, 0, 0, 0, NULL, NULL, 0, NULL, NULL),
(134, 46, '2017-10-15 10:12:29', 0, 'politica-de-privacidad', NULL, NULL, NULL, NULL, 'Política de privacidad', NULL, NULL, 0, NULL, 0, 0, 0, NULL, NULL, 0, NULL, NULL),
(135, 48, '2017-12-05 08:33:59', 1, NULL, NULL, NULL, NULL, NULL, NULL, NULL, NULL, 0, NULL, 0, 0, 1, NULL, NULL, 0, NULL, NULL),
(136, 48, '2017-12-05 08:34:10', 0, 'servicio-1', NULL, NULL, NULL, NULL, 'Servicio 1', NULL, 133, 0, NULL, 1, 0, 0, NULL, NULL, 0, NULL, NULL),
(137, 48, '2017-12-05 08:34:21', 0, 'servicio-2', NULL, NULL, NULL, NULL, 'Servicio 2', NULL, 134, 0, NULL, 1, 0, 0, NULL, NULL, 0, NULL, NULL),
(138, 45, '2017-12-06 04:58:00', 0, 'gracias-por-contactar', NULL, NULL, NULL, NULL, 'Gracias por contactar con nosotros', NULL, NULL, 0, NULL, 0, 0, 1, NULL, NULL, 0, NULL, NULL);

-- --------------------------------------------------------

--
-- Estructura de tabla para la tabla `palabrasclave`
--

CREATE TABLE `palabrasclave` (
  `id` int(11) NOT NULL,
  `blog_id` int(11) DEFAULT NULL,
  `palabraClave` varchar(255) COLLATE utf8_unicode_ci NOT NULL
) ENGINE=InnoDB DEFAULT CHARSET=utf8 COLLATE=utf8_unicode_ci;

--
-- Volcado de datos para la tabla `palabrasclave`
--

INSERT INTO `palabrasclave` (`id`, `blog_id`, `palabraClave`) VALUES
(8, 3, 'Palabra');

-- --------------------------------------------------------

--
-- Estructura de tabla para la tabla `project`
--

CREATE TABLE `project` (
  `id` int(11) NOT NULL,
  `business_id` int(11) DEFAULT NULL,
  `name` varchar(255) COLLATE utf8_unicode_ci NOT NULL,
  `slug` varchar(255) COLLATE utf8_unicode_ci NOT NULL,
  `projectdescription` longtext COLLATE utf8_unicode_ci NOT NULL,
  `deleted` tinyint(1) NOT NULL,
  `showinmenu` tinyint(1) NOT NULL,
  `pathicon` varchar(255) COLLATE utf8_unicode_ci DEFAULT NULL,
  `showinhome` tinyint(1) NOT NULL,
  `page_id` int(11) DEFAULT NULL,
  `paginainterior` tinyint(1) NOT NULL
) ENGINE=InnoDB DEFAULT CHARSET=utf8 COLLATE=utf8_unicode_ci;

--
-- Volcado de datos para la tabla `project`
--

INSERT INTO `project` (`id`, `business_id`, `name`, `slug`, `projectdescription`, `deleted`, `showinmenu`, `pathicon`, `showinhome`, `page_id`, `paginainterior`) VALUES
(1, 1, 'Proyecto 1', 'proyecto-1', '<p>Definici&oacute;n proyecto 1</p>', 0, 1, '/business/1/project-1-6.png', 1, 28, 1),
(2, 1, 'Proyecto 2', 'proyecto-2', '<p>Definici&oacute;n proyecto 2</p>', 0, 1, '/business/1/project-2-34.jpeg', 1, 29, 1),
(3, 1, 'Proyecto 3', 'proyecto-3', '<p>Definici&oacute;n proyecto 3</p>', 0, 1, '/business/1/project-3-62.jpg', 1, 32, 1),
(4, 1, 'Proyecto 4', 'proyecto-4', '<p>Definici&oacute;n proyecto 4</p>', 0, 1, '/business/1/project-4-27.jpg', 1, 36, 1),
(101, 29, 'Proyecto 1', 'proyecto-1', 'Proyecto realizado.', 0, 1, '/business/29/projec-icon-101.jpeg', 1, NULL, 1),
(102, 29, 'Proyecto 2', 'proyecto-2', 'Proyecto realizado.', 0, 1, '/business/29/projec-icon-102.jpg', 1, NULL, 1),
(103, 29, 'Proyecto 3', 'proyecto-3', 'Proyecto realizado.', 0, 1, '/business/29/projec-icon-103.jpeg', 1, NULL, 1),
(104, 29, 'Proyecto 4', 'proyecto-4', 'Proyecto realizado.', 0, 1, '/business/29/projec-icon-104.jpg', 1, NULL, 1),
(117, 33, 'Proyecto 1', 'proyecto-1', 'Proyecto realizado.', 0, 1, '/business/33/projec-icon-117.jpg', 1, NULL, 1),
(118, 33, 'Proyecto 2', 'proyecto-2', 'Proyecto realizado.', 0, 1, '/business/33/projec-icon-118.jpg', 1, NULL, 1),
(119, 33, 'Proyecto 3', 'proyecto-3', 'Proyecto realizado.', 0, 1, '/business/33/projec-icon-119.jpg', 1, NULL, 1),
(120, 33, 'Proyecto 4', 'proyecto-4', 'Proyecto realizado.', 0, 1, '/business/33/projec-icon-120.jpg', 1, NULL, 1),
(129, 36, 'Proyecto 1', 'proyecto-1', 'Proyecto realizado.', 0, 1, NULL, 1, NULL, 1),
(130, 36, 'Proyecto 2', 'proyecto-2', 'Proyecto realizado.', 0, 1, NULL, 1, NULL, 1),
(131, 36, 'Proyecto 3', 'proyecto-3', 'Proyecto realizado.', 0, 1, NULL, 1, NULL, 1),
(132, 36, 'Proyecto 4', 'proyecto-4', 'Proyecto realizado.', 0, 1, NULL, 1, NULL, 1),
(141, 39, 'Proyecto 1', 'proyecto-1', 'Proyecto realizado.', 0, 1, '/business/39/projec-icon-141.jpg', 1, NULL, 1),
(142, 39, 'Proyecto 2', 'proyecto-2', 'Proyecto realizado.', 0, 1, '/business/39/projec-icon-142.jpg', 1, NULL, 1),
(143, 39, 'Proyecto 3', 'proyecto-3', 'Proyecto realizado.', 0, 1, '/business/39/projec-icon-143.jpg', 1, NULL, 1),
(144, 39, 'Proyecto 4', 'proyecto-4', 'Proyecto realizado.', 0, 1, '/business/39/projec-icon-144.jpg', 1, NULL, 1),
(145, 40, 'Proyecto 1', 'proyecto-1', 'Proyecto realizado.', 0, 1, NULL, 1, NULL, 1),
(146, 40, 'Proyecto 2', 'proyecto-2', 'Proyecto realizado.', 0, 1, NULL, 1, NULL, 1),
(147, 40, 'Proyecto 3', 'proyecto-3', 'Proyecto realizado.', 0, 1, NULL, 1, NULL, 1),
(148, 40, 'Proyecto 4', 'proyecto-4', 'Proyecto realizado.', 0, 1, NULL, 1, NULL, 1),
(149, 41, 'Proyecto 1', 'proyecto-1', 'Proyecto realizado.', 0, 1, NULL, 1, NULL, 1),
(150, 41, 'Proyecto 2', 'proyecto-2', 'Proyecto realizado.', 0, 1, NULL, 1, NULL, 1),
(151, 41, 'Proyecto 3', 'proyecto-3', 'Proyecto realizado.', 0, 1, NULL, 1, NULL, 1),
(152, 41, 'Proyecto 4', 'proyecto-4', 'Proyecto realizado.', 0, 1, NULL, 1, NULL, 1),
(157, 43, 'Funcional', 'funcional', '<p>Sencillos m&oacute;dulos con funcionalidades ya incorporadas para la web de tu negocio.</p>', 0, 1, '/business/43/project-157-50.png', 1, 110, 0),
(158, 43, 'Personalizado', 'personalizado', '<p>Webwis ofrece una gran personalizaci&oacute;n para que haga &uacute;nica su web.</p>', 0, 1, '/business/43/project-158-79.png', 1, 114, 0),
(159, 43, 'Sin complicaciones', 'sin-complicaciones', '<p>Tu solo eliges los contenidos, nosotros nos ocupamos de los aspectos t&eacute;cnicos de la p&aacute;gina.</p>', 0, 1, '/business/43/project-159-5.png', 1, 112, 0),
(160, 43, 'Rápido', 'rpido', '<p>En poco tiempo tendr&aacute;s la web de tu emprea terminada y visible en la Red</p>', 0, 1, '/business/43/project-160-65.png', 1, NULL, 0),
(161, 44, 'Proyecto 1', 'proyecto-1', 'Proyecto realizado.', 0, 1, '/business/44/projec-icon-161.jpg', 1, NULL, 1),
(162, 44, 'Proyecto 2', 'proyecto-2', 'Proyecto realizado.', 0, 1, '/business/44/projec-icon-162.jpg', 1, NULL, 1),
(163, 44, 'Proyecto 3', 'proyecto-3', 'Proyecto realizado.', 0, 1, '/business/44/projec-icon-163.jpg', 1, NULL, 1),
(164, 44, 'Proyecto 4', 'proyecto-4', 'Proyecto realizado.', 0, 1, '/business/44/projec-icon-164.jpg', 1, NULL, 1),
(165, 45, 'Proyecto 1', 'proyecto-1', 'Proyecto realizado.', 0, 1, NULL, 1, NULL, 1),
(166, 45, 'Proyecto 2', 'proyecto-2', 'Proyecto realizado.', 0, 1, NULL, 1, NULL, 1),
(167, 45, 'Proyecto 3', 'proyecto-3', 'Proyecto realizado.', 0, 1, NULL, 1, NULL, 1),
(168, 45, 'Proyecto 4', 'proyecto-4', 'Proyecto realizado.', 0, 1, NULL, 1, NULL, 1),
(169, 46, 'Proyecto 1', 'proyecto-1', 'Proyecto realizado.', 0, 1, '/business/46/projec-icon-169.jpg', 1, NULL, 1),
(170, 46, 'Proyecto 2', 'proyecto-2', 'Proyecto realizado.', 0, 1, '/business/46/projec-icon-170.jpg', 1, NULL, 1),
(171, 46, 'Proyecto 3', 'proyecto-3', 'Proyecto realizado.', 0, 1, '/business/46/projec-icon-171.jpg', 1, NULL, 1),
(172, 46, 'Proyecto 4', 'proyecto-4', 'Proyecto realizado.', 0, 1, '/business/46/projec-icon-172.jpg', 1, NULL, 1),
(173, 48, 'Proyecto 1', 'proyecto-1', 'Proyecto realizado.', 0, 1, '/business/48/projec-icon-173.jpg', 1, NULL, 1),
(174, 48, 'Proyecto 2', 'proyecto-2', 'Proyecto realizado.', 0, 1, '/business/48/projec-icon-174.jpg', 1, NULL, 1),
(175, 48, 'Proyecto 3', 'proyecto-3', 'Proyecto realizado.', 0, 1, '/business/48/projec-icon-175.jpg', 1, NULL, 1),
(176, 48, 'Proyecto 4', 'proyecto-4', 'Proyecto realizado.', 0, 1, '/business/48/projec-icon-176.jpg', 1, NULL, 1);

-- --------------------------------------------------------

--
-- Estructura de tabla para la tabla `service`
--

CREATE TABLE `service` (
  `id` int(11) NOT NULL,
  `business_id` int(11) DEFAULT NULL,
  `name` varchar(255) COLLATE utf8_unicode_ci NOT NULL,
  `slug` varchar(255) COLLATE utf8_unicode_ci DEFAULT NULL,
  `descriptionservice` longtext COLLATE utf8_unicode_ci,
  `pathicon` varchar(255) COLLATE utf8_unicode_ci DEFAULT NULL,
  `deleted` tinyint(1) NOT NULL,
  `showinmenu` tinyint(1) NOT NULL,
  `datecreated` datetime NOT NULL,
  `descripcionmin` longtext COLLATE utf8_unicode_ci,
  `imagendestacada` varchar(255) COLLATE utf8_unicode_ci DEFAULT NULL,
  `showinhome` tinyint(1) NOT NULL,
  `page_id` int(11) DEFAULT NULL
) ENGINE=InnoDB DEFAULT CHARSET=utf8 COLLATE=utf8_unicode_ci;

--
-- Volcado de datos para la tabla `service`
--

INSERT INTO `service` (`id`, `business_id`, `name`, `slug`, `descriptionservice`, `pathicon`, `deleted`, `showinmenu`, `datecreated`, `descripcionmin`, `imagendestacada`, `showinhome`, `page_id`) VALUES
(1, 1, 'Consultoría IT', 'consultoria-it', '<p style="margin: 0px 0px 10px; padding: 0px; line-height: normal; color: #666666; font-family: Verdana, Geneva, sans-serif; font-size: 10px; text-align: justify;">Lorem ipsum dolor sit amet, consectetuer adipiscing elit. Aenean commodo ligula eget dolor. Aenean massa. Cum sociis natoque penatibus et magnis dis parturient montes, nascetur ridiculus mus. Donec quam felis, ultricies nec, pellentesque eu, pretium quis, sem. Nulla consequat massa quis enim. Donec pede justo, fringilla vel, aliquet nec, vulputate eget, arcu. In enim justo, rhoncus ut, imperdiet a, venenatis vitae, justo. Nullam dictum felis eu pede mollis pretium. Integer tincidunt. Cras dapibus. Vivamus elementum semper nisi. Aenean vulputate eleifend tellus. Aenean leo ligula, porttitor eu, consequat vitae, eleifend ac, enim. Aliquam lorem ante, dapibus in, viverra quis, feugiat a, tellus. Phasellus viverra nulla ut metus varius laoreet. Quisque rutrum. Aenean imperdiet. Etiam ultricies nisi vel augue. Curabitur ullamcorper ultricies nisi. Nam eget dui. Etiam rhoncus. Maecenas tempus, tellus eget condimentum rhoncus, sem quam semper libero, sit amet adipiscing sem neque sed ipsum. Nam quam nunc, blandit vel, luctus pulvinar, hendrerit id, lorem. Maecenas nec odio et ante tincidunt tempus. Donec vitae sapien ut libero venenatis faucibus. Nullam quis ante. Etiam sit amet orci eget eros faucibus tincidunt. Duis leo. Sed fringilla mauris sit amet nibh. Donec sodales sagittis magna. Sed consequat, leo eget bibendum sodales, augue velit cursus nunc, quis gravida magna mi a libero. Fusce vulputate eleifend sapien. Vestibulum purus quam, scelerisque ut, mollis sed, nonummy id, metus. Nullam accumsan lorem in dui. Cras ultricies mi eu turpis hendrerit fringilla. Vestibulum ante ipsum primis in faucibus orci luctus et ultrices posuere cubilia Curae; In ac dui quis mi consectetuer lacinia. Nam pretium turpis et arcu.</p>\r\n<p style="margin: 0px 0px 10px; padding: 0px; line-height: normal; color: #666666; font-family: Verdana, Geneva, sans-serif; font-size: 10px;">Duis arcu tortor, suscipit eget, imperdiet nec, imperdiet iaculis, ipsum. Sed aliquam ultrices mauris. Integer ante arcu, accumsan a, consectetuer eget, posuere ut, mauris. Praesent adipiscing. Phasellus ullamcorper ipsum rutrum nunc. Nunc nonummy metus. Vestibulum volutpat pretium libero. Cras id dui. Aenean ut eros et nisl sagittis vestibulum. Nullam nulla eros, ultricies sit amet, nonummy id, imperdiet feugiat, pede. Sed lectus. Donec mollis hendrerit risus. Phasellus nec sem in justo pellentesque facilisis. Etiam imperdiet imperdiet orci. Nunc nec neque. Phasellus leo dolor, tempus non, auctor et, hendrerit quis, nisi. Curabitur ligula sapien, tincidunt non, euismod vitae, posuere imperdiet, leo. Maecenas malesuada. Praesent congue erat at massa. Sed cursus turpis vitae tortor. Donec posuere vulputate arcu. Phasellus accumsan cursus velit. Vestibulum ante ipsum primis in faucibus orci luctus et ultrices posuere cubilia Curae; Sed aliquam, nisi quis porttitor congue, elit erat euismod orci, ac placerat dolor lectus quis orci. Phasellus consectetuer vestibulum elit. Aenean tellus metus, bibendum sed, posuere ac, mattis non, nunc. Vestibulum fringilla pede sit amet augue. In turpis. Pellentesque posuere. Praesent turpis. Aenean posuere, tortor sed cursus feugiat, nunc augue blandit nunc, eu sollicitudin urna dolor sagittis lacus. Donec elit libero, sodales nec, volutpat a, suscipit non, turpis. Nullam sagittis. Suspendisse pulvinar, augue ac venenatis condimentum, sem libero volutpat nibh, nec pellentesque velit pede quis nunc. Vestibulum ante ipsum primis in faucibus orci luctus et ultrices posuere cubilia Curae; Fusce id purus. Ut varius tincidunt libero. Phasellus dolor. Maecenas vestibulum mollis diam. Pellentesque ut neque.</p>\r\n<p style="margin: 0px 0px 10px; padding: 0px; line-height: normal; color: #666666; font-family: Verdana, Geneva, sans-serif; font-size: 10px;">Pellentesque habitant morbi tristique senectus et netus et malesuada fames ac turpis egestas. In dui magna, posuere eget, vestibulum et, tempor auctor, justo. In ac felis quis tortor malesuada pretium. Pellentesque auctor neque nec urna. Proin sapien ipsum, porta a, auctor quis, euismod ut, mi. Aenean viverra rhoncus pede. Pellentesque habitant morbi tristique senectus et netus et malesuada fames ac turpis egestas. Ut non enim eleifend felis pretium feugiat. Vivamus quis mi. Phasellus a est. Phasellus magna. In hac habitasse platea dictumst. Curabitur at lacus ac velit ornare lobortis. Curabitur a felis in nunc fringilla tristique. Morbi mattis ullamcorper velit. Phasellus gravida semper nisi. Nullam vel sem. Pellentesque libero tortor, tincidunt et, tincidunt eget, semper nec, quam. Sed hendrerit. Morbi ac felis. Nunc egestas, augue at pellentesque laoreet, felis eros vehicula leo, at malesuada velit leo quis pede. Donec interdum, metus et hendrerit aliquet, dolor diam sagittis ligula, eget egestas libero turpis vel mi. Nunc nulla. Fusce risus nisl, viverra et, tempor et, pretium in, sapien. Donec venenatis vulputate lorem. Morbi nec metus. Phasellus blandit leo ut odio. Maecenas ullamcorper, dui et placerat feugiat, eros pede varius nisi, condimentum viverra felis nunc et lorem. Sed magna purus, fermentum eu, tincidunt eu, varius ut, felis. In auctor lobortis lacus. Quisque libero metus, condimentum nec, tempor a, commodo mollis, magna. Vestibulum ullamcorper mauris at ligula. Fusce fermentum. Nullam cursus lacinia erat. Praesent blandit laoreet nibh. Fusce convallis metus id felis luctus adipiscing. Pellentesque egestas, neque sit amet convallis pulvinar, justo nulla eleifend augue, ac auctor orci leo non est. Quisque id mi. Ut tincidunt tincidunt erat. Etiam feugiat lorem non metus. Vestibulum dapibus nunc ac augue. Curabitur vestibulum aliquam leo. Praesent egestas neque eu enim. In hac habitasse platea dictumst. Fusce a quam. Etiam ut purus mattis mauris sodales aliquam. Curabitur nisi. Quisque malesuada placerat nisl. Nam ipsum risus, rutrum vitae, vestibulum eu, molestie vel, lacus. Sed augue ipsum, egestas nec, vestibulum et, malesuada adipiscing, dui. Vestibulum facilisis, purus nec pulvinar iaculis, ligula mi congue nunc, vitae euismod ligula urna in dolor. Mauris sollicitudin fermentum libero. Praesent nonummy mi in odio. Nunc interdum lacus sit amet orci. Vestibulum rutrum, mi nec elementum vehicula, eros quam gravida nisl, id fringilla neque ante vel mi. Morbi mollis tellus ac sapien. Phasellus volutpat, metus eget egestas mollis, lacus lacus blandit dui, id egestas quam mauris ut lacus. Fusce vel dui. Sed in libero ut nibh placerat accumsan. Proin faucibus arcu quis ante. In consectetuer turpis ut velit. Nulla sit amet est. Praesent metus tellus, elementum eu, semper a, adipiscing nec, purus. Cras risus ipsum, faucibus ut, ullamcorper id, varius ac, leo. Suspendisse feugiat. Suspendisse enim turpis, dictum sed, iaculis a, condimentum nec, nisi. Praesent nec nisl a purus blandit viverra. Praesent ac massa at ligula laoreet iaculis. Nulla neque dolor, sagittis eget, iaculis quis, molestie non, velit. Mauris turpis nunc, blandit et, volutpat molestie, porta ut, ligula. Fusce pharetra convallis urna. Quisque ut nisi. Donec mi odio, faucibus at, scelerisque quis,</p>', '/business/1/serv-icon-1.jpg', 0, 1, '2017-04-27 17:44:54', 'Le ayudamos en el proceso completo de creación de su producto. Desde la formalización del concepto partiendo de su idea, diseño funcional del producto, implementación de la herramienta, testeo y lanzamiento. De las que surgen como resultado soluciones integrales innovadoras.', '/business/1/serv-dest-1.jpg', 0, 15),
(2, 1, 'Consultoría IT2', 'consultora-it2', '<p style="margin: 0px 0px 10px; padding: 0px; line-height: normal; color: #666666; font-family: Verdana, Geneva, sans-serif; font-size: 10px;">Sed ut perspiciatis unde omnis iste natus error sit voluptatem accusantium doloremque laudantium, totam rem aperiam, eaque ipsa quae ab illo inventore veritatis et quasi architecto beatae vitae dicta sunt explicabo. Nemo enim ipsam voluptatem quia voluptas sit aspernatur aut odit aut fugit, sed quia consequuntur magni dolores eos qui ratione voluptatem sequi nesciunt. Neque porro quisquam est, qui dolorem ipsum quia dolor sit amet, consectetur, adipisci velit, sed quia non numquam eius modi tempora incidunt ut labore et dolore magnam aliquam quaerat voluptatem. Ut enim ad minima veniam, quis nostrum exercitationem ullam corporis suscipit laboriosam, nisi ut aliquid ex ea commodi consequatur? Quis autem vel eum iure reprehenderit qui in ea voluptate velit esse quam nihil molestiae consequatur, vel illum qui dolorem eum fugiat quo voluptas nulla pariatur? At vero eos et accusamus et iusto odio dignissimos ducimus qui blanditiis praesentium voluptatum deleniti atque corrupti quos dolores et quas molestias excepturi sint occaecati cupiditate non provident, similique sunt in culpa qui officia deserunt mollitia animi, id est laborum et dolorum fuga. Et harum quidem rerum facilis est et expedita distinctio. Nam libero tempore, cum soluta nobis est eligendi optio cumque nihil impedit quo minus id quod maxime placeat facere possimus, omnis voluptas assumenda est, omnis dolor repellendus. Temporibus autem quibusdam et aut officiis debitis aut rerum necessitatibus saepe eveniet ut et voluptates repudiandae sint et molestiae non recusandae. Itaque earum rerum hic tenetur a sapiente delectus, ut aut reiciendis voluptatibus maiores alias consequatur aut perferendis doloribus asperiores repellat.</p>\r\n<p style="margin: 0px 0px 10px; padding: 0px; line-height: normal; color: #666666; font-family: Verdana, Geneva, sans-serif; font-size: 10px;">Sed ut perspiciatis unde omnis iste natus error sit voluptatem accusantium doloremque laudantium, totam rem aperiam, eaque ipsa quae ab illo inventore veritatis et quasi architecto beatae vitae dicta sunt explicabo. Nemo enim ipsam voluptatem quia voluptas sit aspernatur aut odit aut fugit, sed quia consequuntur magni dolores eos qui ratione voluptatem sequi nesciunt. Neque porro quisquam est, qui dolorem ipsum quia dolor sit amet, consectetur, adipisci velit, sed quia non numquam eius modi tempora incidunt ut labore et dolore magnam aliquam quaerat voluptatem. Ut enim ad minima veniam, quis nostrum exercitationem ullam corporis suscipit laboriosam, nisi ut aliquid ex ea commodi consequatur? Quis autem vel eum iure reprehenderit qui in ea voluptate velit esse quam nihil molestiae consequatur, vel illum qui dolorem eum fugiat quo voluptas nulla pariatur? At vero eos et accusamus et iusto odio dignissimos ducimus qui blanditiis praesentium voluptatum deleniti atque corrupti quos dolores et quas molestias excepturi sint occaecati cupiditate non provident, similique sunt in culpa qui officia deserunt mollitia animi, id est laborum et dolorum fuga. Et harum quidem rerum facilis est et expedita distinctio. Nam libero tempore, cum soluta nobis est eligendi optio cumque nihil impedit quo minus id quod maxime placeat facere possimus, omnis voluptas assumenda est, omnis dolor repellendus. Temporibus autem quibusdam et aut officiis debitis aut rerum necessitatibus saepe eveniet ut et voluptates repudiandae sint et molestiae non recusandae. Itaque earum rerum hic tenetur a sapiente delectus, ut aut reiciendis voluptatibus maiores alias consequatur aut perferendis doloribus asperiores repellat.</p>\r\n<p style="margin: 0px 0px 10px; padding: 0px; line-height: normal; color: #666666; font-family: Verdana, Geneva, sans-serif; font-size: 10px;">Sed ut perspiciatis unde omnis iste natus error sit voluptatem accusantium doloremque laudantium, totam rem aperiam, eaque ipsa quae ab illo inventore veritatis et quasi architecto beatae vitae dicta sunt explicabo. Nemo enim ipsam voluptatem quia voluptas sit aspernatur aut odit aut fugit, sed quia consequuntur magni dolores eos qui ratione voluptatem sequi nesciunt. Neque porro quisquam est, qui dolorem ipsum quia dolor sit amet, consectetur, adipisci velit, sed quia non numquam eius modi tempora incidunt ut labore et dolore magnam aliquam quaerat voluptatem. Ut enim ad minima veniam, quis nostrum exercitationem ullam corporis suscipit laboriosam, nisi ut aliquid ex ea commodi consequatur? Quis autem vel eum iure reprehenderit qui in ea voluptate velit esse quam nihil molestiae consequatur, vel illum qui dolorem eum fugiat quo voluptas nulla pariatur? At vero eos et accusamus et iusto odio dignissimos ducimus qui blanditiis praesentium voluptatum deleniti atque corrupti quos dolores et quas molestias excepturi sint occaecati cupiditate non provident, similique sunt in culpa qui officia deserunt mollitia animi, id est laborum et dolorum fuga. Et harum quidem rerum facilis est et expedita distinctio. Nam libero tempore, cum soluta nobis est eligendi optio cumque nihil impedit quo minus id quod maxime placeat facere possimus, omnis voluptas assumenda est, omnis dolor repellendus. Temporibus autem quibusdam et aut officiis debitis aut rerum necessitatibus saepe eveniet ut et voluptates repudiandae sint et molestiae non recusandae. Itaque earum rerum hic tenetur a sapiente delectus, ut aut reiciendis voluptatibus maiores alias consequatur aut perferendis doloribus asperiores repellat. Sed ut perspiciatis unde omnis iste natus error sit voluptatem accusantium doloremque laudantium, totam rem aperiam, eaque ipsa quae ab illo inventore veritatis et quasi architecto beatae vitae dicta sunt explicabo. Nemo enim ipsam voluptatem quia voluptas sit aspernatur aut odit aut fugit, sed quia consequuntur magni dolores eos qui ratione voluptatem sequi nesciunt. Neque porro quisquam est, qui dolorem ipsum quia dolor sit amet, consectetur, adipisci velit, sed quia non numquam eius modi tempora incidunt ut labore et dolore magnam aliquam quaerat voluptatem. Ut enim ad minima veniam, quis nostrum exercitationem ullam corporis suscipit laboriosam, nisi ut aliquid ex ea commodi consequatur? Quis autem vel eum iure reprehenderit qui in ea voluptate velit esse quam nihil molestiae consequatur, vel illum qui dolorem eum fugiat quo voluptas nulla pariatur? At vero eos et accusamus et iusto odio dignissimos ducimus qui blanditiis praesentium voluptatum deleniti atque corrupti quos dolores et quas molestias excepturi sint occaecati cupiditate non provident, similique sunt in culpa qui officia deserunt mollitia animi, id est laborum et dolorum fuga. Et harum quidem rerum facilis est et expedita distinctio. Nam libero tempore, cum soluta nobis est eligendi optio cumque nihil impedit quo minus id quod maxime placeat facere possimus, omnis voluptas assumenda est, omnis dolor repellendus. Temporibus autem quibusdam et aut officiis debitis aut rerum necessitatibus saepe eveniet ut et voluptates repudiandae sint et molestiae non recusandae. Itaque earum rerum hic tenetur a sapiente delectus, ut aut reiciendis voluptatibus maiores alias consequatur aut perferendis doloribus asperiores repellat. Sed ut perspiciatis unde</p>', '/business/1/serv-icon-2.png', 0, 1, '2017-04-27 20:41:23', 'Si necesita un solución que esté soportada sobre una plataforma web, contamos con los conocimientos y herramientas más completas para llevar a término ese desarrollo web que necesita.', '/business/1/serv-dest-2.jpg', 1, 13),
(3, 1, 'Desarrollo apps a medida', 'desarrollo-apps-a-medida', '<p style="margin: 0px 0px 10px; padding: 0px; line-height: normal; color: #666666; font-family: Verdana, Geneva, sans-serif; font-size: 10px;">Li Europan lingues es membres del sam familie. Lor separat existentie es un myth. Por scientie, musica, sport etc, litot Europa usa li sam vocabular. Li lingues differe solmen in li grammatica, li pronunciation e li plu commun vocabules. Omnicos directe al desirabilite de un nov lingua franca: On refusa continuar payar custosi traductores. At solmen va esser necessi far uniform grammatica, pronunciation e plu sommun paroles. Ma quande lingues coalesce, li grammatica del resultant lingue es plu simplic e regulari quam ti del coalescent lingues. Li nov lingua franca va esser plu simplic e regulari quam li existent Europan lingues. It va esser tam simplic quam Occidental in fact, it va esser Occidental. A un Angleso it va semblar un simplificat Angles, quam un skeptic Cambridge amico dit me que Occidental es. Li Europan lingues es membres del sam familie. Lor separat existentie es un myth. Por scientie, musica, sport etc, litot Europa usa li sam vocabular. Li lingues differe solmen in li grammatica, li pronunciation e li plu commun vocabules. Omnicos directe al desirabilite de un nov lingua franca: On refusa continuar payar custosi traductores. At solmen va esser necessi far uniform grammatica, pronunciation e plu sommun paroles. Ma quande lingues coalesce, li grammatica del resultant lingue es plu simplic e regulari quam ti del coalescent lingues. Li nov lingua franca va esser plu simplic e regulari quam li existent Europan lingues. It va esser tam simplic quam Occidental in fact, it va esser Occidental.</p>\r\n<p style="margin: 0px 0px 10px; padding: 0px; line-height: normal; color: #666666; font-family: Verdana, Geneva, sans-serif; font-size: 10px;">A un Angleso it va semblar un simplificat Angles, quam un skeptic Cambridge amico dit me que Occidental es. Li Europan lingues es membres del sam familie. Lor separat existentie es un myth. Por scientie, musica, sport etc, litot Europa usa li sam vocabular. Li lingues differe solmen in li grammatica, li pronunciation e li plu commun vocabules. Omnicos directe al desirabilite de un nov lingua franca: On refusa continuar payar custosi traductores. At solmen va esser necessi far uniform grammatica, pronunciation e plu sommun paroles. Ma quande lingues coalesce, li grammatica del resultant lingue es plu simplic e regulari quam ti del coalescent lingues. Li nov lingua franca va esser plu simplic e regulari quam li existent Europan lingues. It va esser tam simplic quam Occidental in fact, it va esser Occidental. A un Angleso it va semblar un simplificat Angles, quam un skeptic Cambridge amico dit me que Occidental es. Li Europan lingues es membres del sam familie. Lor separat existentie es un myth. Por scientie, musica, sport etc, litot Europa usa li sam vocabular. Li lingues differe solmen in li grammatica, li pronunciation e li plu commun vocabules. Omnicos directe al desirabilite de un nov lingua franca: On refusa continuar payar custosi traductores. At solmen va esser necessi far uniform grammatica, pronunciation e plu sommun paroles. Ma quande lingues coalesce, li grammatica del resultant lingue es plu simplic e regulari quam ti del coalescent lingues. Li nov lingua franca va esser plu simplic e regulari quam li existent Europan lingues.</p>\r\n<p style="margin: 0px 0px 10px; padding: 0px; line-height: normal; color: #666666; font-family: Verdana, Geneva, sans-serif; font-size: 10px;">It va esser tam simplic quam Occidental in fact, it va esser Occidental. A un Angleso it va semblar un simplificat Angles, quam un skeptic Cambridge amico dit me que Occidental es. Li Europan lingues es membres del sam familie. Lor separat existentie es un myth. Por scientie, musica, sport etc, litot Europa usa li sam vocabular. Li lingues differe solmen in li grammatica, li pronunciation e li plu commun vocabules. Omnicos directe al desirabilite de un nov lingua franca: On refusa continuar payar custosi traductores. At solmen va esser necessi far uniform grammatica, pronunciation e plu sommun paroles. Ma quande lingues coalesce, li grammatica del resultant lingue es plu simplic e regulari quam ti del coalescent lingues. Li nov lingua franca va esser plu simplic e regulari quam li existent Europan lingues. It va esser tam simplic quam Occidental in fact, it va esser Occidental. A un Angleso it va semblar un simplificat Angles, quam un skeptic Cambridge amico dit me que Occidental es. Li Europan lingues es membres del sam familie. Lor separat existentie es un myth. Por scientie, musica, sport etc, litot Europa usa li sam vocabular. Li lingues differe solmen in li grammatica, li pronunciation e li plu commun vocabules. Omnicos directe al desirabilite de un nov lingua franca: On refusa continuar payar custosi traductores. At solmen va esser necessi far uniform grammatica, pronunciation e plu sommun paroles. Ma quande lingues coalesce, li grammatica del resultant lingue es plu simplic e regulari quam ti del coalescent lingues. Li nov lingua franca va esser plu simplic e regulari quam li existent Europan lingues. It va esser tam simplic quam Occidental in fact, it va esser Occidental. A un Angleso it va semblar un simplificat Angles, quam un skeptic Cambridge amico dit me que Occidental es. Li Europan lingues es membres del sam familie. Lor separat existentie es un myth. Por scientie, musica, sport etc, litot Europa usa li sam vocabular. Li lingues differe solmen in li grammatica, li pronunciation e li plu commun vocabules. Omnicos directe al desirabilite de un nov lingua franca: On refusa continuar payar custosi traductores. At solmen va esser necessi far uniform grammatica, pronunciation e plu sommun paroles. Ma quande lingues coalesce, li grammatica del resultant lingue es plu simplic e regulari quam ti del coalescent lingues. Li nov lingua franca va esser plu simplic e regulari quam li existent Europan lingues. It va esser tam simplic quam Occidental in fact, it va esser Occidental. A un Angleso it va semblar un simplificat Angles, quam un skeptic Cambridge amico dit me que Occidental es. Li Europan lingues es membres del sam familie. Lor separat existentie es un myth. Por scientie, musica, sport etc, litot Europa usa li sam vocabular. Li lingues differe solmen in li grammatica, li pronunciation e li plu commun vocabules. Omnicos directe al desirabilite de un nov lingua franca: On refusa continuar payar custosi traductores. At solmen va esser necessi far uniform grammatica, pronunciation e plu sommun paroles. Ma quande</p>', '/business/1/serv-icon-3.png', 0, 1, '2017-04-27 20:42:37', 'Creamos aplicaciones móviles a la medida de sus necesidades. Tanto para Android como IOS. Incluyendo iPhone, iPad, Tablets y smartphones.', '/business/1/serv-dest-3.jpeg', 1, 18),
(4, 1, 'Posicionamiento Web SEO y Gestión de Redes Sociales', 'posicionamiento-web-seo-y-gestin-de-redes-sociales', '<p style="margin: 0px 0px 10px; padding: 0px; line-height: normal; color: #666666; font-family: Verdana, Geneva, sans-serif; font-size: 10px;">Muy lejos, m&aacute;s all&aacute; de las monta&ntilde;as de palabras, alejados de los pa&iacute;ses de las vocales y las consonantes, viven los textos simulados. Viven aislados en casas de letras, en la costa de la sem&aacute;ntica, un gran oc&eacute;ano de lenguas. Un riachuelo llamado Pons fluye por su pueblo y los abastece con las normas necesarias. Hablamos de un pa&iacute;s paraisom&aacute;tico en el que a uno le caen pedazos de frases asadas en la boca. Ni siquiera los todopoderosos signos de puntuaci&oacute;n dominan a los textos simulados; una vida, se puede decir, poco ortogr&aacute;fica. Pero un buen d&iacute;a, una peque&ntilde;a l&iacute;nea de texto simulado, llamada Lorem Ipsum, decidi&oacute; aventurarse y salir al vasto mundo de la gram&aacute;tica. El gran Oxmox le desanconsej&oacute; hacerlo, ya que esas tierras estaban llenas de comas malvadas, signos de interrogaci&oacute;n salvajes y puntos y coma traicioneros, pero el texto simulado no se dej&oacute; atemorizar. Empac&oacute; sus siete versales, enfund&oacute; su inicial en el cintur&oacute;n y se puso en camino. Cuando ya hab&iacute;a escalado las primeras colinas de las monta&ntilde;as cursivas, se dio media vuelta para dirigir su mirada por &uacute;ltima vez, hacia su ciudad natal Letralandia, el encabezamiento del pueblo Alfabeto y el subt&iacute;tulo de su propia calle, la calle del rengl&oacute;n. Una pregunta ret&oacute;rica se le pas&oacute; por la mente y le puso melanc&oacute;lico, pero enseguida reemprendi&oacute; su marcha. De nuevo en camino, se encontr&oacute; con una copia.</p>\r\n<p style="margin: 0px 0px 10px; padding: 0px; line-height: normal; color: #666666; font-family: Verdana, Geneva, sans-serif; font-size: 10px;">La copia advirti&oacute; al peque&ntilde;o texto simulado de que en el lugar del que ella ven&iacute;a, la hab&iacute;an reescrito miles de veces y que todo lo que hab&iacute;a quedado de su original era la palabra "y", as&iacute; que m&aacute;s le val&iacute;a al peque&ntilde;o texto simulado volver a su pa&iacute;s, donde estar&iacute;a mucho m&aacute;s seguro. Pero nada de lo dicho por la copia pudo convencerlo, de manera que al cabo de poco tiempo, unos p&eacute;rfidos redactores publicitarios lo encontraron y emborracharon con Longe y Parole para llev&aacute;rselo despu&eacute;s a su agencia, donde abusaron de &eacute;l para sus proyectos, una y otra vez. Y si a&uacute;n no lo han reescrito, lo siguen utilizando hasta ahora. Muy lejos, m&aacute;s all&aacute; de las monta&ntilde;as de palabras, alejados de los pa&iacute;ses de las vocales y las consonantes, viven los textos simulados. Viven aislados en casas de letras, en la costa de la sem&aacute;ntica, un gran oc&eacute;ano de lenguas. Un riachuelo llamado Pons fluye por su pueblo y los abastece con las normas necesarias. Hablamos de un pa&iacute;s paraisom&aacute;tico en el que a uno le caen pedazos de frases asadas en la boca. Ni siquiera los todopoderosos signos de puntuaci&oacute;n dominan a los textos simulados; una vida, se puede decir, poco ortogr&aacute;fica. Pero un buen d&iacute;a, una peque&ntilde;a l&iacute;nea de texto simulado, llamada Lorem Ipsum, decidi&oacute; aventurarse y salir al vasto mundo de la gram&aacute;tica. El gran Oxmox le desanconsej&oacute; hacerlo, ya que esas tierras estaban llenas de comas malvadas, signos de interrogaci&oacute;n salvajes y puntos y coma traicioneros, pero el texto simulado no se dej&oacute; atemorizar.</p>\r\n<p style="margin: 0px 0px 10px; padding: 0px; line-height: normal; color: #666666; font-family: Verdana, Geneva, sans-serif; font-size: 10px;">Empac&oacute; sus siete versales, enfund&oacute; su inicial en el cintur&oacute;n y se puso en camino. Cuando ya hab&iacute;a escalado las primeras colinas de las monta&ntilde;as cursivas, se dio media vuelta para dirigir su mirada por &uacute;ltima vez, hacia su ciudad natal Letralandia, el encabezamiento del pueblo Alfabeto y el subt&iacute;tulo de su propia calle, la calle del rengl&oacute;n. Una pregunta ret&oacute;rica se le pas&oacute; por la mente y le puso melanc&oacute;lico, pero enseguida reemprendi&oacute; su marcha. De nuevo en camino, se encontr&oacute; con una copia. La copia advirti&oacute; al peque&ntilde;o texto simulado de que en el lugar del que ella ven&iacute;a, la hab&iacute;an reescrito miles de veces y que todo lo que hab&iacute;a quedado de su original era la palabra "y", as&iacute; que m&aacute;s le val&iacute;a al peque&ntilde;o texto simulado volver a su pa&iacute;s, donde estar&iacute;a mucho m&aacute;s seguro. Pero nada de lo dicho por la copia pudo convencerlo, de manera que al cabo de poco tiempo, unos p&eacute;rfidos redactores publicitarios lo encontraron y emborracharon con Longe y Parole para llev&aacute;rselo despu&eacute;s a su agencia, donde abusaron de &eacute;l para sus proyectos, una y otra vez. Y si a&uacute;n no lo han reescrito, lo siguen utilizando hasta ahora. Muy lejos, m&aacute;s all&aacute; de las monta&ntilde;as de palabras, alejados de los pa&iacute;ses de las vocales y las consonantes, viven los textos simulados. Viven aislados en casas de letras, en la costa de la sem&aacute;ntica, un gran oc&eacute;ano de lenguas. Un riachuelo llamado Pons fluye por su pueblo y los abastece con las normas necesarias. Hablamos de un pa&iacute;s paraisom&aacute;tico en el que a uno le caen pedazos de frases asadas en la boca. Ni siquiera los todopoderosos signos de puntuaci&oacute;n dominan a los textos simulados; una vida, se puede decir, poco ortogr&aacute;fica. Pero un buen d&iacute;a, una peque&ntilde;a l&iacute;nea de texto simulado, llamada Lorem Ipsum, decidi&oacute; aventurarse y salir al vasto mundo de la gram&aacute;tica. El gran Oxmox le desanconsej&oacute; hacerlo, ya que esas tierras estaban llenas de comas malvadas, signos de interrogaci&oacute;n salvajes y puntos y coma traicioneros, pero el texto simulado no se dej&oacute; atemorizar. Empac&oacute; sus siete versales, enfund&oacute; su inicial en el cintur&oacute;n y se puso en camino. Cuando ya hab&iacute;a escalado las primeras colinas de las monta&ntilde;as cursivas, se dio media vuelta para dirigir su mirada por &uacute;ltima vez, hacia su ciudad natal Letralandia, el encabezamiento del pueblo Alfabeto y el subt&iacute;tulo de su propia calle, la calle del rengl&oacute;n. Una pregunta ret&oacute;rica se le pas&oacute; por la mente y le puso melanc&oacute;lico, pero enseguida reemprendi&oacute; su marcha. De nuevo en camino, se encontr&oacute; con una copia. La copia advirti&oacute; al peque&ntilde;o texto simulado de que en el lugar del que ella ven&iacute;a, la hab&iacute;an reescrito miles de veces y que todo lo que hab&iacute;a quedado de su original era la palabra "y", as&iacute; que m&aacute;s le val&iacute;a al peque&ntilde;o texto simulado volver a su pa&iacute;s, donde estar&iacute;a mucho m&aacute;s seguro. Pero nada de lo dicho por la copia pudo convencerlo, de manera que al cabo de poco tiempo, unos p&eacute;rfidos redactores</p>', '/business/1/serv-icon-4.png', 0, 1, '2017-04-28 07:23:30', NULL, '/business/1/serv-dest-4.jpg', 1, 22),
(5, 1, 'Desarrollo de aplicaciones de gestión en la nube.', 'desarrollo-de-aplicaciones-de-gestin-en-la-nube', '<p style="margin: 0px 0px 10px; padding: 0px; line-height: normal; color: #666666; font-family: Verdana, Geneva, sans-serif; font-size: 10px;">Y, vi&eacute;ndole don Quijote de aquella manera, con muestras de tanta tristeza, le dijo: S&aacute;bete, Sancho, que no es un hombre m&aacute;s que otro si no hace m&aacute;s que otro. Todas estas borrascas que nos suceden son se&ntilde;ales de que presto ha de serenar el tiempo y han de sucedernos bien las cosas; porque no es posible que el mal ni el bien sean durables, y de aqu&iacute; se sigue que, habiendo durado mucho el mal, el bien est&aacute; ya cerca. As&iacute; que, no debes congojarte por las desgracias que a m&iacute; me suceden, pues a ti no te cabe parte dellas. Y, vi&eacute;ndole don Quijote de aquella manera, con muestras de tanta tristeza, le dijo: S&aacute;bete, Sancho, que no es un hombre m&aacute;s que otro si no hace m&aacute;s que otro. Todas estas borrascas que nos suceden son se&ntilde;ales de que presto ha de serenar el tiempo y han de sucedernos bien las cosas; porque no es posible que el mal ni el bien sean durables, y de aqu&iacute; se sigue que, habiendo durado mucho el mal, el bien est&aacute; ya cerca. As&iacute; que, no debes congojarte por las desgracias que a m&iacute; me suceden, pues a ti no te cabe parte dellas. Y, vi&eacute;ndole don Quijote de aquella manera, con muestras de tanta tristeza, le dijo: S&aacute;bete, Sancho, que no es un hombre m&aacute;s que otro si no hace m&aacute;s que otro.</p>\r\n<p style="margin: 0px 0px 10px; padding: 0px; line-height: normal; color: #666666; font-family: Verdana, Geneva, sans-serif; font-size: 10px;">Todas estas borrascas que nos suceden son se&ntilde;ales de que presto ha de serenar el tiempo y han de sucedernos bien las cosas; porque no es posible que el mal ni el bien sean durables, y de aqu&iacute; se sigue que, habiendo durado mucho el mal, el bien est&aacute; ya cerca. As&iacute; que, no debes congojarte por las desgracias que a m&iacute; me suceden, pues a ti no te cabe parte dellas. Y, vi&eacute;ndole don Quijote de aquella manera, con muestras de tanta tristeza, le dijo: S&aacute;bete, Sancho, que no es un hombre m&aacute;s que otro si no hace m&aacute;s que otro. Todas estas borrascas que nos suceden son se&ntilde;ales de que presto ha de serenar el tiempo y han de sucedernos bien las cosas; porque no es posible que el mal ni el bien sean durables, y de aqu&iacute; se sigue que, habiendo durado mucho el mal, el bien est&aacute; ya cerca. As&iacute; que, no debes congojarte por las desgracias que a m&iacute; me suceden, pues a ti no te cabe parte dellas. Y, vi&eacute;ndole don Quijote de aquella manera, con muestras de tanta tristeza, le dijo: S&aacute;bete, Sancho, que no es un hombre m&aacute;s que otro si no hace m&aacute;s que otro. Todas estas borrascas que nos suceden son se&ntilde;ales de que presto ha de serenar el tiempo y han de sucedernos bien las cosas; porque no es posible que el mal ni el bien sean durables, y de aqu&iacute; se sigue que, habiendo durado mucho el mal, el bien est&aacute; ya cerca. As&iacute; que, no debes congojarte por las desgracias que a m&iacute; me suceden, pues a ti no te cabe parte dellas.</p>\r\n<p style="margin: 0px 0px 10px; padding: 0px; line-height: normal; color: #666666; font-family: Verdana, Geneva, sans-serif; font-size: 10px;">Y, vi&eacute;ndole don Quijote de aquella manera, con muestras de tanta tristeza, le dijo: S&aacute;bete, Sancho, que no es un hombre m&aacute;s que otro si no hace m&aacute;s que otro. Todas estas borrascas que nos suceden son se&ntilde;ales de que presto ha de serenar el tiempo y han de sucedernos bien las cosas; porque no es posible que el mal ni el bien sean durables, y de aqu&iacute; se sigue que, habiendo durado mucho el mal, el bien est&aacute; ya cerca. As&iacute; que, no debes congojarte por las desgracias que a m&iacute; me suceden, pues a ti no te cabe parte dellas. Y, vi&eacute;ndole don Quijote de aquella manera, con muestras de tanta tristeza, le dijo: S&aacute;bete, Sancho, que no es un hombre m&aacute;s que otro si no hace m&aacute;s que otro. Todas estas borrascas que nos suceden son se&ntilde;ales de que presto ha de serenar el tiempo y han de sucedernos bien las cosas; porque no es posible que el mal ni el bien sean durables, y de aqu&iacute; se sigue que, habiendo durado mucho el mal, el bien est&aacute; ya cerca. As&iacute; que, no debes congojarte por las desgracias que a m&iacute; me suceden, pues a ti no te cabe parte dellas. Y, vi&eacute;ndole don Quijote de aquella manera, con muestras de tanta tristeza, le dijo: S&aacute;bete, Sancho, que no es un hombre m&aacute;s que otro si no hace m&aacute;s que otro. Todas estas borrascas que nos suceden son se&ntilde;ales de que presto ha de serenar el tiempo y han de sucedernos bien las cosas; porque no es posible que el mal ni el bien sean durables, y de aqu&iacute; se sigue que, habiendo durado mucho el mal, el bien est&aacute; ya cerca. As&iacute; que, no debes congojarte por las desgracias que a m&iacute; me suceden, pues a ti no te cabe parte dellas. Y, vi&eacute;ndole don Quijote de aquella manera, con muestras de tanta tristeza, le dijo: S&aacute;bete, Sancho, que no es un hombre m&aacute;s que otro si no hace m&aacute;s que otro. Todas estas borrascas que nos suceden son se&ntilde;ales de que presto ha de serenar el tiempo y han de sucedernos bien las cosas; porque no es posible que el mal ni el bien sean durables, y de aqu&iacute; se sigue que, habiendo durado mucho el mal, el bien est&aacute; ya cerca. As&iacute; que, no debes congojarte por las desgracias que a m&iacute; me suceden, pues a ti no te cabe parte dellas. Y, vi&eacute;ndole don Quijote de aquella manera, con muestras de tanta tristeza, le dijo: S&aacute;bete, Sancho, que no es un hombre m&aacute;s que otro si no hace m&aacute;s que otro. Todas estas borrascas que nos suceden son se&ntilde;ales de que presto ha de serenar el tiempo y han de sucedernos bien las cosas; porque no es posible que el mal ni el bien sean durables, y de aqu&iacute; se sigue que, habiendo durado mucho el mal, el bien est&aacute; ya cerca. As&iacute;</p>', '/business/1/serv-icon-5.png', 0, 1, '2017-04-28 07:24:40', 'Olvídese de los problemas del hardware y software tradicionales. Las aplicaciones en Cloud Computing le permiten tener su información y la de su empresa desde cualquier dispositivo o equipo.', '/business/1/serv-dest-5.jpg', 1, 38),
(6, 1, 'Desarrollo web corporativo.', 'desarrollo-web-corporativo', '<p style="margin: 0px 0px 10px; padding: 0px; line-height: normal; color: #666666; font-family: Verdana, Geneva, sans-serif; font-size: 10px;">Reina en mi esp&iacute;ritu una alegr&iacute;a admirable, muy parecida a las dulces alboradas de la primavera, de que gozo aqu&iacute; con delicia. Estoy solo, y me felicito de vivir en este pa&iacute;s, el m&aacute;s a prop&oacute;sito para almas como la m&iacute;a, soy tan dichoso, mi querido amigo, me sojuzga de tal modo la idea de reposar, que no me ocupo de mi arte. Ahora no sabr&iacute;a dibujar, ni siquiera hacer una l&iacute;nea con el l&aacute;piz; y, sin embargo, jam&aacute;s he sido mejor pintor Cuando el valle se vela en torno m&iacute;o con un encaje de vapores; cuando el sol de mediod&iacute;a centellea sobre la impenetrable sombra de mi bosque sin conseguir otra cosa que filtrar entre las hojas algunos rayos que penetran hasta el fondo del santuario, cuando recostado sobre la crecida hierba, cerca de la cascada, mi vista, m&aacute;s pr&oacute;xima a la tierra, descubre multitud de menudas y diversas plantas; cuando siento m&aacute;s cerca de mi coraz&oacute;n los rumores de vida de ese peque&ntilde;o mundo que palpita en los tallos de las hojas, y veo las formas innumerables e infinitas de los gusanillos y de los insectos; cuando siento, en fin, la presencia del Todopoderoso, que nos ha creado a su imagen, y el soplo del amor sin limites que nos sostiene y nos mece en el seno de una eterna alegr&iacute;a; amigo m&iacute;o, si los primeros fulgores del alba me acarician, y el cielo y el mundo que me rodean se reflejan en mi esp&iacute;ritu como la imagen de una mujer adorada, entonces suspiro y exclamo: "&iexcl;Si yo pudiera expresar todo lo que siento! &iexcl;Si todo lo que dentro de m&iacute; se agita con tanto calor, con tanta exuberancia de vida, pudiera yo extenderlo sobre el papel, convirtiendo &eacute;ste en espejo de mi alma, como mi alma es espejo de Dios!</p>\r\n<p style="margin: 0px 0px 10px; padding: 0px; line-height: normal; color: #666666; font-family: Verdana, Geneva, sans-serif; font-size: 10px;">" Amigo. . . , Pero me abismo y me anonada la sublimidad de tan magn&iacute;ficas im&aacute;genes. Reina en mi esp&iacute;ritu una alegr&iacute;a admirable, muy parecida a las dulces alboradas de la primavera, de que gozo aqu&iacute; con delicia. Estoy solo, y me felicito de vivir en este pa&iacute;s, el m&aacute;s a prop&oacute;sito para almas como la m&iacute;a, soy tan dichoso, mi querido amigo, me sojuzga de tal modo la idea de reposar, que no me ocupo de mi arte. Ahora no sabr&iacute;a dibujar, ni siquiera hacer una l&iacute;nea con el l&aacute;piz; y, sin embargo, jam&aacute;s he sido mejor pintor Cuando el valle se vela en torno m&iacute;o con un encaje de vapores; cuando el sol de mediod&iacute;a centellea sobre la impenetrable sombra de mi bosque sin conseguir otra cosa que filtrar entre las hojas algunos rayos que penetran hasta el fondo del santuario, cuando recostado sobre la crecida hierba, cerca de la cascada, mi vista, m&aacute;s pr&oacute;xima a la tierra, descubre multitud de menudas y diversas plantas; cuando siento m&aacute;s cerca de mi coraz&oacute;n los rumores de vida de ese peque&ntilde;o mundo que palpita en los tallos de las hojas, y veo las formas innumerables e infinitas de los gusanillos y de los insectos; cuando siento, en fin, la presencia del Todopoderoso, que nos ha creado a su imagen, y el soplo del amor sin limites que nos sostiene y nos mece en el seno de una eterna alegr&iacute;a; amigo m&iacute;o, si los primeros fulgores del alba me acarician, y el cielo y el mundo que me rodean se reflejan en mi esp&iacute;ritu como la imagen de una mujer adorada, entonces suspiro y exclamo: "&iexcl;Si yo pudiera expresar todo lo que siento!</p>\r\n<p style="margin: 0px 0px 10px; padding: 0px; line-height: normal; color: #666666; font-family: Verdana, Geneva, sans-serif; font-size: 10px;">&iexcl;Si todo lo que dentro de m&iacute; se agita con tanto calor, con tanta exuberancia de vida, pudiera yo extenderlo sobre el papel, convirtiendo &eacute;ste en espejo de mi alma, como mi alma es espejo de Dios! " Amigo. . . , Pero me abismo y me anonada la sublimidad de tan magn&iacute;ficas im&aacute;genes. Reina en mi esp&iacute;ritu una alegr&iacute;a admirable, muy parecida a las dulces alboradas de la primavera, de que gozo aqu&iacute; con delicia. Estoy solo, y me felicito de vivir en este pa&iacute;s, el m&aacute;s a prop&oacute;sito para almas como la m&iacute;a, soy tan dichoso, mi querido amigo, me sojuzga de tal modo la idea de reposar, que no me ocupo de mi arte. Ahora no sabr&iacute;a dibujar, ni siquiera hacer una l&iacute;nea con el l&aacute;piz; y, sin embargo, jam&aacute;s he sido mejor pintor Cuando el valle se vela en torno m&iacute;o con un encaje de vapores; cuando el sol de mediod&iacute;a centellea sobre la impenetrable sombra de mi bosque sin conseguir otra cosa que filtrar entre las hojas algunos rayos que penetran hasta el fondo del santuario, cuando recostado sobre la crecida hierba, cerca de la cascada, mi vista, m&aacute;s pr&oacute;xima a la tierra, descubre multitud de menudas y diversas plantas; cuando siento m&aacute;s cerca de mi coraz&oacute;n los rumores de vida de ese peque&ntilde;o mundo que palpita en los tallos de las hojas, y veo las formas innumerables e infinitas de los gusanillos y de los insectos; cuando siento, en fin, la presencia del Todopoderoso, que nos ha creado a su imagen, y el soplo del amor sin limites que nos sostiene y nos mece en el seno de una eterna alegr&iacute;a; amigo m&iacute;o, si los primeros fulgores del alba me acarician, y el cielo y el mundo que me rodean se reflejan en mi esp&iacute;ritu como la imagen de una mujer adorada, entonces suspiro y exclamo: "&iexcl;Si yo pudiera expresar todo lo que siento! &iexcl;Si todo lo que dentro de m&iacute; se agita con tanto calor, con tanta exuberancia de vida, pudiera yo extenderlo sobre el papel, convirtiendo &eacute;ste en espejo de mi alma, como mi alma es espejo de Dios! " Amigo. . . , Pero me abismo y me anonada la sublimidad de tan magn&iacute;ficas im&aacute;genes. Reina en mi esp&iacute;ritu una alegr&iacute;a admirable, muy parecida a las dulces alboradas de la primavera, de que gozo aqu&iacute; con delicia. Estoy solo, y me felicito de vivir en este pa&iacute;s, el m&aacute;s a prop&oacute;sito para almas como la m&iacute;a, soy tan dichoso, mi querido amigo, me sojuzga de tal modo</p>', '/business/1/serv-icon-6.png', 0, 1, '2017-04-28 07:25:11', NULL, '/business/1/serv-dest-6.jpeg', 1, NULL),
(79, 29, 'Servicio 1', 'servicio-1', 'En este espacio puedes describir uno de tus servicios de forma extensa.', '/business/29/serv-icon-79.jpg', 0, 1, '2017-05-18 16:23:39', 'En este espacio puedes describir uno de tus servicios de forma breve.', NULL, 1, NULL),
(80, 29, 'Servicio 2', 'servicio-2', 'En este espacio puedes describir uno de tus servicios de forma extensa.', '/business/29/serv-icon-80.jpg', 0, 1, '2017-05-18 16:23:39', 'En este espacio puedes describir uno de tus servicios de forma breve.', NULL, 1, NULL),
(81, 29, 'Servicio 3', 'servicio-3', 'En este espacio puedes describir uno de tus servicios de forma extensa.', '/business/29/serv-icon-81.jpg', 0, 1, '2017-05-18 16:23:39', 'En este espacio puedes describir uno de tus servicios de forma breve.', NULL, 1, NULL),
(91, 33, 'Servicio 1', 'servicio-1', 'En este espacio puedes describir uno de tus servicios de forma extensa.', '/business/33/serv-icon-91.jpg', 0, 1, '2017-05-30 14:51:55', 'En este espacio puedes describir uno de tus servicios de forma breve.', NULL, 1, 128),
(92, 33, 'Servicio 2', 'servicio-2', 'En este espacio puedes describir uno de tus servicios de forma extensa.', '/business/33/serv-icon-92.jpg', 0, 1, '2017-05-30 14:51:55', 'En este espacio puedes describir uno de tus servicios de forma breve.', NULL, 1, 123),
(93, 33, 'Servicio 3', 'servicio-3', 'En este espacio puedes describir uno de tus servicios de forma extensa.', '/business/33/serv-icon-93.jpg', 0, 1, '2017-05-30 14:51:55', 'En este espacio puedes describir uno de tus servicios de forma breve.', NULL, 1, 127),
(100, 36, 'Distribuidor autorizado de Securitas Direct', 'distribuidor-autorizado-de-securitas-direct', '<p><span style="color: #666666; font-family: AvenirNextLTW01-Regular, sans-serif; font-size: 16px;">formamos parte del grupo Securitas Direct Verisure, el proveedor de alarmas conectadas para hogar y negocio l&iacute;der en Europa. Gracias a nuestros sistemas de alarma con conexi&oacute;n 24 horas a central receptora, protegemos m&aacute;s de dos millones de hogares y negocios en todo el mundo, ofreciendo productos y servicios de seguridad de la m&aacute;s alta calidad.</span></p>\r\n<p><span style="color: #666666; font-family: AvenirNextLTW01-Regular, sans-serif; font-size: 16px;">Para garantizar la excelencia de nuestras alarmas, controlamos por completo nuestra cadena de valor, desde el dise&ntilde;o y desarrollo de cada producto hasta la monitorizaci&oacute;n de las alarmas y la atenci&oacute;n al cliente, pasando por la instalaci&oacute;n y el mantenimiento de cada sistema. Para ello, contamos con el mejor &nbsp;equipo profesional.</span></p>', '/business/36/serv-icon-100.jpg', 0, 1, '2017-05-31 10:39:14', 'Distribuidores autorizados de la empresa Securitas Direct s.a.u', '/business/36/serv-dest-100.png', 1, 94),
(101, 36, 'Desarrollo de equipos comerciales', 'desarrollo-de-equipos-comerciales', '<p>Desarrollamos proyectos de creaci&oacute;n formaci&oacute;n y tutelaje de equipos comerciales para las empresas</p>', '/business/36/serv-icon-101.png', 0, 1, '2017-05-31 10:39:14', 'Desarrollamos proyectos de creación formación y tutelaje de equipos comerciales para las empresas', '/business/36/serv-dest-101.jpg', 1, 92),
(102, 36, 'Quienes Somos', 'quienes-somos', '<p>Una empresa joven que ofrece talento comercial con una amplia experiencia en el sector. Distribuidores autorizados de Securitas direct entre otras grandes firmas.</p>', '/business/36/serv-icon-102.png', 0, 1, '2017-05-31 10:39:14', 'Una empresa joven que ofrece talento comercial con una amplia experiencia en el sector. Distribuidores autorizados de Securitas direct entre otras grandes firmas.', '/business/36/serv-dest-102.jpg', 1, 95),
(109, 39, 'Servicio 1', 'servicio-1', 'En este espacio puedes describir uno de tus servicios de forma extensa.', '/business/39/serv-icon-109.jpg', 0, 1, '2017-05-31 13:16:22', 'En este espacio puedes describir uno de tus servicios de forma breve.', NULL, 1, NULL),
(110, 39, 'Servicio 2', 'servicio-2', 'En este espacio puedes describir uno de tus servicios de forma extensa.', '/business/39/serv-icon-110.jpg', 0, 1, '2017-05-31 13:16:22', 'En este espacio puedes describir uno de tus servicios de forma breve.', NULL, 1, NULL),
(111, 39, 'Servicio 3', 'servicio-3', 'En este espacio puedes describir uno de tus servicios de forma extensa.', '/business/39/serv-icon-111.jpg', 0, 1, '2017-05-31 13:16:22', 'En este espacio puedes describir uno de tus servicios de forma breve.', NULL, 1, NULL),
(112, 40, 'Servicio 1', 'servicio-1', 'En este espacio puedes describir uno de tus servicios de forma extensa.', NULL, 0, 1, '2017-06-01 14:13:09', 'En este espacio puedes describir uno de tus servicios de forma breve.', NULL, 1, 105),
(113, 40, 'Servicio 2', 'servicio-2', 'En este espacio puedes describir uno de tus servicios de forma extensa.', NULL, 0, 1, '2017-06-01 14:13:09', 'En este espacio puedes describir uno de tus servicios de forma breve.', NULL, 1, 104),
(114, 40, 'Servicio 3', 'servicio-3', 'En este espacio puedes describir uno de tus servicios de forma extensa.', NULL, 0, 1, '2017-06-01 14:13:09', 'En este espacio puedes describir uno de tus servicios de forma breve.', NULL, 1, 103),
(115, 41, 'Servicio 1', 'servicio-1', 'En este espacio puedes describir uno de tus servicios de forma extensa.', NULL, 0, 1, '2017-06-02 10:59:14', 'En este espacio puedes describir uno de tus servicios de forma breve.', NULL, 1, NULL),
(116, 41, 'Servicio 2', 'servicio-2', 'En este espacio puedes describir uno de tus servicios de forma extensa.', NULL, 0, 1, '2017-06-02 10:59:14', 'En este espacio puedes describir uno de tus servicios de forma breve.', NULL, 1, NULL),
(117, 41, 'Servicio 3', 'servicio-3', 'En este espacio puedes describir uno de tus servicios de forma extensa.', NULL, 0, 1, '2017-06-02 10:59:14', 'En este espacio puedes describir uno de tus servicios de forma breve.', NULL, 1, NULL),
(121, 43, 'Funcional', 'funcional', NULL, '/business/43/serv-icon-121.png', 0, 0, '2017-06-13 10:18:00', 'Sencillos módulos con funcionalidades ya incorporadas para la web.', NULL, 1, 109),
(122, 43, 'Personalizado', 'personalizado', NULL, '/business/43/serv-icon-122.png', 0, 0, '2017-06-13 10:18:01', 'Webwis ofrece una gran personalización para que haga única su web', NULL, 1, 111),
(123, 43, 'Sin complicaciones', 'sin-complicaciones', NULL, '/business/43/serv-icon-123.png', 0, 0, '2017-06-13 10:18:01', 'Tú solo eliges los contenidos, nosotros gestionamos los aspectos técnicos de la página.', NULL, 1, 113),
(124, 44, 'Servicio 1', 'servicio-1', 'En este espacio puedes describir uno de tus servicios de forma extensa.', '/business/44/serv-icon-124.jpg', 0, 1, '2017-06-24 07:57:13', 'En este espacio puedes describir uno de tus servicios de forma breve.', NULL, 1, NULL);
INSERT INTO `service` (`id`, `business_id`, `name`, `slug`, `descriptionservice`, `pathicon`, `deleted`, `showinmenu`, `datecreated`, `descripcionmin`, `imagendestacada`, `showinhome`, `page_id`) VALUES
(125, 44, 'Servicio 2', 'servicio-2', 'En este espacio puedes describir uno de tus servicios de forma extensa.', '/business/44/serv-icon-125.jpg', 0, 1, '2017-06-24 07:57:13', 'En este espacio puedes describir uno de tus servicios de forma breve.', NULL, 1, NULL),
(126, 44, 'Servicio 3', 'servicio-3', 'En este espacio puedes describir uno de tus servicios de forma extensa.', '/business/44/serv-icon-126.jpg', 0, 1, '2017-06-24 07:57:13', 'En este espacio puedes describir uno de tus servicios de forma breve.', NULL, 1, NULL),
(127, 45, 'Servicio 1', 'servicio-1', 'En este espacio puedes describir uno de tus servicios de forma extensa.', NULL, 0, 1, '2017-06-24 07:57:41', 'En este espacio puedes describir uno de tus servicios de forma breve.', NULL, 1, NULL),
(128, 45, 'Servicio 2', 'servicio-2', 'En este espacio puedes describir uno de tus servicios de forma extensa.', NULL, 0, 1, '2017-06-24 07:57:41', 'En este espacio puedes describir uno de tus servicios de forma breve.', NULL, 1, NULL),
(129, 45, 'Servicio 3', 'servicio-3', 'En este espacio puedes describir uno de tus servicios de forma extensa.', NULL, 0, 1, '2017-06-24 07:57:41', 'En este espacio puedes describir uno de tus servicios de forma breve.', NULL, 1, NULL),
(130, 46, 'Servicio 1', 'servicio-1', 'En este espacio puedes describir uno de tus servicios de forma extensa.', '/business/46/serv-icon-130.jpg', 0, 1, '2017-09-29 15:45:57', 'En este espacio puedes describir uno de tus servicios de forma breve.', NULL, 1, NULL),
(131, 46, 'Servicio 2', 'servicio-2', 'En este espacio puedes describir uno de tus servicios de forma extensa.', '/business/46/serv-icon-131.jpg', 0, 1, '2017-09-29 15:45:57', 'En este espacio puedes describir uno de tus servicios de forma breve.', NULL, 1, NULL),
(132, 46, 'Servicio 3', 'servicio-3', 'En este espacio puedes describir uno de tus servicios de forma extensa.', '/business/46/serv-icon-132.jpg', 0, 1, '2017-09-29 15:45:57', 'En este espacio puedes describir uno de tus servicios de forma breve.', NULL, 1, NULL),
(133, 48, 'Servicio 1', 'servicio-1', 'En este espacio puedes describir uno de tus servicios de forma extensa.', '/business/48/serv-icon-133.jpg', 0, 1, '2017-12-05 08:33:59', 'En este espacio puedes describir uno de tus servicios de forma breve.', NULL, 1, 136),
(134, 48, 'Servicio 2', 'servicio-2', 'En este espacio puedes describir uno de tus servicios de forma extensa.', '/business/48/serv-icon-134.jpg', 0, 1, '2017-12-05 08:34:00', 'En este espacio puedes describir uno de tus servicios de forma breve.', NULL, 1, 137),
(135, 48, 'Servicio 3', 'servicio-3', 'En este espacio puedes describir uno de tus servicios de forma extensa.', '/business/48/serv-icon-135.jpg', 0, 1, '2017-12-05 08:34:00', 'En este espacio puedes describir uno de tus servicios de forma breve.', NULL, 1, NULL);

-- --------------------------------------------------------

--
-- Estructura de tabla para la tabla `socialnetwork`
--

CREATE TABLE `socialnetwork` (
  `id` int(11) NOT NULL,
  `business_id` int(11) DEFAULT NULL,
  `twitter` varchar(255) COLLATE utf8_unicode_ci DEFAULT NULL,
  `facebook` varchar(255) COLLATE utf8_unicode_ci DEFAULT NULL,
  `instagram` varchar(255) COLLATE utf8_unicode_ci DEFAULT NULL,
  `youtube` varchar(255) COLLATE utf8_unicode_ci DEFAULT NULL,
  `whatsapp` varchar(255) COLLATE utf8_unicode_ci DEFAULT NULL,
  `linkedin` varchar(255) COLLATE utf8_unicode_ci DEFAULT NULL,
  `google` varchar(255) COLLATE utf8_unicode_ci DEFAULT NULL,
  `flickr` varchar(255) COLLATE utf8_unicode_ci DEFAULT NULL,
  `datecreated` datetime NOT NULL
) ENGINE=InnoDB DEFAULT CHARSET=utf8 COLLATE=utf8_unicode_ci;

--
-- Volcado de datos para la tabla `socialnetwork`
--

INSERT INTO `socialnetwork` (`id`, `business_id`, `twitter`, `facebook`, `instagram`, `youtube`, `whatsapp`, `linkedin`, `google`, `flickr`, `datecreated`) VALUES
(1, 1, 'twitter.com/mi_usuario_de_twitter', 'www.facebook.com/mi_pagina_de_facebook', 'www.instagram.com/mi_perfil_instagram', '', '611 111 111', '', '', '', '2017-05-03 00:00:00'),
(3, 2, NULL, NULL, NULL, NULL, NULL, NULL, NULL, NULL, '2017-05-06 18:30:03'),
(5, 7, NULL, NULL, NULL, NULL, NULL, NULL, NULL, NULL, '2017-05-18 11:55:09'),
(6, 8, NULL, NULL, NULL, NULL, NULL, NULL, NULL, NULL, '2017-05-18 13:12:16'),
(7, 11, NULL, NULL, NULL, NULL, NULL, NULL, NULL, NULL, '2017-05-18 13:27:23'),
(8, 15, NULL, NULL, NULL, NULL, NULL, NULL, NULL, NULL, '2017-05-18 13:36:41'),
(9, 18, NULL, NULL, NULL, NULL, NULL, NULL, NULL, NULL, '2017-05-18 13:45:38'),
(10, 20, NULL, NULL, NULL, NULL, NULL, NULL, NULL, NULL, '2017-05-18 13:57:02'),
(11, 21, NULL, NULL, NULL, NULL, NULL, NULL, NULL, NULL, '2017-05-18 14:00:34'),
(12, 22, NULL, NULL, NULL, NULL, NULL, NULL, NULL, NULL, '2017-05-18 14:03:48'),
(13, 23, NULL, NULL, NULL, NULL, NULL, NULL, NULL, NULL, '2017-05-18 14:07:38'),
(14, 40, NULL, NULL, NULL, NULL, NULL, NULL, NULL, NULL, '2017-06-09 12:20:06'),
(15, 42, NULL, NULL, NULL, NULL, NULL, NULL, NULL, NULL, '2017-06-09 13:06:05'),
(16, 43, NULL, NULL, NULL, NULL, NULL, NULL, NULL, NULL, '2017-06-13 10:18:00'),
(17, 33, NULL, NULL, NULL, NULL, NULL, NULL, NULL, NULL, '2017-06-22 19:28:08'),
(18, 41, NULL, NULL, NULL, NULL, NULL, NULL, NULL, NULL, '2017-06-23 18:01:27'),
(19, 44, NULL, NULL, NULL, NULL, NULL, NULL, NULL, NULL, '2017-06-24 07:57:14'),
(20, 45, '', 'https//www.facebook.com/by dopazzo design_facebook', 'https//www.instagram.com/by dopazzo design_instagram', '', '', '', '', '', '2017-06-24 07:57:41'),
(21, 36, NULL, NULL, NULL, NULL, NULL, NULL, NULL, NULL, '2017-07-12 09:03:18'),
(22, 46, '', '', '', '', '+34675032522', '', '', '', '2017-09-29 15:45:57'),
(23, 29, NULL, NULL, NULL, NULL, NULL, NULL, NULL, NULL, '2017-10-17 08:20:49'),
(24, 39, NULL, NULL, NULL, NULL, NULL, NULL, NULL, NULL, '2017-10-17 08:21:59'),
(25, 48, NULL, NULL, NULL, NULL, NULL, NULL, NULL, NULL, '2017-12-05 08:34:00');

-- --------------------------------------------------------

--
-- Estructura de tabla para la tabla `subcategory`
--

CREATE TABLE `subcategory` (
  `id` int(11) NOT NULL,
  `category_id` int(11) DEFAULT NULL,
  `name` varchar(255) COLLATE utf8_unicode_ci NOT NULL,
  `sort` int(11) NOT NULL,
  `datecreated` datetime NOT NULL,
  `deleted` tinyint(1) NOT NULL,
  `slug` varchar(255) COLLATE utf8_unicode_ci NOT NULL
) ENGINE=InnoDB DEFAULT CHARSET=utf8 COLLATE=utf8_unicode_ci;

--
-- Volcado de datos para la tabla `subcategory`
--

INSERT INTO `subcategory` (`id`, `category_id`, `name`, `sort`, `datecreated`, `deleted`, `slug`) VALUES
(1, 1, 'Arquitectura', 1, '2017-05-07 08:47:06', 0, 'arquitectura'),
(2, 1, 'Carpintería', 100, '2017-05-07 08:48:48', 0, 'carpinteria'),
(3, 1, 'Construcción', 100, '2017-05-07 08:49:07', 0, 'construccion'),
(4, 1, 'Diseño de interiores', 100, '2017-05-07 08:49:27', 0, 'diseno_de_interiores'),
(5, 1, 'Inmobiliaria', 100, '2017-05-07 08:49:46', 0, 'inmobiliaria'),
(6, 1, 'Mantenimiento', 100, '2017-05-07 08:50:01', 0, 'mantenimiento'),
(7, 2, 'Actividades deportivas', 100, '2017-05-07 09:19:26', 0, 'actividades_deportivas'),
(8, 2, 'Deporte', 100, '2017-05-07 09:19:38', 0, 'deporte'),
(9, 2, 'Gimnasio', 100, '2017-05-07 09:19:54', 0, 'gimnasio'),
(10, 3, 'Bodas', 100, '2017-05-07 09:20:19', 0, 'bodas'),
(11, 3, 'Fiestas y Celebraciones', 100, '2017-05-07 09:20:42', 0, 'fiestas_celebraciones'),
(12, 4, 'Agencia de viajes', 100, '2017-05-07 09:21:08', 0, 'agencia-de-viajes'),
(13, 4, 'Café', 100, '2017-05-07 09:21:20', 0, 'cafe'),
(14, 4, 'Club', 100, '2017-05-07 09:21:28', 0, 'club'),
(15, 4, 'Hotel', 100, '2017-05-07 09:21:37', 0, 'hotel'),
(16, 4, 'Restaurante', 100, '2017-05-07 09:21:45', 0, 'restaurante'),
(17, 5, 'Artes y Oficios', 100, '2017-05-07 09:22:06', 0, 'artes_y_oficios'),
(18, 5, 'Comida rápida', 100, '2017-05-07 09:22:24', 0, 'comida_rapida'),
(19, 5, 'Tiendas de ropa', 100, '2017-05-07 09:22:41', 0, 'tiendas_de_ropa'),
(20, 5, 'Vendedor de coches', 100, '2017-05-07 09:22:59', 0, 'vendedor_de_coches'),
(21, 6, 'Agencia web', 100, '2017-05-07 09:23:22', 0, 'agencia-web'),
(22, 6, 'Banda de música', 100, '2017-05-07 09:23:42', 0, 'banda_de_musica'),
(23, 6, 'Estudio de diseño', 100, '2017-05-07 09:24:03', 0, 'estudio_de_diseno'),
(24, 6, 'Foto y Video', 100, '2017-05-07 09:24:24', 0, 'foto_y_video'),
(25, 6, 'Galería de arte', 100, '2017-05-07 09:24:47', 0, 'galeria_de_arte'),
(26, 6, 'Moda', 100, '2017-05-07 09:25:01', 0, 'moda'),
(27, 7, 'Centro de belleza', 100, '2017-05-07 09:25:23', 0, 'centro_de_belleza'),
(28, 7, 'Clínica', 100, '2017-05-07 09:26:02', 0, 'clinica'),
(29, 7, 'Clínica veterinaria', 100, '2017-05-07 09:26:18', 0, 'clinica_veterinaria'),
(30, 7, 'Farmacia', 100, '2017-05-07 09:26:41', 0, 'Farmacia'),
(31, 7, 'Fisioterapia', 100, '2017-05-07 09:27:05', 0, 'fisioterapia'),
(32, 7, 'Spa', 100, '2017-05-07 09:27:14', 0, 'spa'),
(33, 8, 'Consultoría', 100, '2017-05-07 09:27:38', 0, 'consultoria'),
(34, 8, 'Guardería', 100, '2017-05-07 09:27:50', 0, 'guarderia'),
(35, 8, 'Imprenta', 100, '2017-05-07 09:28:07', 0, 'imprenta'),
(36, 8, 'Informática', 100, '2017-05-07 09:28:25', 0, 'informatica'),
(37, 8, 'Ingeniería RD', 100, '2017-05-07 09:28:48', 0, 'ingenieria_r_d'),
(38, 8, 'Ong', 100, '2017-05-07 09:29:04', 0, 'ong'),
(39, 3, 'Cumpleaños', 100, '2017-05-07 09:30:32', 0, 'cumpleanos'),
(40, 5, 'Pequeños negocios', 100, '2017-05-07 09:31:46', 0, 'pequenos_negocios'),
(41, 8, 'Seguridad', 100, '2017-05-07 09:32:19', 0, 'seguridad'),
(42, 5, 'Transporte', 100, '2017-05-07 09:32:48', 0, 'transporte');

-- --------------------------------------------------------

--
-- Estructura de tabla para la tabla `subcategoryimage`
--

CREATE TABLE `subcategoryimage` (
  `id` int(11) NOT NULL,
  `subcategory_id` int(11) DEFAULT NULL,
  `path` varchar(255) COLLATE utf8_unicode_ci DEFAULT NULL,
  `datecreated` datetime NOT NULL,
  `width` double DEFAULT NULL,
  `height` double DEFAULT NULL,
  `deleted` tinyint(1) NOT NULL,
  `isgalery` tinyint(1) NOT NULL,
  `isbackground` tinyint(1) NOT NULL
) ENGINE=InnoDB DEFAULT CHARSET=utf8 COLLATE=utf8_unicode_ci;

--
-- Volcado de datos para la tabla `subcategoryimage`
--

INSERT INTO `subcategoryimage` (`id`, `subcategory_id`, `path`, `datecreated`, `width`, `height`, `deleted`, `isgalery`, `isbackground`) VALUES
(32, 1, 'image-32-88.jpg', '2017-05-07 10:51:06', 700, 550, 0, 0, 0),
(33, 1, 'image-33-68.jpg', '2017-05-07 10:51:06', 700, 550, 0, 0, 0),
(34, 1, 'image-34-100.jpg', '2017-05-07 10:51:07', 700, 550, 0, 0, 0),
(35, 1, 'image-35-71.jpg', '2017-05-07 10:51:07', 700, 550, 0, 0, 0),
(36, 1, 'image-36-94.jpg', '2017-05-07 10:51:07', 1600, 600, 0, 0, 1),
(37, 1, 'image-37-48.jpg', '2017-05-07 10:51:07', 1600, 750, 0, 1, 0),
(38, 1, 'image-38-86.jpg', '2017-05-07 10:51:07', 1600, 750, 0, 1, 0),
(39, 1, 'image-39-6.jpg', '2017-05-07 10:51:07', 1600, 750, 0, 1, 0),
(40, 1, 'image-40-98.jpg', '2017-05-07 10:51:07', 1600, 600, 0, 0, 1),
(41, 2, 'image-41-97.jpg', '2017-05-07 11:11:35', 700, 467, 0, 1, 0),
(42, 2, 'image-42-5.jpg', '2017-05-07 11:11:35', 700, 550, 0, 0, 0),
(43, 2, 'image-43-26.jpg', '2017-05-07 11:11:35', 700, 467, 0, 1, 0),
(44, 2, 'image-44-23.jpg', '2017-05-07 11:11:35', 700, 455, 0, 1, 0),
(45, 2, 'image-45-18.jpg', '2017-05-07 11:11:35', 1600, 600, 0, 0, 1),
(46, 2, 'image-46-52.jpg', '2017-05-07 11:11:35', 1600, 600, 0, 0, 1),
(47, 2, 'image-47-83.jpg', '2017-05-07 11:11:35', 1600, 750, 0, 1, 0),
(48, 2, 'image-48-80.jpg', '2017-05-07 11:11:35', 1600, 750, 0, 1, 0),
(49, 2, 'image-49-13.jpg', '2017-05-07 11:11:35', 1600, 600, 0, 0, 1),
(50, 3, 'image-50-42.jpg', '2017-05-07 11:12:10', 700, 550, 0, 0, 0),
(51, 3, 'image-51-41.jpg', '2017-05-07 11:12:10', 700, 550, 0, 0, 0),
(52, 3, 'image-52-35.jpg', '2017-05-07 11:12:10', 700, 550, 0, 0, 0),
(53, 3, 'image-53-49.jpg', '2017-05-07 11:12:10', 700, 550, 0, 0, 0),
(54, 3, 'image-54-86.jpg', '2017-05-07 11:12:10', 1600, 750, 0, 0, 1),
(55, 3, 'image-55-5.jpg', '2017-05-07 11:12:10', 1600, 750, 0, 1, 0),
(56, 3, 'image-56-40.jpg', '2017-05-07 11:12:10', 1600, 750, 0, 1, 0),
(57, 3, 'image-57-16.jpg', '2017-05-07 11:12:10', 1600, 750, 0, 1, 0),
(58, 3, 'image-58-6.jpg', '2017-05-07 11:12:10', 1600, 750, 0, 0, 1),
(59, 4, 'image-59-43.jpg', '2017-05-07 11:12:39', 700, 550, 0, 0, 0),
(60, 4, 'image-60-20.jpg', '2017-05-07 11:12:39', 700, 550, 0, 0, 0),
(61, 4, 'image-61-79.jpg', '2017-05-07 11:12:39', 700, 550, 0, 0, 0),
(62, 4, 'image-62-50.jpg', '2017-05-07 11:12:39', 700, 550, 0, 0, 0),
(63, 4, 'image-63-71.jpg', '2017-05-07 11:12:39', 1600, 600, 0, 0, 1),
(64, 4, 'image-64-78.jpg', '2017-05-07 11:12:39', 1600, 750, 0, 1, 0),
(65, 4, 'image-65-76.jpg', '2017-05-07 11:12:39', 1600, 750, 0, 1, 0),
(66, 4, 'image-66-79.jpg', '2017-05-07 11:12:40', 1600, 750, 0, 1, 0),
(67, 4, 'image-67-43.jpg', '2017-05-07 11:12:40', 1600, 600, 0, 0, 1),
(68, 5, 'image-68-84.jpg', '2017-05-07 11:13:03', 700, 550, 0, 0, 0),
(69, 5, 'image-69-3.jpg', '2017-05-07 11:13:03', 700, 550, 0, 0, 0),
(70, 5, 'image-70-97.jpg', '2017-05-07 11:13:03', 700, 550, 0, 0, 0),
(71, 5, 'image-71-23.jpg', '2017-05-07 11:13:03', 700, 550, 0, 0, 0),
(72, 5, 'image-72-45.jpg', '2017-05-07 11:13:03', 1600, 600, 0, 0, 1),
(73, 5, 'image-73-22.jpg', '2017-05-07 11:13:03', 1600, 750, 0, 1, 0),
(74, 5, 'image-74-11.jpg', '2017-05-07 11:13:03', 1600, 750, 0, 1, 0),
(75, 5, 'image-75-30.jpg', '2017-05-07 11:13:03', 1600, 750, 0, 1, 0),
(76, 5, 'image-76-61.jpg', '2017-05-07 11:13:03', 1600, 600, 0, 0, 1),
(77, 7, 'image-77-43.jpg', '2017-05-07 11:13:40', 700, 550, 0, 0, 0),
(78, 7, 'image-78-62.jpg', '2017-05-07 11:13:40', 700, 550, 0, 0, 0),
(79, 7, 'image-79-92.jpg', '2017-05-07 11:13:40', 700, 550, 0, 0, 0),
(80, 7, 'image-80-84.jpg', '2017-05-07 11:13:40', 700, 550, 0, 0, 0),
(81, 7, 'image-81-3.jpg', '2017-05-07 11:13:40', 1600, 600, 0, 0, 1),
(82, 7, 'image-82-20.jpg', '2017-05-07 11:13:40', 1600, 750, 0, 1, 0),
(83, 7, 'image-83-60.jpg', '2017-05-07 11:13:40', 1600, 750, 0, 1, 0),
(84, 7, 'image-84-30.jpg', '2017-05-07 11:13:40', 1600, 750, 0, 1, 0),
(85, 7, 'image-85-6.jpg', '2017-05-07 11:13:40', 1600, 600, 0, 0, 1),
(86, 8, 'image-86-81.jpg', '2017-05-07 11:13:59', 700, 550, 0, 0, 0),
(87, 8, 'image-87-44.jpg', '2017-05-07 11:13:59', 700, 550, 0, 0, 0),
(88, 8, 'image-88-80.jpg', '2017-05-07 11:13:59', 700, 450, 0, 0, 0),
(89, 8, 'image-89-89.jpg', '2017-05-07 11:13:59', 700, 550, 0, 0, 0),
(90, 8, 'image-90-82.jpg', '2017-05-07 11:13:59', 1600, 600, 0, 0, 1),
(91, 8, 'image-91-60.jpg', '2017-05-07 11:13:59', 1600, 750, 0, 1, 0),
(92, 8, 'image-92-75.jpg', '2017-05-07 11:13:59', 1600, 750, 0, 1, 0),
(93, 8, 'image-93-35.jpg', '2017-05-07 11:13:59', 1600, 750, 0, 1, 0),
(94, 8, 'image-94-58.jpg', '2017-05-07 11:13:59', 1600, 600, 0, 0, 1),
(95, 9, 'image-95-5.jpg', '2017-05-07 11:14:19', 700, 550, 0, 0, 0),
(96, 9, 'image-96-87.jpg', '2017-05-07 11:14:19', 700, 550, 0, 0, 0),
(97, 9, 'image-97-13.jpg', '2017-05-07 11:14:19', 700, 550, 0, 0, 0),
(98, 9, 'image-98-23.jpg', '2017-05-07 11:14:19', 700, 550, 0, 0, 0),
(99, 9, 'image-99-66.jpg', '2017-05-07 11:14:19', 1600, 600, 0, 0, 1),
(100, 9, 'image-100-24.jpg', '2017-05-07 11:14:19', 1600, 750, 0, 1, 0),
(101, 9, 'image-101-60.jpg', '2017-05-07 11:14:19', 1600, 750, 0, 1, 0),
(102, 9, 'image-102-80.jpg', '2017-05-07 11:14:19', 1600, 750, 0, 1, 0),
(103, 9, 'image-103-76.jpg', '2017-05-07 11:14:19', 1600, 600, 0, 0, 1),
(104, 12, 'image-104-15.jpg', '2017-05-07 11:15:34', 700, 550, 0, 0, 0),
(105, 12, 'image-105-75.jpeg', '2017-05-07 11:15:34', 700, 550, 0, 0, 0),
(106, 12, 'image-106-45.jpg', '2017-05-07 11:15:34', 700, 550, 0, 0, 0),
(107, 12, 'image-107-86.jpg', '2017-05-07 11:15:34', 700, 550, 0, 0, 0),
(108, 12, 'image-108-54.jpg', '2017-05-07 11:15:34', 1600, 600, 0, 0, 1),
(109, 12, 'image-109-85.jpg', '2017-05-07 11:15:34', 1600, 750, 0, 1, 0),
(110, 12, 'image-110-81.jpg', '2017-05-07 11:15:34', 1600, 750, 0, 1, 0),
(111, 12, 'image-111-28.jpg', '2017-05-07 11:15:34', 1600, 750, 0, 1, 0),
(112, 12, 'image-112-4.jpg', '2017-05-07 11:15:34', 1600, 600, 0, 0, 1),
(113, 13, 'image-113-98.jpg', '2017-05-07 11:15:53', 700, 550, 0, 0, 0),
(114, 13, 'image-114-39.jpg', '2017-05-07 11:15:53', 700, 550, 0, 0, 0),
(115, 13, 'image-115-61.jpg', '2017-05-07 11:15:53', 700, 550, 0, 0, 0),
(116, 13, 'image-116-77.jpeg', '2017-05-07 11:15:53', 700, 550, 0, 0, 0),
(117, 13, 'image-117-54.jpg', '2017-05-07 11:15:53', 1600, 600, 0, 0, 1),
(118, 13, 'image-118-31.jpg', '2017-05-07 11:15:53', 1600, 750, 0, 1, 0),
(119, 13, 'image-119-15.jpg', '2017-05-07 11:15:53', 1600, 750, 0, 1, 0),
(120, 13, 'image-120-40.jpg', '2017-05-07 11:15:53', 1600, 750, 0, 1, 0),
(121, 13, 'image-121-98.jpg', '2017-05-07 11:15:53', 1600, 600, 0, 0, 1),
(122, 14, 'image-122-4.jpeg', '2017-05-07 11:16:13', 700, 550, 0, 0, 0),
(123, 14, 'image-123-67.jpg', '2017-05-07 11:16:13', 700, 550, 0, 0, 0),
(124, 14, 'image-124-7.jpeg', '2017-05-07 11:16:13', 700, 550, 0, 0, 0),
(125, 14, 'image-125-96.jpeg', '2017-05-07 11:16:13', 700, 550, 0, 0, 0),
(126, 14, 'image-126-51.jpg', '2017-05-07 11:16:13', 1600, 600, 0, 0, 1),
(127, 14, 'image-127-46.jpg', '2017-05-07 11:16:13', 1600, 750, 0, 1, 0),
(128, 14, 'image-128-66.jpg', '2017-05-07 11:16:13', 1600, 750, 0, 1, 0),
(129, 14, 'image-129-84.jpg', '2017-05-07 11:16:13', 1600, 750, 0, 1, 0),
(130, 14, 'image-130-14.jpg', '2017-05-07 11:16:13', 1600, 600, 0, 0, 1),
(131, 15, 'image-131-89.jpg', '2017-05-07 11:16:32', 700, 550, 0, 0, 0),
(132, 15, 'image-132-3.jpeg', '2017-05-07 11:16:32', 700, 551, 0, 0, 0),
(133, 15, 'image-133-7.jpeg', '2017-05-07 11:16:32', 700, 550, 0, 0, 0),
(134, 15, 'image-134-63.jpg', '2017-05-07 11:16:32', 700, 550, 0, 0, 0),
(135, 15, 'image-135-60.jpg', '2017-05-07 11:16:32', 1600, 600, 0, 0, 1),
(136, 15, 'image-136-41.jpg', '2017-05-07 11:16:32', 1600, 750, 0, 1, 0),
(137, 15, 'image-137-4.jpg', '2017-05-07 11:16:32', 1600, 750, 0, 1, 0),
(138, 15, 'image-138-13.jpg', '2017-05-07 11:16:32', 1600, 750, 0, 1, 0),
(139, 15, 'image-139-90.jpg', '2017-05-07 11:16:32', 1600, 600, 0, 0, 1),
(140, 16, 'image-140-59.jpeg', '2017-05-07 11:16:53', 700, 550, 0, 0, 0),
(141, 16, 'image-141-33.jpg', '2017-05-07 11:16:53', 700, 550, 0, 0, 0),
(142, 16, 'image-142-1.jpg', '2017-05-07 11:16:53', 700, 550, 0, 0, 0),
(143, 16, 'image-143-53.jpeg', '2017-05-07 11:16:53', 700, 550, 0, 0, 0),
(144, 16, 'image-144-21.jpg', '2017-05-07 11:16:53', 1600, 600, 0, 0, 1),
(145, 16, 'image-145-82.jpg', '2017-05-07 11:16:53', 1600, 750, 0, 1, 0),
(146, 16, 'image-146-95.jpg', '2017-05-07 11:16:53', 1600, 750, 0, 1, 0),
(147, 16, 'image-147-11.jpg', '2017-05-07 11:16:53', 1600, 750, 0, 1, 0),
(148, 16, 'image-148-24.jpg', '2017-05-07 11:16:53', 1600, 600, 0, 0, 1),
(149, 17, 'image-149-48.jpg', '2017-05-07 11:17:17', 700, 550, 0, 0, 0),
(150, 17, 'image-150-97.jpg', '2017-05-07 11:17:17', 700, 550, 0, 0, 0),
(151, 17, 'image-151-9.jpeg', '2017-05-07 11:17:17', 700, 550, 0, 0, 0),
(152, 17, 'image-152-82.jpg', '2017-05-07 11:17:17', 700, 550, 0, 0, 0),
(153, 17, 'image-153-7.jpg', '2017-05-07 11:17:17', 1600, 600, 0, 0, 1),
(154, 17, 'image-154-81.jpg', '2017-05-07 11:17:17', 1600, 750, 0, 1, 0),
(155, 17, 'image-155-77.jpg', '2017-05-07 11:17:17', 1600, 750, 0, 1, 0),
(156, 17, 'image-156-31.jpg', '2017-05-07 11:17:17', 1600, 750, 0, 1, 0),
(157, 17, 'image-157-9.jpg', '2017-05-07 11:17:17', 1600, 600, 0, 0, 1),
(158, 18, 'image-158-99.jpg', '2017-05-07 11:17:36', 700, 550, 0, 0, 0),
(159, 18, 'image-159-85.jpg', '2017-05-07 11:17:36', 700, 550, 0, 0, 0),
(160, 18, 'image-160-9.jpg', '2017-05-07 11:17:36', 700, 550, 0, 0, 0),
(161, 18, 'image-161-72.jpg', '2017-05-07 11:17:36', 700, 550, 0, 0, 0),
(162, 18, 'image-162-65.jpg', '2017-05-07 11:17:36', 1600, 600, 0, 0, 1),
(163, 18, 'image-163-11.jpg', '2017-05-07 11:17:36', 1600, 750, 0, 1, 0),
(164, 18, 'image-164-37.jpg', '2017-05-07 11:17:36', 1600, 750, 0, 1, 0),
(165, 18, 'image-165-62.jpg', '2017-05-07 11:17:36', 1600, 750, 0, 1, 0),
(166, 18, 'image-166-79.jpg', '2017-05-07 11:17:36', 1600, 600, 0, 0, 1),
(167, 19, 'image-167-57.jpeg', '2017-05-07 11:17:55', 700, 550, 0, 0, 0),
(168, 19, 'image-168-62.jpeg', '2017-05-07 11:17:55', 700, 550, 0, 0, 0),
(169, 19, 'image-169-22.jpeg', '2017-05-07 11:17:55', 700, 550, 0, 0, 0),
(170, 19, 'image-170-1.jpeg', '2017-05-07 11:17:55', 700, 550, 0, 0, 0),
(171, 19, 'image-171-59.jpg', '2017-05-07 11:17:55', 1600, 600, 0, 0, 1),
(172, 19, 'image-172-61.jpg', '2017-05-07 11:17:55', 1600, 750, 0, 1, 0),
(173, 19, 'image-173-62.jpg', '2017-05-07 11:17:55', 1600, 750, 0, 1, 0),
(174, 19, 'image-174-35.jpg', '2017-05-07 11:17:55', 1600, 750, 0, 1, 0),
(175, 19, 'image-175-14.jpg', '2017-05-07 11:17:55', 1600, 600, 0, 0, 1),
(176, 20, 'image-176-28.jpeg', '2017-05-07 11:18:52', 700, 550, 0, 0, 0),
(177, 20, 'image-177-7.jpeg', '2017-05-07 11:18:52', 700, 550, 0, 0, 0),
(178, 20, 'image-178-74.jpeg', '2017-05-07 11:18:52', 700, 550, 0, 0, 0),
(179, 20, 'image-179-70.jpeg', '2017-05-07 11:18:52', 700, 550, 0, 0, 0),
(180, 20, 'image-180-92.jpg', '2017-05-07 11:18:52', 1600, 600, 0, 0, 1),
(181, 20, 'image-181-45.jpg', '2017-05-07 11:18:52', 1600, 750, 0, 1, 0),
(182, 20, 'image-182-19.jpg', '2017-05-07 11:18:52', 1600, 750, 0, 1, 0),
(183, 20, 'image-183-32.jpg', '2017-05-07 11:18:52', 1600, 750, 0, 1, 0),
(184, 20, 'image-184-61.jpg', '2017-05-07 11:18:52', 1600, 600, 0, 0, 1),
(185, 21, 'image-185-30.jpg', '2017-05-07 11:19:33', 1600, 600, 0, 0, 1),
(186, 21, 'image-186-22.jpg', '2017-05-07 11:19:33', 1600, 750, 0, 1, 0),
(187, 21, 'image-187-65.jpg', '2017-05-07 11:19:33', 1600, 750, 0, 1, 0),
(188, 21, 'image-188-22.jpg', '2017-05-07 11:19:33', 1600, 750, 0, 1, 0),
(189, 21, 'image-189-73.jpg', '2017-05-07 11:19:33', 1920, 720, 0, 0, 1),
(190, 21, 'image-190-27.jpeg', '2017-05-07 11:19:33', 700, 550, 0, 0, 0),
(191, 21, 'image-191-39.jpeg', '2017-05-07 11:19:33', 700, 550, 0, 0, 0),
(192, 21, 'image-192-52.jpeg', '2017-05-07 11:19:33', 700, 550, 0, 0, 0),
(193, 21, 'image-193-99.jpg', '2017-05-07 11:19:33', 700, 550, 0, 0, 0),
(194, 22, 'image-194-20.jpeg', '2017-05-07 11:19:52', 700, 550, 0, 0, 0),
(195, 22, 'image-195-13.jpeg', '2017-05-07 11:19:52', 700, 550, 0, 0, 0),
(196, 22, 'image-196-98.jpg', '2017-05-07 11:19:52', 700, 550, 0, 0, 0),
(197, 22, 'image-197-30.jpg', '2017-05-07 11:19:52', 700, 550, 0, 0, 0),
(198, 22, 'image-198-57.jpg', '2017-05-07 11:19:52', 1600, 600, 0, 0, 1),
(199, 22, 'image-199-95.jpg', '2017-05-07 11:19:52', 1600, 750, 0, 1, 0),
(200, 22, 'image-200-55.jpg', '2017-05-07 11:19:52', 1600, 750, 0, 1, 0),
(201, 22, 'image-201-65.jpg', '2017-05-07 11:19:52', 1600, 750, 0, 1, 0),
(202, 22, 'image-202-36.jpeg', '2017-05-07 11:19:52', 1600, 600, 0, 0, 1),
(203, 23, 'image-203-82.jpg', '2017-05-07 11:21:12', 700, 550, 0, 0, 0),
(204, 23, 'image-204-95.jpg', '2017-05-07 11:21:12', 700, 550, 0, 0, 0),
(205, 23, 'image-205-17.jpg', '2017-05-07 11:21:12', 700, 550, 0, 0, 0),
(206, 23, 'image-206-12.jpeg', '2017-05-07 11:21:12', 700, 550, 0, 0, 0),
(207, 23, 'image-207-61.jpg', '2017-05-07 11:21:12', 1600, 600, 0, 0, 1),
(208, 23, 'image-208-89.jpg', '2017-05-07 11:21:12', 1600, 750, 0, 1, 0),
(209, 23, 'image-209-67.jpg', '2017-05-07 11:21:12', 1600, 750, 0, 1, 0),
(210, 23, 'image-210-55.jpg', '2017-05-07 11:21:12', 1600, 750, 0, 1, 0),
(211, 23, 'image-211-40.jpg', '2017-05-07 11:21:12', 1600, 600, 0, 0, 1),
(212, 25, 'image-212-27.jpg', '2017-05-07 11:21:42', 700, 550, 0, 0, 0),
(213, 25, 'image-213-91.jpg', '2017-05-07 11:21:42', 700, 550, 0, 0, 0),
(214, 25, 'image-214-62.jpg', '2017-05-07 11:21:42', 700, 550, 0, 0, 0),
(215, 25, 'image-215-41.jpg', '2017-05-07 11:21:42', 700, 550, 0, 0, 0),
(216, 25, 'image-216-79.jpg', '2017-05-07 11:21:42', 1600, 600, 0, 0, 1),
(217, 25, 'image-217-44.jpg', '2017-05-07 11:21:42', 1600, 750, 0, 1, 0),
(218, 25, 'image-218-13.jpg', '2017-05-07 11:21:42', 1600, 750, 0, 1, 0),
(219, 25, 'image-219-11.jpg', '2017-05-07 11:21:42', 1600, 750, 0, 1, 0),
(220, 25, 'image-220-68.jpg', '2017-05-07 11:21:42', 1600, 600, 0, 0, 1),
(221, 26, 'image-221-37.jpg', '2017-05-07 11:22:02', 700, 550, 0, 0, 0),
(222, 26, 'image-222-68.jpg', '2017-05-07 11:22:02', 700, 550, 0, 0, 0),
(223, 26, 'image-223-12.jpg', '2017-05-07 11:22:02', 700, 550, 0, 0, 0),
(224, 26, 'image-224-15.jpeg', '2017-05-07 11:22:02', 700, 550, 0, 0, 0),
(225, 26, 'image-225-78.jpg', '2017-05-07 11:22:02', 1600, 600, 0, 0, 1),
(226, 26, 'image-226-39.jpg', '2017-05-07 11:22:02', 1600, 750, 0, 1, 0),
(227, 26, 'image-227-48.jpg', '2017-05-07 11:22:02', 1600, 750, 0, 1, 0),
(228, 26, 'image-228-30.jpg', '2017-05-07 11:22:02', 1600, 750, 0, 1, 0),
(229, 26, 'image-229-77.jpg', '2017-05-07 11:22:02', 1600, 600, 0, 0, 1),
(230, 27, 'image-230-59.jpg', '2017-05-07 11:22:26', 700, 550, 0, 0, 0),
(231, 27, 'image-231-1.jpg', '2017-05-07 11:22:26', 700, 550, 0, 0, 0),
(232, 27, 'image-232-39.jpg', '2017-05-07 11:22:26', 700, 550, 0, 0, 0),
(233, 27, 'image-233-4.jpg', '2017-05-07 11:22:26', 700, 550, 0, 0, 0),
(234, 27, 'image-234-27.jpg', '2017-05-07 11:22:26', 1600, 600, 0, 0, 1),
(235, 27, 'image-235-92.jpg', '2017-05-07 11:22:26', 1600, 750, 0, 1, 0),
(236, 27, 'image-236-65.jpg', '2017-05-07 11:22:26', 1600, 750, 0, 1, 0),
(237, 27, 'image-237-100.jpg', '2017-05-07 11:22:26', 1600, 750, 0, 1, 0),
(240, 28, 'image-240-48.jpg', '2017-05-07 11:23:34', 700, 550, 0, 0, 0),
(241, 28, 'image-241-26.jpg', '2017-05-07 11:23:34', 700, 550, 0, 0, 0),
(242, 28, 'image-242-27.jpg', '2017-05-07 11:23:34', 700, 550, 0, 0, 0),
(243, 28, 'image-243-74.jpg', '2017-05-07 11:23:34', 700, 550, 0, 0, 0),
(244, 28, 'image-244-89.jpg', '2017-05-07 11:23:34', 1600, 600, 0, 0, 1),
(245, 28, 'image-245-97.jpg', '2017-05-07 11:23:34', 1600, 750, 0, 1, 0),
(246, 28, 'image-246-22.jpg', '2017-05-07 11:23:34', 1600, 750, 0, 1, 0),
(247, 28, 'image-247-46.jpg', '2017-05-07 11:23:34', 1600, 750, 0, 1, 0),
(248, 28, 'image-248-73.jpg', '2017-05-07 11:23:34', 1600, 600, 0, 0, 1),
(249, 30, 'image-249-2.jpg', '2017-05-07 11:23:53', 700, 550, 0, 0, 0),
(250, 30, 'image-250-53.jpg', '2017-05-07 11:23:53', 700, 550, 0, 0, 0),
(251, 30, 'image-251-63.jpg', '2017-05-07 11:23:53', 700, 550, 0, 0, 0),
(252, 30, 'image-252-11.jpg', '2017-05-07 11:23:53', 700, 550, 0, 0, 0),
(253, 30, 'image-253-4.jpg', '2017-05-07 11:23:53', 1600, 600, 0, 0, 1),
(254, 30, 'image-254-96.jpg', '2017-05-07 11:23:53', 1600, 750, 0, 1, 0),
(255, 30, 'image-255-90.jpg', '2017-05-07 11:23:53', 1600, 1067, 0, 1, 0),
(256, 30, 'image-256-92.jpg', '2017-05-07 11:23:53', 1600, 750, 0, 1, 0),
(257, 30, 'image-257-48.jpg', '2017-05-07 11:23:53', 1920, 720, 0, 0, 1),
(258, 32, 'image-258-64.jpg', '2017-05-07 11:24:23', 700, 550, 0, 0, 0),
(259, 32, 'image-259-77.jpg', '2017-05-07 11:24:23', 700, 550, 0, 0, 0),
(260, 32, 'image-260-3.jpg', '2017-05-07 11:24:23', 700, 550, 0, 0, 0),
(261, 32, 'image-261-90.jpg', '2017-05-07 11:24:23', 700, 550, 0, 0, 0),
(262, 32, 'image-262-26.jpg', '2017-05-07 11:24:23', 1600, 600, 0, 0, 1),
(263, 32, 'image-263-29.jpg', '2017-05-07 11:24:23', 1600, 750, 0, 1, 0),
(264, 32, 'image-264-89.jpg', '2017-05-07 11:24:23', 1600, 750, 0, 1, 0),
(265, 32, 'image-265-34.jpg', '2017-05-07 11:24:23', 1600, 750, 0, 1, 0),
(266, 32, 'image-266-75.jpg', '2017-05-07 11:24:23', 1600, 600, 0, 0, 1),
(267, 33, 'image-267-48.jpg', '2017-05-07 11:24:48', 700, 550, 0, 0, 0),
(268, 33, 'image-268-64.jpg', '2017-05-07 11:24:48', 700, 550, 0, 0, 0),
(269, 33, 'image-269-58.jpg', '2017-05-07 11:24:48', 700, 550, 0, 0, 0),
(270, 33, 'image-270-55.jpg', '2017-05-07 11:24:48', 700, 550, 0, 0, 0),
(271, 33, 'image-271-83.jpg', '2017-05-07 11:24:48', 1600, 600, 0, 0, 1),
(272, 33, 'image-272-77.jpg', '2017-05-07 11:24:48', 1600, 750, 0, 1, 0),
(273, 33, 'image-273-29.jpg', '2017-05-07 11:24:48', 1600, 750, 0, 1, 0),
(274, 33, 'image-274-90.jpg', '2017-05-07 11:24:48', 1600, 750, 0, 1, 0),
(275, 33, 'image-275-7.jpg', '2017-05-07 11:24:48', 1600, 600, 0, 0, 1),
(276, 34, 'image-276-1.jpg', '2017-05-07 11:25:09', 700, 550, 0, 0, 0),
(277, 34, 'image-277-98.jpg', '2017-05-07 11:25:09', 700, 550, 0, 0, 0),
(278, 34, 'image-278-21.jpg', '2017-05-07 11:25:09', 700, 550, 0, 0, 0),
(279, 34, 'image-279-81.jpg', '2017-05-07 11:25:09', 700, 550, 0, 0, 0),
(280, 34, 'image-280-69.jpg', '2017-05-07 11:25:09', 1600, 600, 0, 0, 1),
(281, 34, 'image-281-70.jpg', '2017-05-07 11:25:09', 1600, 750, 0, 1, 0),
(282, 34, 'image-282-48.jpg', '2017-05-07 11:25:09', 1600, 750, 0, 1, 0),
(283, 34, 'image-283-32.jpg', '2017-05-07 11:25:09', 1600, 750, 0, 1, 0),
(284, 34, 'image-284-66.jpg', '2017-05-07 11:25:09', 1600, 600, 0, 0, 1),
(285, 35, 'image-285-16.jpg', '2017-05-07 11:25:31', 700, 550, 0, 0, 0),
(286, 35, 'image-286-26.jpg', '2017-05-07 11:25:31', 700, 550, 0, 0, 0),
(287, 35, 'image-287-28.jpg', '2017-05-07 11:25:31', 700, 550, 0, 0, 0),
(288, 35, 'image-288-75.jpg', '2017-05-07 11:25:31', 700, 550, 0, 0, 0),
(289, 35, 'image-289-70.jpg', '2017-05-07 11:25:31', 1600, 600, 0, 0, 1),
(290, 35, 'image-290-13.jpg', '2017-05-07 11:25:31', 1600, 750, 0, 1, 0),
(291, 35, 'image-291-46.jpg', '2017-05-07 11:25:31', 1600, 750, 0, 1, 0),
(292, 35, 'image-292-37.jpg', '2017-05-07 11:25:31', 1600, 750, 0, 1, 0),
(293, 35, 'image-293-16.jpg', '2017-05-07 11:25:31', 1920, 720, 0, 0, 1),
(294, 36, 'image-294-9.jpg', '2017-05-07 11:26:05', 700, 550, 0, 0, 0),
(295, 36, 'image-295-42.jpg', '2017-05-07 11:26:05', 700, 550, 0, 0, 0),
(296, 36, 'image-296-65.jpg', '2017-05-07 11:26:05', 700, 550, 0, 0, 0),
(297, 36, 'image-297-15.jpg', '2017-05-07 11:26:05', 1600, 600, 0, 0, 1),
(298, 36, 'image-298-90.jpg', '2017-05-07 11:26:05', 1600, 750, 0, 1, 0),
(299, 36, 'image-299-36.jpg', '2017-05-07 11:26:05', 1600, 750, 0, 1, 0),
(300, 36, 'image-300-87.jpg', '2017-05-07 11:26:05', 1600, 750, 0, 1, 0),
(301, 36, 'image-301-26.jpg', '2017-05-07 11:26:05', 1600, 600, 0, 0, 1);

-- --------------------------------------------------------

--
-- Estructura de tabla para la tabla `suburl`
--

CREATE TABLE `suburl` (
  `id` int(11) NOT NULL,
  `url_id` int(11) DEFAULT NULL,
  `service_id` int(11) DEFAULT NULL,
  `suburl` varchar(255) COLLATE utf8_unicode_ci NOT NULL,
  `urlorder` int(11) NOT NULL,
  `name` varchar(255) COLLATE utf8_unicode_ci NOT NULL,
  `project_id` int(11) DEFAULT NULL
) ENGINE=InnoDB DEFAULT CHARSET=utf8 COLLATE=utf8_unicode_ci;

--
-- Volcado de datos para la tabla `suburl`
--

INSERT INTO `suburl` (`id`, `url_id`, `service_id`, `suburl`, `urlorder`, `name`, `project_id`) VALUES
(44, 88, 100, '/servicios/distribuidor-de-securitas-direct/', 100, 'Distribuidor de Securitas Direct', NULL),
(45, 88, 101, '/servicios/desarrollo-de-equipos-comerciales/', 100, 'Desarrollo de equipos comerciales', NULL),
(46, 88, 102, '/servicios/quienes-somos/', 100, 'Quienes Somos', NULL);

-- --------------------------------------------------------

--
-- Estructura de tabla para la tabla `superadministrator`
--

CREATE TABLE `superadministrator` (
  `id` int(11) NOT NULL
) ENGINE=InnoDB DEFAULT CHARSET=utf8 COLLATE=utf8_unicode_ci;

--
-- Volcado de datos para la tabla `superadministrator`
--

INSERT INTO `superadministrator` (`id`) VALUES
(2);

-- --------------------------------------------------------

--
-- Estructura de tabla para la tabla `testimony`
--

CREATE TABLE `testimony` (
  `id` int(11) NOT NULL,
  `business_id` int(11) DEFAULT NULL,
  `datecreated` datetime NOT NULL,
  `name` varchar(255) COLLATE utf8_unicode_ci NOT NULL,
  `text` longtext COLLATE utf8_unicode_ci,
  `deleted` tinyint(1) NOT NULL
) ENGINE=InnoDB DEFAULT CHARSET=utf8 COLLATE=utf8_unicode_ci;

--
-- Volcado de datos para la tabla `testimony`
--

INSERT INTO `testimony` (`id`, `business_id`, `datecreated`, `name`, `text`, `deleted`) VALUES
(1, 1, '2017-04-25 18:34:04', 'Rosa García', 'Atención personalizada desde el principio. Respuesta inmediata para solucionar cualquier incidencia, sugerencia o petición. ¡Grandes profesionales! Estamos muy contentos con nuestra nueva web.', 0),
(2, 1, '2017-04-25 18:46:14', 'Miguel Jesús', 'Son un equipo jóven, muy profesional y con muchas ganas de trabajar.  Espero contar con su trabajo una buena temporada. Será buena señal. Os animo a qué os pongáis en contacto con ellos para cualquier proyecto que tengáis en mente.', 0),
(3, 1, '2017-04-25 18:52:09', 'Inma Isidro', 'Su trabajo es excelente!!  A parte de rápidos y eficientes, saber captar muy bien lo que quiere el cliente, y eso es muy de agradecer. Quiero destacar el trabajo de Rubén, un gran ejemplo de que calidad humana y profesionalidad no están reñidas. Enhorabuena.', 0),
(4, 1, '2017-04-25 18:52:33', 'Juan Hernández', 'Dieron en la tecla de lo que queríamos, el trato personalizado y las propuestas que nos formularon lo mejor, los recomiendo al 100%. Ademas son muy creativos!', 0),
(101, 29, '2017-05-18 16:23:40', 'Nombre del cliente', 'Testimonio 1', 0),
(102, 29, '2017-05-18 16:23:40', 'Nombre del cliente', 'Testimonio 2', 0),
(103, 29, '2017-05-18 16:23:40', 'Nombre del cliente', 'Testimonio 3', 0),
(104, 29, '2017-05-18 16:23:40', 'Nombre del cliente', 'Testimonio 4', 0),
(117, 33, '2017-05-30 14:51:56', 'Nombre del cliente', 'Testimonio 1', 0),
(118, 33, '2017-05-30 14:51:56', 'Nombre del cliente', 'Testimonio 2', 0),
(119, 33, '2017-05-30 14:51:56', 'Nombre del cliente', 'Testimonio 3', 0),
(120, 33, '2017-05-30 14:51:56', 'Nombre del cliente', 'Testimonio 4', 0),
(129, 36, '2017-05-31 10:39:14', 'Nombre del cliente', 'Testimonio 1', 0),
(130, 36, '2017-05-31 10:39:14', 'Nombre del cliente', 'Testimonio 2', 0),
(131, 36, '2017-05-31 10:39:14', 'Nombre del cliente', 'Testimonio 3', 0),
(132, 36, '2017-05-31 10:39:14', 'Nombre del cliente', 'Testimonio 4', 0),
(141, 39, '2017-05-31 13:16:22', 'Nombre del cliente', 'Testimonio 1', 0),
(142, 39, '2017-05-31 13:16:22', 'Nombre del cliente', 'Testimonio 2', 0),
(143, 39, '2017-05-31 13:16:22', 'Nombre del cliente', 'Testimonio 3', 0),
(144, 39, '2017-05-31 13:16:22', 'Nombre del cliente', 'Testimonio 4', 0),
(145, 40, '2017-06-01 14:13:09', 'Nombre del cliente', 'Testimonio 1', 0),
(146, 40, '2017-06-01 14:13:09', 'Nombre del cliente', 'Testimonio 2', 0),
(147, 40, '2017-06-01 14:13:09', 'Nombre del cliente', 'Testimonio 3', 0),
(148, 40, '2017-06-01 14:13:09', 'Nombre del cliente', 'Testimonio 4', 0),
(149, 41, '2017-06-02 10:59:14', 'Nombre del cliente', 'Testimonio 1', 0),
(150, 41, '2017-06-02 10:59:14', 'Nombre del cliente', 'Testimonio 2', 0),
(151, 41, '2017-06-02 10:59:14', 'Nombre del cliente', 'Testimonio 3', 0),
(152, 41, '2017-06-02 10:59:14', 'Nombre del cliente', 'Testimonio 4', 0),
(157, 43, '2017-06-13 10:18:01', 'Nombre del cliente', 'Testimonio 1', 0),
(158, 43, '2017-06-13 10:18:01', 'Nombre del cliente', 'Testimonio 2', 0),
(159, 43, '2017-06-13 10:18:01', 'Nombre del cliente', 'Testimonio 3', 0),
(160, 43, '2017-06-13 10:18:01', 'Nombre del cliente', 'Testimonio 4', 0),
(161, 44, '2017-06-24 07:57:14', 'Nombre del cliente', 'Testimonio 1', 0),
(162, 44, '2017-06-24 07:57:14', 'Nombre del cliente', 'Testimonio 2', 0),
(163, 44, '2017-06-24 07:57:14', 'Nombre del cliente', 'Testimonio 3', 0),
(164, 44, '2017-06-24 07:57:14', 'Nombre del cliente', 'Testimonio 4', 0),
(165, 45, '2017-06-24 07:57:41', 'Nombre del cliente', 'Testimonio 1', 0),
(166, 45, '2017-06-24 07:57:41', 'Nombre del cliente', 'Testimonio 2', 0),
(167, 45, '2017-06-24 07:57:41', 'Nombre del cliente', 'Testimonio 3', 0),
(168, 45, '2017-06-24 07:57:41', 'Nombre del cliente', 'Testimonio 4', 0),
(169, 46, '2017-09-29 15:45:57', 'Nombre del cliente', 'Testimonio 1', 0),
(170, 46, '2017-09-29 15:45:57', 'Nombre del cliente', 'Testimonio 2', 0),
(171, 46, '2017-09-29 15:45:57', 'Nombre del cliente', 'Testimonio 3', 0),
(172, 46, '2017-09-29 15:45:57', 'Nombre del cliente', 'Testimonio 4', 0),
(173, 48, '2017-12-05 08:34:00', 'Nombre del cliente', 'Testimonio 1', 0),
(174, 48, '2017-12-05 08:34:00', 'Nombre del cliente', 'Testimonio 2', 0),
(175, 48, '2017-12-05 08:34:00', 'Nombre del cliente', 'Testimonio 3', 0),
(176, 48, '2017-12-05 08:34:00', 'Nombre del cliente', 'Testimonio 4', 0);

-- --------------------------------------------------------

--
-- Estructura de tabla para la tabla `text`
--

CREATE TABLE `text` (
  `id` int(11) NOT NULL,
  `text` longtext COLLATE utf8_unicode_ci NOT NULL
) ENGINE=InnoDB DEFAULT CHARSET=utf8 COLLATE=utf8_unicode_ci;

-- --------------------------------------------------------

--
-- Estructura de tabla para la tabla `theme`
--

CREATE TABLE `theme` (
  `id` int(11) NOT NULL,
  `numtheme` int(11) NOT NULL,
  `template` varchar(255) COLLATE utf8_unicode_ci NOT NULL,
  `tipo` varchar(255) COLLATE utf8_unicode_ci NOT NULL,
  `name` varchar(255) COLLATE utf8_unicode_ci NOT NULL,
  `pathimagen` varchar(255) COLLATE utf8_unicode_ci NOT NULL,
  `tituloplantilla` varchar(255) COLLATE utf8_unicode_ci DEFAULT NULL
) ENGINE=InnoDB DEFAULT CHARSET=utf8 COLLATE=utf8_unicode_ci;

--
-- Volcado de datos para la tabla `theme`
--

INSERT INTO `theme` (`id`, `numtheme`, `template`, `tipo`, `name`, `pathimagen`, `tituloplantilla`) VALUES
(1, 1, 'mgalery:theme1.html.twig', 'themegalery', 'Tema 1', '/disenio-modulos/galeria1.png', 'Elije el tipo de galería que más te guste'),
(2, 2, 'mgalery:theme2.html.twig', 'themegalery', 'Tema 2', '/disenio-modulos/galeria2.png', 'Elije el tipo de galería que más te guste'),
(3, 3, 'mgalery:theme3.html.twig', 'themegalery', 'Tema 3', '/disenio-modulos/galeria3.png', 'Elije el tipo de galería que más te guste'),
(4, 1, 'mtestimony:theme1.html.twig', 'themetestimonies', 'Tema 1', '/disenio-modulos/testimonio1.png', 'Elije el tipo de plantilla que más te guste'),
(5, 2, 'mtestimony:theme2.html.twig', 'themetestimonies', 'Tema 2', '/disenio-modulos/testimonio2.png', 'Elije el tipo de plantilla que más te guste'),
(6, 3, 'mtestimony:theme3.html.twig', 'themetestimonies', 'Tema 3', '/disenio-modulos/testimonio3.png', 'Elije el tipo de plantilla que más te guste'),
(7, 4, 'mtestimony:theme4.html.twig', 'themetestimonies', 'Tema 4', '/disenio-modulos/testimonio4.png', 'Elije el tipo de plantilla que más te guste'),
(8, 5, 'mtestimony:theme5.html.twig', 'themetestimonies', 'Tema 5', '/disenio-modulos/testimonio5.png', 'Elije el tipo de plantilla que más te guste'),
(9, 6, 'mtestimony:theme6.html.twig', 'themetestimonies', 'Tema 6', '/disenio-modulos/testimonio6.png', 'Elije el tipo de plantilla que más te guste'),
(11, 1, 'mservices:theme1.html.twig', 'themeservices', 'Tema 1', '/disenio-modulos/servicios1.png', 'Elije el tipo de plantilla que más te guste'),
(12, 2, 'mservices:theme2.html.twig', 'themeservices', 'Tema 2', '/disenio-modulos/servicios2.png', 'Elije el tipo de plantilla que más te guste'),
(13, 3, 'mservices:theme3.html.twig', 'themeservices', 'Tema 3', '/disenio-modulos/servicios3.png', 'Elije el tipo de plantilla que más te guste'),
(14, 4, 'mservices:theme4.html.twig', 'themeservices', 'Tema 4', '/disenio-modulos/servicios4.png', 'Elije el tipo de plantilla que más te guste'),
(15, 5, 'mservices:theme5.html.twig', 'themeservices', 'Tema 5', '/disenio-modulos/servicios5.png', 'Elije el tipo de plantilla que más te guste'),
(17, 1, 'mwelcometext:theme1.html.twig', 'themewelcometext', 'Tema 1', '/disenio-modulos/texto-bienvenida1.png', 'Elije el tipo de plantilla que más te guste'),
(18, 4, 'mgalery:theme4.html.twig', 'themegalery', 'Tema 4', '/disenio-modulos/galeria4.png', 'Elije el tipo de plantilla que más te guste'),
(19, 1, 'mlastnews:theme1.html.twig', 'themelastnews', 'Tema 1', '/disenio-modulos/noticiasdest1.png', 'Elije el tipo de plantilla que más te guste'),
(20, 2, 'mlastnews:theme2.html.twig', 'themelastnews', 'Tema 2', '/disenio-modulos/noticiasdest2.png', 'Elije el tipo de plantilla que más te guste'),
(21, 3, 'mlastnews:theme3.html.twig', 'themelastnews', 'Tema 3', '/disenio-modulos/noticiasdest3.png', 'Elije el tipo de plantilla que más te guste'),
(22, 1, 'mfreetextimage:theme1.html.twig', 'themefreetextimage', 'Tema 1', '/disenio-modulos/texto-libre1.png', 'Elije el tipo de plantilla que más te guste'),
(23, 2, 'mfreetextimage:theme2.html.twig', 'themefreetextimage', 'Tema 2', '/disenio-modulos/texto-libre2.png', 'Elije el tipo de plantilla que más te guste'),
(24, 3, 'mfreetextimage:theme3.html.twig', 'themefreetextimage', 'Tema 3', '/disenio-modulos/texto-libre3.png', 'Elije el tipo de plantilla que más te guste'),
(25, 4, 'mfreetextimage:theme4.html.twig', 'themefreetextimage', 'Tema 4', '/disenio-modulos/texto-libre4.png', 'Elije el tipo de plantilla que más te guste'),
(26, 1, 'mmap:theme1.html.twig', 'thememap', 'Tema 1', '/disenio-modulos/mapa.png', 'Elije el tipo de plantilla que más te guste'),
(27, 1, 'mcontact:theme1.html.twig', 'themecontact', 'Tema 1', '/disenio-modulos/contacto1.png', 'Elije el tipo de plantilla que más te guste'),
(28, 2, 'mcontact:theme2.html.twig', 'themecontact', 'Tema 2', '/disenio-modulos/contacto2.png', 'Elije el tipo de plantilla que más te guste'),
(29, 1, 'mservicedetail:theme1.html.twig', 'themeservicedetail', 'Tema 1', '/disenio-modulos/servicio-interior1.png', 'Elije el tipo de plantilla que más te guste'),
(30, 2, 'mservicedetail:theme2.html.twig', 'themeservicedetail', 'Tema 2', '/disenio-modulos/servicio-interior2.png', 'Elije el tipo de plantilla que más te guste'),
(31, 1, 'mserviceslist:theme1.html.twig', 'themeserviceslist', 'Tema 1', '/disenio-modulos/pagina-servicios1.png', 'Elije el tipo de plantilla que más te guste'),
(32, 2, 'mserviceslist:theme2.html.twig', 'themeserviceslist', 'Tema 2', '/disenio-modulos/pagina-servicios2.png', 'Elije el tipo de plantilla que más te guste'),
(33, 3, 'mserviceslist:theme3.html.twig', 'themeserviceslist', 'Tema 3', '/disenio-modulos/pagina-servicios3.png', 'Elije el tipo de plantilla que más te guste'),
(34, 1, 'mfooter:theme1.html.twig', 'themefooter', 'Tema 1', '/disenio-modulos/footer1.png', 'Elije el tipo de pie de página que más te guste'),
(35, 2, 'mfooter:theme2.html.twig', 'themefooter', 'Tema 2', '/disenio-modulos/footer2.png', 'Elije el tipo de pie de página que más te guste'),
(36, 3, 'mfooter:theme3.html.twig', 'themefooter', 'Tema 3', '/disenio-modulos/footer3.png', 'Elije el tipo de pie de página que más te guste'),
(37, 1, 'mheader:theme1.html.twig', 'themeheader', 'Tema 1', '/disenio-modulos/cabecera1.png', 'Elije el tipo de cabecera que más te guste'),
(38, 2, 'mheader:theme2.html.twig', 'themeheader', 'Tema 2', '/disenio-modulos/cabecera2.png', 'Elije el tipo de cabecera que más te guste'),
(39, 3, 'mheader:theme3.html.twig', 'themeheader', 'Tema 3', '/disenio-modulos/cabecera3.png', 'Elije el tipo de cabecera que más te guste'),
(40, 4, 'mheader:theme4.html.twig', 'themeheader', 'Tema 4', '/disenio-modulos/cabecera4.png', 'Elije el tipo de cabecera que más te guste'),
(41, 5, 'mheader:theme5.html.twig', 'themeheader', 'Tema 5', '/disenio-modulos/cabecera5.png', 'Elije el tipo de cabecera que más te guste'),
(42, 1, 'mprojectsfeatures:theme1.html.twig', 'themeprojectsfeatures', 'Tema 1', '/disenio-modulos/proyectos1.png', 'Elije la plantilla que más te guste'),
(43, 2, 'mprojectsfeatures:theme2.html.twig', 'themeprojectsfeatures', 'Tema 2', '/disenio-modulos/proyectos2.png', 'Elije la plantilla que más te guste'),
(44, 3, 'mprojectsfeatures:theme3.html.twig', 'themeprojectsfeatures', 'Tema 3', '/disenio-modulos/proyectos3.png', 'Elije la plantilla que más te guste'),
(45, 1, 'mprojectdetail:theme1.html.twig', 'themeprojectdetail', 'Tema 1', '/disenio-modulos/servicio-interior1.png', 'Elije la plantilla que más te guste'),
(46, 2, 'mprojectdetail:theme2.html.twig', 'themeprojectdetail', 'Tema 2', '/disenio-modulos/servicio-interior2.png', 'Elije la plantilla que más te guste'),
(47, 1, 'mprojectslist:theme1.html.twig', 'themeprojectlist', 'Tema 1', '/disenio-modulos/pagina-proyectos1.png', 'Elije el tipo de plantilla que más te guste'),
(48, 2, 'mprojectslist:theme2.html.twig', 'themeprojectlist', 'Tema 2', '/disenio-modulos/pagina-proyectos2.png', 'Elije el tipo de plantilla que más te guste'),
(49, 3, 'mprojectslist:theme3.html.twig', 'themeprojectlist', 'Tema 3', '/disenio-modulos/pagina-proyectos3.png', 'Elije el tipo de plantilla que más te guste'),
(50, 1, 'mnewdetail:theme1.html.twig', 'themenewdetail', 'Tema 1', '/disenio-modulos/proyecto-interior1.png', 'Elije la plantilla que más te guste'),
(51, 2, 'mnewdetail:theme2.html.twig', 'themenewdetail', 'Tema 2', '/disenio-modulos/proyecto-interior2.png', 'Elije la plantilla que más te guste'),
(52, 1, 'mnewslist:theme1.html.twig', 'themenewslist', 'Tema 1', '/disenio-modulos/pagina-servicios1.png', 'Elije el tipo de plantilla que más te guste'),
(53, 2, 'mnewslist:theme2.html.twig', 'themenewslist', 'Tema 2', '/disenio-modulos/pagina-servicios2.png', 'Elije el tipo de plantilla que más te guste'),
(54, 3, 'mnewslist:theme3.html.twig', 'themenewslist', 'Tema 3', '/disenio-modulos/pagina-servicios3.png', 'Elije el tipo de plantilla que más te guste');

-- --------------------------------------------------------

--
-- Estructura de tabla para la tabla `themecontact`
--

CREATE TABLE `themecontact` (
  `id` int(11) NOT NULL
) ENGINE=InnoDB DEFAULT CHARSET=utf8 COLLATE=utf8_unicode_ci;

--
-- Volcado de datos para la tabla `themecontact`
--

INSERT INTO `themecontact` (`id`) VALUES
(27),
(28);

-- --------------------------------------------------------

--
-- Estructura de tabla para la tabla `themefooter`
--

CREATE TABLE `themefooter` (
  `id` int(11) NOT NULL
) ENGINE=InnoDB DEFAULT CHARSET=utf8 COLLATE=utf8_unicode_ci;

--
-- Volcado de datos para la tabla `themefooter`
--

INSERT INTO `themefooter` (`id`) VALUES
(34),
(35),
(36);

-- --------------------------------------------------------

--
-- Estructura de tabla para la tabla `themefreetextimage`
--

CREATE TABLE `themefreetextimage` (
  `id` int(11) NOT NULL
) ENGINE=InnoDB DEFAULT CHARSET=utf8 COLLATE=utf8_unicode_ci;

--
-- Volcado de datos para la tabla `themefreetextimage`
--

INSERT INTO `themefreetextimage` (`id`) VALUES
(22),
(23),
(24),
(25);

-- --------------------------------------------------------

--
-- Estructura de tabla para la tabla `themegalery`
--

CREATE TABLE `themegalery` (
  `id` int(11) NOT NULL
) ENGINE=InnoDB DEFAULT CHARSET=utf8 COLLATE=utf8_unicode_ci;

--
-- Volcado de datos para la tabla `themegalery`
--

INSERT INTO `themegalery` (`id`) VALUES
(1),
(2),
(3),
(18);

-- --------------------------------------------------------

--
-- Estructura de tabla para la tabla `themeheader`
--

CREATE TABLE `themeheader` (
  `id` int(11) NOT NULL
) ENGINE=InnoDB DEFAULT CHARSET=utf8 COLLATE=utf8_unicode_ci;

--
-- Volcado de datos para la tabla `themeheader`
--

INSERT INTO `themeheader` (`id`) VALUES
(37),
(38),
(39),
(40),
(41);

-- --------------------------------------------------------

--
-- Estructura de tabla para la tabla `themelastnews`
--

CREATE TABLE `themelastnews` (
  `id` int(11) NOT NULL
) ENGINE=InnoDB DEFAULT CHARSET=utf8 COLLATE=utf8_unicode_ci;

--
-- Volcado de datos para la tabla `themelastnews`
--

INSERT INTO `themelastnews` (`id`) VALUES
(19),
(20),
(21);

-- --------------------------------------------------------

--
-- Estructura de tabla para la tabla `thememap`
--

CREATE TABLE `thememap` (
  `id` int(11) NOT NULL
) ENGINE=InnoDB DEFAULT CHARSET=utf8 COLLATE=utf8_unicode_ci;

--
-- Volcado de datos para la tabla `thememap`
--

INSERT INTO `thememap` (`id`) VALUES
(26);

-- --------------------------------------------------------

--
-- Estructura de tabla para la tabla `themenewdetail`
--

CREATE TABLE `themenewdetail` (
  `id` int(11) NOT NULL
) ENGINE=InnoDB DEFAULT CHARSET=utf8 COLLATE=utf8_unicode_ci;

--
-- Volcado de datos para la tabla `themenewdetail`
--

INSERT INTO `themenewdetail` (`id`) VALUES
(50),
(51);

-- --------------------------------------------------------

--
-- Estructura de tabla para la tabla `themenewslist`
--

CREATE TABLE `themenewslist` (
  `id` int(11) NOT NULL
) ENGINE=InnoDB DEFAULT CHARSET=utf8 COLLATE=utf8_unicode_ci;

--
-- Volcado de datos para la tabla `themenewslist`
--

INSERT INTO `themenewslist` (`id`) VALUES
(52),
(53),
(54);

-- --------------------------------------------------------

--
-- Estructura de tabla para la tabla `themeprojectdetail`
--

CREATE TABLE `themeprojectdetail` (
  `id` int(11) NOT NULL
) ENGINE=InnoDB DEFAULT CHARSET=utf8 COLLATE=utf8_unicode_ci;

--
-- Volcado de datos para la tabla `themeprojectdetail`
--

INSERT INTO `themeprojectdetail` (`id`) VALUES
(45),
(46);

-- --------------------------------------------------------

--
-- Estructura de tabla para la tabla `themeprojectlist`
--

CREATE TABLE `themeprojectlist` (
  `id` int(11) NOT NULL
) ENGINE=InnoDB DEFAULT CHARSET=utf8 COLLATE=utf8_unicode_ci;

--
-- Volcado de datos para la tabla `themeprojectlist`
--

INSERT INTO `themeprojectlist` (`id`) VALUES
(47),
(48),
(49);

-- --------------------------------------------------------

--
-- Estructura de tabla para la tabla `themeprojects`
--

CREATE TABLE `themeprojects` (
  `id` int(11) NOT NULL
) ENGINE=InnoDB DEFAULT CHARSET=utf8 COLLATE=utf8_unicode_ci;

-- --------------------------------------------------------

--
-- Estructura de tabla para la tabla `themeprojectsfeatures`
--

CREATE TABLE `themeprojectsfeatures` (
  `id` int(11) NOT NULL
) ENGINE=InnoDB DEFAULT CHARSET=utf8 COLLATE=utf8_unicode_ci;

--
-- Volcado de datos para la tabla `themeprojectsfeatures`
--

INSERT INTO `themeprojectsfeatures` (`id`) VALUES
(42),
(43),
(44);

-- --------------------------------------------------------

--
-- Estructura de tabla para la tabla `themeservicedetail`
--

CREATE TABLE `themeservicedetail` (
  `id` int(11) NOT NULL
) ENGINE=InnoDB DEFAULT CHARSET=utf8 COLLATE=utf8_unicode_ci;

--
-- Volcado de datos para la tabla `themeservicedetail`
--

INSERT INTO `themeservicedetail` (`id`) VALUES
(29),
(30);

-- --------------------------------------------------------

--
-- Estructura de tabla para la tabla `themeservices`
--

CREATE TABLE `themeservices` (
  `id` int(11) NOT NULL
) ENGINE=InnoDB DEFAULT CHARSET=utf8 COLLATE=utf8_unicode_ci;

--
-- Volcado de datos para la tabla `themeservices`
--

INSERT INTO `themeservices` (`id`) VALUES
(11),
(12),
(13),
(14),
(15);

-- --------------------------------------------------------

--
-- Estructura de tabla para la tabla `themeserviceslist`
--

CREATE TABLE `themeserviceslist` (
  `id` int(11) NOT NULL
) ENGINE=InnoDB DEFAULT CHARSET=utf8 COLLATE=utf8_unicode_ci;

--
-- Volcado de datos para la tabla `themeserviceslist`
--

INSERT INTO `themeserviceslist` (`id`) VALUES
(31),
(32),
(33);

-- --------------------------------------------------------

--
-- Estructura de tabla para la tabla `themetestimonies`
--

CREATE TABLE `themetestimonies` (
  `id` int(11) NOT NULL
) ENGINE=InnoDB DEFAULT CHARSET=utf8 COLLATE=utf8_unicode_ci;

--
-- Volcado de datos para la tabla `themetestimonies`
--

INSERT INTO `themetestimonies` (`id`) VALUES
(4),
(5),
(6),
(7),
(8),
(9);

-- --------------------------------------------------------

--
-- Estructura de tabla para la tabla `themewelcometext`
--

CREATE TABLE `themewelcometext` (
  `id` int(11) NOT NULL
) ENGINE=InnoDB DEFAULT CHARSET=utf8 COLLATE=utf8_unicode_ci;

--
-- Volcado de datos para la tabla `themewelcometext`
--

INSERT INTO `themewelcometext` (`id`) VALUES
(17);

-- --------------------------------------------------------

--
-- Estructura de tabla para la tabla `url`
--

CREATE TABLE `url` (
  `id` int(11) NOT NULL,
  `mfooter_id` int(11) DEFAULT NULL,
  `mheader_id` int(11) DEFAULT NULL,
  `url` varchar(255) COLLATE utf8_unicode_ci NOT NULL,
  `name` varchar(255) COLLATE utf8_unicode_ci NOT NULL,
  `urlorder` int(11) NOT NULL,
  `page_id` int(11) DEFAULT NULL
) ENGINE=InnoDB DEFAULT CHARSET=utf8 COLLATE=utf8_unicode_ci;

--
-- Volcado de datos para la tabla `url`
--

INSERT INTO `url` (`id`, `mfooter_id`, `mheader_id`, `url`, `name`, `urlorder`, `page_id`) VALUES
(20, 1, NULL, '/app_dev.php/servicios/', 'Servicios', 2, 14),
(21, 1, NULL, '/app_dev.php/', 'Home', 1, 1),
(25, 1, NULL, '/app_dev.php/proyectos/', 'Proyectos', 3, 31),
(37, NULL, 1, '/', 'Home', 1, 1),
(41, 28, NULL, '/', 'HOME', 1, 67),
(42, NULL, 28, '/', 'HOME', 1, 67),
(56, 32, NULL, '/', 'HOME', 1, 75),
(57, NULL, 32, '/', 'PINTURAS LA FAMILIA', 1, 75),
(63, 1, NULL, '/producto/', 'Producto', 100, 78),
(64, NULL, 1, '/producto/', 'Producto', 2, 78),
(67, 1, NULL, '/mapa/', 'Contacto', 100, 80),
(68, NULL, 1, '/mapa/', 'Contacto', 4, 80),
(72, NULL, 1, '/servicios2/', 'Servicios', 3, 82),
(75, 35, NULL, '/', 'HOME', 1, 84),
(76, NULL, 35, '/', 'Inicio', 1, 84),
(82, 38, NULL, '/', 'HOME', 1, 90),
(83, NULL, 38, '/', 'HOME', 1, 90),
(86, 35, NULL, '/contacto/', 'contacto', 100, 93),
(87, NULL, 35, '/contacto/', 'contacto', 3, 93),
(88, NULL, 35, '/servicios/', 'Servicios', 2, 85),
(89, 1, NULL, '/Sobre%20nosotros/', 'Sobre nosotros', 100, 96),
(90, 39, NULL, '/', 'HOME', 1, 98),
(91, NULL, 39, '/', 'HOME', 1, 98),
(92, 40, NULL, '/', 'HOME', 1, 99),
(93, NULL, 40, '/', 'HOME', 1, 99),
(96, 42, NULL, '/', 'HOME', 1, 108),
(97, NULL, 42, '/', 'HOME', 1, 108),
(98, 43, NULL, '/', 'HOME', 1, 115),
(99, NULL, 43, '/', 'HOME', 1, 115),
(100, 44, NULL, '/', '', 1, 116),
(101, NULL, 44, '/', '', 1, 116),
(102, 39, NULL, '/quienes-somos/', 'quienes-somos', 100, 129),
(103, NULL, 39, '/quienes-somos/', 'quienes-somos', 100, 129),
(104, 39, NULL, '/funcionalidades/', 'funcionalidades', 100, 130),
(105, NULL, 39, '/funcionalidades/', 'funcionalidades', 100, 130),
(106, 45, NULL, '/', 'HOME', 1, 131),
(107, NULL, 45, '/', 'HOME', 1, 131),
(108, 46, NULL, '/', 'HOME', 1, 135),
(109, NULL, 46, '/', 'HOME', 1, 135);

--
-- Índices para tablas volcadas
--

--
-- Indices de la tabla `administrator`
--
ALTER TABLE `administrator`
  ADD PRIMARY KEY (`id`),
  ADD UNIQUE KEY `UNIQ_58DF0651A89DB457` (`business_id`);

--
-- Indices de la tabla `blog`
--
ALTER TABLE `blog`
  ADD PRIMARY KEY (`id`),
  ADD UNIQUE KEY `UNIQ_C0155143C4663E4` (`page_id`),
  ADD KEY `IDX_C01551433397707A` (`categoria_id`),
  ADD KEY `IDX_C0155143A89DB457` (`business_id`);

--
-- Indices de la tabla `blogcategoria`
--
ALTER TABLE `blogcategoria`
  ADD PRIMARY KEY (`id`),
  ADD KEY `IDX_148D736AA89DB457` (`business_id`);

--
-- Indices de la tabla `blogcomentario`
--
ALTER TABLE `blogcomentario`
  ADD PRIMARY KEY (`id`),
  ADD KEY `IDX_A373AE50DAE07E97` (`blog_id`);

--
-- Indices de la tabla `blogs`
--
ALTER TABLE `blogs`
  ADD PRIMARY KEY (`Blog_id`,`relacion_blog_id`),
  ADD KEY `IDX_F41BCA70155D470B` (`Blog_id`),
  ADD KEY `IDX_F41BCA70BB1B6895` (`relacion_blog_id`);

--
-- Indices de la tabla `business`
--
ALTER TABLE `business`
  ADD PRIMARY KEY (`id`),
  ADD UNIQUE KEY `UNIQ_8D36E38A7A91E0B` (`domain`),
  ADD UNIQUE KEY `UNIQ_8D36E38C1D5962E` (`subdomain`),
  ADD UNIQUE KEY `UNIQ_8D36E38342A11FA` (`contactinfo_id`),
  ADD UNIQUE KEY `UNIQ_8D36E38488EFC00` (`legalinfo_id`),
  ADD UNIQUE KEY `UNIQ_8D36E384BD877FB` (`socialnetwork_id`),
  ADD UNIQUE KEY `UNIQ_8D36E384B09E92C` (`administrator_id`),
  ADD KEY `IDX_8D36E385DC6FE57` (`subcategory_id`);

--
-- Indices de la tabla `category`
--
ALTER TABLE `category`
  ADD PRIMARY KEY (`id`);

--
-- Indices de la tabla `contact`
--
ALTER TABLE `contact`
  ADD PRIMARY KEY (`id`),
  ADD KEY `IDX_4C62E638A89DB457` (`business_id`);

--
-- Indices de la tabla `contactinfo`
--
ALTER TABLE `contactinfo`
  ADD PRIMARY KEY (`id`),
  ADD UNIQUE KEY `UNIQ_7BD84995A89DB457` (`business_id`);

--
-- Indices de la tabla `image`
--
ALTER TABLE `image`
  ADD PRIMARY KEY (`id`);

--
-- Indices de la tabla `legalinfo`
--
ALTER TABLE `legalinfo`
  ADD PRIMARY KEY (`id`),
  ADD UNIQUE KEY `UNIQ_FFE31252A89DB457` (`business_id`);

--
-- Indices de la tabla `location`
--
ALTER TABLE `location`
  ADD PRIMARY KEY (`id`),
  ADD KEY `IDX_5E9E89CBA89DB457` (`business_id`);

--
-- Indices de la tabla `mcontact`
--
ALTER TABLE `mcontact`
  ADD PRIMARY KEY (`id`);

--
-- Indices de la tabla `mfooter`
--
ALTER TABLE `mfooter`
  ADD PRIMARY KEY (`id`),
  ADD KEY `IDX_24FE56ABA89DB457` (`business_id`);

--
-- Indices de la tabla `mfreetextimage`
--
ALTER TABLE `mfreetextimage`
  ADD PRIMARY KEY (`id`);

--
-- Indices de la tabla `mgalery`
--
ALTER TABLE `mgalery`
  ADD PRIMARY KEY (`id`);

--
-- Indices de la tabla `mgaleryimage`
--
ALTER TABLE `mgaleryimage`
  ADD PRIMARY KEY (`id`),
  ADD KEY `IDX_FC7BF55AFBDA531D` (`mgalery_id`);

--
-- Indices de la tabla `mheader`
--
ALTER TABLE `mheader`
  ADD PRIMARY KEY (`id`),
  ADD KEY `IDX_A8BDFB39A89DB457` (`business_id`);

--
-- Indices de la tabla `mlastnews`
--
ALTER TABLE `mlastnews`
  ADD PRIMARY KEY (`id`);

--
-- Indices de la tabla `mmap`
--
ALTER TABLE `mmap`
  ADD PRIMARY KEY (`id`);

--
-- Indices de la tabla `mnewdetail`
--
ALTER TABLE `mnewdetail`
  ADD PRIMARY KEY (`id`);

--
-- Indices de la tabla `mnewslist`
--
ALTER TABLE `mnewslist`
  ADD PRIMARY KEY (`id`);

--
-- Indices de la tabla `module`
--
ALTER TABLE `module`
  ADD PRIMARY KEY (`id`),
  ADD KEY `IDX_C242628C4663E4` (`page_id`);

--
-- Indices de la tabla `mprojectdetail`
--
ALTER TABLE `mprojectdetail`
  ADD PRIMARY KEY (`id`);

--
-- Indices de la tabla `mprojects`
--
ALTER TABLE `mprojects`
  ADD PRIMARY KEY (`id`);

--
-- Indices de la tabla `mprojectsfeatures`
--
ALTER TABLE `mprojectsfeatures`
  ADD PRIMARY KEY (`id`);

--
-- Indices de la tabla `mprojectslist`
--
ALTER TABLE `mprojectslist`
  ADD PRIMARY KEY (`id`);

--
-- Indices de la tabla `mservicedetail`
--
ALTER TABLE `mservicedetail`
  ADD PRIMARY KEY (`id`);

--
-- Indices de la tabla `mservices`
--
ALTER TABLE `mservices`
  ADD PRIMARY KEY (`id`);

--
-- Indices de la tabla `mserviceslist`
--
ALTER TABLE `mserviceslist`
  ADD PRIMARY KEY (`id`);

--
-- Indices de la tabla `mtestimonies`
--
ALTER TABLE `mtestimonies`
  ADD PRIMARY KEY (`id`);

--
-- Indices de la tabla `mwelcometext`
--
ALTER TABLE `mwelcometext`
  ADD PRIMARY KEY (`id`);

--
-- Indices de la tabla `page`
--
ALTER TABLE `page`
  ADD PRIMARY KEY (`id`),
  ADD UNIQUE KEY `UNIQ_140AB620ED5CA9E6` (`service_id`),
  ADD UNIQUE KEY `UNIQ_140AB620166D1F9C` (`project_id`),
  ADD UNIQUE KEY `UNIQ_140AB620DAE07E97` (`blog_id`),
  ADD KEY `IDX_140AB620A89DB457` (`business_id`);

--
-- Indices de la tabla `palabrasclave`
--
ALTER TABLE `palabrasclave`
  ADD PRIMARY KEY (`id`),
  ADD KEY `IDX_FCC1D9B7DAE07E97` (`blog_id`);

--
-- Indices de la tabla `project`
--
ALTER TABLE `project`
  ADD PRIMARY KEY (`id`),
  ADD UNIQUE KEY `UNIQ_2FB3D0EEC4663E4` (`page_id`),
  ADD KEY `IDX_2FB3D0EEA89DB457` (`business_id`);

--
-- Indices de la tabla `service`
--
ALTER TABLE `service`
  ADD PRIMARY KEY (`id`),
  ADD UNIQUE KEY `UNIQ_E19D9AD2C4663E4` (`page_id`),
  ADD KEY `IDX_E19D9AD2A89DB457` (`business_id`);

--
-- Indices de la tabla `socialnetwork`
--
ALTER TABLE `socialnetwork`
  ADD PRIMARY KEY (`id`),
  ADD UNIQUE KEY `UNIQ_87FC02E3A89DB457` (`business_id`);

--
-- Indices de la tabla `subcategory`
--
ALTER TABLE `subcategory`
  ADD PRIMARY KEY (`id`),
  ADD UNIQUE KEY `UNIQ_DDCA448989D9B62` (`slug`),
  ADD KEY `IDX_DDCA44812469DE2` (`category_id`);

--
-- Indices de la tabla `subcategoryimage`
--
ALTER TABLE `subcategoryimage`
  ADD PRIMARY KEY (`id`),
  ADD KEY `IDX_5E8A2B9C5DC6FE57` (`subcategory_id`);

--
-- Indices de la tabla `suburl`
--
ALTER TABLE `suburl`
  ADD PRIMARY KEY (`id`),
  ADD KEY `IDX_975E124781CFDAE7` (`url_id`),
  ADD KEY `IDX_975E1247ED5CA9E6` (`service_id`),
  ADD KEY `IDX_975E1247166D1F9C` (`project_id`);

--
-- Indices de la tabla `superadministrator`
--
ALTER TABLE `superadministrator`
  ADD PRIMARY KEY (`id`);

--
-- Indices de la tabla `testimony`
--
ALTER TABLE `testimony`
  ADD PRIMARY KEY (`id`),
  ADD KEY `IDX_523C9487A89DB457` (`business_id`);

--
-- Indices de la tabla `text`
--
ALTER TABLE `text`
  ADD PRIMARY KEY (`id`);

--
-- Indices de la tabla `theme`
--
ALTER TABLE `theme`
  ADD PRIMARY KEY (`id`);

--
-- Indices de la tabla `themecontact`
--
ALTER TABLE `themecontact`
  ADD PRIMARY KEY (`id`);

--
-- Indices de la tabla `themefooter`
--
ALTER TABLE `themefooter`
  ADD PRIMARY KEY (`id`);

--
-- Indices de la tabla `themefreetextimage`
--
ALTER TABLE `themefreetextimage`
  ADD PRIMARY KEY (`id`);

--
-- Indices de la tabla `themegalery`
--
ALTER TABLE `themegalery`
  ADD PRIMARY KEY (`id`);

--
-- Indices de la tabla `themeheader`
--
ALTER TABLE `themeheader`
  ADD PRIMARY KEY (`id`);

--
-- Indices de la tabla `themelastnews`
--
ALTER TABLE `themelastnews`
  ADD PRIMARY KEY (`id`);

--
-- Indices de la tabla `thememap`
--
ALTER TABLE `thememap`
  ADD PRIMARY KEY (`id`);

--
-- Indices de la tabla `themenewdetail`
--
ALTER TABLE `themenewdetail`
  ADD PRIMARY KEY (`id`);

--
-- Indices de la tabla `themenewslist`
--
ALTER TABLE `themenewslist`
  ADD PRIMARY KEY (`id`);

--
-- Indices de la tabla `themeprojectdetail`
--
ALTER TABLE `themeprojectdetail`
  ADD PRIMARY KEY (`id`);

--
-- Indices de la tabla `themeprojectlist`
--
ALTER TABLE `themeprojectlist`
  ADD PRIMARY KEY (`id`);

--
-- Indices de la tabla `themeprojects`
--
ALTER TABLE `themeprojects`
  ADD PRIMARY KEY (`id`);

--
-- Indices de la tabla `themeprojectsfeatures`
--
ALTER TABLE `themeprojectsfeatures`
  ADD PRIMARY KEY (`id`);

--
-- Indices de la tabla `themeservicedetail`
--
ALTER TABLE `themeservicedetail`
  ADD PRIMARY KEY (`id`);

--
-- Indices de la tabla `themeservices`
--
ALTER TABLE `themeservices`
  ADD PRIMARY KEY (`id`);

--
-- Indices de la tabla `themeserviceslist`
--
ALTER TABLE `themeserviceslist`
  ADD PRIMARY KEY (`id`);

--
-- Indices de la tabla `themetestimonies`
--
ALTER TABLE `themetestimonies`
  ADD PRIMARY KEY (`id`);

--
-- Indices de la tabla `themewelcometext`
--
ALTER TABLE `themewelcometext`
  ADD PRIMARY KEY (`id`);

--
-- Indices de la tabla `url`
--
ALTER TABLE `url`
  ADD PRIMARY KEY (`id`),
  ADD KEY `IDX_F47645AE588525C` (`mfooter_id`),
  ADD KEY `IDX_F47645AEF63ECC0` (`mheader_id`),
  ADD KEY `IDX_F47645AEC4663E4` (`page_id`);

--
-- AUTO_INCREMENT de las tablas volcadas
--

--
-- AUTO_INCREMENT de la tabla `blog`
--
ALTER TABLE `blog`
  MODIFY `id` int(11) NOT NULL AUTO_INCREMENT, AUTO_INCREMENT=5;
--
-- AUTO_INCREMENT de la tabla `blogcategoria`
--
ALTER TABLE `blogcategoria`
  MODIFY `id` int(11) NOT NULL AUTO_INCREMENT, AUTO_INCREMENT=4;
--
-- AUTO_INCREMENT de la tabla `blogcomentario`
--
ALTER TABLE `blogcomentario`
  MODIFY `id` int(11) NOT NULL AUTO_INCREMENT;
--
-- AUTO_INCREMENT de la tabla `business`
--
ALTER TABLE `business`
  MODIFY `id` int(11) NOT NULL AUTO_INCREMENT, AUTO_INCREMENT=49;
--
-- AUTO_INCREMENT de la tabla `category`
--
ALTER TABLE `category`
  MODIFY `id` int(11) NOT NULL AUTO_INCREMENT, AUTO_INCREMENT=9;
--
-- AUTO_INCREMENT de la tabla `contact`
--
ALTER TABLE `contact`
  MODIFY `id` int(11) NOT NULL AUTO_INCREMENT, AUTO_INCREMENT=4;
--
-- AUTO_INCREMENT de la tabla `contactinfo`
--
ALTER TABLE `contactinfo`
  MODIFY `id` int(11) NOT NULL AUTO_INCREMENT, AUTO_INCREMENT=26;
--
-- AUTO_INCREMENT de la tabla `image`
--
ALTER TABLE `image`
  MODIFY `id` int(11) NOT NULL AUTO_INCREMENT;
--
-- AUTO_INCREMENT de la tabla `legalinfo`
--
ALTER TABLE `legalinfo`
  MODIFY `id` int(11) NOT NULL AUTO_INCREMENT, AUTO_INCREMENT=25;
--
-- AUTO_INCREMENT de la tabla `location`
--
ALTER TABLE `location`
  MODIFY `id` int(11) NOT NULL AUTO_INCREMENT, AUTO_INCREMENT=6;
--
-- AUTO_INCREMENT de la tabla `mfooter`
--
ALTER TABLE `mfooter`
  MODIFY `id` int(11) NOT NULL AUTO_INCREMENT, AUTO_INCREMENT=47;
--
-- AUTO_INCREMENT de la tabla `mgaleryimage`
--
ALTER TABLE `mgaleryimage`
  MODIFY `id` int(11) NOT NULL AUTO_INCREMENT, AUTO_INCREMENT=371;
--
-- AUTO_INCREMENT de la tabla `mheader`
--
ALTER TABLE `mheader`
  MODIFY `id` int(11) NOT NULL AUTO_INCREMENT, AUTO_INCREMENT=47;
--
-- AUTO_INCREMENT de la tabla `module`
--
ALTER TABLE `module`
  MODIFY `id` int(11) NOT NULL AUTO_INCREMENT, AUTO_INCREMENT=480;
--
-- AUTO_INCREMENT de la tabla `page`
--
ALTER TABLE `page`
  MODIFY `id` int(11) NOT NULL AUTO_INCREMENT, AUTO_INCREMENT=139;
--
-- AUTO_INCREMENT de la tabla `palabrasclave`
--
ALTER TABLE `palabrasclave`
  MODIFY `id` int(11) NOT NULL AUTO_INCREMENT, AUTO_INCREMENT=9;
--
-- AUTO_INCREMENT de la tabla `project`
--
ALTER TABLE `project`
  MODIFY `id` int(11) NOT NULL AUTO_INCREMENT, AUTO_INCREMENT=177;
--
-- AUTO_INCREMENT de la tabla `service`
--
ALTER TABLE `service`
  MODIFY `id` int(11) NOT NULL AUTO_INCREMENT, AUTO_INCREMENT=136;
--
-- AUTO_INCREMENT de la tabla `socialnetwork`
--
ALTER TABLE `socialnetwork`
  MODIFY `id` int(11) NOT NULL AUTO_INCREMENT, AUTO_INCREMENT=26;
--
-- AUTO_INCREMENT de la tabla `subcategory`
--
ALTER TABLE `subcategory`
  MODIFY `id` int(11) NOT NULL AUTO_INCREMENT, AUTO_INCREMENT=43;
--
-- AUTO_INCREMENT de la tabla `subcategoryimage`
--
ALTER TABLE `subcategoryimage`
  MODIFY `id` int(11) NOT NULL AUTO_INCREMENT, AUTO_INCREMENT=302;
--
-- AUTO_INCREMENT de la tabla `suburl`
--
ALTER TABLE `suburl`
  MODIFY `id` int(11) NOT NULL AUTO_INCREMENT, AUTO_INCREMENT=47;
--
-- AUTO_INCREMENT de la tabla `testimony`
--
ALTER TABLE `testimony`
  MODIFY `id` int(11) NOT NULL AUTO_INCREMENT, AUTO_INCREMENT=177;
--
-- AUTO_INCREMENT de la tabla `text`
--
ALTER TABLE `text`
  MODIFY `id` int(11) NOT NULL AUTO_INCREMENT;
--
-- AUTO_INCREMENT de la tabla `theme`
--
ALTER TABLE `theme`
  MODIFY `id` int(11) NOT NULL AUTO_INCREMENT, AUTO_INCREMENT=55;
--
-- AUTO_INCREMENT de la tabla `url`
--
ALTER TABLE `url`
  MODIFY `id` int(11) NOT NULL AUTO_INCREMENT, AUTO_INCREMENT=110;
--
-- Restricciones para tablas volcadas
--

--
-- Filtros para la tabla `administrator`
--
ALTER TABLE `administrator`
  ADD CONSTRAINT `FK_58DF0651A89DB457` FOREIGN KEY (`business_id`) REFERENCES `business` (`id`),
  ADD CONSTRAINT `FK_58DF0651BF396750` FOREIGN KEY (`id`) REFERENCES `user` (`id`) ON DELETE CASCADE;

--
-- Filtros para la tabla `blog`
--
ALTER TABLE `blog`
  ADD CONSTRAINT `FK_C01551433397707A` FOREIGN KEY (`categoria_id`) REFERENCES `blogcategoria` (`id`),
  ADD CONSTRAINT `FK_C0155143A89DB457` FOREIGN KEY (`business_id`) REFERENCES `business` (`id`),
  ADD CONSTRAINT `FK_C0155143C4663E4` FOREIGN KEY (`page_id`) REFERENCES `page` (`id`);

--
-- Filtros para la tabla `blogcategoria`
--
ALTER TABLE `blogcategoria`
  ADD CONSTRAINT `FK_148D736AA89DB457` FOREIGN KEY (`business_id`) REFERENCES `business` (`id`);

--
-- Filtros para la tabla `blogcomentario`
--
ALTER TABLE `blogcomentario`
  ADD CONSTRAINT `FK_A373AE50DAE07E97` FOREIGN KEY (`blog_id`) REFERENCES `blog` (`id`);

--
-- Filtros para la tabla `blogs`
--
ALTER TABLE `blogs`
  ADD CONSTRAINT `FK_F41BCA70155D470B` FOREIGN KEY (`Blog_id`) REFERENCES `blog` (`id`),
  ADD CONSTRAINT `FK_F41BCA70BB1B6895` FOREIGN KEY (`relacion_blog_id`) REFERENCES `blog` (`id`);

--
-- Filtros para la tabla `business`
--
ALTER TABLE `business`
  ADD CONSTRAINT `FK_8D36E38342A11FA` FOREIGN KEY (`contactinfo_id`) REFERENCES `contactinfo` (`id`),
  ADD CONSTRAINT `FK_8D36E38488EFC00` FOREIGN KEY (`legalinfo_id`) REFERENCES `legalinfo` (`id`),
  ADD CONSTRAINT `FK_8D36E384B09E92C` FOREIGN KEY (`administrator_id`) REFERENCES `administrator` (`id`),
  ADD CONSTRAINT `FK_8D36E384BD877FB` FOREIGN KEY (`socialnetwork_id`) REFERENCES `socialnetwork` (`id`),
  ADD CONSTRAINT `FK_8D36E385DC6FE57` FOREIGN KEY (`subcategory_id`) REFERENCES `subcategory` (`id`);

--
-- Filtros para la tabla `contact`
--
ALTER TABLE `contact`
  ADD CONSTRAINT `FK_4C62E638A89DB457` FOREIGN KEY (`business_id`) REFERENCES `business` (`id`);

--
-- Filtros para la tabla `contactinfo`
--
ALTER TABLE `contactinfo`
  ADD CONSTRAINT `FK_7BD84995A89DB457` FOREIGN KEY (`business_id`) REFERENCES `business` (`id`);

--
-- Filtros para la tabla `legalinfo`
--
ALTER TABLE `legalinfo`
  ADD CONSTRAINT `FK_FFE31252A89DB457` FOREIGN KEY (`business_id`) REFERENCES `business` (`id`);

--
-- Filtros para la tabla `location`
--
ALTER TABLE `location`
  ADD CONSTRAINT `FK_5E9E89CBA89DB457` FOREIGN KEY (`business_id`) REFERENCES `business` (`id`);

--
-- Filtros para la tabla `mcontact`
--
ALTER TABLE `mcontact`
  ADD CONSTRAINT `FK_FFC25345BF396750` FOREIGN KEY (`id`) REFERENCES `module` (`id`) ON DELETE CASCADE;

--
-- Filtros para la tabla `mfooter`
--
ALTER TABLE `mfooter`
  ADD CONSTRAINT `FK_24FE56ABA89DB457` FOREIGN KEY (`business_id`) REFERENCES `business` (`id`);

--
-- Filtros para la tabla `mfreetextimage`
--
ALTER TABLE `mfreetextimage`
  ADD CONSTRAINT `FK_E3D977CCBF396750` FOREIGN KEY (`id`) REFERENCES `module` (`id`) ON DELETE CASCADE;

--
-- Filtros para la tabla `mgalery`
--
ALTER TABLE `mgalery`
  ADD CONSTRAINT `FK_CD9200D8BF396750` FOREIGN KEY (`id`) REFERENCES `module` (`id`) ON DELETE CASCADE;

--
-- Filtros para la tabla `mgaleryimage`
--
ALTER TABLE `mgaleryimage`
  ADD CONSTRAINT `FK_FC7BF55AFBDA531D` FOREIGN KEY (`mgalery_id`) REFERENCES `mgalery` (`id`);

--
-- Filtros para la tabla `mheader`
--
ALTER TABLE `mheader`
  ADD CONSTRAINT `FK_A8BDFB39A89DB457` FOREIGN KEY (`business_id`) REFERENCES `business` (`id`);

--
-- Filtros para la tabla `mlastnews`
--
ALTER TABLE `mlastnews`
  ADD CONSTRAINT `FK_5CD3FFD4BF396750` FOREIGN KEY (`id`) REFERENCES `module` (`id`) ON DELETE CASCADE;

--
-- Filtros para la tabla `mmap`
--
ALTER TABLE `mmap`
  ADD CONSTRAINT `FK_84E4836BBF396750` FOREIGN KEY (`id`) REFERENCES `module` (`id`) ON DELETE CASCADE;

--
-- Filtros para la tabla `mnewdetail`
--
ALTER TABLE `mnewdetail`
  ADD CONSTRAINT `FK_7D3223CABF396750` FOREIGN KEY (`id`) REFERENCES `module` (`id`) ON DELETE CASCADE;

--
-- Filtros para la tabla `mnewslist`
--
ALTER TABLE `mnewslist`
  ADD CONSTRAINT `FK_9A1323F4BF396750` FOREIGN KEY (`id`) REFERENCES `module` (`id`) ON DELETE CASCADE;

--
-- Filtros para la tabla `module`
--
ALTER TABLE `module`
  ADD CONSTRAINT `FK_C242628C4663E4` FOREIGN KEY (`page_id`) REFERENCES `page` (`id`);

--
-- Filtros para la tabla `mprojectdetail`
--
ALTER TABLE `mprojectdetail`
  ADD CONSTRAINT `FK_52835AA6BF396750` FOREIGN KEY (`id`) REFERENCES `module` (`id`) ON DELETE CASCADE;

--
-- Filtros para la tabla `mprojects`
--
ALTER TABLE `mprojects`
  ADD CONSTRAINT `FK_72941E90BF396750` FOREIGN KEY (`id`) REFERENCES `module` (`id`) ON DELETE CASCADE;

--
-- Filtros para la tabla `mprojectsfeatures`
--
ALTER TABLE `mprojectsfeatures`
  ADD CONSTRAINT `FK_A244688BBF396750` FOREIGN KEY (`id`) REFERENCES `module` (`id`) ON DELETE CASCADE;

--
-- Filtros para la tabla `mprojectslist`
--
ALTER TABLE `mprojectslist`
  ADD CONSTRAINT `FK_4416C8C8BF396750` FOREIGN KEY (`id`) REFERENCES `module` (`id`) ON DELETE CASCADE;

--
-- Filtros para la tabla `mservicedetail`
--
ALTER TABLE `mservicedetail`
  ADD CONSTRAINT `FK_E8A4BEDFBF396750` FOREIGN KEY (`id`) REFERENCES `module` (`id`) ON DELETE CASCADE;

--
-- Filtros para la tabla `mservices`
--
ALTER TABLE `mservices`
  ADD CONSTRAINT `FK_5D354C5DBF396750` FOREIGN KEY (`id`) REFERENCES `module` (`id`) ON DELETE CASCADE;

--
-- Filtros para la tabla `mserviceslist`
--
ALTER TABLE `mserviceslist`
  ADD CONSTRAINT `FK_B3C4B43CBF396750` FOREIGN KEY (`id`) REFERENCES `module` (`id`) ON DELETE CASCADE;

--
-- Filtros para la tabla `mtestimonies`
--
ALTER TABLE `mtestimonies`
  ADD CONSTRAINT `FK_A9761F63BF396750` FOREIGN KEY (`id`) REFERENCES `module` (`id`) ON DELETE CASCADE;

--
-- Filtros para la tabla `mwelcometext`
--
ALTER TABLE `mwelcometext`
  ADD CONSTRAINT `FK_4B45564BBF396750` FOREIGN KEY (`id`) REFERENCES `module` (`id`) ON DELETE CASCADE;

--
-- Filtros para la tabla `page`
--
ALTER TABLE `page`
  ADD CONSTRAINT `FK_140AB620166D1F9C` FOREIGN KEY (`project_id`) REFERENCES `project` (`id`),
  ADD CONSTRAINT `FK_140AB620A89DB457` FOREIGN KEY (`business_id`) REFERENCES `business` (`id`),
  ADD CONSTRAINT `FK_140AB620DAE07E97` FOREIGN KEY (`blog_id`) REFERENCES `blog` (`id`),
  ADD CONSTRAINT `FK_140AB620ED5CA9E6` FOREIGN KEY (`service_id`) REFERENCES `service` (`id`);

--
-- Filtros para la tabla `palabrasclave`
--
ALTER TABLE `palabrasclave`
  ADD CONSTRAINT `FK_FCC1D9B7DAE07E97` FOREIGN KEY (`blog_id`) REFERENCES `blog` (`id`);

--
-- Filtros para la tabla `project`
--
ALTER TABLE `project`
  ADD CONSTRAINT `FK_2FB3D0EEA89DB457` FOREIGN KEY (`business_id`) REFERENCES `business` (`id`),
  ADD CONSTRAINT `FK_2FB3D0EEC4663E4` FOREIGN KEY (`page_id`) REFERENCES `page` (`id`);

--
-- Filtros para la tabla `service`
--
ALTER TABLE `service`
  ADD CONSTRAINT `FK_E19D9AD2A89DB457` FOREIGN KEY (`business_id`) REFERENCES `business` (`id`),
  ADD CONSTRAINT `FK_E19D9AD2C4663E4` FOREIGN KEY (`page_id`) REFERENCES `page` (`id`);

--
-- Filtros para la tabla `socialnetwork`
--
ALTER TABLE `socialnetwork`
  ADD CONSTRAINT `FK_87FC02E3A89DB457` FOREIGN KEY (`business_id`) REFERENCES `business` (`id`);

--
-- Filtros para la tabla `subcategory`
--
ALTER TABLE `subcategory`
  ADD CONSTRAINT `FK_DDCA44812469DE2` FOREIGN KEY (`category_id`) REFERENCES `category` (`id`);

--
-- Filtros para la tabla `subcategoryimage`
--
ALTER TABLE `subcategoryimage`
  ADD CONSTRAINT `FK_5E8A2B9C5DC6FE57` FOREIGN KEY (`subcategory_id`) REFERENCES `subcategory` (`id`);

--
-- Filtros para la tabla `suburl`
--
ALTER TABLE `suburl`
  ADD CONSTRAINT `FK_975E1247166D1F9C` FOREIGN KEY (`project_id`) REFERENCES `project` (`id`),
  ADD CONSTRAINT `FK_975E124781CFDAE7` FOREIGN KEY (`url_id`) REFERENCES `url` (`id`),
  ADD CONSTRAINT `FK_975E1247ED5CA9E6` FOREIGN KEY (`service_id`) REFERENCES `service` (`id`);

--
-- Filtros para la tabla `superadministrator`
--
ALTER TABLE `superadministrator`
  ADD CONSTRAINT `FK_269ADBD2BF396750` FOREIGN KEY (`id`) REFERENCES `user` (`id`) ON DELETE CASCADE;

--
-- Filtros para la tabla `testimony`
--
ALTER TABLE `testimony`
  ADD CONSTRAINT `FK_523C9487A89DB457` FOREIGN KEY (`business_id`) REFERENCES `business` (`id`);

--
-- Filtros para la tabla `themecontact`
--
ALTER TABLE `themecontact`
  ADD CONSTRAINT `FK_656935C7BF396750` FOREIGN KEY (`id`) REFERENCES `theme` (`id`) ON DELETE CASCADE;

--
-- Filtros para la tabla `themefooter`
--
ALTER TABLE `themefooter`
  ADD CONSTRAINT `FK_302B622ABF396750` FOREIGN KEY (`id`) REFERENCES `theme` (`id`) ON DELETE CASCADE;

--
-- Filtros para la tabla `themefreetextimage`
--
ALTER TABLE `themefreetextimage`
  ADD CONSTRAINT `FK_CC3DE3D0BF396750` FOREIGN KEY (`id`) REFERENCES `theme` (`id`) ON DELETE CASCADE;

--
-- Filtros para la tabla `themegalery`
--
ALTER TABLE `themegalery`
  ADD CONSTRAINT `FK_D9473459BF396750` FOREIGN KEY (`id`) REFERENCES `theme` (`id`) ON DELETE CASCADE;

--
-- Filtros para la tabla `themeheader`
--
ALTER TABLE `themeheader`
  ADD CONSTRAINT `FK_BC68CFB8BF396750` FOREIGN KEY (`id`) REFERENCES `theme` (`id`) ON DELETE CASCADE;

--
-- Filtros para la tabla `themelastnews`
--
ALTER TABLE `themelastnews`
  ADD CONSTRAINT `FK_5FFFB6BEBF396750` FOREIGN KEY (`id`) REFERENCES `theme` (`id`) ON DELETE CASCADE;

--
-- Filtros para la tabla `thememap`
--
ALTER TABLE `thememap`
  ADD CONSTRAINT `FK_ACEE1B0CBF396750` FOREIGN KEY (`id`) REFERENCES `theme` (`id`) ON DELETE CASCADE;

--
-- Filtros para la tabla `themenewdetail`
--
ALTER TABLE `themenewdetail`
  ADD CONSTRAINT `FK_D05687C5BF396750` FOREIGN KEY (`id`) REFERENCES `theme` (`id`) ON DELETE CASCADE;

--
-- Filtros para la tabla `themenewslist`
--
ALTER TABLE `themenewslist`
  ADD CONSTRAINT `FK_993F6A9EBF396750` FOREIGN KEY (`id`) REFERENCES `theme` (`id`) ON DELETE CASCADE;

--
-- Filtros para la tabla `themeprojectdetail`
--
ALTER TABLE `themeprojectdetail`
  ADD CONSTRAINT `FK_7D67CEBABF396750` FOREIGN KEY (`id`) REFERENCES `theme` (`id`) ON DELETE CASCADE;

--
-- Filtros para la tabla `themeprojectlist`
--
ALTER TABLE `themeprojectlist`
  ADD CONSTRAINT `FK_6B54F73EBF396750` FOREIGN KEY (`id`) REFERENCES `theme` (`id`) ON DELETE CASCADE;

--
-- Filtros para la tabla `themeprojects`
--
ALTER TABLE `themeprojects`
  ADD CONSTRAINT `FK_71B857FABF396750` FOREIGN KEY (`id`) REFERENCES `theme` (`id`) ON DELETE CASCADE;

--
-- Filtros para la tabla `themeprojectsfeatures`
--
ALTER TABLE `themeprojectsfeatures`
  ADD CONSTRAINT `FK_5325BCFBF396750` FOREIGN KEY (`id`) REFERENCES `theme` (`id`) ON DELETE CASCADE;

--
-- Filtros para la tabla `themeservicedetail`
--
ALTER TABLE `themeservicedetail`
  ADD CONSTRAINT `FK_C7402AC3BF396750` FOREIGN KEY (`id`) REFERENCES `theme` (`id`) ON DELETE CASCADE;

--
-- Filtros para la tabla `themeservices`
--
ALTER TABLE `themeservices`
  ADD CONSTRAINT `FK_5E190537BF396750` FOREIGN KEY (`id`) REFERENCES `theme` (`id`) ON DELETE CASCADE;

--
-- Filtros para la tabla `themeserviceslist`
--
ALTER TABLE `themeserviceslist`
  ADD CONSTRAINT `FK_382C2F00BF396750` FOREIGN KEY (`id`) REFERENCES `theme` (`id`) ON DELETE CASCADE;

--
-- Filtros para la tabla `themetestimonies`
--
ALTER TABLE `themetestimonies`
  ADD CONSTRAINT `FK_FF55C939BF396750` FOREIGN KEY (`id`) REFERENCES `theme` (`id`) ON DELETE CASCADE;

--
-- Filtros para la tabla `themewelcometext`
--
ALTER TABLE `themewelcometext`
  ADD CONSTRAINT `FK_1D668011BF396750` FOREIGN KEY (`id`) REFERENCES `theme` (`id`) ON DELETE CASCADE;

--
-- Filtros para la tabla `url`
--
ALTER TABLE `url`
  ADD CONSTRAINT `FK_F47645AE588525C` FOREIGN KEY (`mfooter_id`) REFERENCES `mfooter` (`id`),
  ADD CONSTRAINT `FK_F47645AEC4663E4` FOREIGN KEY (`page_id`) REFERENCES `page` (`id`),
  ADD CONSTRAINT `FK_F47645AEF63ECC0` FOREIGN KEY (`mheader_id`) REFERENCES `mheader` (`id`);

