-- http://www.phpmyadmin.net
--
-- Servidor: localhost
-- Tiempo de generación: 07-05-2018 a las 11:03:06
-- Versión del servidor: 10.1.9-MariaDB
-- Versión de PHP: 5.6.15




--
-- Base de datos: `edewismake`
--

-- --------------------------------------------------------

--
-- Estructura de tabla para la tabla `administrator`
--

CREATE TABLE `administrator` (
  `id` int(11) NOT NULL,
  `business_id` int(11) DEFAULT NULL
) ENGINE=InnoDB DEFAULT CHARSET=utf8 COLLATE=utf8_unicode_ci;

--
-- Volcado de datos para la tabla `administrator`
--

INSERT INTO `administrator` (`id`, `business_id`) VALUES
(7, NULL),
(1, 1),
(3, 2),
(4, 3),
(6, 4),
(8, 6),
(9, 7),
(10, 8),
(11, 9),
(12, 10),
(13, 11),
(14, 12),
(15, 13),
(16, 14),
(17, 15),
(18, 16),
(19, 17),
(20, 18),
(21, 19),
(22, 20),
(23, 21),
(24, 22),
(25, 23),
(26, 24),
(27, 25),
(28, 26),
(29, 27),
(30, 28),
(31, 29),
(34, 30),
(35, 31);

-- --------------------------------------------------------

--
-- Estructura de tabla para la tabla `blog`
--

CREATE TABLE `blog` (
  `id` int(11) NOT NULL,
  `categoria_id` int(11) DEFAULT NULL,
  `fechaCreacion` datetime NOT NULL,
  `titulo` varchar(255) COLLATE utf8_unicode_ci NOT NULL,
  `tituloSinEspacios` varchar(255) COLLATE utf8_unicode_ci NOT NULL,
  `numeroLecturas` int(11) NOT NULL,
  `mostrar` tinyint(1) NOT NULL,
  `contenidoBlog` longtext COLLATE utf8_unicode_ci,
  `imagenDestacada` varchar(255) COLLATE utf8_unicode_ci DEFAULT NULL,
  `wdestacada` double NOT NULL,
  `hdestacada` double NOT NULL,
  `business_id` int(11) DEFAULT NULL,
  `page_id` int(11) DEFAULT NULL
) ENGINE=InnoDB DEFAULT CHARSET=utf8 COLLATE=utf8_unicode_ci;

--
-- Volcado de datos para la tabla `blog`
--

INSERT INTO `blog` (`id`, `categoria_id`, `fechaCreacion`, `titulo`, `tituloSinEspacios`, `numeroLecturas`, `mostrar`, `contenidoBlog`, `imagenDestacada`, `wdestacada`, `hdestacada`, `business_id`, `page_id`) VALUES
(2, 2, '2017-04-29 07:50:10', 'Creando Custom Views en Android 2', 'custom-view-android', 0, 1, '<p>Uno de los principales problemas que nos encontramos en los frameworks de desarrollo mobile es la tendencia a tener toda nuestra l&oacute;gica implementada en una misma clase. En el caso de Android, suele recaer en las Activities, y en caso de iOS en los ViewControllers.</p>\r\n\r\n<p>Este antipatr&oacute;n ya se viene estudiando desde los noventa y se cita en varios libros de programaci&oacute;n orientada a objetos con el sobrenombre de &quot;God class&quot; o &quot;God object&quot;.</p>\r\n\r\n<p>En la jerga Android se suele hablar de &quot;God Activities&quot;, y en iOS se dice &quot;Massive View Controller&quot;, creando un juego de palabras las siglas &quot;MVC&quot; del conocido patr&oacute;n de dise&ntilde;o &quot;Model-View-Controller&quot;.</p>\r\n\r\n<p>En ambos casos, el problema en nuestro c&oacute;digo aparece a medio o largo plazo, cuando tras intensas semanas de trabajo en nuestra App, las activities acaban teniendo por encima de 1000 o 1500 l&iacute;neas de c&oacute;digo.</p>\r\n\r\n<p>La funcionalidad se cubre, el proyecto se entrega, y el c&oacute;digo se guarda durante un periodo de tiempo.</p>', 'blog-2.png', 1000, 523, 1, NULL),
(3, 2, '2017-04-29 07:50:50', 'Creando Custom Views en Android 35', 'custom-view-android', 0, 1, '<p>Uno de los principales problemas que nos encontramos en los frameworks de desarrollo mobile es la tendencia a tener toda nuestra l&oacute;gica implementada en una misma clase. En el caso de Android, suele recaer en las Activities, y en caso de iOS en los ViewControllers.</p>\r\n\r\n<p>Este antipatr&oacute;n ya se viene estudiando desde los noventa y se cita en varios libros de programaci&oacute;n orientada a objetos con el sobrenombre de &quot;God class&quot; o &quot;God object&quot;.</p>\r\n\r\n<p>En la jerga Android se suele hablar de &quot;God Activities&quot;, y en iOS se dice &quot;Massive View Controller&quot;, creando un juego de palabras las siglas &quot;MVC&quot; del conocido patr&oacute;n de dise&ntilde;o &quot;Model-View-Controller&quot;.</p>\r\n\r\n<p>En ambos casos, el problema en nuestro c&oacute;digo aparece a medio o largo plazo, cuando tras intensas semanas de trabajo en nuestra App, las activities acaban teniendo por encima de 1000 o 1500 l&iacute;neas de c&oacute;digo.</p>\r\n\r\n<p>La funcionalidad se cubre, el proyecto se entrega, y el c&oacute;digo se guarda durante un periodo de tiempo.</p>', 'blog-3.png', 1000, 523, 1, NULL),
(4, NULL, '2017-05-06 17:38:10', 'Nueva', 'nueva', 0, 0, NULL, NULL, 0, 0, 1, NULL),
(5, NULL, '2017-05-10 14:03:19', 'Noticia 1', 'noticia-1', 0, 1, '<p><strong>Lorem Ipsum</strong>&nbsp;es simplemente el texto de relleno de las imprentas y archivos de texto. Lorem Ipsum ha sido el texto de relleno est&aacute;ndar de las industrias desde el a&ntilde;o 1500, cuando un impresor (N. del T. persona que se dedica a la imprenta) desconocido us&oacute; una galer&iacute;a de textos y los mezcl&oacute; de tal manera que logr&oacute; hacer un libro de textos especimen. No s&oacute;lo sobrevivi&oacute; 500 a&ntilde;os, sino que tambien ingres&oacute; como texto de relleno en documentos electr&oacute;nicos, quedando esencialmente igual al original. Fue popularizado en los 60s con la creaci&oacute;n de las hojas &quot;Letraset&quot;, las cuales contenian pasajes de Lorem Ipsum, y m&aacute;s recientemente con software de autoedici&oacute;n, como por ejemplo Aldus PageMaker, el cual incluye versiones de Lorem Ipsum.</p>', 'blog-5.jpg', 1600, 750, 2, NULL),
(6, NULL, '2017-05-10 14:03:46', 'Noticia 2', 'noticia-2', 0, 1, '<p>Es un hecho establecido hace demasiado tiempo que un lector se distraer&aacute; con el contenido del texto de un sitio mientras que mira su dise&ntilde;o. El punto de usar Lorem Ipsum es que tiene una distribuci&oacute;n m&aacute;s o menos normal de las letras, al contrario de usar textos como por ejemplo &quot;Contenido aqu&iacute;, contenido aqu&iacute;&quot;. Estos textos hacen parecerlo un espa&ntilde;ol que se puede leer. Muchos paquetes de autoedici&oacute;n y editores de p&aacute;ginas web usan el Lorem Ipsum como su texto por defecto, y al hacer una b&uacute;squeda de &quot;Lorem Ipsum&quot; va a dar por resultado muchos sitios web que usan este texto si se encuentran en estado de desarrollo. Muchas versiones han evolucionado a trav&eacute;s de los a&ntilde;os, algunas veces por accidente, otras veces a prop&oacute;sito (por ejemplo insert&aacute;ndole humor y cosas por el estilo).</p>', 'blog-6.jpg', 1600, 750, 2, 75),
(7, NULL, '2017-05-10 14:04:21', 'Noticia 3', 'noticia-3', 0, 1, '<p>Hay muchas variaciones de los pasajes de Lorem Ipsum disponibles, pero la mayor&iacute;a sufri&oacute; alteraciones en alguna manera, ya sea porque se le agreg&oacute; humor, o palabras aleatorias que no parecen ni un poco cre&iacute;bles. Si vas a utilizar un pasaje de Lorem Ipsum, necesit&aacute;s estar seguro de que no hay nada avergonzante escondido en el medio del texto. Todos los generadores de Lorem Ipsum que se encuentran en Internet tienden a repetir trozos predefinidos cuando sea necesario, haciendo a este el &uacute;nico generador verdadero (v&aacute;lido) en la Internet. Usa un diccionario de mas de 200 palabras provenientes del lat&iacute;n, combinadas con estructuras muy &uacute;tiles de sentencias, para generar texto de Lorem Ipsum que parezca razonable. Este Lorem Ipsum generado siempre estar&aacute; libre de repeticiones, humor agregado o palabras no caracter&iacute;sticas del lenguaje, etc.</p>', 'blog-7.jpeg', 700, 550, 2, NULL),
(8, NULL, '2017-05-20 11:22:28', 'Futbol', 'futbol', 0, 1, '<p>El madrid a cardif, jugara la finl de la champiosn ante la Juventus.</p>', NULL, 0, 0, 28, 95),
(9, NULL, '2018-01-30 14:22:40', 'Lorem ipsum dolor sit amet', 'lorem-ipsum-dolor-sit-amet', 0, 1, '<p>Lorem ipsum dolor sit amet, consectetuer adipiscing elit. Aenean commodo ligula eget dolor. Aenean massa. Cum sociis natoque penatibus et magnis dis parturient montes, nascetur ridiculus mus. Donec quam felis, ultricies nec, pellentesque eu, pretium quis, sem. Nulla consequat massa quis enim. Donec pede justo, fringilla vel, aliquet nec, vulputate eget, arcu.</p>\r\n\r\n<p>In enim justo, rhoncus ut, imperdiet a, venenatis vitae, justo. Nullam dictum felis eu pede mollis pretium. Integer tincidunt. Cras dapibus. Vivamus elementum semper nisi. Aenean vulputate eleifend tellus. Aenean leo ligula, porttitor eu, consequat vitae, eleifend ac, enim. Aliquam lorem ante, dapibus in, viverra quis, feugiat a, tellus.</p>\r\n\r\n<p>Phasellus viverra nulla ut metus varius laoreet. Quisque rutrum. Aenean imperdiet. Etiam ultricies nisi vel augue. Curabitur ullamcorper ultricies nisi. Nam eget dui. Etiam rhoncus. Maecenas tempus, tellus eget condimentum rhoncus, sem quam semper libero, sit amet adipiscing sem neque sed ipsum. Nam quam nunc, blandit vel, luctus pulvinar, hendrerit id, lorem. Maecenas nec odio et ante tincidunt tempus. Donec vitae sapien ut libero venenatis faucibus. Nullam quis ante. Etiam sit amet orci eget eros faucibus tincidunt. Duis leo. Sed fringilla mauris sit amet nibh. Donec sodales sagittis magna. Sed consequat, leo eget bibendum sodales, augue velit cursus nunc,</p>', '/business/29/blog-9.jpeg', 1920, 1440, 29, 106),
(10, NULL, '2018-01-30 14:54:39', 'In enim justo, rhoncus ut, imperdiet a, venenatis vitae, justo.', 'in-enim-justo-rhoncus-ut-imperdiet-a-venenatis-vitae-justo', 0, 1, '<p>Lorem ipsum dolor sit amet, consectetuer adipiscing elit. Aenean commodo ligula eget dolor. Aenean massa. Cum sociis natoque penatibus et magnis dis parturient montes, nascetur ridiculus mus. Donec quam felis, ultricies nec, pellentesque eu, pretium quis, sem. Nulla consequat massa quis enim. Donec pede justo, fringilla vel, aliquet nec, vulputate eget, arcu.</p>\r\n\r\n<p>In enim justo, rhoncus ut, imperdiet a, venenatis vitae, justo. Nullam dictum felis eu pede mollis pretium. Integer tincidunt. Cras dapibus. Vivamus elementum semper nisi. Aenean vulputate eleifend tellus. Aenean leo ligula, porttitor eu, consequat vitae, eleifend ac, enim. Aliquam lorem ante, dapibus in, viverra quis, feugiat a, tellus.</p>\r\n\r\n<p>Phasellus viverra nulla ut metus varius laoreet. Quisque rutrum. Aenean imperdiet. Etiam ultricies nisi vel augue. Curabitur ullamcorper ultricies nisi. Nam eget dui. Etiam rhoncus. Maecenas tempus, tellus eget condimentum rhoncus, sem quam semper libero, sit amet adipiscing sem neque sed ipsum. Nam quam nunc, blandit vel, luctus pulvinar, hendrerit id, lorem. Maecenas nec odio et ante tincidunt tempus. Donec vitae sapien ut libero venenatis faucibus. Nullam quis ante. Etiam sit amet orci eget eros faucibus tincidunt. Duis leo. Sed fringilla mauris sit amet nibh. Donec sodales sagittis magna. Sed consequat, leo eget bibendum sodales, augue velit cursus nunc.</p>', '/business/29/blog-10.jpeg', 1920, 1280, 29, 107),
(11, NULL, '2018-01-30 14:56:45', 'Phasellus viverra nulla ut metus varius laoreet. Quisque rutrum. Aenean imperdiet.', 'phasellus-viverra-nulla-ut-metus-varius-laoreet-quisque-rutrum-aenean-imperdiet', 0, 1, '<p>Lorem ipsum dolor sit amet, consectetuer adipiscing elit. Aenean commodo ligula eget dolor. Aenean massa. Cum sociis natoque penatibus et magnis dis parturient montes, nascetur ridiculus mus. Donec quam felis, ultricies nec, pellentesque eu, pretium quis, sem. Nulla consequat massa quis enim. Donec pede justo, fringilla vel, aliquet nec, vulputate eget, arcu.</p>\r\n\r\n<p>In enim justo, rhoncus ut, imperdiet a, venenatis vitae, justo. Nullam dictum felis eu pede mollis pretium. Integer tincidunt. Cras dapibus. Vivamus elementum semper nisi. Aenean vulputate eleifend tellus. Aenean leo ligula, porttitor eu, consequat vitae, eleifend ac, enim. Aliquam lorem ante, dapibus in, viverra quis, feugiat a, tellus.</p>\r\n\r\n<p>Phasellus viverra nulla ut metus varius laoreet. Quisque rutrum. Aenean imperdiet. Etiam ultricies nisi vel augue. Curabitur ullamcorper ultricies nisi. Nam eget dui. Etiam rhoncus. Maecenas tempus, tellus eget condimentum rhoncus, sem quam semper libero, sit amet adipiscing sem neque sed ipsum. Nam quam nunc, blandit vel, luctus pulvinar, hendrerit id, lorem. Maecenas nec odio et ante tincidunt tempus. Donec vitae sapien ut libero venenatis faucibus. Nullam quis ante. Etiam sit amet orci eget eros faucibus tincidunt. Duis leo. Sed fringilla mauris sit amet nibh. Donec sodales sagittis magna.</p>', '/business/29/blog-11.jpeg', 1920, 1280, 29, 108);

-- --------------------------------------------------------

--
-- Estructura de tabla para la tabla `blogcategoria`
--

CREATE TABLE `blogcategoria` (
  `id` int(11) NOT NULL,
  `categoria` varchar(255) COLLATE utf8_unicode_ci NOT NULL,
  `categoriaSinEspacios` varchar(255) COLLATE utf8_unicode_ci NOT NULL,
  `orden` int(11) NOT NULL,
  `business_id` int(11) DEFAULT NULL
) ENGINE=InnoDB DEFAULT CHARSET=utf8 COLLATE=utf8_unicode_ci;

--
-- Volcado de datos para la tabla `blogcategoria`
--

INSERT INTO `blogcategoria` (`id`, `categoria`, `categoriaSinEspacios`, `orden`, `business_id`) VALUES
(2, 'Categoría 1', 'categoria-1', 1, 1),
(3, 'Categoría 2', 'categoria-2', 2, 1);

-- --------------------------------------------------------

--
-- Estructura de tabla para la tabla `blogcomentario`
--

CREATE TABLE `blogcomentario` (
  `id` int(11) NOT NULL,
  `blog_id` int(11) DEFAULT NULL,
  `nombre` varchar(255) COLLATE utf8_unicode_ci NOT NULL,
  `email` varchar(255) COLLATE utf8_unicode_ci DEFAULT NULL,
  `web` varchar(255) COLLATE utf8_unicode_ci DEFAULT NULL,
  `blogcomentario` longtext COLLATE utf8_unicode_ci,
  `created` datetime NOT NULL,
  `mostrar` tinyint(1) NOT NULL,
  `heleido` tinyint(1) NOT NULL,
  `respuesta` tinyint(1) NOT NULL
) ENGINE=InnoDB DEFAULT CHARSET=utf8 COLLATE=utf8_unicode_ci;

-- --------------------------------------------------------

--
-- Estructura de tabla para la tabla `blogs`
--

CREATE TABLE `blogs` (
  `relacion_blog_id` int(11) NOT NULL,
  `Blog_id` int(11) NOT NULL
) ENGINE=InnoDB DEFAULT CHARSET=utf8 COLLATE=utf8_unicode_ci;

-- --------------------------------------------------------

--
-- Estructura de tabla para la tabla `brand`
--

CREATE TABLE `brand` (
  `id` int(11) NOT NULL,
  `business_id` int(11) DEFAULT NULL,
  `title` varchar(255) COLLATE utf8_unicode_ci NOT NULL,
  `image1` varchar(255) COLLATE utf8_unicode_ci DEFAULT NULL,
  `status` tinyint(1) NOT NULL,
  `updatedAt` datetime DEFAULT NULL,
  `createdAt` datetime NOT NULL,
  `deleted` tinyint(1) NOT NULL
) ENGINE=InnoDB DEFAULT CHARSET=utf8 COLLATE=utf8_unicode_ci;

--
-- Volcado de datos para la tabla `brand`
--

INSERT INTO `brand` (`id`, `business_id`, `title`, `image1`, `status`, `updatedAt`, `createdAt`, `deleted`) VALUES
(1, 29, 'Salomon', '/business/29/brands/1/brand-1.jpg', 1, '2018-01-30 09:11:11', '2018-01-30 09:11:11', 0),
(2, 29, 'The Nort Face', '/business/29/brands/2/brand-2.jpg', 1, '2018-01-30 09:12:23', '2018-01-30 09:12:23', 0),
(3, 29, 'Petzl', '/business/29/brands/3/brand-3.jpg', 1, '2018-01-30 09:12:57', '2018-01-30 09:12:57', 0),
(4, 29, 'Black Diamond', '/business/29/brands/4/brand-4.jpg', 1, '2018-01-30 09:13:51', '2018-01-30 09:13:32', 0),
(6, 29, 'Columbia', '/business/29/brands/6/brand-6.jpg', 1, '2018-01-30 09:14:57', '2018-01-30 09:14:57', 0),
(7, 29, 'Vaude', '/business/29/brands/7/brand-7.jpg', 1, '2018-01-30 09:20:50', '2018-01-30 09:20:50', 0),
(8, 29, 'Apples', '/business/29/brands/8/brand-8.jpg', 1, '2018-01-31 16:59:31', '2018-01-31 16:59:31', 1);

-- --------------------------------------------------------

--
-- Estructura de tabla para la tabla `category`
--

CREATE TABLE `category` (
  `id` int(11) NOT NULL,
  `name` varchar(255) COLLATE utf8_unicode_ci NOT NULL,
  `sort` int(11) NOT NULL,
  `datecreated` datetime NOT NULL,
  `deleted` tinyint(1) NOT NULL
) ENGINE=InnoDB DEFAULT CHARSET=utf8 COLLATE=utf8_unicode_ci;

--
-- Volcado de datos para la tabla `category`
--

INSERT INTO `category` (`id`, `name`, `sort`, `datecreated`, `deleted`) VALUES
(1, 'Casa y construcción', 1, '2017-05-07 08:34:33', 0),
(2, 'Deportes', 2, '2017-05-07 08:35:42', 0),
(3, 'Eventos', 3, '2017-05-07 08:35:49', 0),
(4, 'Hotel y Turismo', 4, '2017-05-07 08:35:58', 0),
(5, 'Negocios', 6, '2017-05-07 08:36:10', 0),
(6, 'Portafolio', 7, '2017-05-07 08:36:19', 0),
(7, 'Salud y bienestar', 8, '2017-05-07 08:36:27', 0),
(8, 'Servicios', 9, '2017-05-07 08:36:39', 0);

-- --------------------------------------------------------

--
-- Estructura de tabla para la tabla `client`
--

CREATE TABLE `client` (
  `id` int(11) NOT NULL,
  `phonenumber` varchar(255) COLLATE utf8_unicode_ci DEFAULT NULL,
  `movil` varchar(255) COLLATE utf8_unicode_ci DEFAULT NULL
) ENGINE=InnoDB DEFAULT CHARSET=utf8 COLLATE=utf8_unicode_ci;

--
-- Volcado de datos para la tabla `client`
--

INSERT INTO `client` (`id`, `phonenumber`, `movil`) VALUES
(32, '600 000 00', '600 000 000'),
(33, NULL, NULL),
(36, '9876', NULL),
(37, NULL, NULL);

-- --------------------------------------------------------

--
-- Estructura de tabla para la tabla `contact`
--

CREATE TABLE `contact` (
  `id` int(11) NOT NULL,
  `business_id` int(11) DEFAULT NULL,
  `datecreated` datetime NOT NULL,
  `name` varchar(255) COLLATE utf8_unicode_ci NOT NULL,
  `description` longtext COLLATE utf8_unicode_ci,
  `telephoneormail` varchar(255) COLLATE utf8_unicode_ci NOT NULL
) ENGINE=InnoDB DEFAULT CHARSET=utf8 COLLATE=utf8_unicode_ci;

--
-- Volcado de datos para la tabla `contact`
--

INSERT INTO `contact` (`id`, `business_id`, `datecreated`, `name`, `description`, `telephoneormail`) VALUES
(1, 1, '2017-05-02 07:35:15', 'Rubén', '', '123456789'),
(2, 3, '2017-09-18 18:20:27', 'Luis Serrano Martinez', '', 'lserrano@globatia.com');

-- --------------------------------------------------------

--
-- Estructura de tabla para la tabla `contactinfo`
--

CREATE TABLE `contactinfo` (
  `id` int(11) NOT NULL,
  `business_id` int(11) DEFAULT NULL,
  `email` varchar(255) COLLATE utf8_unicode_ci DEFAULT NULL,
  `telephone` varchar(255) COLLATE utf8_unicode_ci DEFAULT NULL,
  `mobilephone` varchar(255) COLLATE utf8_unicode_ci DEFAULT NULL,
  `fax` varchar(255) COLLATE utf8_unicode_ci DEFAULT NULL,
  `latitude` double DEFAULT NULL,
  `longitude` double DEFAULT NULL,
  `address` varchar(255) COLLATE utf8_unicode_ci DEFAULT NULL,
  `datecreated` datetime NOT NULL,
  `schedule` varchar(255) COLLATE utf8_unicode_ci DEFAULT NULL
) ENGINE=InnoDB DEFAULT CHARSET=utf8 COLLATE=utf8_unicode_ci;

--
-- Volcado de datos para la tabla `contactinfo`
--

INSERT INTO `contactinfo` (`id`, `business_id`, `email`, `telephone`, `mobilephone`, `fax`, `latitude`, `longitude`, `address`, `datecreated`, `schedule`) VALUES
(2, 1, 'rubensr@appandweb.es', '00000000', '612345689', '', NULL, NULL, 'Calle Gracia, 12, Granada', '2017-05-06 08:23:25', 'Mañanas de 07:00 a 15:00 y Tardes de 16:00 - 19:00'),
(3, 2, 'samuelst@appandweb.es', '234131', '1131', '131231', NULL, NULL, 'C/Gracia, 12', '2017-05-06 18:30:03', '123 1231 1231'),
(4, 3, 'info@opentalentschool.com', '958262746', '609629222', '958262746', NULL, NULL, 'Calle Gracia nº12 - 1ª', '2017-05-06 19:03:48', ''),
(5, 4, NULL, NULL, NULL, NULL, NULL, NULL, NULL, '2017-05-08 12:41:15', NULL),
(6, 5, NULL, NULL, NULL, NULL, NULL, NULL, NULL, '2017-05-08 12:43:09', NULL),
(7, 9, 'jmjimenez89@gmail.com', '987654321', '654321123', '', NULL, NULL, 'Calle Gracia nº12', '2017-05-08 12:53:04', 'De 8:00 a 14:00 . y de 16:30 a 19:00'),
(8, 10, 'pablothaxmp@gmail.com', '695858585', '958787878', '', NULL, NULL, 'Jesse Owens', '2017-05-08 12:57:50', '9:00'),
(9, 11, '', '', '', '', NULL, NULL, '', '2017-05-08 12:59:55', ''),
(10, 12, '', '', '', '', NULL, NULL, '', '2017-05-08 13:01:56', ''),
(11, 14, 'correachpaola@gmail.com', '605316500', '605316501', '605316500', NULL, NULL, 'C/Gracia, n2', '2017-05-08 13:06:44', '09:00-14:00'),
(12, 13, 'correo', '3643687387', '5436843684368', '', NULL, NULL, 'calle en algún lugar', '2017-05-08 13:06:51', 'de 9 a 20'),
(13, 16, 'pepe@gmail.com', '1234567', '7654321', 'fax', NULL, NULL, 'calle santa glotilde', '2017-05-08 13:12:49', '20:00 - 08:00'),
(14, 17, 'Nature@gmail.com', '957930400', '643212567', '957930401', NULL, NULL, 'C/Primavera nº 12 S/N', '2017-05-08 13:13:37', 'L-V 9:00-14:00 17:00 21:00'),
(15, 15, 'hola@mellamanbe.com', '671 454 154', '671454154', '', NULL, NULL, 'Granada', '2017-05-08 13:19:40', '24 horas'),
(16, 18, NULL, NULL, NULL, NULL, NULL, NULL, NULL, '2017-05-08 13:43:31', NULL),
(17, 7, 'lserranoge@gmail.com', '958273198', '677302014', '900000000', NULL, NULL, 'Ctra Murcia Urb Carmen de las palmas', '2017-05-08 16:51:06', '09:00-14:00'),
(18, 6, 'mariajcrespo81@gmail.com', '958 73 56 49', '666750050', '', NULL, NULL, 'C/ Camino de la torrecilla', '2017-05-10 16:18:01', '10:00-20:00'),
(19, 19, 'lolimontes@hotmail.com', '958468882', '655659912', '', NULL, NULL, 'C/ Lepanto 7 ', '2017-05-10 17:28:19', 'L-V de 9-14 horas'),
(20, 20, NULL, NULL, NULL, NULL, NULL, NULL, NULL, '2017-05-10 17:30:21', NULL),
(21, 21, NULL, NULL, NULL, NULL, NULL, NULL, NULL, '2017-05-10 17:34:16', NULL),
(22, 22, '', '', '', '', NULL, NULL, '', '2017-05-10 17:36:18', ''),
(23, 23, NULL, NULL, NULL, NULL, NULL, NULL, NULL, '2017-05-10 17:38:13', NULL),
(24, 24, NULL, NULL, NULL, NULL, NULL, NULL, NULL, '2017-05-10 17:41:05', NULL),
(25, 25, 'pedrocarrionsanchez8@hotmail.com', '', '610788458', '', NULL, NULL, 'C/LEPANTO Nº7 ATICO G ALBOLOTE 18220 (GRANADA)', '2017-05-10 17:42:57', 'DE SOL A SOL'),
(26, 26, NULL, NULL, NULL, NULL, NULL, NULL, NULL, '2017-05-10 17:45:00', NULL),
(27, 8, NULL, NULL, NULL, NULL, NULL, NULL, NULL, '2017-05-12 06:50:56', NULL),
(28, 28, '', '666666666', '777888999', '953637373', NULL, NULL, 'guadiana 9', '2017-05-12 16:36:40', '9-20:00'),
(29, 27, NULL, NULL, NULL, NULL, NULL, NULL, NULL, '2017-05-14 12:52:51', NULL),
(30, 29, 'testtienda@edewis.com', '912 123 123', '600 000 000', '', NULL, NULL, 'Calle Gracia, 12, 18004, Granada', '2018-01-30 07:39:34', '08:00 - 14:00 / 16:00 - 19:00'),
(31, 31, NULL, NULL, NULL, NULL, NULL, NULL, NULL, '2018-02-02 13:41:28', NULL),
(32, 30, NULL, NULL, NULL, NULL, NULL, NULL, NULL, '2018-02-02 13:45:13', NULL);

-- --------------------------------------------------------

--
-- Estructura de tabla para la tabla `image`
--

CREATE TABLE `image` (
  `id` int(11) NOT NULL,
  `pathimage` varchar(255) COLLATE utf8_unicode_ci DEFAULT NULL,
  `datecreated` datetime NOT NULL,
  `width` double NOT NULL,
  `height` double NOT NULL
) ENGINE=InnoDB DEFAULT CHARSET=utf8 COLLATE=utf8_unicode_ci;

-- --------------------------------------------------------

--
-- Estructura de tabla para la tabla `itemfeaturedproduct`
--

CREATE TABLE `itemfeaturedproduct` (
  `id` int(11) NOT NULL,
  `product_id` int(11) DEFAULT NULL,
  `mfeaturedproducts_id` int(11) DEFAULT NULL,
  `itemorder` int(11) NOT NULL
) ENGINE=InnoDB DEFAULT CHARSET=utf8 COLLATE=utf8_unicode_ci;

--
-- Volcado de datos para la tabla `itemfeaturedproduct`
--

INSERT INTO `itemfeaturedproduct` (`id`, `product_id`, `mfeaturedproducts_id`, `itemorder`) VALUES
(2, 3, 259, 1),
(3, 6, 259, 2),
(4, 9, 259, 4),
(6, 7, 259, 3),
(7, 15, 259, 100),
(8, 16, 259, 100);

-- --------------------------------------------------------

--
-- Estructura de tabla para la tabla `legalinfo`
--

CREATE TABLE `legalinfo` (
  `id` int(11) NOT NULL,
  `business_id` int(11) DEFAULT NULL,
  `legalwarning` longtext COLLATE utf8_unicode_ci,
  `privacypolicy` longtext COLLATE utf8_unicode_ci,
  `cookiespolicy` longtext COLLATE utf8_unicode_ci,
  `datecreated` datetime NOT NULL
) ENGINE=InnoDB DEFAULT CHARSET=utf8 COLLATE=utf8_unicode_ci;

--
-- Volcado de datos para la tabla `legalinfo`
--

INSERT INTO `legalinfo` (`id`, `business_id`, `legalwarning`, `privacypolicy`, `cookiespolicy`, `datecreated`) VALUES
(1, 1, NULL, NULL, NULL, '2017-05-06 08:52:13'),
(2, 2, NULL, NULL, NULL, '2017-05-06 18:30:03'),
(3, 3, NULL, NULL, NULL, '2017-05-06 19:03:48'),
(4, 4, NULL, NULL, NULL, '2017-05-08 12:41:15'),
(5, 5, NULL, NULL, NULL, '2017-05-08 12:43:09'),
(6, 9, NULL, NULL, NULL, '2017-05-08 12:53:04'),
(7, 10, NULL, NULL, NULL, '2017-05-08 12:57:50'),
(8, 11, NULL, NULL, NULL, '2017-05-08 12:59:55'),
(9, 12, NULL, NULL, NULL, '2017-05-08 13:01:56'),
(10, 14, NULL, NULL, NULL, '2017-05-08 13:06:44'),
(11, 13, NULL, NULL, NULL, '2017-05-08 13:06:51'),
(12, 16, NULL, NULL, NULL, '2017-05-08 13:12:49'),
(13, 17, NULL, NULL, NULL, '2017-05-08 13:13:37'),
(14, 15, NULL, NULL, NULL, '2017-05-08 13:19:40'),
(15, 18, NULL, NULL, NULL, '2017-05-08 13:43:31'),
(16, 7, NULL, NULL, NULL, '2017-05-08 16:51:06'),
(17, 6, NULL, NULL, NULL, '2017-05-10 16:18:01'),
(18, 19, NULL, NULL, NULL, '2017-05-10 17:28:19'),
(19, 20, NULL, NULL, NULL, '2017-05-10 17:30:21'),
(20, 21, NULL, NULL, NULL, '2017-05-10 17:34:16'),
(21, 22, NULL, NULL, NULL, '2017-05-10 17:36:19'),
(22, 23, NULL, NULL, NULL, '2017-05-10 17:38:14'),
(23, 24, NULL, NULL, NULL, '2017-05-10 17:41:05'),
(24, 25, NULL, NULL, NULL, '2017-05-10 17:42:57'),
(25, 26, NULL, NULL, NULL, '2017-05-10 17:45:00'),
(26, 8, NULL, NULL, NULL, '2017-05-12 06:50:56'),
(27, 28, NULL, NULL, NULL, '2017-05-12 16:36:40'),
(28, 27, NULL, NULL, NULL, '2017-05-14 12:52:51'),
(29, 29, NULL, NULL, NULL, '2018-01-30 07:39:34'),
(30, 31, NULL, NULL, NULL, '2018-02-02 13:41:28'),
(31, 30, NULL, NULL, NULL, '2018-02-02 13:45:13');

-- --------------------------------------------------------

--
-- Estructura de tabla para la tabla `location`
--

CREATE TABLE `location` (
  `id` int(11) NOT NULL,
  `business_id` int(11) DEFAULT NULL,
  `namelocation` varchar(255) COLLATE utf8_unicode_ci DEFAULT NULL,
  `latitud` double DEFAULT NULL,
  `longitud` double DEFAULT NULL,
  `datecreated` datetime NOT NULL
) ENGINE=InnoDB DEFAULT CHARSET=utf8 COLLATE=utf8_unicode_ci;

--
-- Volcado de datos para la tabla `location`
--

INSERT INTO `location` (`id`, `business_id`, `namelocation`, `latitud`, `longitud`, `datecreated`) VALUES
(2, 1, 'Sede de Madrid', 40.45451973283749, -3.6904032859832796, '2017-04-29 12:02:07'),
(3, 1, 'Sede de Barcelona', 41.3850639, 2.1734034999999494, '2017-04-29 12:02:29'),
(5, 12, 'Granada', NULL, NULL, '2017-05-08 13:08:40'),
(6, 16, 'Ubi 1', 28.0573112, -15.46089219999999, '2017-05-08 13:44:31'),
(7, 13, 'Granada', 37.1773363, -3.5985570999999936, '2017-05-08 13:59:21'),
(9, 10, NULL, 37.1854846, -3.61776610000004, '2017-05-08 20:23:01'),
(10, 2, 'oficina', 37.17451, -3.601949999999988, '2017-05-09 16:25:37'),
(11, 6, 'Pedro Antonio de Alarcon', 21.9931265, -99.02307350000001, '2017-05-10 16:56:25'),
(12, 2, 'Madrid', 40.549087222428604, -3.8920159944427724, '2017-05-10 18:14:18'),
(13, 28, 'lugar de la empresa', 40.420309687395786, -3.7056764002777527, '2017-05-20 11:20:17'),
(14, 29, 'OUTSIDECAMP', 37.1745305, -3.602037600000017, '2018-01-30 12:49:26');

-- --------------------------------------------------------

--
-- Estructura de tabla para la tabla `mcontact`
--

CREATE TABLE `mcontact` (
  `id` int(11) NOT NULL,
  `colorbutton` varchar(255) COLLATE utf8_unicode_ci DEFAULT NULL,
  `align` varchar(255) COLLATE utf8_unicode_ci DEFAULT NULL
) ENGINE=InnoDB DEFAULT CHARSET=utf8 COLLATE=utf8_unicode_ci;

--
-- Volcado de datos para la tabla `mcontact`
--

INSERT INTO `mcontact` (`id`, `colorbutton`, `align`) VALUES
(100, NULL, NULL),
(109, 'white', 'center'),
(140, NULL, NULL),
(146, 'black', 'left'),
(160, 'bla', 'left'),
(166, NULL, NULL),
(172, NULL, NULL),
(208, NULL, NULL),
(212, NULL, NULL),
(243, '#EF980C', 'right'),
(266, NULL, NULL),
(272, NULL, NULL);

-- --------------------------------------------------------

--
-- Estructura de tabla para la tabla `mfeaturedproducts`
--

CREATE TABLE `mfeaturedproducts` (
  `id` int(11) NOT NULL
) ENGINE=InnoDB DEFAULT CHARSET=utf8 COLLATE=utf8_unicode_ci;

--
-- Volcado de datos para la tabla `mfeaturedproducts`
--

INSERT INTO `mfeaturedproducts` (`id`) VALUES
(259);

-- --------------------------------------------------------

--
-- Estructura de tabla para la tabla `mfooter`
--

CREATE TABLE `mfooter` (
  `id` int(11) NOT NULL,
  `datecreated` datetime NOT NULL,
  `typewidth` int(11) NOT NULL,
  `backgroundcolor` varchar(10) COLLATE utf8_unicode_ci DEFAULT NULL,
  `fontcolor` varchar(10) COLLATE utf8_unicode_ci DEFAULT NULL,
  `fontsize` varchar(10) COLLATE utf8_unicode_ci DEFAULT NULL,
  `theme` varchar(255) COLLATE utf8_unicode_ci NOT NULL,
  `template` varchar(255) COLLATE utf8_unicode_ci NOT NULL,
  `moduloorder` int(11) NOT NULL,
  `backgroundimage` varchar(255) COLLATE utf8_unicode_ci DEFAULT NULL,
  `textalign` varchar(20) COLLATE utf8_unicode_ci DEFAULT NULL,
  `showservice` tinyint(1) NOT NULL,
  `showproject` tinyint(1) NOT NULL,
  `showhome` tinyint(1) NOT NULL,
  `showsocialnetwork` tinyint(1) NOT NULL,
  `showaddress` tinyint(1) NOT NULL,
  `business_id` int(11) DEFAULT NULL,
  `font` varchar(155) COLLATE utf8_unicode_ci DEFAULT NULL,
  `fonttitlesize` varchar(30) COLLATE utf8_unicode_ci DEFAULT NULL,
  `fonttextsize` varchar(30) COLLATE utf8_unicode_ci DEFAULT NULL
) ENGINE=InnoDB DEFAULT CHARSET=utf8 COLLATE=utf8_unicode_ci;

--
-- Volcado de datos para la tabla `mfooter`
--

INSERT INTO `mfooter` (`id`, `datecreated`, `typewidth`, `backgroundcolor`, `fontcolor`, `fontsize`, `theme`, `template`, `moduloorder`, `backgroundimage`, `textalign`, `showservice`, `showproject`, `showhome`, `showsocialnetwork`, `showaddress`, `business_id`, `font`, `fonttitlesize`, `fonttextsize`) VALUES
(1, '2017-04-23 15:40:32', 2, '#FFFFFF', '#909090', NULL, '1', 'mfooter:theme1.html.twig', 10000, '', 'left', 1, 1, 1, 1, 1, 1, '/fonts/Raleway/Raleway-Light.ttf', NULL, NULL),
(2, '2017-05-06 18:30:00', 1, '#3D3D3D', '#FFFFFF', NULL, '1', 'mfooter:theme1.html.twig', 10000, NULL, 'left', 1, 1, 1, 1, 1, 2, '/fonts/Roboto/Roboto-Regular.ttf', NULL, NULL),
(3, '2017-05-06 19:03:13', 1, '#FFFFFF', '#FFFFFF', NULL, '1', 'mfooter:theme1.html.twig', 10000, '/business/3/78-footer-3-back.png', 'left', 1, 1, 1, 1, 1, 3, '/fonts/Open_Sans/OpenSans-Bold.ttf', NULL, 'font-size:small;'),
(4, '2017-05-08 12:41:10', 1, NULL, NULL, NULL, '1', 'mfooter:theme1.html.twig', 10000, NULL, 'left', 1, 1, 1, 1, 1, 4, NULL, NULL, NULL),
(6, '2017-05-08 12:44:32', 1, '#6EFFB6', '#424042', NULL, '1', 'mfooter:theme1.html.twig', 10000, NULL, 'left', 1, 1, 1, 1, 1, 6, '/fonts/Lora/Lora-Italic.ttf', NULL, NULL),
(7, '2017-05-08 12:45:53', 1, '#FFFFFF', '#000000', NULL, '3', 'mfooter:theme3.html.twig', 10000, NULL, 'left', 1, 1, 1, 1, 1, 7, '/fonts/Open_Sans/OpenSans-Light.ttf', NULL, NULL),
(8, '2017-05-08 12:47:04', 1, NULL, NULL, NULL, '1', 'mfooter:theme1.html.twig', 10000, NULL, 'left', 1, 1, 1, 1, 1, 8, NULL, NULL, NULL),
(9, '2017-05-08 12:52:23', 2, '#D5D5D5', '#909090', NULL, '1', 'mfooter:theme1.html.twig', 10000, NULL, 'left', 1, 1, 1, 1, 1, 9, '/fonts/Raleway/Raleway-Light.ttf', NULL, NULL),
(10, '2017-05-08 12:57:08', 1, '#FFDFF0', '#6CCE94', NULL, '1', 'mfooter:theme1.html.twig', 10000, NULL, 'left', 1, 1, 1, 1, 1, 10, '/fonts/Open_Sans/OpenSans-Regular.ttf', NULL, NULL),
(11, '2017-05-08 12:59:20', 1, '#FFFFFF', '#909090', NULL, '1', 'mfooter:theme1.html.twig', 10000, NULL, 'left', 1, 1, 1, 1, 1, 11, '/fonts/Open_Sans/OpenSans-Light.ttf', NULL, NULL),
(12, '2017-05-08 13:01:18', 1, '#FFFFFF', '#909090', NULL, '1', 'mfooter:theme1.html.twig', 10000, '48-footer-12-back.jpg', 'left', 1, 1, 1, 1, 1, 12, '/fonts/Open_Sans/OpenSans-Light.ttf', NULL, NULL),
(13, '2017-05-08 13:04:29', 1, '#62BC55', '#000000', NULL, '3', 'mfooter:theme3.html.twig', 10000, NULL, 'left', 1, 1, 1, 1, 1, 13, '/fonts/Open_Sans/OpenSans-Light.ttf', NULL, NULL),
(14, '2017-05-08 13:05:24', 1, '#FFFFFF', '#19BDCF', NULL, '1', 'mfooter:theme1.html.twig', 10000, NULL, 'left', 1, 1, 1, 1, 1, 14, 'null', NULL, NULL),
(15, '2017-05-08 13:11:26', 1, '#FFFFFF', '#909090', NULL, '3', 'mfooter:theme3.html.twig', 10000, '50-footer-15-back.jpg', 'left', 1, 1, 1, 1, 1, 17, '/fonts/Roboto/Roboto-Regular.ttf', NULL, NULL),
(16, '2017-05-08 13:11:29', 1, '#FFFFFF', '#159020', NULL, '3', 'mfooter:theme3.html.twig', 10000, NULL, 'left', 1, 1, 1, 1, 1, 16, '/fonts/Lora/Lora-Regular.ttf', NULL, NULL),
(17, '2017-05-08 13:19:37', 3, '#EE92AD', '#909090', NULL, '2', 'mfooter:theme2.html.twig', 10000, '11-footer-17-back.png', 'left', 1, 1, 1, 1, 1, 15, '/fonts/Lora/Lora-Italic.ttf', NULL, NULL),
(18, '2017-05-08 13:42:59', 1, NULL, NULL, NULL, '1', 'mfooter:theme1.html.twig', 10000, NULL, 'left', 1, 1, 1, 1, 1, 18, NULL, NULL, NULL),
(19, '2017-05-10 17:28:14', 1, '#FFFFFF', '#212121', NULL, '3', 'mfooter:theme3.html.twig', 10000, NULL, 'left', 1, 1, 1, 1, 1, 19, '/fonts/Lora/Lora-Bold.ttf', NULL, NULL),
(20, '2017-05-10 17:30:12', 1, NULL, NULL, NULL, '1', 'mfooter:theme1.html.twig', 10000, NULL, 'left', 1, 1, 1, 1, 1, 20, NULL, NULL, NULL),
(21, '2017-05-10 17:34:09', 1, NULL, NULL, NULL, '1', 'mfooter:theme1.html.twig', 10000, NULL, 'left', 1, 1, 1, 1, 1, 21, NULL, NULL, NULL),
(22, '2017-05-10 17:36:09', 1, '#FFFFFF', '#909090', NULL, '2', 'mfooter:theme2.html.twig', 10000, '30-footer-22-back.jpg', 'left', 1, 1, 1, 1, 1, 22, '/fonts/Open_Sans/OpenSans-Light.ttf', NULL, NULL),
(23, '2017-05-10 17:38:03', 1, NULL, NULL, NULL, '1', 'mfooter:theme1.html.twig', 10000, NULL, 'left', 1, 1, 1, 1, 1, 23, NULL, NULL, NULL),
(24, '2017-05-10 17:41:01', 5, '#FFFFFF', '#909090', NULL, '2', 'mfooter:theme2.html.twig', 10000, '37-footer-24-back.jpg', 'left', 1, 1, 1, 1, 1, 24, '/fonts/Open_Sans/OpenSans-Light.ttf', NULL, NULL),
(25, '2017-05-10 17:42:51', 7, '#FFFFFF', '#909090', NULL, '1', 'mfooter:theme1.html.twig', 10000, '87-footer-25-back.JPG', 'left', 1, 1, 1, 1, 1, 25, '/fonts/Open_Sans/OpenSans-Light.ttf', NULL, NULL),
(26, '2017-05-10 17:44:55', 3, '#FFFFFF', '#909090', NULL, '1', 'mfooter:theme1.html.twig', 10000, NULL, 'left', 1, 1, 1, 1, 1, 26, '/fonts/Open_Sans/OpenSans-Light.ttf', NULL, NULL),
(27, '2017-05-12 16:35:11', 1, NULL, NULL, NULL, '1', 'mfooter:theme1.html.twig', 10000, NULL, 'left', 1, 1, 1, 1, 1, 27, NULL, NULL, NULL),
(28, '2017-05-12 16:36:09', 1, '#FFFFFF', '#75DFB4', NULL, '3', 'mfooter:theme3.html.twig', 10000, NULL, 'left', 1, 1, 1, 1, 1, 28, '/fonts/Lora/Lora-Regular.ttf', NULL, NULL),
(29, '2018-01-30 07:39:33', 4, '#CCCCCC', '#787878', NULL, '1', 'mfooter:theme1.html.twig', 10000, NULL, 'left', 1, 1, 1, 1, 1, 29, '/fonts/Open_Sans/OpenSans-Light.ttf', NULL, 'font-size:small;'),
(30, '2018-02-02 13:41:27', 1, NULL, NULL, NULL, '1', 'mfooter:theme1.html.twig', 10000, NULL, 'left', 1, 1, 1, 1, 1, 31, NULL, NULL, NULL),
(31, '2018-02-02 13:45:12', 1, NULL, NULL, NULL, '1', 'mfooter:theme1.html.twig', 10000, NULL, 'left', 1, 1, 1, 1, 1, 30, NULL, NULL, NULL);

-- --------------------------------------------------------

--
-- Estructura de tabla para la tabla `mfreetextimage`
--

CREATE TABLE `mfreetextimage` (
  `id` int(11) NOT NULL,
  `text` longtext COLLATE utf8_unicode_ci,
  `image` varchar(255) COLLATE utf8_unicode_ci DEFAULT NULL,
  `tipodiseno` int(11) NOT NULL,
  `imagenredondeada` tinyint(1) NOT NULL,
  `aligntext` varchar(20) COLLATE utf8_unicode_ci NOT NULL
) ENGINE=InnoDB DEFAULT CHARSET=utf8 COLLATE=utf8_unicode_ci;

--
-- Volcado de datos para la tabla `mfreetextimage`
--

INSERT INTO `mfreetextimage` (`id`, `text`, `image`, `tipodiseno`, `imagenredondeada`, `aligntext`) VALUES
(101, NULL, NULL, 1, 0, 'left'),
(104, 'Lorem Ipsum es simplemente el texto de relleno de las imprentas y archivos de texto. Lorem Ipsum ha sido el texto de relleno estándar de las industrias desde el año 1500, cuando un impresor (N. del T. persona que se dedica a la imprenta) desconocido usó una galería de textos y los mezcló de tal manera que logró hacer un libro de textos especimen. No sólo sobrevivió 500 años, sino que tambien ingresó como texto de relleno en documentos electrónicos, quedando esencialmente igual al original. Fue popularizado en los 60s con la creación de las hojas "Letraset", las cuales contenian pasajes de Lorem Ipsum, y más recientemente con software de autoedición, como por ejemplo Aldus PageMaker, el cual incluye versiones de Lorem Ipsum.', 'freetextimage-104-95.jpeg', 1, 1, 'left'),
(137, 'Ganador del año pasado: Bboy Kill\r\n\r\nEl participante de Korea del sur Bboy Kill ganó la pasada edición del evento. Aqui lo tenemos haciendo un magnifico airchair', 'freetextimage-137-46.jpg', 1, 1, 'center'),
(154, '8. Get by\r\n\r\n<b>Apañárselas</b>\r\n\r\nMy french isn’t very good, but it’s enough to get by.\r\nMy francés no es muy bueno, pero es suficiente para apañármelas.\r\n\r\n \r\n\r\n9. Run away (from)\r\n\r\nEscaparse, huir, alejarse.\r\n\r\nWhy did you run away from me?\r\n¿Por qué huiste de mí?\r\n\r\n \r\n\r\n10. Keep up (with)\r\n\r\nLlevar el ritmo\r\n\r\nYou’re walking too fast. I can’t keep up with you.\r\nEstás andando muy rápido. No puedo llevar tu ritmo\r\n\r\n \r\n\r\n11. Look up (at)\r\n\r\nFijarse en algo\r\n\r\nWe looked up at the plane as it flew above us.\r\nNos fijámos en el avión hasta que nos pasó por encima.', 'freetextimage-154-53.jpg', 1, 1, 'left'),
(174, 'ñor hrñ uh ñogud hgño uhñouhñ u hñou hñu hñoudhgñ au hñauhañ uh ñuh ñ h h lh', 'freetextimage-174-51.png', 1, 0, 'left'),
(193, '"Lorem ipsum dolor sit amet, consectetur adipiscing elit, sed do eiusmod tempor incididunt ut labore et dolore magna aliqua. Ut enim ad minim veniam, quis nostrud exercitation ullamco laboris nisi ut aliquip ex ea commodo consequat. Duis aute irure dolor in reprehenderit in voluptate velit esse cillum dolore eu fugiat nulla pariatur. Excepteur sint occaecat cupidatat non proident, sunt in culpa qui officia deserunt mollit anim id est laborum."', 'freetextimage-193-46.jpg', 1, 1, 'left'),
(222, 'Lorem ipsum dolor sit amet, consectetuer adipiscing elit. Aenean commodo ligula eget dolor. Aenean massa. Cum sociis natoque penatibus et magnis dis parturient montes, nascetur ridiculus mus. Donec quam felis, ultricies nec, pellentesque eu, pretium quis, sem. Nulla consequat massa quis enim. Donec pede justo, fringilla vel, aliquet nec, vulputate eget, arcu. In enim justo, rhoncus ut, imperdiet a, venenatis vitae, justo. Nullam dictum felis eu pede mollis pretium. Integer tincidunt. Cras dapibus. Vivamus elementum semper nisi. Aenean vulputate eleifend tellus. Aenean leo ligula, porttitor eu, consequat vitae, eleifend ac, enim. Aliquam lorem ante, dapibus in, viverra quis, feugiat a, tellus. Phasellus viverra nulla ut metus varius laoreet. Quisque rutrum. Aenean imperdiet. Etiam ultricies nisi vel augue. Curabitur ullamcorper ultricies nisi. Nam eget dui. Etiam rhoncus. Maecenas tempus, tellus eget condimentum rhoncus, sem quam semper libero, sit amet adipiscing sem neque sed ipsum. Nam quam nunc, blandit vel, luctus pulvinar, hendrerit id, lorem. Maecenas nec odio et ante tincidunt tempus. Donec vitae sapien ut libero venenatis faucibus. Nullam quis ante. Etiam sit amet orci eget eros faucibus tincidunt. Duis leo. Sed fringilla mauris sit amet nibh. Donec sodales sagittis magna. Sed ', 'freetextimage-222-24.png', 1, 1, 'left'),
(230, '', '/business/29/freetextimage-230-64.png', 1, 0, 'center'),
(246, 'Nos encontrará en C/ Gracia nº 12.\r\nGranada', NULL, 1, 0, 'center'),
(247, 'Teléfono: 912 123 123', NULL, 1, 0, 'center'),
(248, 'Email: contacto@outsidecamp.com', NULL, 1, 0, 'center'),
(250, 'Lorem ipsum dolor sit amet, consectetuer adipiscing elit. Aenean commodo ligula eget dolor. Aenean massa. Cum sociis natoque penatibus et magnis dis parturient montes, nascetur ridiculus mus. Donec quam felis, ultricies nec, pellentesque eu, pretium quis, sem. Nulla consequat massa quis enim. ', '/business/29/freetextimage-250-7.jpg', 1, 0, 'left'),
(251, 'In enim justo, rhoncus ut, imperdiet a, venenatis vitae, justo. Nullam dictum felis eu pede mollis pretium. Integer tincidunt. Cras dapibus. Vivamus elementum semper nisi. Aenean vulputate eleifend tellus. Aenean leo ligula, porttitor eu, consequat vitae, eleifend ac, enim. Aliquam lorem ante, dapibus in, viverra quis, feugiat a, tellus.\r\n\r\n', '/business/29/freetextimage-251-96.jpg', 1, 1, 'left'),
(256, 'Phasellus viverra nulla ut metus varius laoreet. Quisque rutrum. Aenean imperdiet. Etiam ultricies nisi vel augue. Curabitur ullamcorper ultricies nisi. Nam eget dui. Etiam rhoncus. Maecenas tempus, tellus eget condimentum rhoncus, sem quam semper libero, sit amet adipiscing sem neque sed ipsum. Nam quam nunc, blandit vel, luctus pulvinar, hendrerit id, lorem. Maecenas nec odio et ante tincidunt tempus. Donec vitae sapien ut libero venenatis faucibus. Nullam quis ante.', '/business/29/freetextimage-256-94.jpg', 1, 1, 'left'),
(264, 'En este espacio puedes poner un resumen por ejemplo de tu empresa, a que se dedica.', NULL, 1, 0, 'left'),
(270, 'En este espacio puedes poner un resumen por ejemplo de tu empresa, a que se dedica.', NULL, 1, 0, 'left');

-- --------------------------------------------------------

--
-- Estructura de tabla para la tabla `mgalery`
--

CREATE TABLE `mgalery` (
  `id` int(11) NOT NULL
) ENGINE=InnoDB DEFAULT CHARSET=utf8 COLLATE=utf8_unicode_ci;

--
-- Volcado de datos para la tabla `mgalery`
--

INSERT INTO `mgalery` (`id`) VALUES
(56),
(102),
(112),
(114),
(117),
(120),
(122),
(123),
(129),
(130),
(132),
(142),
(147),
(156),
(173),
(176),
(180),
(183),
(184),
(186),
(187),
(204),
(213),
(214),
(215),
(216),
(218),
(227),
(234),
(261),
(267);

-- --------------------------------------------------------

--
-- Estructura de tabla para la tabla `mgaleryimage`
--

CREATE TABLE `mgaleryimage` (
  `id` int(11) NOT NULL,
  `mgalery_id` int(11) DEFAULT NULL,
  `path` varchar(255) COLLATE utf8_unicode_ci DEFAULT NULL,
  `title` varchar(255) COLLATE utf8_unicode_ci DEFAULT NULL,
  `subtitle` varchar(255) COLLATE utf8_unicode_ci DEFAULT NULL,
  `width` double DEFAULT NULL,
  `height` double DEFAULT NULL,
  `datecreated` datetime NOT NULL,
  `imageorder` int(11) NOT NULL,
  `url` varchar(255) COLLATE utf8_unicode_ci DEFAULT NULL
) ENGINE=InnoDB DEFAULT CHARSET=utf8 COLLATE=utf8_unicode_ci;

--
-- Volcado de datos para la tabla `mgaleryimage`
--

INSERT INTO `mgaleryimage` (`id`, `mgalery_id`, `path`, `title`, `subtitle`, `width`, `height`, `datecreated`, `imageorder`, `url`) VALUES
(70, 56, '70.jpg', NULL, NULL, 1600, 750, '2017-05-04 18:45:38', 100, NULL),
(71, 56, '71.jpg', NULL, NULL, 1600, 750, '2017-05-04 18:45:38', 100, NULL),
(72, 56, '72.jpg', NULL, NULL, 1600, 750, '2017-05-04 18:45:38', 100, NULL),
(116, 114, '116.jpg', NULL, NULL, 700, 550, '2017-05-08 12:09:46', 100, NULL),
(117, 114, '117.jpg', NULL, NULL, 700, 550, '2017-05-08 12:09:53', 100, NULL),
(120, 120, '120.jpg', 'Lorem Ipsum Dolor sit amet', 'Agamet epsilum contum dolor met', 1600, 750, '2017-05-08 13:08:08', 100, ''),
(122, 120, '122.jpg', 'Lorem Ipsum Dolor sit amet', 'Agamet epsilum contum dolor met', 1600, 750, '2017-05-08 13:08:30', 100, ''),
(123, 120, '123.jpg', 'Lorem Ipsum Dolor sit amet', 'Agamet epsilum contum dolor met', 1600, 750, '2017-05-08 13:08:30', 100, ''),
(124, 122, '124.jpg', 'París', 'Torre Eifel', 700, 550, '2017-05-08 13:09:56', 100, 'http://paola1.edewis.es'),
(125, 123, '125.jpg', 'El mando de la TV', 'Supermando', 1920, 1280, '2017-05-08 13:12:45', 100, ''),
(126, 130, '126.png', 'World BBoy Battle', 'U.S.A.', 300, 300, '2017-05-08 13:17:03', 100, ''),
(127, 130, '127.png', 'TIP Crew', 'South Korea', 498, 444, '2017-05-08 13:17:14', 100, ''),
(128, 130, '128.jpg', NULL, NULL, 1170, 603, '2017-05-08 13:18:01', 100, NULL),
(129, 132, '129.jpg', 'perrito', 'perrin', 600, 471, '2017-05-08 13:18:55', 100, ''),
(130, 130, '130.jpg', 'BBOYSPOT', 'Canada', 715, 300, '2017-05-08 13:19:23', 100, ''),
(131, 132, '131.jpg', '', '', 656, 757, '2017-05-08 13:19:41', 100, ''),
(132, 132, '132.jpg', NULL, NULL, 480, 360, '2017-05-08 13:19:41', 100, NULL),
(133, 123, '133.JPG', NULL, NULL, 954, 328, '2017-05-08 13:40:40', 100, NULL),
(139, 156, '139.jpg', NULL, NULL, 1600, 750, '2017-05-08 13:46:58', 100, NULL),
(140, 156, '140.jpg', NULL, NULL, 1600, 750, '2017-05-08 13:46:59', 100, NULL),
(141, 156, '141.jpg', NULL, NULL, 700, 550, '2017-05-08 13:47:27', 100, NULL),
(144, 176, '144.jpeg', NULL, NULL, 700, 550, '2017-05-08 14:07:33', 100, NULL),
(145, 176, '145.jpg', NULL, NULL, 1920, 1279, '2017-05-08 14:07:43', 100, NULL),
(157, 183, '157.jpg', '', '', 840, 470, '2017-05-09 11:50:46', 1, ''),
(158, 183, '158.jpg', NULL, NULL, 1024, 679, '2017-05-09 11:51:31', 100, NULL),
(159, 183, '159.jpg', NULL, NULL, 1600, 949, '2017-05-09 11:52:45', 100, NULL),
(161, 187, '161.jpg', NULL, NULL, 5050, 3371, '2017-05-10 10:46:48', 100, NULL),
(162, 187, '162.jpg', NULL, NULL, 1920, 1280, '2017-05-10 10:46:48', 100, NULL),
(163, 187, '163.jpg', NULL, NULL, 5472, 3648, '2017-05-10 10:46:48', 100, NULL),
(164, 102, '164.jpg', 'El Placer de la Buena Comida', '', 1600, 773, '2017-05-10 13:21:26', 2, ''),
(165, 102, '165.jpg', NULL, NULL, 1600, 919, '2017-05-10 13:22:01', 3, NULL),
(166, 102, '166.jpg', NULL, NULL, 1600, 952, '2017-05-10 13:23:27', 1, NULL),
(167, 180, '167.jpg', NULL, NULL, 1600, 750, '2017-05-10 13:43:42', 100, NULL),
(168, 180, '168.jpg', NULL, NULL, 1600, 750, '2017-05-10 13:43:42', 100, NULL),
(169, 180, '169.jpg', NULL, NULL, 1600, 750, '2017-05-10 13:43:42', 100, NULL),
(183, 112, '183.jpg', NULL, NULL, 700, 550, '2017-05-10 13:59:52', 100, NULL),
(184, 112, '184.jpg', NULL, NULL, 700, 550, '2017-05-10 13:59:59', 100, NULL),
(185, 112, '185.jpeg', NULL, NULL, 700, 550, '2017-05-10 14:00:05', 100, NULL),
(186, 112, '186.jpg', NULL, NULL, 700, 550, '2017-05-10 14:01:00', 100, NULL),
(190, 204, '190.jpg', NULL, NULL, 700, 550, '2017-05-10 16:46:57', 100, NULL),
(191, 204, '191.jpg', NULL, NULL, 1600, 750, '2017-05-10 16:47:18', 100, NULL),
(192, 204, '192.jpg', NULL, NULL, 700, 550, '2017-05-10 16:47:26', 100, NULL),
(193, 204, '193.jpeg', NULL, NULL, 700, 550, '2017-05-10 16:47:31', 100, NULL),
(194, 204, '194.jpg', NULL, NULL, 1600, 750, '2017-05-10 16:47:38', 100, NULL),
(195, 204, '195.jpg', NULL, NULL, 1600, 750, '2017-05-10 16:47:45', 100, NULL),
(196, 213, '196.jpg', 'Plato de pasta', '', 700, 550, '2017-05-10 18:16:26', 100, ''),
(197, 216, '197.jpg', NULL, NULL, 700, 550, '2017-05-13 09:15:55', 100, NULL),
(198, 218, '198.jpg', 'open madrid', '', 700, 550, '2017-05-20 11:15:05', 100, ''),
(199, 218, '199.jpg', NULL, NULL, 700, 550, '2017-05-20 11:15:47', 100, NULL),
(200, 218, '200.jpg', NULL, NULL, 1600, 750, '2017-05-20 11:16:02', 100, NULL),
(201, 218, '201.jpg', NULL, NULL, 1600, 750, '2017-05-20 11:16:09', 100, NULL),
(216, 234, '/business/29/galery-216.jpg', 'OUTSIDECAMP', 'TODO PARA LA MONTAÑA', 1600, 734, '2018-01-30 11:58:25', 100, ''),
(220, 227, '/business/29/galery-220.jpg', 'Tiendas de campaña', '', 1517, 713, '2018-01-30 12:24:25', 1, 'http://tutienda.edewis.com/tienda/tienda-de-capaa/'),
(221, 227, '/business/29/galery-221.jpg', 'Senderismo', '', 1517, 713, '2018-01-30 12:25:42', 4, 'http://tutienda.edewis.com/tienda/senderismo/'),
(226, 227, '/business/29/galery-226.jpg', 'Escalada', '', 1517, 713, '2018-01-30 12:36:45', 3, 'http://tutienda.edewis.com/tienda/escalada/'),
(228, 227, '/business/29/galery-228.jpg', 'Ski de Montaña', '', 1517, 713, '2018-01-30 13:27:28', 2, 'http://tutienda.edewis.com/tienda/esqui-de-montaa/'),
(231, 227, '/business/29/galery-231.jpg', 'Mochilas y Maletas', '', 1517, 713, '2018-01-30 13:29:59', 5, 'http://tutienda.edewis.com/tienda/mochilas-y-maletas/'),
(232, 234, '/business/29/galery-232.jpeg', 'OUTSIDECAMP', 'LOS MEJORES PRECIOS TODO EL AÑO', 1920, 966, '2018-01-30 13:31:58', 100, ''),
(233, 234, '/business/29/galery-233.jpg', 'OUTSIDECAMP', 'LÁNZATE A TU PASIÓN', 1600, 1067, '2018-01-30 13:37:06', 100, ''),
(234, 261, '/business/31/galery-234.jpg', NULL, NULL, 700, 550, '2018-02-02 13:41:28', 100, NULL),
(235, 261, '/business/31/galery-235.jpg', NULL, NULL, 700, 550, '2018-02-02 13:41:28', 100, NULL),
(236, 261, '/business/31/galery-236.jpg', NULL, NULL, 700, 550, '2018-02-02 13:41:28', 100, NULL),
(237, 261, '/business/31/galery-237.jpeg', NULL, NULL, 700, 550, '2018-02-02 13:41:28', 100, NULL),
(238, 261, '/business/31/galery-238.jpg', NULL, NULL, 1600, 750, '2018-02-02 13:41:28', 100, NULL),
(239, 261, '/business/31/galery-239.jpg', NULL, NULL, 1600, 750, '2018-02-02 13:41:28', 100, NULL),
(240, 261, '/business/31/galery-240.jpg', NULL, NULL, 1600, 750, '2018-02-02 13:41:28', 100, NULL),
(241, 267, '/business/30/galery-241.jpg', NULL, NULL, 700, 550, '2018-02-02 13:45:13', 100, NULL),
(242, 267, '/business/30/galery-242.jpeg', NULL, NULL, 700, 550, '2018-02-02 13:45:13', 100, NULL),
(243, 267, '/business/30/galery-243.jpg', NULL, NULL, 700, 550, '2018-02-02 13:45:13', 100, NULL),
(244, 267, '/business/30/galery-244.jpg', NULL, NULL, 700, 550, '2018-02-02 13:45:13', 100, NULL),
(245, 267, '/business/30/galery-245.jpg', NULL, NULL, 1600, 750, '2018-02-02 13:45:13', 100, NULL),
(246, 267, '/business/30/galery-246.jpg', NULL, NULL, 1600, 750, '2018-02-02 13:45:13', 100, NULL),
(247, 267, '/business/30/galery-247.jpg', NULL, NULL, 1600, 750, '2018-02-02 13:45:13', 100, NULL);

-- --------------------------------------------------------

--
-- Estructura de tabla para la tabla `mheader`
--

CREATE TABLE `mheader` (
  `id` int(11) NOT NULL,
  `datecreated` datetime NOT NULL,
  `typewidth` int(11) NOT NULL,
  `backgroundcolor` varchar(10) COLLATE utf8_unicode_ci DEFAULT NULL,
  `fontcolor` varchar(10) COLLATE utf8_unicode_ci DEFAULT NULL,
  `fontsize` varchar(10) COLLATE utf8_unicode_ci DEFAULT NULL,
  `theme` varchar(255) COLLATE utf8_unicode_ci NOT NULL,
  `template` varchar(255) COLLATE utf8_unicode_ci NOT NULL,
  `moduloorder` int(11) NOT NULL,
  `backgroundimage` varchar(255) COLLATE utf8_unicode_ci DEFAULT NULL,
  `textalign` varchar(20) COLLATE utf8_unicode_ci DEFAULT NULL,
  `showservices` tinyint(1) NOT NULL,
  `showproject` tinyint(1) NOT NULL,
  `showhome` tinyint(1) NOT NULL,
  `showsocialnetwork` tinyint(1) NOT NULL,
  `business_id` int(11) DEFAULT NULL,
  `font` varchar(155) COLLATE utf8_unicode_ci DEFAULT NULL,
  `fonttitlesize` varchar(30) COLLATE utf8_unicode_ci DEFAULT NULL,
  `fonttextsize` varchar(30) COLLATE utf8_unicode_ci DEFAULT NULL
) ENGINE=InnoDB DEFAULT CHARSET=utf8 COLLATE=utf8_unicode_ci;

--
-- Volcado de datos para la tabla `mheader`
--

INSERT INTO `mheader` (`id`, `datecreated`, `typewidth`, `backgroundcolor`, `fontcolor`, `fontsize`, `theme`, `template`, `moduloorder`, `backgroundimage`, `textalign`, `showservices`, `showproject`, `showhome`, `showsocialnetwork`, `business_id`, `font`, `fonttitlesize`, `fonttextsize`) VALUES
(1, '2017-04-23 15:41:26', 2, '#FFFFFF', '#6D6D6D', NULL, '3', 'mheader:theme3.html.twig', 0, '', 'left', 1, 1, 1, 1, 1, '/fonts/Roboto/Roboto-Light.ttf', NULL, NULL),
(2, '2017-05-06 18:30:00', 1, '#FFFFFF', '#909090', NULL, '1', 'mheader:theme1.html.twig', 0, NULL, 'left', 1, 1, 1, 1, 2, '/fonts/Open_Sans/OpenSans-Light.ttf', NULL, NULL),
(3, '2017-05-06 19:03:13', 6, '#FFFFFF', '#162190', NULL, '2', 'mheader:theme2.html.twig', 0, '', 'left', 1, 1, 1, 1, 3, '/fonts/Open_Sans/OpenSans-Bold.ttf', NULL, 'font-size:small;'),
(4, '2017-05-08 12:41:10', 1, NULL, NULL, NULL, '1', 'mheader:theme1.html.twig', 0, NULL, 'left', 1, 1, 1, 1, 4, NULL, NULL, NULL),
(6, '2017-05-08 12:44:32', 1, NULL, NULL, NULL, '1', 'mheader:theme1.html.twig', 0, NULL, 'left', 1, 1, 1, 1, 6, NULL, NULL, NULL),
(7, '2017-05-08 12:45:53', 1, '#69C3FF', '#000000', NULL, '4', 'mheader:theme4.html.twig', 0, NULL, 'left', 1, 1, 1, 1, 7, '/fonts/Open_Sans/OpenSans-Regular.ttf', NULL, NULL),
(8, '2017-05-08 12:47:04', 1, NULL, NULL, NULL, '1', 'mheader:theme1.html.twig', 0, NULL, 'left', 1, 1, 1, 1, 8, NULL, NULL, NULL),
(9, '2017-05-08 12:52:23', 1, '#FFFFFF', '#909090', NULL, '5', 'mheader:theme5.html.twig', 0, NULL, 'left', 1, 1, 1, 1, 9, '/fonts/Raleway/Raleway-Light.ttf', NULL, NULL),
(10, '2017-05-08 12:57:08', 1, '#FF8B8B', '#619028', NULL, '5', 'mheader:theme5.html.twig', 0, NULL, 'left', 1, 1, 1, 1, 10, '/fonts/Raleway/Raleway-Bold.ttf', NULL, NULL),
(11, '2017-05-08 12:59:20', 1, '#0D66FF', '#ffffff', NULL, '1', 'mheader:theme1.html.twig', 0, NULL, 'left', 1, 1, 1, 1, 11, '/fonts/Open_Sans/OpenSans-Light.ttf', NULL, NULL),
(12, '2017-05-08 13:01:18', 1, NULL, NULL, NULL, '1', 'mheader:theme1.html.twig', 0, NULL, 'left', 1, 1, 1, 1, 12, NULL, NULL, NULL),
(13, '2017-05-08 13:04:29', 1, '#182A12', '#888888', NULL, '5', 'mheader:theme5.html.twig', 0, '', 'left', 1, 1, 1, 1, 13, '/fonts/Roboto/Roboto-Bold.ttf', NULL, NULL),
(14, '2017-05-08 13:05:24', 1, '#FFFFFF', '#19BDCF', NULL, '4', 'mheader:theme4.html.twig', 0, NULL, 'left', 1, 1, 1, 1, 14, '/fonts/Open_Sans/OpenSans-Light.ttf', NULL, NULL),
(15, '2017-05-08 13:11:26', 1, '#FFFFFF', '#909090', NULL, '4', 'mheader:theme4.html.twig', 0, '13-header-15-back.jpg', 'left', 1, 1, 1, 1, 17, '/fonts/Roboto/Roboto-Regular.ttf', NULL, NULL),
(16, '2017-05-08 13:11:29', 1, '#FFFFFF', '#909090', NULL, '1', 'mheader:theme1.html.twig', 0, NULL, 'left', 1, 1, 1, 1, 16, '/fonts/Open_Sans/OpenSans-Light.ttf', NULL, NULL),
(17, '2017-05-08 13:19:37', 1, '#FFFFFF', '#909090', NULL, '5', 'mheader:theme5.html.twig', 0, '62-header-17-back.png', 'left', 1, 1, 1, 1, 15, '/fonts/Open_Sans/OpenSans-Light.ttf', NULL, NULL),
(18, '2017-05-08 13:42:59', 1, NULL, NULL, NULL, '1', 'mheader:theme1.html.twig', 0, NULL, 'left', 1, 1, 1, 1, 18, NULL, NULL, NULL),
(19, '2017-05-10 17:28:14', 1, NULL, NULL, NULL, '1', 'mheader:theme1.html.twig', 0, NULL, 'left', 1, 1, 1, 1, 19, NULL, NULL, NULL),
(20, '2017-05-10 17:30:12', 1, NULL, NULL, NULL, '1', 'mheader:theme1.html.twig', 0, NULL, 'left', 1, 1, 1, 1, 20, NULL, NULL, NULL),
(21, '2017-05-10 17:34:09', 1, NULL, NULL, NULL, '1', 'mheader:theme1.html.twig', 0, NULL, 'left', 1, 1, 1, 1, 21, NULL, NULL, NULL),
(22, '2017-05-10 17:36:09', 1, '#2B22FF', '#909090', NULL, '5', 'mheader:theme5.html.twig', 0, '14-header-22-back.jpg', 'left', 1, 1, 1, 1, 22, '/fonts/Open_Sans/OpenSans-Bold.ttf', NULL, NULL),
(23, '2017-05-10 17:38:03', 1, NULL, NULL, NULL, '1', 'mheader:theme1.html.twig', 0, NULL, 'left', 1, 1, 1, 1, 23, NULL, NULL, NULL),
(24, '2017-05-10 17:41:01', 1, '#FFFFFF', '#909090', NULL, '5', 'mheader:theme5.html.twig', 0, NULL, 'left', 1, 1, 1, 1, 24, '/fonts/Open_Sans/OpenSans-Light.ttf', NULL, NULL),
(25, '2017-05-10 17:42:51', 3, '#DBAD9C', '#030303', NULL, '1', 'mheader:theme1.html.twig', 0, NULL, 'left', 1, 1, 1, 1, 25, '/fonts/Open_Sans/OpenSans-Light.ttf', NULL, NULL),
(26, '2017-05-10 17:44:55', 3, '#1C7C7D', '#000000', NULL, '5', 'mheader:theme5.html.twig', 0, NULL, 'left', 1, 1, 1, 1, 26, '/fonts/Open_Sans/OpenSans-Light.ttf', NULL, NULL),
(27, '2017-05-12 16:35:11', 1, NULL, NULL, NULL, '1', 'mheader:theme1.html.twig', 0, NULL, 'left', 1, 1, 1, 1, 27, NULL, NULL, NULL),
(28, '2017-05-12 16:36:09', 1, '#FFFFFF', '#75DFB4', NULL, '2', 'mheader:theme2.html.twig', 0, NULL, 'left', 1, 1, 1, 1, 28, '/fonts/Lora/Lora-Regular.ttf', NULL, NULL),
(29, '2018-01-30 07:39:33', 1, '#FFFFFF', '#44382D', NULL, '2', 'mheader:theme2.html.twig', 0, NULL, 'left', 1, 1, 1, 1, 29, '/fonts/Raleway/Raleway-Regular.ttf', NULL, 'font-size:large;'),
(30, '2018-02-02 13:41:27', 1, NULL, NULL, NULL, '1', 'mheader:theme1.html.twig', 0, NULL, 'left', 1, 1, 1, 1, 31, NULL, NULL, NULL),
(31, '2018-02-02 13:45:12', 1, NULL, NULL, NULL, '1', 'mheader:theme1.html.twig', 0, NULL, 'left', 1, 1, 1, 1, 30, NULL, NULL, NULL);

-- --------------------------------------------------------

--
-- Estructura de tabla para la tabla `mlastnews`
--

CREATE TABLE `mlastnews` (
  `id` int(11) NOT NULL,
  `text` varchar(255) COLLATE utf8_unicode_ci DEFAULT NULL
) ENGINE=InnoDB DEFAULT CHARSET=utf8 COLLATE=utf8_unicode_ci;

--
-- Volcado de datos para la tabla `mlastnews`
--

INSERT INTO `mlastnews` (`id`, `text`) VALUES
(139, '¡Examsline llega a España!'),
(155, 'Noticias de cosas'),
(159, 'Noticia '),
(185, 'Noticias Destacadas'),
(219, NULL),
(252, 'Últimas Noticias');

-- --------------------------------------------------------

--
-- Estructura de tabla para la tabla `mmap`
--

CREATE TABLE `mmap` (
  `id` int(11) NOT NULL,
  `text` varchar(255) COLLATE utf8_unicode_ci DEFAULT NULL
) ENGINE=InnoDB DEFAULT CHARSET=utf8 COLLATE=utf8_unicode_ci;

--
-- Volcado de datos para la tabla `mmap`
--

INSERT INTO `mmap` (`id`, `text`) VALUES
(113, NULL),
(121, 'Grana'),
(124, NULL),
(125, NULL),
(149, NULL),
(150, NULL),
(168, NULL),
(178, ''),
(179, NULL),
(207, 'Ubicación'),
(211, NULL),
(220, NULL),
(241, 'Dónde estamos:');

-- --------------------------------------------------------

--
-- Estructura de tabla para la tabla `mnewdetail`
--

CREATE TABLE `mnewdetail` (
  `id` int(11) NOT NULL
) ENGINE=InnoDB DEFAULT CHARSET=utf8 COLLATE=utf8_unicode_ci;

--
-- Volcado de datos para la tabla `mnewdetail`
--

INSERT INTO `mnewdetail` (`id`) VALUES
(190),
(221),
(255),
(257),
(258);

-- --------------------------------------------------------

--
-- Estructura de tabla para la tabla `mnewslist`
--

CREATE TABLE `mnewslist` (
  `id` int(11) NOT NULL
) ENGINE=InnoDB DEFAULT CHARSET=utf8 COLLATE=utf8_unicode_ci;

--
-- Volcado de datos para la tabla `mnewslist`
--

INSERT INTO `mnewslist` (`id`) VALUES
(253);

-- --------------------------------------------------------

--
-- Estructura de tabla para la tabla `module`
--

CREATE TABLE `module` (
  `id` int(11) NOT NULL,
  `page_id` int(11) DEFAULT NULL,
  `datecreated` datetime NOT NULL,
  `typewidth` int(11) NOT NULL,
  `backgroundcolor` varchar(10) COLLATE utf8_unicode_ci DEFAULT NULL,
  `fontcolor` varchar(10) COLLATE utf8_unicode_ci DEFAULT NULL,
  `fontsize` varchar(10) COLLATE utf8_unicode_ci DEFAULT NULL,
  `theme` varchar(255) COLLATE utf8_unicode_ci NOT NULL,
  `template` varchar(255) COLLATE utf8_unicode_ci NOT NULL,
  `moduloorder` int(11) NOT NULL,
  `backgroundimage` varchar(255) COLLATE utf8_unicode_ci DEFAULT NULL,
  `textalign` varchar(20) COLLATE utf8_unicode_ci DEFAULT NULL,
  `tipo` varchar(255) COLLATE utf8_unicode_ci NOT NULL,
  `font` varchar(155) COLLATE utf8_unicode_ci DEFAULT NULL,
  `confondo` tinyint(1) NOT NULL,
  `fonttitlesize` varchar(30) COLLATE utf8_unicode_ci DEFAULT NULL,
  `fonttextsize` varchar(30) COLLATE utf8_unicode_ci DEFAULT NULL
) ENGINE=InnoDB DEFAULT CHARSET=utf8 COLLATE=utf8_unicode_ci;

--
-- Volcado de datos para la tabla `module`
--

INSERT INTO `module` (`id`, `page_id`, `datecreated`, `typewidth`, `backgroundcolor`, `fontcolor`, `fontsize`, `theme`, `template`, `moduloorder`, `backgroundimage`, `textalign`, `tipo`, `font`, `confondo`, `fonttitlesize`, `fonttextsize`) VALUES
(54, 13, '2017-05-04 17:33:02', 2, '#FFFFFF', '#909090', NULL, '2', 'mservicedetail:theme2.html.twig', 100, NULL, NULL, 'mservicedetail', '/fonts/Open_Sans/OpenSans-Light.ttf', 1, NULL, NULL),
(55, 14, '2017-05-04 17:33:08', 2, '#FFFFFF', '#909090', NULL, '3', 'mserviceslist:theme3.html.twig', 100, NULL, NULL, 'mserviceslist', '/fonts/Open_Sans/OpenSans-Light.ttf', 1, NULL, NULL),
(56, 14, '2017-05-04 18:45:16', 1, '#FFFFFF', '#909090', NULL, '3', 'mgalery:theme3.html.twig', 100, NULL, NULL, 'mgalery', '/fonts/Open_Sans/OpenSans-Light.ttf', 0, NULL, NULL),
(57, 15, '2017-05-04 19:08:53', 2, '#FFFFFF', '#909090', NULL, '2', 'mservicedetail:theme2.html.twig', 100, NULL, NULL, 'mservicedetail', '/fonts/Open_Sans/OpenSans-Light.ttf', 1, NULL, NULL),
(58, 18, '2017-05-05 08:09:19', 1, NULL, NULL, NULL, '1', 'mservicedetail:theme1.html.twig', 100, NULL, NULL, 'mservicedetail', NULL, 1, NULL, NULL),
(84, 22, '2017-05-06 16:26:40', 1, NULL, NULL, NULL, '1', 'mservicedetail:theme1.html.twig', 100, NULL, NULL, 'mservicedetail', NULL, 1, NULL, NULL),
(95, 27, '2017-05-06 22:42:19', 1, '#FFFFFF', '#54901B', NULL, '1', 'mwelcometext:theme1.html.twig', 1, '/business/3/36-95-back.jpg', NULL, 'mwelcometext', '/fonts/Open_Sans/OpenSans-Bold.ttf', 1, 'font-size:xx-large;', 'undefined'),
(96, 27, '2017-05-06 22:42:48', 1, '', '#54901B', NULL, '1', 'mservices:theme1.html.twig', 3, '63-96-back.png', NULL, 'mservices', '/fonts/Roboto/Roboto-Light.ttf', 1, NULL, NULL),
(98, 27, '2017-05-06 22:49:39', 1, NULL, NULL, NULL, '1', 'mtestimony:theme1.html.twig', 4, NULL, NULL, 'mtestimonies', NULL, 1, NULL, NULL),
(100, 27, '2017-05-06 22:51:42', 1, NULL, NULL, NULL, '1', 'mcontact:theme1.html.twig', 2, NULL, NULL, 'mcontact', NULL, 1, NULL, NULL),
(101, 27, '2017-05-06 23:07:53', 1, '', '#54901B', NULL, '2', 'mfreetextimage:theme2.html.twig', 100, NULL, NULL, 'mfreetextimage', '/fonts/Open_Sans/OpenSans-Bold.ttf', 1, NULL, NULL),
(102, 26, '2017-05-07 08:37:30', 4, '#FFFFFF', '#687990', NULL, '4', 'mgalery:theme4.html.twig', 1, NULL, NULL, 'mgalery', '/fonts/Raleway/Raleway-Bold.ttf', 0, NULL, NULL),
(103, 26, '2017-05-07 08:51:36', 7, '#FFFFFF', '#000000', NULL, '1', 'mwelcometext:theme1.html.twig', 2, '', NULL, 'mwelcometext', '/fonts/Lora/Lora-Bold.ttf', 1, NULL, NULL),
(104, 26, '2017-05-07 08:55:00', 1, '#FAFAFA', '#000000', NULL, '1', 'mfreetextimage:theme1.html.twig', 4, '', NULL, 'mfreetextimage', '/fonts/Lora/Lora-Bold.ttf', 1, NULL, NULL),
(105, 26, '2017-05-07 08:58:25', 1, '#FFFFFF', '#000000', NULL, '1', 'mservices:theme1.html.twig', 3, '48-105-back.jpg', NULL, 'mservices', '/fonts/Roboto/Roboto-Bold.ttf', 1, NULL, NULL),
(109, 26, '2017-05-07 09:13:35', 1, '#FFFFFF', '#000000', NULL, '2', 'mcontact:theme2.html.twig', 7, NULL, NULL, 'mcontact', '/fonts/Lora/Lora-Bold.ttf', 1, NULL, NULL),
(112, 26, '2017-05-08 11:57:38', 1, '#FFFFFF', '#419018', NULL, '3', 'mgalery:theme3.html.twig', 5, NULL, NULL, 'mgalery', '/fonts/Lora/Lora-Regular.ttf', 0, NULL, NULL),
(113, 26, '2017-05-08 12:03:23', 1, NULL, NULL, NULL, '1', 'mmap:theme1.html.twig', 8, NULL, NULL, 'mmap', NULL, 0, NULL, NULL),
(114, 31, '2017-05-08 12:09:32', 1, '#FFFFFF', '#419018', NULL, '3', 'mgalery:theme3.html.twig', 100, NULL, NULL, 'mgalery', '/fonts/Lora/Lora-Regular.ttf', 0, NULL, NULL),
(115, 40, '2017-05-08 13:01:14', 1, '#00A2FF', '#FFFFFF', NULL, '1', 'mwelcometext:theme1.html.twig', 100, '', NULL, 'mwelcometext', '/fonts/Open_Sans/OpenSans-Light.ttf', 1, NULL, NULL),
(117, 42, '2017-05-08 13:04:55', 2, '#FFFFFF', '#909090', NULL, '3', 'mgalery:theme3.html.twig', 100, '4-117-back.jpg', NULL, 'mgalery', '/fonts/Raleway/Raleway-Regular.ttf', 0, NULL, NULL),
(119, 42, '2017-05-08 13:05:59', 1, NULL, NULL, NULL, '1', 'mwelcometext:theme1.html.twig', 100, NULL, NULL, 'mwelcometext', NULL, 1, NULL, NULL),
(120, 38, '2017-05-08 13:06:09', 1, '#FFFFFF', '#2D9059', NULL, '1', 'mgalery:theme1.html.twig', 100, NULL, NULL, 'mgalery', '/fonts/Raleway/Raleway-Light.ttf', 0, NULL, NULL),
(121, 42, '2017-05-08 13:07:57', 1, NULL, NULL, NULL, '1', 'mmap:theme1.html.twig', 100, NULL, NULL, 'mmap', NULL, 0, NULL, NULL),
(122, 44, '2017-05-08 13:08:05', 1, '#FFFFFF', '#909090', NULL, '1', 'mgalery:theme1.html.twig', 1, NULL, NULL, 'mgalery', '/fonts/Open_Sans/OpenSans-Light.ttf', 0, NULL, NULL),
(123, 43, '2017-05-08 13:08:07', 1, '#4A8BFF', '#909090', NULL, '1', 'mgalery:theme1.html.twig', 100, NULL, NULL, 'mgalery', '/fonts/Open_Sans/OpenSans-Light.ttf', 0, NULL, NULL),
(124, 42, '2017-05-08 13:09:00', 1, NULL, NULL, NULL, '1', 'mmap:theme1.html.twig', 100, NULL, NULL, 'mmap', NULL, 0, NULL, NULL),
(125, 42, '2017-05-08 13:09:45', 1, NULL, NULL, NULL, '1', 'mmap:theme1.html.twig', 100, NULL, NULL, 'mmap', NULL, 0, NULL, NULL),
(126, 38, '2017-05-08 13:11:55', 1, '#FFFFFF', '#909090', NULL, '1', 'mwelcometext:theme1.html.twig', 100, NULL, NULL, 'mwelcometext', '/fonts/Raleway/Raleway-Light.ttf', 1, NULL, NULL),
(129, 46, '2017-05-08 13:15:45', 1, '#FFD05B', '#059014', NULL, '4', 'mgalery:theme4.html.twig', 3, NULL, NULL, 'mgalery', '/fonts/Roboto/Roboto-Regular.ttf', 0, NULL, NULL),
(130, 40, '2017-05-08 13:16:33', 2, '#FFFFFF', '#909090', NULL, '3', 'mgalery:theme3.html.twig', 100, NULL, NULL, 'mgalery', '/fonts/Open_Sans/OpenSans-Light.ttf', 0, NULL, NULL),
(132, 46, '2017-05-08 13:18:21', 1, NULL, NULL, NULL, '1', 'mgalery:theme1.html.twig', 2, NULL, NULL, 'mgalery', NULL, 0, NULL, NULL),
(133, 38, '2017-05-08 13:20:36', 2, '#FFFFFF', '#212121', NULL, '2', 'mservices:theme2.html.twig', 100, '', NULL, 'mservices', '/fonts/Raleway/Raleway-Light.ttf', 1, NULL, NULL),
(136, 43, '2017-05-08 13:28:21', 1, '#C2FFCF', '#909090', NULL, '1', 'mwelcometext:theme1.html.twig', 100, NULL, NULL, 'mwelcometext', '/fonts/Roboto/Roboto-Bold.ttf', 1, NULL, NULL),
(137, 40, '2017-05-08 13:28:54', 2, NULL, NULL, NULL, '2', 'mfreetextimage:theme2.html.twig', 100, NULL, NULL, 'mfreetextimage', NULL, 1, NULL, NULL),
(138, 44, '2017-05-08 13:29:28', 1, '#FFFFFF', '#19BDCF', NULL, '3', 'mtestimony:theme3.html.twig', 5, NULL, NULL, 'mtestimonies', '/fonts/Open_Sans/OpenSans-Light.ttf', 1, NULL, NULL),
(139, 44, '2017-05-08 13:31:32', 2, '#FFFFFF', '#19BDCF', NULL, '3', 'mlastnews:theme3.html.twig', 6, '47-139-back.jpg', NULL, 'mlastnews', '/fonts/Open_Sans/OpenSans-Light.ttf', 1, NULL, NULL),
(140, 55, '2017-05-08 13:31:36', 1, '#FFFFFF', '#909090', NULL, '2', 'mcontact:theme2.html.twig', 100, NULL, NULL, 'mcontact', '/fonts/Roboto/Roboto-Bold.ttf', 1, NULL, NULL),
(141, 44, '2017-05-08 13:34:22', 1, '#FFFFFF', '#19BDCF', NULL, '2', 'mservices:theme2.html.twig', 4, NULL, NULL, 'mservices', '/fonts/Open_Sans/OpenSans-Light.ttf', 1, NULL, NULL),
(142, 54, '2017-05-08 13:38:11', 1, '#FFFFFF', '#909090', NULL, '3', 'mgalery:theme3.html.twig', 3, NULL, NULL, 'mgalery', '/fonts/Open_Sans/OpenSans-Light.ttf', 0, NULL, NULL),
(144, 54, '2017-05-08 13:39:04', 1, '#FFFFFF', '#909090', NULL, '1', 'mservices:theme1.html.twig', 2, '15-144-back.jpeg', NULL, 'mservices', '/fonts/Open_Sans/OpenSans-Light.ttf', 1, NULL, NULL),
(146, 57, '2017-05-08 13:39:45', 1, '#FFFFFF', '#19BDCF', NULL, '2', 'mcontact:theme2.html.twig', 100, NULL, NULL, 'mcontact', '/fonts/Open_Sans/OpenSans-Light.ttf', 1, NULL, NULL),
(147, 54, '2017-05-08 13:41:16', 1, '#FFFFFF', '#909090', NULL, '3', 'mgalery:theme3.html.twig', 100, NULL, NULL, 'mgalery', '/fonts/Open_Sans/OpenSans-Light.ttf', 0, NULL, NULL),
(148, 54, '2017-05-08 13:42:00', 1, '#FFFFFF', '#909090', NULL, '1', 'mtestimony:theme1.html.twig', 100, '22-148-back.jpeg', NULL, 'mtestimonies', '/fonts/Open_Sans/OpenSans-Light.ttf', 1, NULL, NULL),
(149, 46, '2017-05-08 13:42:40', 2, '#83D0FF', '#2A2A2A', NULL, '1', 'mmap:theme1.html.twig', 4, NULL, NULL, 'mmap', '/fonts/Roboto/Roboto-Regular.ttf', 0, NULL, NULL),
(150, 44, '2017-05-08 13:42:45', 1, '#FFFFFF', '#19BDCF', NULL, '1', 'mmap:theme1.html.twig', 7, NULL, NULL, 'mmap', '/fonts/Open_Sans/OpenSans-Light.ttf', 0, NULL, NULL),
(153, 44, '2017-05-08 13:44:22', 1, NULL, NULL, NULL, '1', 'mwelcometext:theme1.html.twig', 2, NULL, NULL, 'mwelcometext', NULL, 1, NULL, NULL),
(154, 44, '2017-05-08 13:45:24', 1, '#FFFFFF', '#03191B', NULL, '3', 'mfreetextimage:theme3.html.twig', 3, '12-154-back.jpg', NULL, 'mfreetextimage', '/fonts/Open_Sans/OpenSans-Light.ttf', 1, NULL, NULL),
(155, 43, '2017-05-08 13:46:17', 1, '#FFFFFF', '#909090', NULL, '2', 'mlastnews:theme2.html.twig', 100, NULL, NULL, 'mlastnews', '/fonts/Roboto/Roboto-Bold.ttf', 1, NULL, NULL),
(156, 58, '2017-05-08 13:46:35', 2, '#FF3D65', '#909090', NULL, '4', 'mgalery:theme4.html.twig', 100, NULL, NULL, 'mgalery', '/fonts/Roboto/Roboto-Bold.ttf', 0, NULL, NULL),
(157, 43, '2017-05-08 13:47:03', 1, '#F3FFBC', '#909090', NULL, '3', 'mservices:theme3.html.twig', 100, NULL, NULL, 'mservices', '/fonts/Roboto/Roboto-Bold.ttf', 1, NULL, NULL),
(159, 46, '2017-05-08 13:48:52', 1, '#FFFFFF', '#2A2A2A', NULL, '2', 'mlastnews:theme2.html.twig', 5, '86-159-back.png', NULL, 'mlastnews', '/fonts/Open_Sans/OpenSans-Light.ttf', 1, NULL, NULL),
(160, 44, '2017-05-08 13:50:29', 1, NULL, NULL, NULL, '1', 'mcontact:theme1.html.twig', 100, NULL, NULL, 'mcontact', NULL, 1, NULL, NULL),
(161, 38, '2017-05-08 13:50:43', 2, '#FFFFFF', '#90724A', NULL, '4', 'mtestimony:theme4.html.twig', 100, NULL, NULL, 'mtestimonies', '/fonts/Raleway/Raleway-Light.ttf', 1, NULL, NULL),
(162, 46, '2017-05-08 13:51:16', 1, NULL, NULL, NULL, '1', 'mwelcometext:theme1.html.twig', 1, NULL, NULL, 'mwelcometext', NULL, 1, NULL, NULL),
(165, 46, '2017-05-08 13:52:34', 1, '#FFFFFF', '#2A2A2A', NULL, '3', 'mservices:theme3.html.twig', 100, NULL, NULL, 'mservices', '/fonts/Lora/Lora-Regular.ttf', 1, NULL, NULL),
(166, 38, '2017-05-08 13:56:21', 1, '#EAEAEA', '#909090', NULL, '2', 'mcontact:theme2.html.twig', 100, NULL, NULL, 'mcontact', '/fonts/Raleway/Raleway-Light.ttf', 1, NULL, NULL),
(167, 46, '2017-05-08 13:57:52', 1, '#FFFFFF', '#159020', NULL, '2', 'mtestimony:theme2.html.twig', 100, NULL, NULL, 'mtestimonies', '/fonts/Lora/Lora-Regular.ttf', 1, NULL, NULL),
(168, 55, '2017-05-08 13:58:37', 1, NULL, NULL, NULL, '1', 'mmap:theme1.html.twig', 100, NULL, NULL, 'mmap', NULL, 0, NULL, NULL),
(169, 60, '2017-05-08 13:59:34', 1, NULL, NULL, NULL, '1', 'mservicedetail:theme1.html.twig', 100, NULL, NULL, 'mservicedetail', NULL, 1, NULL, NULL),
(170, 61, '2017-05-08 13:59:51', 1, NULL, NULL, NULL, '1', 'mservicedetail:theme1.html.twig', 100, NULL, NULL, 'mservicedetail', NULL, 1, NULL, NULL),
(172, 46, '2017-05-08 14:01:02', 1, NULL, NULL, NULL, '1', 'mcontact:theme1.html.twig', 100, NULL, NULL, 'mcontact', NULL, 1, NULL, NULL),
(173, 43, '2017-05-08 14:04:36', 1, NULL, NULL, NULL, '1', 'mgalery:theme1.html.twig', 100, NULL, NULL, 'mgalery', NULL, 0, NULL, NULL),
(174, 43, '2017-05-08 14:04:53', 1, NULL, NULL, NULL, '1', 'mfreetextimage:theme1.html.twig', 100, NULL, NULL, 'mfreetextimage', NULL, 1, NULL, NULL),
(175, 62, '2017-05-08 14:06:26', 1, '#FFFFFF', '#909090', NULL, '1', 'mwelcometext:theme1.html.twig', 100, '71-175-back.jpg', NULL, 'mwelcometext', '/fonts/Open_Sans/OpenSans-Light.ttf', 1, NULL, NULL),
(176, 62, '2017-05-08 14:07:05', 1, NULL, NULL, NULL, '1', 'mgalery:theme1.html.twig', 100, NULL, NULL, 'mgalery', NULL, 0, NULL, NULL),
(177, 66, '2017-05-08 18:14:13', 1, NULL, NULL, NULL, '1', 'mservicedetail:theme1.html.twig', 100, NULL, NULL, 'mservicedetail', NULL, 1, NULL, NULL),
(178, 39, '2017-05-08 20:19:17', 1, '#FFFFFF', '#808D90', NULL, '1', 'mmap:theme1.html.twig', 100, NULL, NULL, 'mmap', '/fonts/Roboto/Roboto-Regular.ttf', 0, NULL, NULL),
(179, 39, '2017-05-08 20:21:38', 1, NULL, NULL, NULL, '1', 'mmap:theme1.html.twig', 100, NULL, NULL, 'mmap', NULL, 0, NULL, NULL),
(180, 1, '2017-05-09 07:48:11', 1, '#FFFFFF', '#909090', NULL, '2', 'mgalery:theme2.html.twig', 100, NULL, NULL, 'mgalery', '/fonts/Roboto/Roboto-Light.ttf', 0, NULL, NULL),
(181, 36, '2017-05-09 11:25:33', 1, '#FFFFFF', '#223590', NULL, '1', 'mwelcometext:theme1.html.twig', 100, NULL, NULL, 'mwelcometext', '/fonts/Open_Sans/OpenSans-Regular.ttf', 1, NULL, NULL),
(182, 36, '2017-05-09 11:25:34', 1, '#4DCBFF', '#909090', NULL, '1', 'mwelcometext:theme1.html.twig', 100, NULL, NULL, 'mwelcometext', '/fonts/Open_Sans/OpenSans-Regular.ttf', 1, NULL, NULL),
(183, 36, '2017-05-09 11:37:17', 1, '#FFFFFF', '#909090', NULL, '1', 'mgalery:theme1.html.twig', 100, NULL, NULL, 'mgalery', '/fonts/Open_Sans/OpenSans-Regular.ttf', 0, NULL, NULL),
(184, 69, '2017-05-09 16:24:48', 1, '#FFFFFF', '#906625', NULL, '4', 'mgalery:theme4.html.twig', 100, NULL, NULL, 'mgalery', '/fonts/Lora/Lora-Regular.ttf', 0, NULL, NULL),
(185, 26, '2017-05-09 16:26:27', 1, '#FAFAFA', '#000000', NULL, '1', 'mlastnews:theme1.html.twig', 6, NULL, NULL, 'mlastnews', '/fonts/Roboto/Roboto-Regular.ttf', 1, NULL, NULL),
(186, 70, '2017-05-10 10:28:18', 1, NULL, NULL, NULL, '1', 'mgalery:theme1.html.twig', 100, NULL, NULL, 'mgalery', NULL, 0, NULL, NULL),
(187, 71, '2017-05-10 10:36:14', 1, NULL, NULL, NULL, '1', 'mgalery:theme1.html.twig', 100, NULL, NULL, 'mgalery', NULL, 0, NULL, NULL),
(188, 73, '2017-05-10 14:06:04', 7, '#FFFFFF', '#000000', NULL, '2', 'mservicedetail:theme2.html.twig', 100, NULL, NULL, 'mservicedetail', '/fonts/Roboto/Roboto-Regular.ttf', 1, NULL, NULL),
(189, 74, '2017-05-10 14:06:10', 1, NULL, NULL, NULL, '1', 'mservicedetail:theme1.html.twig', 100, NULL, NULL, 'mservicedetail', NULL, 1, NULL, NULL),
(190, 75, '2017-05-10 14:06:24', 4, '#FFFFFF', '#000000', NULL, '2', 'mnewdetail:theme2.html.twig', 100, NULL, NULL, 'mnewdetail', '/fonts/Roboto/Roboto-Regular.ttf', 1, NULL, NULL),
(191, 26, '2017-05-10 16:20:39', 4, '#FFFFFF', '#000000', NULL, '1', 'mprojectsfeatures:theme1.html.twig', 100, NULL, NULL, 'mprojectsfeatures', '/fonts/Roboto/Roboto-Regular.ttf', 1, NULL, NULL),
(192, 76, '2017-05-10 16:22:24', 6, '#FFFFFF', '#000000', NULL, '2', 'mprojectdetail:theme2.html.twig', 100, NULL, NULL, 'mprojectdetail', '/fonts/Roboto/Roboto-Regular.ttf', 1, NULL, NULL),
(193, 76, '2017-05-10 16:22:47', 4, '#FFFFFF', '#000000', NULL, '2', 'mfreetextimage:theme2.html.twig', 100, NULL, NULL, 'mfreetextimage', '/fonts/Roboto/Roboto-Regular.ttf', 1, NULL, NULL),
(201, 77, '2017-05-10 16:35:58', 1, NULL, NULL, NULL, '1', 'mservicedetail:theme1.html.twig', 100, NULL, NULL, 'mservicedetail', NULL, 1, NULL, NULL),
(203, 35, '2017-05-10 16:44:44', 1, '#77E07C', '#424042', NULL, '1', 'mwelcometext:theme1.html.twig', 100, NULL, NULL, 'mwelcometext', '/fonts/Lora/Lora-Italic.ttf', 1, NULL, NULL),
(204, 35, '2017-05-10 16:46:27', 1, '#FFFFFF', '#424042', NULL, '2', 'mgalery:theme2.html.twig', 100, NULL, NULL, 'mgalery', '/fonts/Lora/Lora-Italic.ttf', 0, NULL, NULL),
(205, 35, '2017-05-10 16:48:09', 4, '#AFFFFF', '#070607', NULL, '5', 'mservices:theme5.html.twig', 100, NULL, NULL, 'mservices', '/fonts/Lora/Lora-Italic.ttf', 1, NULL, NULL),
(206, 35, '2017-05-10 16:54:01', 5, '#FFFFFF', '#424042', NULL, '3', 'mprojectsfeatures:theme3.html.twig', 100, NULL, NULL, 'mprojectsfeatures', '/fonts/Lora/Lora-Italic.ttf', 1, NULL, NULL),
(207, 35, '2017-05-10 16:55:26', 1, NULL, NULL, NULL, '1', 'mmap:theme1.html.twig', 100, NULL, NULL, 'mmap', NULL, 0, NULL, NULL),
(208, 35, '2017-05-10 16:56:53', 1, NULL, NULL, NULL, '1', 'mcontact:theme1.html.twig', 100, NULL, NULL, 'mcontact', NULL, 1, NULL, NULL),
(210, 35, '2017-05-10 16:58:50', 2, '#FFFFFF', '#424042', NULL, '5', 'mtestimony:theme5.html.twig', 100, NULL, NULL, 'mtestimonies', '/fonts/Lora/Lora-Italic.ttf', 1, NULL, NULL),
(211, 79, '2017-05-10 17:08:47', 1, NULL, NULL, NULL, '1', 'mmap:theme1.html.twig', 100, NULL, NULL, 'mmap', NULL, 0, NULL, NULL),
(212, 79, '2017-05-10 17:09:02', 1, '#FFFFFF', '#424042', NULL, '2', 'mcontact:theme2.html.twig', 100, NULL, NULL, 'mcontact', '/fonts/Lora/Lora-Italic.ttf', 1, NULL, NULL),
(213, 32, '2017-05-10 18:15:59', 4, '#FFFFFF', '#000000', NULL, '3', 'mgalery:theme3.html.twig', 100, NULL, NULL, 'mgalery', '/fonts/Roboto/Roboto-Regular.ttf', 0, NULL, NULL),
(214, 85, '2017-05-10 18:39:27', 1, '#FFFFFF', '#909090', NULL, '2', 'mgalery:theme2.html.twig', 100, NULL, NULL, 'mgalery', '/fonts/Open_Sans/OpenSans-Light.ttf', 0, NULL, NULL),
(215, 80, '2017-05-11 13:30:15', 1, '#FFFFFF', '#212121', NULL, '3', 'mgalery:theme3.html.twig', 100, NULL, NULL, 'mgalery', '/fonts/Lora/Lora-Bold.ttf', 0, NULL, NULL),
(216, 87, '2017-05-13 09:15:24', 1, '#FFFFFF', '#526E90', NULL, '3', 'mgalery:theme3.html.twig', 100, NULL, NULL, 'mgalery', '/fonts/Roboto/Roboto-Regular.ttf', 0, NULL, NULL),
(217, 80, '2017-05-18 11:15:14', 1, NULL, NULL, NULL, '1', 'mwelcometext:theme1.html.twig', 100, NULL, NULL, 'mwelcometext', NULL, 1, NULL, NULL),
(218, 92, '2017-05-20 11:14:21', 4, '#FFFFFF', '#75DFB4', NULL, '3', 'mgalery:theme3.html.twig', 1, NULL, NULL, 'mgalery', '/fonts/Lora/Lora-Regular.ttf', 0, NULL, NULL),
(219, 92, '2017-05-20 11:16:58', 1, '#FFFFFF', '#6F827F', NULL, '1', 'mlastnews:theme1.html.twig', 4, NULL, NULL, 'mlastnews', '/fonts/Lora/Lora-Regular.ttf', 1, NULL, NULL),
(220, 92, '2017-05-20 11:19:00', 1, NULL, NULL, NULL, '1', 'mmap:theme1.html.twig', 3, NULL, NULL, 'mmap', NULL, 0, NULL, NULL),
(221, 95, '2017-05-20 11:22:40', 1, NULL, NULL, NULL, '1', 'mnewdetail:theme1.html.twig', 100, NULL, NULL, 'mnewdetail', NULL, 1, NULL, NULL),
(222, 92, '2017-05-20 11:27:52', 1, '#FFFFFF', '#75DFB4', NULL, '1', 'mfreetextimage:theme1.html.twig', 2, NULL, NULL, 'mfreetextimage', '/fonts/Lora/Lora-Regular.ttf', 1, NULL, NULL),
(223, 50, '2017-05-22 10:01:48', 1, NULL, NULL, NULL, '1', 'mwelcometext:theme1.html.twig', 100, NULL, NULL, 'mwelcometext', NULL, 1, NULL, NULL),
(224, 97, '2017-09-18 18:20:27', 1, '#FFFFFF', '#54901B', NULL, '1', 'mwelcometext:theme1.html.twig', 100, '/business/3/68-224-back.jpg', NULL, 'mwelcometext', '/fonts/Open_Sans/OpenSans-Bold.ttf', 1, 'font-size:medium;', 'undefined'),
(225, 97, '2017-09-18 18:21:04', 1, '#FFFFFF', '#54901B', NULL, '1', 'mwelcometext:theme1.html.twig', 100, '/business/3/68-225-back.jpg', NULL, 'mwelcometext', '/fonts/Open_Sans/OpenSans-Bold.ttf', 1, 'font-size:medium;', 'undefined'),
(226, 98, '2018-01-25 17:41:39', 1, NULL, NULL, NULL, '1', 'mservicedetail:theme1.html.twig', 100, NULL, NULL, 'mservicedetail', NULL, 1, NULL, NULL),
(227, 99, '2018-01-30 07:39:33', 1, '#44382D', '#FFFFFF', NULL, '2', 'mgalery:theme2.html.twig', 3, NULL, NULL, 'mgalery', '/fonts/Raleway/Raleway-Bold.ttf', 1, 'font-size:xx-large;', 'font-size:medium;'),
(228, 99, '2018-01-30 07:39:34', 1, '#44382D', '#FFFFFF', NULL, '1', 'mwelcometext:theme1.html.twig', 2, NULL, NULL, 'mwelcometext', '/fonts/Raleway/Raleway-Bold.ttf', 1, 'font-size:large;', 'undefined'),
(230, 99, '2018-01-30 07:39:34', 1, '#FFFFFF', '#909090', NULL, '2', 'mfreetextimage:theme2.html.twig', 7, NULL, 'center', 'mfreetextimage', '/fonts/Open_Sans/OpenSans-Light.ttf', 1, 'undefined', 'font-size:small;'),
(234, 99, '2018-01-30 11:58:10', 1, '#FFFFFF', '#FFFFFF', NULL, '1', 'mgalery:theme1.html.twig', 1, NULL, NULL, 'mgalery', '/fonts/Raleway/Raleway-Bold.ttf', 0, 'font-size:4vw;', 'font-size:larger;'),
(236, 100, '2018-01-30 12:30:19', 1, NULL, NULL, NULL, '1', 'mservicedetail:theme1.html.twig', 100, NULL, NULL, 'mservicedetail', NULL, 1, NULL, NULL),
(241, 102, '2018-01-30 12:48:40', 4, '#FFFFFF', '#909090', NULL, '1', 'mmap:theme1.html.twig', 2, NULL, NULL, 'mmap', '/fonts/Raleway/Raleway-Bold.ttf', 0, 'font-size:5vw;', 'undefined'),
(242, 102, '2018-01-30 12:49:50', 1, '#FFFFFF', '#FFFFFF', NULL, '1', 'mwelcometext:theme1.html.twig', 1, '/business/29/27-242-back.jpg', NULL, 'mwelcometext', '/fonts/Raleway/Raleway-Bold.ttf', 1, 'font-size:4vw;', 'undefined'),
(243, 102, '2018-01-30 12:55:05', 4, '#F2F2F2', '#44382D', NULL, '2', 'mcontact:theme2.html.twig', 6, NULL, NULL, 'mcontact', '/fonts/Raleway/Raleway-Bold.ttf', 1, 'font-size:2vw;', 'font-size:medium;'),
(246, 102, '2018-01-30 13:40:13', 1, '#FFFFFF', '#494949', NULL, '1', 'mfreetextimage:theme1.html.twig', 3, NULL, NULL, 'mfreetextimage', '/fonts/Raleway/Raleway-Regular.ttf', 1, 'undefined', 'font-size:x-large;'),
(247, 102, '2018-01-30 13:42:44', 1, '#FFFFFF', '#494949', NULL, '1', 'mfreetextimage:theme1.html.twig', 4, NULL, NULL, 'mfreetextimage', '/fonts/Raleway/Raleway-Regular.ttf', 1, 'undefined', 'font-size:x-large;'),
(248, 102, '2018-01-30 13:44:16', 1, '#FFFFFF', '#494949', NULL, '1', 'mfreetextimage:theme1.html.twig', 5, NULL, NULL, 'mfreetextimage', '/fonts/Raleway/Raleway-Regular.ttf', 1, 'undefined', 'font-size:x-large;'),
(249, 104, '2018-01-30 13:53:13', 1, '#494949', '#FFFFFF', NULL, '1', 'mwelcometext:theme1.html.twig', 1, '/business/29/65-249-back.jpg', NULL, 'mwelcometext', '/fonts/Raleway/Raleway-Bold.ttf', 1, 'font-size:medium;', 'undefined'),
(250, 104, '2018-01-30 13:57:51', 6, '#FFFFFF', '#494949', NULL, '4', 'mfreetextimage:theme4.html.twig', 2, NULL, NULL, 'mfreetextimage', '/fonts/Roboto/Roboto-Bold.ttf', 1, 'undefined', 'font-size:x-large;'),
(251, 104, '2018-01-30 14:17:57', 6, '#FFFFFF', '#494949', NULL, '1', 'mfreetextimage:theme1.html.twig', 3, NULL, NULL, 'mfreetextimage', '/fonts/Raleway/Raleway-Regular.ttf', 1, 'undefined', 'font-size:large;'),
(252, 99, '2018-01-30 14:21:34', 2, '#FFFFFF', '#494949', NULL, '2', 'mlastnews:theme2.html.twig', 6, NULL, NULL, 'mlastnews', '/fonts/Raleway/Raleway-Bold.ttf', 1, 'font-size:large;', 'font-size:small;'),
(253, 105, '2018-01-30 14:23:03', 5, '#FFFFFF', '#494949', NULL, '1', 'mnewslist:theme1.html.twig', 2, NULL, NULL, 'mnewslist', '/fonts/Raleway/Raleway-Regular.ttf', 1, 'font-size:x-large;', 'font-size:large;'),
(254, 105, '2018-01-30 14:24:42', 1, '#FFFFFF', '#FFFFFF', NULL, '1', 'mwelcometext:theme1.html.twig', 1, '/business/29/10-254-back.jpg', NULL, 'mwelcometext', '/fonts/Raleway/Raleway-Bold.ttf', 1, 'font-size:4vw;', 'undefined'),
(255, 106, '2018-01-30 14:26:03', 5, '#FFFFFF', '#494949', NULL, '1', 'mnewdetail:theme1.html.twig', 100, NULL, NULL, 'mnewdetail', '/fonts/Raleway/Raleway-Regular.ttf', 1, 'font-size:x-large;', 'font-size:medium;'),
(256, 104, '2018-01-30 14:44:40', 6, '#FFFFFF', '#494949', NULL, '3', 'mfreetextimage:theme3.html.twig', 4, NULL, NULL, 'mfreetextimage', '/fonts/Raleway/Raleway-Regular.ttf', 1, 'undefined', 'font-size:large;'),
(257, 107, '2018-01-30 14:56:56', 5, '#FFFFFF', '#494949', NULL, '1', 'mnewdetail:theme1.html.twig', 100, NULL, NULL, 'mnewdetail', '/fonts/Raleway/Raleway-Regular.ttf', 1, 'font-size:x-large;', 'font-size:medium;'),
(258, 108, '2018-01-30 14:57:49', 5, '#FFFFFF', '#494949', NULL, '1', 'mnewdetail:theme1.html.twig', 100, NULL, NULL, 'mnewdetail', '/fonts/Raleway/Raleway-Regular.ttf', 1, 'font-size:x-large;', 'font-size:medium;'),
(259, 99, '2018-01-30 20:00:57', 8, '#FFFFFF', '#494949', NULL, '2', 'mfeaturedproducts:theme2.html.twig', 5, NULL, NULL, 'mfeaturedproducts', '/fonts/Raleway/Raleway-Regular.ttf', 1, 'font-size:medium;', 'font-size:small;'),
(260, 99, '2018-01-30 20:02:43', 1, '#FFFFFF', '#494949', NULL, '1', 'mwelcometext:theme1.html.twig', 4, NULL, NULL, 'mwelcometext', '/fonts/Open_Sans/OpenSans-Bold.ttf', 1, 'font-size:medium;', 'undefined'),
(261, 117, '2018-02-02 13:41:28', 1, NULL, '#000000', NULL, '1', 'mgalery:theme1.html.twig', 1, NULL, NULL, 'mgalery', NULL, 1, NULL, NULL),
(262, 117, '2018-02-02 13:41:28', 1, NULL, NULL, NULL, '1', 'mwelcometext:theme1.html.twig', 2, NULL, NULL, 'mwelcometext', NULL, 1, NULL, NULL),
(263, 117, '2018-02-02 13:41:28', 1, NULL, '#000000', NULL, '1', 'mservices:theme1.html.twig', 3, '/business/31/11-263-back.jpg', NULL, 'mservices', NULL, 1, NULL, NULL),
(264, 117, '2018-02-02 13:41:28', 1, NULL, NULL, NULL, '2', 'mfreetextimage:theme2.html.twig', 4, NULL, 'center', 'mfreetextimage', NULL, 1, NULL, NULL),
(265, 117, '2018-02-02 13:41:28', 1, NULL, '#000000', NULL, '1', 'mtestimony:theme1.html.twig', 5, '/business/31/61-265-back.jpg', NULL, 'mtestimonies', NULL, 1, NULL, NULL),
(266, 117, '2018-02-02 13:41:28', 1, NULL, NULL, NULL, '2', 'mcontact:theme2.html.twig', 6, NULL, NULL, 'mcontact', NULL, 1, NULL, NULL),
(267, 119, '2018-02-02 13:45:13', 1, NULL, '#000000', NULL, '1', 'mgalery:theme1.html.twig', 1, NULL, NULL, 'mgalery', NULL, 1, NULL, NULL),
(268, 119, '2018-02-02 13:45:13', 1, NULL, NULL, NULL, '1', 'mwelcometext:theme1.html.twig', 2, NULL, NULL, 'mwelcometext', NULL, 1, NULL, NULL),
(269, 119, '2018-02-02 13:45:13', 1, NULL, '#000000', NULL, '1', 'mservices:theme1.html.twig', 3, '/business/30/94-269-back.jpg', NULL, 'mservices', NULL, 1, NULL, NULL),
(270, 119, '2018-02-02 13:45:13', 1, NULL, NULL, NULL, '2', 'mfreetextimage:theme2.html.twig', 4, NULL, 'center', 'mfreetextimage', NULL, 1, NULL, NULL),
(271, 119, '2018-02-02 13:45:13', 1, NULL, '#000000', NULL, '1', 'mtestimony:theme1.html.twig', 5, '/business/30/14-271-back.jpg', NULL, 'mtestimonies', NULL, 1, NULL, NULL),
(272, 119, '2018-02-02 13:45:13', 1, NULL, NULL, NULL, '2', 'mcontact:theme2.html.twig', 6, NULL, NULL, 'mcontact', NULL, 1, NULL, NULL);

-- --------------------------------------------------------

--
-- Estructura de tabla para la tabla `mprojectdetail`
--

CREATE TABLE `mprojectdetail` (
  `id` int(11) NOT NULL
) ENGINE=InnoDB DEFAULT CHARSET=utf8 COLLATE=utf8_unicode_ci;

--
-- Volcado de datos para la tabla `mprojectdetail`
--

INSERT INTO `mprojectdetail` (`id`) VALUES
(192);

-- --------------------------------------------------------

--
-- Estructura de tabla para la tabla `mprojectsfeatures`
--

CREATE TABLE `mprojectsfeatures` (
  `id` int(11) NOT NULL
) ENGINE=InnoDB DEFAULT CHARSET=utf8 COLLATE=utf8_unicode_ci;

--
-- Volcado de datos para la tabla `mprojectsfeatures`
--

INSERT INTO `mprojectsfeatures` (`id`) VALUES
(191),
(206);

-- --------------------------------------------------------

--
-- Estructura de tabla para la tabla `mprojectslist`
--

CREATE TABLE `mprojectslist` (
  `id` int(11) NOT NULL
) ENGINE=InnoDB DEFAULT CHARSET=utf8 COLLATE=utf8_unicode_ci;

-- --------------------------------------------------------

--
-- Estructura de tabla para la tabla `mservicedetail`
--

CREATE TABLE `mservicedetail` (
  `id` int(11) NOT NULL
) ENGINE=InnoDB DEFAULT CHARSET=utf8 COLLATE=utf8_unicode_ci;

--
-- Volcado de datos para la tabla `mservicedetail`
--

INSERT INTO `mservicedetail` (`id`) VALUES
(54),
(57),
(58),
(84),
(169),
(170),
(177),
(188),
(189),
(201),
(226),
(236);

-- --------------------------------------------------------

--
-- Estructura de tabla para la tabla `mservices`
--

CREATE TABLE `mservices` (
  `id` int(11) NOT NULL
) ENGINE=InnoDB DEFAULT CHARSET=utf8 COLLATE=utf8_unicode_ci;

--
-- Volcado de datos para la tabla `mservices`
--

INSERT INTO `mservices` (`id`) VALUES
(96),
(105),
(133),
(141),
(144),
(157),
(165),
(205),
(263),
(269);

-- --------------------------------------------------------

--
-- Estructura de tabla para la tabla `mserviceslist`
--

CREATE TABLE `mserviceslist` (
  `id` int(11) NOT NULL
) ENGINE=InnoDB DEFAULT CHARSET=utf8 COLLATE=utf8_unicode_ci;

--
-- Volcado de datos para la tabla `mserviceslist`
--

INSERT INTO `mserviceslist` (`id`) VALUES
(55);

-- --------------------------------------------------------

--
-- Estructura de tabla para la tabla `mtestimonies`
--

CREATE TABLE `mtestimonies` (
  `id` int(11) NOT NULL
) ENGINE=InnoDB DEFAULT CHARSET=utf8 COLLATE=utf8_unicode_ci;

--
-- Volcado de datos para la tabla `mtestimonies`
--

INSERT INTO `mtestimonies` (`id`) VALUES
(98),
(138),
(148),
(161),
(167),
(210),
(265),
(271);

-- --------------------------------------------------------

--
-- Estructura de tabla para la tabla `mwelcometext`
--

CREATE TABLE `mwelcometext` (
  `id` int(11) NOT NULL,
  `text` longtext COLLATE utf8_unicode_ci
) ENGINE=InnoDB DEFAULT CHARSET=utf8 COLLATE=utf8_unicode_ci;

--
-- Volcado de datos para la tabla `mwelcometext`
--

INSERT INTO `mwelcometext` (`id`, `text`) VALUES
(95, 'Desarrollando capacidades y habilidades a través de Programas de Alto Impacto. PDTT'),
(103, 'Bienvenidos al Restaurante Ratatouille\n\n'),
(115, 'En esta sección incluiremos algunos de los eventos más relevantes a nivel mundial'),
(119, 'BIENVENIDO  A MI PAGINA'),
(126, 'BIENVENIDOS A NUESTRA  WEB. \nLOREM IPSUM DOLOR SIT AMET.'),
(136, 'Hola texto texto vtexto texto texto texto'),
(153, '¡Empieza con Examsline desde hoy mismo y aumenta el porcentaje de aprobados de '),
(162, 'No soys bienvenidos a mi web piltrafillas'),
(175, NULL),
(181, 'Bienvenidos a AIRBUS '),
(182, 'Un mundo de sueños a tu alcance'),
(203, 'Hotel & Spa La Torrecilla'),
(217, 'COCINANDO EN EQUIPO'),
(223, 'guygkkkkkkkkkkkkkkkkkkkkkkkkkkkkkkkkkkkkkkkkkkkkkkkkkkkkkkkkkkkkkkkkkkkkkkkkkkkkkkkkkkkkkkkkkkkkkkkkkkkkkkkkkkkkkkkkkkkkkkkkkkkkkkkkkkkkkkkkkkkkkkkkkkkkkk'),
(224, 'Desarrollamos capacidades y habilidades a través de programas de Alto Impacto. PDTT'),
(225, NULL),
(228, 'Primeras marcas a precios imbatibles'),
(242, 'CONTACTO'),
(249, 'SOBRE NOSOTROS'),
(254, 'NOTICIAS'),
(260, 'Novedades'),
(262, 'En este espacio puedes poner tu lema o una bienvenida.'),
(268, 'En este espacio puedes poner tu lema o una bienvenida.');

-- --------------------------------------------------------

--
-- Estructura de tabla para la tabla `orderproducts`
--

CREATE TABLE `orderproducts` (
  `id` int(11) NOT NULL,
  `orders_id` int(11) DEFAULT NULL,
  `product_id` int(11) DEFAULT NULL,
  `price` double NOT NULL,
  `amount` double NOT NULL,
  `subtotal` double NOT NULL,
  `taxes` double NOT NULL,
  `total` double NOT NULL,
  `updatedAt` datetime DEFAULT NULL,
  `createdAt` datetime NOT NULL,
  `descuento` double NOT NULL,
  `base` double NOT NULL,
  `productvariant_id` int(11) DEFAULT NULL
) ENGINE=InnoDB DEFAULT CHARSET=utf8 COLLATE=utf8_unicode_ci;

--
-- Volcado de datos para la tabla `orderproducts`
--

INSERT INTO `orderproducts` (`id`, `orders_id`, `product_id`, `price`, `amount`, `subtotal`, `taxes`, `total`, `updatedAt`, `createdAt`, `descuento`, `base`, `productvariant_id`) VALUES
(1, 1, 1, 79.95, 3, 239.85, 50.37, 290.22, '2018-01-31 08:22:03', '2018-01-31 08:22:03', 0, 0, NULL),
(2, 1, 2, 423.52, 2, 847.04, 177.88, 1024.92, '2018-01-31 08:22:03', '2018-01-31 08:22:03', 0, 0, NULL),
(3, 2, 2, 423.52, 1, 423.52, 88.94, 512.46, '2018-01-31 11:49:19', '2018-01-31 11:49:19', 0, 0, NULL),
(4, 2, 3, 142.91, 2, 285.82, 60.02, 345.84, '2018-01-31 11:49:19', '2018-01-31 11:49:19', 0, 0, NULL),
(5, 2, 4, 54, 1, 54, 11.34, 65.34, '2018-01-31 11:49:19', '2018-01-31 11:49:19', 0, 0, NULL),
(6, 3, 3, 142.91, 3, 428.73, 90.03, 518.76, '2018-01-31 16:09:49', '2018-01-31 16:09:49', 0, 0, NULL),
(7, 4, 2, 423.52, 1, 423.52, 88.94, 512.46, '2018-01-31 16:11:04', '2018-01-31 16:11:04', 0, 0, NULL),
(8, 5, 1, 79.95, 1, 79.95, 16.79, 96.74, '2018-01-31 17:36:12', '2018-01-31 17:36:12', 0, 0, NULL),
(9, 6, 1, 79.95, 4, 319.8, 67.16, 386.96, '2018-02-01 09:01:15', '2018-02-01 09:01:15', 0, 0, NULL),
(10, 7, 2, 423.52, 1, 423.52, 88.94, 512.46, '2018-02-02 08:56:40', '2018-02-02 08:56:40', 0, 0, NULL),
(11, 8, 6, 468, 1, 468, 98.28, 566.28, '2018-02-02 09:04:44', '2018-02-02 09:04:44', 0, 0, NULL),
(12, 9, 2, 454.57024793388, 1, 454.57, 95.46, 550.03, '2018-02-06 09:36:54', '2018-02-06 09:36:54', 126.51, 0, NULL),
(13, 10, 15, 95.89, 1, 79.25, 16.64, 95.89, '2018-02-06 09:42:14', '2018-02-06 09:42:14', 23.94, 79.247933884298, NULL),
(14, 11, 2, 550.03, 1, 454.57, 95.46, 550.03, '2018-02-06 09:53:46', '2018-02-06 09:53:46', 126.51, 454.57024793388, NULL),
(15, 12, 16, 11.95, 2, 19.75, 4.15, 23.9, '2018-02-08 13:14:20', '2018-02-08 13:14:20', 0, 9.8760330578512, 2),
(16, 13, 16, 10.95, 1, 9.05, 1.9, 10.95, '2018-02-08 13:17:37', '2018-02-08 13:17:37', 0, 9.0495867768595, 1),
(17, 14, 15, 95.89, 1, 79.25, 16.64, 95.89, '2018-02-08 13:24:25', '2018-02-08 13:24:25', 23.94, 79.247933884298, 10),
(18, 15, 13, 900.73, 2, 1488.81, 312.65, 1801.46, '2018-02-08 13:50:41', '2018-02-08 13:50:41', 504.41, 744.40495867769, 29),
(19, 15, 7, 30.85, 1, 25.5, 5.35, 30.85, '2018-02-08 13:50:41', '2018-02-08 13:50:41', 12.9, 25.495867768595, NULL),
(20, 15, 15, 95.89, 1, 79.25, 16.64, 95.89, '2018-02-08 13:50:41', '2018-02-08 13:50:41', 23.94, 79.247933884298, 5),
(21, 15, 16, 12.95, 1, 10.7, 2.25, 12.95, '2018-02-08 13:50:41', '2018-02-08 13:50:41', 0, 10.702479338843, 3),
(22, 16, 17, 1159, 1, 957.85, 201.15, 1159, '2018-02-08 19:52:56', '2018-02-08 19:52:56', 0, 957.85123966942, NULL),
(23, 17, 2, 550.03, 1, 454.57, 95.46, 550.03, '2018-02-09 10:28:41', '2018-02-09 10:28:41', 126.51, 454.57024793388, NULL),
(24, 18, 2, 550.03, 1, 454.57, 95.46, 550.03, '2018-03-07 12:09:14', '2018-03-07 12:09:14', 126.51, 454.57024793388, NULL),
(25, 19, 2, 550.03, 1, 454.57, 95.46, 550.03, '2018-03-07 12:23:33', '2018-03-07 12:23:33', 126.51, 454.57024793388, NULL),
(26, 20, 6, 468, 1, 386.78, 81.22, 468, '2018-03-07 12:25:25', '2018-03-07 12:25:25', 0, 386.77685950413, NULL),
(27, 21, 2, 550.03, 1, 454.57, 95.46, 550.03, '2018-03-07 13:00:06', '2018-03-07 13:00:06', 126.51, 454.57024793388, NULL),
(28, 22, 6, 468, 1, 386.78, 81.22, 468, '2018-03-07 13:32:09', '2018-03-07 13:32:09', 0, 386.77685950413, NULL);

-- --------------------------------------------------------

--
-- Estructura de tabla para la tabla `orders`
--

CREATE TABLE `orders` (
  `id` int(11) NOT NULL,
  `business_id` int(11) DEFAULT NULL,
  `orderNumber` int(11) NOT NULL,
  `deliveryName` varchar(255) COLLATE utf8_unicode_ci DEFAULT NULL,
  `deliveryLastname` varchar(255) COLLATE utf8_unicode_ci DEFAULT NULL,
  `deliveryCif` varchar(255) COLLATE utf8_unicode_ci DEFAULT NULL,
  `deliveryPhone` varchar(255) COLLATE utf8_unicode_ci DEFAULT NULL,
  `deliveryEmail` varchar(255) COLLATE utf8_unicode_ci DEFAULT NULL,
  `deliveryAddress` varchar(255) COLLATE utf8_unicode_ci DEFAULT NULL,
  `deliveryZip` varchar(255) COLLATE utf8_unicode_ci DEFAULT NULL,
  `deliveryTown` varchar(255) COLLATE utf8_unicode_ci DEFAULT NULL,
  `deliveryCountry` varchar(255) COLLATE utf8_unicode_ci DEFAULT NULL,
  `invoiceName` varchar(255) COLLATE utf8_unicode_ci DEFAULT NULL,
  `invoiceLastname` varchar(255) COLLATE utf8_unicode_ci DEFAULT NULL,
  `invoiceCif` varchar(255) COLLATE utf8_unicode_ci DEFAULT NULL,
  `invoicePhone` varchar(255) COLLATE utf8_unicode_ci DEFAULT NULL,
  `invoiceEmail` varchar(255) COLLATE utf8_unicode_ci DEFAULT NULL,
  `invoiceAddress` varchar(255) COLLATE utf8_unicode_ci DEFAULT NULL,
  `invoiceZip` varchar(255) COLLATE utf8_unicode_ci DEFAULT NULL,
  `invoiceTown` varchar(255) COLLATE utf8_unicode_ci DEFAULT NULL,
  `invoiceCountry` varchar(255) COLLATE utf8_unicode_ci DEFAULT NULL,
  `subtotal` double NOT NULL,
  `taxes` double NOT NULL,
  `total` double NOT NULL,
  `paid` tinyint(1) NOT NULL DEFAULT '0',
  `status` int(11) NOT NULL DEFAULT '1',
  `updatedAt` datetime DEFAULT NULL,
  `createdAt` datetime NOT NULL,
  `client_id` int(11) DEFAULT NULL,
  `deliveryPhonemobile` varchar(255) COLLATE utf8_unicode_ci DEFAULT NULL,
  `deliveryObservations` longtext COLLATE utf8_unicode_ci,
  `descuento` double NOT NULL,
  `totaldescuento` double NOT NULL,
  `invoicerequested` tinyint(1) NOT NULL,
  `paqueteria_id` int(11) DEFAULT NULL,
  `titlepaqueteria` varchar(255) COLLATE utf8_unicode_ci DEFAULT NULL,
  `preciopaqueteria` double DEFAULT NULL
) ENGINE=InnoDB DEFAULT CHARSET=utf8 COLLATE=utf8_unicode_ci;

--
-- Volcado de datos para la tabla `orders`
--

INSERT INTO `orders` (`id`, `business_id`, `orderNumber`, `deliveryName`, `deliveryLastname`, `deliveryCif`, `deliveryPhone`, `deliveryEmail`, `deliveryAddress`, `deliveryZip`, `deliveryTown`, `deliveryCountry`, `invoiceName`, `invoiceLastname`, `invoiceCif`, `invoicePhone`, `invoiceEmail`, `invoiceAddress`, `invoiceZip`, `invoiceTown`, `invoiceCountry`, `subtotal`, `taxes`, `total`, `paid`, `status`, `updatedAt`, `createdAt`, `client_id`, `deliveryPhonemobile`, `deliveryObservations`, `descuento`, `totaldescuento`, `invoicerequested`, `paqueteria_id`, `titlepaqueteria`, `preciopaqueteria`) VALUES
(1, 29, 1, 'Rubén', 'Sanchez', NULL, '648054395', 'rubensr@appandweb.es', 'Direccion', '18000', 'Granada', 'es', NULL, NULL, NULL, NULL, NULL, NULL, NULL, NULL, NULL, 1086.89, 228.25, 1315.14, 0, 1, '2018-01-31 08:22:03', '2018-01-31 08:22:03', NULL, NULL, NULL, 0, 0, 0, NULL, NULL, NULL),
(2, 29, 2, 'Rubén', 'Sánchez Reche', NULL, '600 000 00', 'rumar13@gmail.com', 'Calle Gracia, 12', '18000', 'Granada', 'es', NULL, NULL, NULL, NULL, NULL, NULL, NULL, NULL, NULL, 763.34, 160.3, 923.64, 0, 2, '2018-01-31 11:49:19', '2018-01-31 11:49:19', 32, '600 000 000', 'Observaciones del pedido', 0, 0, 0, NULL, NULL, NULL),
(3, 29, 3, 'Rubén', 'Sánchez Reche', NULL, '600 000 00', 'rumar13@gmail.com', 'Calle Gracia, 12', '18000', 'Granada', 'Granada', NULL, NULL, NULL, NULL, NULL, NULL, NULL, NULL, NULL, 428.73, 90.03, 518.76, 0, 1, '2018-01-31 16:09:49', '2018-01-31 16:09:49', 32, '600 000 000', '', 0, 0, 0, NULL, NULL, NULL),
(4, 29, 4, 'Rubén', 'Sánchez Reche', NULL, '600 000 00', 'rumar13@gmail.com', 'Calle Gracia, 12', '18000', 'Granada', 'Granada', NULL, NULL, NULL, NULL, NULL, NULL, NULL, NULL, NULL, 423.52, 88.94, 512.46, 0, 1, '2018-01-31 16:11:04', '2018-01-31 16:11:04', 32, '600 000 000', '', 0, 0, 0, NULL, NULL, NULL),
(5, 29, 5, 'Rubén', 'Sánchez Reche', NULL, '600 000 00', 'rumar13@gmail.com', 'Calle Gracia, 12', '18000', 'Granada', 'Granada', NULL, NULL, NULL, NULL, NULL, NULL, NULL, NULL, NULL, 79.95, 16.79, 96.74, 0, 1, '2018-01-31 17:36:12', '2018-01-31 17:36:12', 32, '600 000 000', '', 0, 0, 0, NULL, NULL, NULL),
(6, 29, 6, 'josema', NULL, NULL, NULL, 'j@j.com', 'Gracia 12', '18002', 'Granada', 'España', NULL, NULL, NULL, NULL, NULL, NULL, NULL, NULL, NULL, 319.8, 67.16, 386.96, 0, 1, '2018-02-01 09:01:15', '2018-02-01 09:01:15', 33, NULL, '', 0, 0, 0, NULL, NULL, NULL),
(7, 29, 7, 'Rubén', 'Sánchez Reche', NULL, '600 000 00', 'rumar13@gmail.com', 'Calle Gracia, 12', '18000', 'Granada', 'Granada', NULL, NULL, NULL, NULL, NULL, NULL, NULL, NULL, NULL, 423.52, 88.94, 512.46, 0, 1, '2018-02-02 08:56:40', '2018-02-02 08:56:40', 32, '600 000 000', '', 0, 0, 0, NULL, NULL, NULL),
(8, 29, 8, 'Rubén', 'Sánchez Reche', NULL, '600 000 00', 'rumar13@gmail.com', 'Calle Gracia, 12', '18000', 'Granada', 'Granada', NULL, NULL, NULL, NULL, NULL, NULL, NULL, NULL, NULL, 468, 98.28, 566.28, 0, 1, '2018-02-02 09:04:44', '2018-02-02 09:04:44', 32, '600 000 000', '', 0, 0, 0, NULL, NULL, NULL),
(9, 29, 9, 'Rubén', 'Sánchez Reche', NULL, '600 000 00', 'rumar13@gmail.com', 'Calle Gracia, 12', '18000', 'Granada', 'Granada', NULL, NULL, NULL, NULL, NULL, NULL, NULL, NULL, NULL, 454.57, 95.46, 550.03, 0, 1, '2018-02-06 09:36:54', '2018-02-06 09:36:54', 32, '600 000 000', '', 126.51, 423.52, 0, NULL, NULL, NULL),
(10, 29, 10, 'Rubén', 'Sánchez Reche', NULL, '600 000 00', 'rumar13@gmail.com', 'Calle Gracia, 12', '18000', 'Granada', 'Granada', NULL, NULL, NULL, NULL, NULL, NULL, NULL, NULL, NULL, 79.25, 16.64, 95.89, 0, 1, '2018-02-06 09:42:14', '2018-02-06 09:42:14', 32, '600 000 000', '', 23.94, 71.95, 0, NULL, NULL, NULL),
(11, 29, 11, 'Rubén', 'Sánchez Reche', NULL, '600 000 00', 'rumar13@gmail.com', 'Calle Gracia, 12', '18000', 'Granada', 'Granada', NULL, NULL, NULL, NULL, NULL, NULL, NULL, NULL, NULL, 454.57, 95.46, 550.03, 0, 1, '2018-02-06 09:53:46', '2018-02-06 09:53:46', 32, '600 000 000', '', 126.51, 423.52, 0, NULL, NULL, NULL),
(12, 29, 12, 'Rubén', 'Sánchez Reche', NULL, '600 000 00', 'rumar13@gmail.com', 'Calle Gracia, 12', '18000', 'Granada', 'Granada', NULL, NULL, NULL, NULL, NULL, NULL, NULL, NULL, NULL, 19.75, 4.15, 23.9, 0, 1, '2018-02-08 13:14:20', '2018-02-08 13:14:20', 32, '600 000 000', '', 0, 23.9, 0, NULL, NULL, NULL),
(13, 29, 13, 'Rubén', 'Sánchez Reche', NULL, '600 000 00', 'rumar13@gmail.com', 'Calle Gracia, 12', '18000', 'Granada', 'Granada', NULL, NULL, NULL, NULL, NULL, NULL, NULL, NULL, NULL, 9.05, 1.9, 10.95, 0, 1, '2018-02-08 13:17:37', '2018-02-08 13:17:37', 32, '600 000 000', '', 0, 10.95, 0, NULL, NULL, NULL),
(14, 29, 14, 'Rubén', 'Sánchez Reche', NULL, '600 000 00', 'rumar13@gmail.com', 'Calle Gracia, 12', '18000', 'Granada', 'Granada', NULL, NULL, NULL, NULL, NULL, NULL, NULL, NULL, NULL, 79.25, 16.64, 95.89, 0, 1, '2018-02-08 13:24:25', '2018-02-08 13:24:25', 32, '600 000 000', '', 23.94, 71.95, 0, NULL, NULL, NULL),
(15, 29, 15, 'Rubén', 'Sánchez Reche', NULL, '600 000 00', 'rumar13@gmail.com', 'Calle Gracia, 12', '18000', 'Granada', 'Granada', NULL, NULL, NULL, NULL, NULL, NULL, NULL, NULL, NULL, 1604.26, 336.89, 1941.15, 0, 1, '2018-02-08 13:50:41', '2018-02-08 13:50:41', 32, '600 000 000', '', 541.25, 1399.9, 0, NULL, NULL, NULL),
(16, 29, 16, 'Rubén', 'Sánchez Reche', NULL, '600 000 00', 'rumar13@gmail.com', 'Calle Gracia, 12', '18000', 'Granada', 'Granada', 'Rubén', 'Sánchez Reche', '45718452H', '600 000 000', 'rumar13@gmail.com', 'Pedro Antonio de Alarcón, 59', '18004', 'Granada', 'España', 957.85, 201.15, 1159, 1, 2, '2018-02-08 19:52:56', '2018-02-08 19:52:56', 32, '600 000 000', NULL, 0, 1159, 1, NULL, NULL, NULL),
(17, 29, 17, 'a', NULL, NULL, NULL, 'a@a.com', 'a', 'a', 'a', 'a', NULL, NULL, NULL, NULL, NULL, NULL, NULL, NULL, NULL, 454.57, 95.46, 550.03, 0, 1, '2018-02-09 10:28:40', '2018-02-09 10:28:40', 37, NULL, '', 126.51, 423.52, 0, NULL, NULL, NULL),
(18, 29, 18, 'Rubén', 'Sánchez Reche', NULL, '600 000 00', 'rumar13@gmail.com', 'Calle Gracia, 12', '18000', 'Granada', 'Granada', NULL, NULL, NULL, NULL, NULL, NULL, NULL, NULL, NULL, 454.57, 95.46, 550.03, 0, 1, '2018-03-07 12:09:14', '2018-03-07 12:09:14', 32, '600 000 000', '', 126.51, 423.52, 0, NULL, NULL, NULL),
(19, 29, 19, 'Rubén', 'Sánchez Reche', NULL, '600 000 00', 'rumar13@gmail.com', 'Calle Gracia, 12', '18000', 'Granada', 'Granada', NULL, NULL, NULL, NULL, NULL, NULL, NULL, NULL, NULL, 454.57, 95.46, 550.03, 0, 1, '2018-03-07 12:23:33', '2018-03-07 12:23:33', 32, '600 000 000', '', 126.51, 423.52, 0, NULL, 'Recogida en tienda', 0),
(20, 29, 20, 'Rubén', 'Sánchez Reche', NULL, '600 000 00', 'rumar13@gmail.com', 'Calle Gracia, 12', '18000', 'Granada', 'Granada', NULL, NULL, NULL, NULL, NULL, NULL, NULL, NULL, NULL, 386.78, 81.22, 468, 0, 1, '2018-03-07 12:25:25', '2018-03-07 12:25:25', 32, '600 000 000', '', 0, 468, 0, 1, '24 horas Península', 5.95),
(21, 29, 21, 'Rubén', 'Sánchez Reche', NULL, '600 000 00', 'rumar13@gmail.com', 'Calle Gracia, 12', '18000', 'Granada', 'Granada', NULL, NULL, NULL, NULL, NULL, NULL, NULL, NULL, NULL, 454.57, 95.46, 553.03, 0, 1, '2018-03-07 13:00:06', '2018-03-07 13:00:06', 32, '600 000 000', '', 126.51, 423.52, 0, 2, 'Estándar Península', 3),
(22, 29, 22, 'Rubén', 'Sánchez Reche', NULL, '600 000 00', 'rumar13@gmail.com', 'Calle Gracia, 12', '18000', 'Granada', 'Granada', NULL, NULL, NULL, NULL, NULL, NULL, NULL, NULL, NULL, 386.78, 81.22, 471, 0, 1, '2018-03-07 13:32:09', '2018-03-07 13:32:09', 32, '600 000 000', '', 0, 468, 0, 2, 'Estándar Península', 3);

-- --------------------------------------------------------

--
-- Estructura de tabla para la tabla `page`
--

CREATE TABLE `page` (
  `id` int(11) NOT NULL,
  `business_id` int(11) DEFAULT NULL,
  `datecreated` datetime NOT NULL,
  `ishome` tinyint(1) NOT NULL,
  `slug` varchar(255) COLLATE utf8_unicode_ci DEFAULT NULL,
  `keyword` longtext COLLATE utf8_unicode_ci,
  `description` longtext COLLATE utf8_unicode_ci,
  `fontcolor` varchar(10) COLLATE utf8_unicode_ci DEFAULT NULL,
  `backgroundcolor` varchar(10) COLLATE utf8_unicode_ci DEFAULT NULL,
  `title` varchar(255) COLLATE utf8_unicode_ci DEFAULT NULL,
  `font` varchar(255) COLLATE utf8_unicode_ci DEFAULT NULL,
  `service_id` int(11) DEFAULT NULL,
  `showinmenu` tinyint(1) NOT NULL,
  `nameinmenu` varchar(255) COLLATE utf8_unicode_ci DEFAULT NULL,
  `isservices` tinyint(1) NOT NULL,
  `isprojects` tinyint(1) NOT NULL,
  `removable` tinyint(1) NOT NULL,
  `project_id` int(11) DEFAULT NULL,
  `blog_id` int(11) DEFAULT NULL,
  `isnews` tinyint(1) NOT NULL,
  `fonttitlesize` varchar(30) COLLATE utf8_unicode_ci DEFAULT NULL,
  `fonttextsize` varchar(30) COLLATE utf8_unicode_ci DEFAULT NULL,
  `isproducts` tinyint(1) NOT NULL,
  `isdetailproduct` tinyint(1) NOT NULL,
  `iscart` tinyint(1) NOT NULL,
  `product_id` int(11) DEFAULT NULL
) ENGINE=InnoDB DEFAULT CHARSET=utf8 COLLATE=utf8_unicode_ci;

--
-- Volcado de datos para la tabla `page`
--

INSERT INTO `page` (`id`, `business_id`, `datecreated`, `ishome`, `slug`, `keyword`, `description`, `fontcolor`, `backgroundcolor`, `title`, `font`, `service_id`, `showinmenu`, `nameinmenu`, `isservices`, `isprojects`, `removable`, `project_id`, `blog_id`, `isnews`, `fonttitlesize`, `fonttextsize`, `isproducts`, `isdetailproduct`, `iscart`, `product_id`) VALUES
(1, 1, '2017-04-23 15:38:55', 1, NULL, 'Consultoría on line, Internet', 'Descripción de la página de internet\n                                    ', NULL, NULL, 'App&Web', NULL, NULL, 0, NULL, 0, 0, 0, NULL, NULL, 0, NULL, NULL, 0, 0, 0, NULL),
(13, 1, '2017-05-04 17:33:02', 0, 'desarrollo-web-a-medida', NULL, NULL, NULL, NULL, 'Desarrollo web a medida', NULL, 2, 0, NULL, 1, 0, 0, NULL, NULL, 0, NULL, NULL, 0, 0, 0, NULL),
(14, 1, '2017-05-04 17:33:08', 0, 'servicios', NULL, NULL, NULL, NULL, 'Listado de servicios', NULL, NULL, 0, NULL, 1, 0, 0, NULL, NULL, 0, NULL, NULL, 0, 0, 0, NULL),
(15, 1, '2017-05-04 19:08:53', 0, 'consultoria-it', NULL, NULL, NULL, NULL, 'Consultoría IT', NULL, 1, 0, NULL, 1, 0, 0, NULL, NULL, 0, NULL, NULL, 0, 0, 0, NULL),
(18, 1, '2017-05-05 08:09:19', 0, 'apps-a-medida', NULL, NULL, NULL, NULL, 'Desarrollo apps a medida', NULL, 3, 0, NULL, 1, 0, 0, NULL, NULL, 0, NULL, NULL, 0, 0, 0, NULL),
(22, 1, '2017-05-06 16:26:40', 0, 'posicionamiento-seo', NULL, NULL, NULL, NULL, 'Posicionamiento Web SEO y Gestión de Redes Sociales', NULL, 4, 0, NULL, 1, 0, 0, NULL, NULL, 0, NULL, NULL, 0, 0, 0, NULL),
(23, 1, '2017-05-06 16:58:10', 0, 'politica-de-cookies', NULL, NULL, NULL, NULL, 'Política de cookies', NULL, NULL, 0, NULL, 0, 0, 0, NULL, NULL, 0, NULL, NULL, 0, 0, 0, NULL),
(24, 1, '2017-05-06 16:59:23', 0, 'aviso-legal', NULL, NULL, NULL, NULL, 'Aviso legal', NULL, NULL, 0, NULL, 0, 0, 0, NULL, NULL, 0, NULL, NULL, 0, 0, 0, NULL),
(25, 1, '2017-05-06 16:59:26', 0, 'politica-de-privacidad', NULL, NULL, NULL, NULL, 'Política de privacidad', NULL, NULL, 0, NULL, 0, 0, 0, NULL, NULL, 0, NULL, NULL, 0, 0, 0, NULL),
(26, 2, '2017-05-06 18:30:00', 1, NULL, '', '', NULL, NULL, 'principal', NULL, NULL, 0, NULL, 0, 0, 1, NULL, NULL, 0, NULL, NULL, 0, 0, 0, NULL),
(27, 3, '2017-05-06 19:03:13', 1, NULL, '', '', NULL, NULL, 'no entiendo nada', NULL, NULL, 0, NULL, 0, 0, 1, NULL, NULL, 0, NULL, NULL, 0, 0, 0, NULL),
(28, 2, '2017-05-07 08:51:01', 0, 'aviso-legal', NULL, NULL, NULL, NULL, 'Aviso legal', NULL, NULL, 0, NULL, 0, 0, 0, NULL, NULL, 0, NULL, NULL, 0, 0, 0, NULL),
(30, 2, '2017-05-07 09:20:48', 0, 'quienes-somos', NULL, NULL, NULL, NULL, 'quienes somos', NULL, NULL, 0, NULL, 0, 0, 1, NULL, NULL, 0, NULL, NULL, 0, 0, 0, NULL),
(31, 2, '2017-05-08 12:09:20', 0, 'quienes-somo', NULL, NULL, NULL, NULL, 'Quienes Somos', NULL, NULL, 0, NULL, 0, 0, 1, NULL, NULL, 0, NULL, NULL, 0, 0, 0, NULL),
(32, 2, '2017-05-08 12:14:31', 0, 'componentes-del-equipo', NULL, NULL, NULL, NULL, 'Componentes del Equipo', NULL, NULL, 0, NULL, 0, 0, 1, NULL, NULL, 0, NULL, NULL, 0, 0, 0, NULL),
(33, 4, '2017-05-08 12:41:10', 1, NULL, NULL, NULL, NULL, NULL, NULL, NULL, NULL, 0, NULL, 0, 0, 1, NULL, NULL, 0, NULL, NULL, 0, 0, 0, NULL),
(35, 6, '2017-05-08 12:44:32', 1, NULL, '', '', NULL, NULL, 'Hotel&Spa La Torrecilla', NULL, NULL, 0, NULL, 0, 0, 1, NULL, NULL, 0, NULL, NULL, 0, 0, 0, NULL),
(36, 7, '2017-05-08 12:45:53', 1, NULL, '', '', NULL, NULL, 'airbusluisito', NULL, NULL, 0, NULL, 0, 0, 1, NULL, NULL, 0, NULL, NULL, 0, 0, 0, NULL),
(37, 8, '2017-05-08 12:47:03', 1, NULL, NULL, NULL, NULL, NULL, NULL, NULL, NULL, 0, NULL, 0, 0, 1, NULL, NULL, 0, NULL, NULL, 0, 0, 0, NULL),
(38, 9, '2017-05-08 12:52:23', 1, NULL, NULL, NULL, NULL, NULL, NULL, NULL, NULL, 0, NULL, 0, 0, 1, NULL, NULL, 0, NULL, NULL, 0, 0, 0, NULL),
(39, 10, '2017-05-08 12:57:08', 1, NULL, NULL, NULL, NULL, NULL, NULL, NULL, NULL, 0, NULL, 0, 0, 1, NULL, NULL, 0, NULL, NULL, 0, 0, 0, NULL),
(40, 11, '2017-05-08 12:59:20', 1, NULL, '', '', NULL, NULL, 'Eventos', NULL, NULL, 0, NULL, 0, 0, 1, NULL, NULL, 0, NULL, NULL, 0, 0, 0, NULL),
(41, 10, '2017-05-08 13:01:14', 0, 'politica-de-cookies', NULL, NULL, NULL, NULL, 'Política de cookies', NULL, NULL, 0, NULL, 0, 0, 0, NULL, NULL, 0, NULL, NULL, 0, 0, 0, NULL),
(42, 12, '2017-05-08 13:01:18', 1, NULL, '', '', NULL, NULL, 'ArmandoWebPa', NULL, NULL, 0, NULL, 0, 0, 1, NULL, NULL, 0, NULL, NULL, 0, 0, 0, NULL),
(43, 13, '2017-05-08 13:04:28', 1, NULL, '', '', NULL, NULL, 'Título Pestaña ', NULL, NULL, 0, NULL, 0, 0, 1, NULL, NULL, 0, NULL, NULL, 0, 0, 0, NULL),
(44, 14, '2017-05-08 13:05:24', 1, NULL, '', '', NULL, NULL, 'Examsline', NULL, NULL, 0, NULL, 0, 0, 1, NULL, NULL, 0, NULL, NULL, 0, 0, 0, NULL),
(45, 17, '2017-05-08 13:11:26', 1, NULL, '', '', NULL, NULL, 'Nature', NULL, NULL, 0, NULL, 0, 0, 1, NULL, NULL, 0, NULL, NULL, 0, 0, 0, NULL),
(46, 16, '2017-05-08 13:11:29', 1, NULL, '', '', NULL, NULL, 'Titulo Navegador', NULL, NULL, 0, NULL, 0, 0, 1, NULL, NULL, 0, NULL, NULL, 0, 0, 0, NULL),
(47, 16, '2017-05-08 13:13:02', 0, 'politica-de-cookies', NULL, NULL, NULL, NULL, 'Política de cookies', NULL, NULL, 0, NULL, 0, 0, 0, NULL, NULL, 0, NULL, NULL, 0, 0, 0, NULL),
(48, 16, '2017-05-08 13:13:38', 0, 'politica-de-privacidad', NULL, NULL, NULL, NULL, 'Política de privacidad', NULL, NULL, 0, NULL, 0, 0, 0, NULL, NULL, 0, NULL, NULL, 0, 0, 0, NULL),
(49, 16, '2017-05-08 13:13:40', 0, 'aviso-legal', NULL, NULL, NULL, NULL, 'Aviso legal', NULL, NULL, 0, NULL, 0, 0, 0, NULL, NULL, 0, NULL, NULL, 0, 0, 0, NULL),
(50, 15, '2017-05-08 13:19:37', 1, NULL, '', '', NULL, NULL, 'home', NULL, NULL, 0, NULL, 0, 0, 1, NULL, NULL, 0, NULL, NULL, 0, 0, 0, NULL),
(51, 16, '2017-05-08 13:23:15', 0, 'pepe', NULL, NULL, NULL, NULL, 'Pepe', NULL, NULL, 0, NULL, 0, 0, 1, NULL, NULL, 0, NULL, NULL, 0, 0, 0, NULL),
(52, 17, '2017-05-08 13:24:35', 0, 'politica-de-privacidad', NULL, NULL, NULL, NULL, 'Política de privacidad', NULL, NULL, 0, NULL, 0, 0, 0, NULL, NULL, 0, NULL, NULL, 0, 0, 0, NULL),
(53, 17, '2017-05-08 13:29:48', 0, 'politica-de-cookies', NULL, NULL, NULL, NULL, 'Política de cookies', NULL, NULL, 0, NULL, 0, 0, 0, NULL, NULL, 0, NULL, NULL, 0, 0, 0, NULL),
(54, 15, '2017-05-08 13:30:11', 0, 'Nueva plataforma online', NULL, NULL, NULL, NULL, 'Examsline', NULL, NULL, 0, NULL, 0, 0, 1, NULL, NULL, 0, NULL, NULL, 0, 0, 0, NULL),
(55, 13, '2017-05-08 13:31:02', 0, 'contacto', '', '', NULL, NULL, 'pagina de contac', NULL, NULL, 0, NULL, 0, 0, 1, NULL, NULL, 0, NULL, NULL, 0, 0, 0, NULL),
(56, 14, '2017-05-08 13:36:44', 0, 'examsline.es/base-de-datos', NULL, NULL, NULL, NULL, 'Base de datos', NULL, NULL, 0, NULL, 0, 0, 1, NULL, NULL, 0, NULL, NULL, 0, 0, 0, NULL),
(57, 14, '2017-05-08 13:39:17', 0, 'graficas', NULL, NULL, NULL, NULL, 'Gráficas', NULL, NULL, 0, NULL, 0, 0, 1, NULL, NULL, 0, NULL, NULL, 0, 0, 0, NULL),
(58, 18, '2017-05-08 13:42:59', 1, NULL, NULL, NULL, NULL, NULL, NULL, NULL, NULL, 0, NULL, 0, 0, 1, NULL, NULL, 0, NULL, NULL, 0, 0, 0, NULL),
(59, 14, '2017-05-08 13:53:25', 0, 'base-de-datos', NULL, NULL, NULL, NULL, 'Base de datos', NULL, NULL, 0, NULL, 0, 0, 1, NULL, NULL, 0, NULL, NULL, 0, 0, 0, NULL),
(60, 14, '2017-05-08 13:59:34', 0, 'base-de-datos', NULL, NULL, NULL, NULL, 'Base de datos', NULL, 9, 0, NULL, 1, 0, 0, NULL, NULL, 0, NULL, NULL, 0, 0, 0, NULL),
(61, 14, '2017-05-08 13:59:51', 0, 'graficas', NULL, NULL, NULL, NULL, 'Gráficas', NULL, 10, 0, NULL, 1, 0, 0, NULL, NULL, 0, NULL, NULL, 0, 0, 0, NULL),
(62, 15, '2017-05-08 14:03:58', 0, 'awdasrearasfsaf', NULL, NULL, NULL, NULL, 'Fábrica de café', NULL, NULL, 0, NULL, 0, 0, 1, NULL, NULL, 0, NULL, NULL, 0, 0, 0, NULL),
(63, 10, '2017-05-08 15:04:35', 0, 'aviso-legal', NULL, NULL, NULL, NULL, 'Aviso legal', NULL, NULL, 0, NULL, 0, 0, 0, NULL, NULL, 0, NULL, NULL, 0, 0, 0, NULL),
(64, 10, '2017-05-08 15:04:36', 0, 'politica-de-privacidad', NULL, NULL, NULL, NULL, 'Política de privacidad', NULL, NULL, 0, NULL, 0, 0, 0, NULL, NULL, 0, NULL, NULL, 0, 0, 0, NULL),
(65, 18, '2017-05-08 15:46:44', 0, 'contacto', NULL, NULL, NULL, NULL, 'Contacto', NULL, NULL, 0, NULL, 0, 0, 1, NULL, NULL, 0, NULL, NULL, 0, 0, 0, NULL),
(66, 16, '2017-05-08 18:14:13', 0, 'hambur', NULL, NULL, NULL, NULL, 'hamburgueas', NULL, 14, 0, NULL, 1, 0, 0, NULL, NULL, 0, NULL, NULL, 0, 0, 0, NULL),
(67, 7, '2017-05-09 11:39:40', 0, 'contacto', '', '', NULL, NULL, 'Airbus Luisito', NULL, NULL, 0, NULL, 0, 0, 1, NULL, NULL, 0, NULL, NULL, 0, 0, 0, NULL),
(68, 7, '2017-05-09 15:27:20', 0, 'sobre nosotros', NULL, NULL, NULL, NULL, 'sobre nosotros', NULL, NULL, 0, NULL, 0, 0, 1, NULL, NULL, 0, NULL, NULL, 0, 0, 0, NULL),
(69, 2, '2017-05-09 16:24:39', 0, 'servicios2', NULL, NULL, NULL, NULL, 'Servicios2', NULL, NULL, 0, NULL, 0, 0, 1, NULL, NULL, 0, NULL, NULL, 0, 0, 0, NULL),
(70, 15, '2017-05-10 10:19:20', 0, 'aviso-legal', NULL, NULL, NULL, NULL, 'Aviso legal', NULL, NULL, 0, NULL, 0, 0, 0, NULL, NULL, 0, NULL, NULL, 0, 0, 0, NULL),
(71, 15, '2017-05-10 10:35:28', 0, 'aboutme', NULL, NULL, NULL, NULL, 'About Me', NULL, NULL, 0, NULL, 0, 0, 1, NULL, NULL, 0, NULL, NULL, 0, 0, 0, NULL),
(72, 7, '2017-05-10 12:16:00', 0, 'airbus', NULL, NULL, NULL, NULL, 'airbus', NULL, NULL, 0, NULL, 0, 0, 1, NULL, NULL, 0, NULL, NULL, 0, 0, 0, NULL),
(73, 2, '2017-05-10 14:06:03', 0, 'comida-espaola', NULL, NULL, NULL, NULL, 'Comida Española', NULL, 15, 0, NULL, 1, 0, 0, NULL, NULL, 0, NULL, NULL, 0, 0, 0, NULL),
(74, 2, '2017-05-10 14:06:10', 0, 'comida-vegetariana', NULL, NULL, NULL, NULL, 'Comida Vegetariana', NULL, 16, 0, NULL, 1, 0, 0, NULL, NULL, 0, NULL, NULL, 0, 0, 0, NULL),
(75, 2, '2017-05-10 14:06:24', 0, 'noticia-2', NULL, NULL, NULL, NULL, 'Noticia 2', NULL, NULL, 0, NULL, 1, 0, 0, NULL, 6, 0, NULL, NULL, 0, 0, 0, NULL),
(76, 2, '2017-05-10 16:22:24', 0, 'proyecto-1', NULL, NULL, NULL, NULL, 'Proyecto 1', NULL, NULL, 0, NULL, 0, 1, 0, 1, NULL, 0, NULL, NULL, 0, 0, 0, NULL),
(77, 6, '2017-05-10 16:35:58', 0, 'servicio-1', NULL, NULL, NULL, NULL, 'Servicio 1', NULL, 17, 0, NULL, 1, 0, 0, NULL, NULL, 0, NULL, NULL, 0, 0, 0, NULL),
(78, 6, '2017-05-10 17:02:31', 0, 'Al contrario del pensamiento popular, el texto de Lorem Ipsum no es simplemente texto aleatorio. Tiene sus raices en una pieza cl´sica de la literatura del Latin, que data del año 45 antes de Cristo, haciendo que este adquiera mas de 2000 años de antigued', NULL, NULL, NULL, NULL, 'Mi hotel', NULL, NULL, 0, NULL, 0, 0, 1, NULL, NULL, 0, NULL, NULL, 0, 0, 0, NULL),
(79, 6, '2017-05-10 17:08:16', 0, 'contacto', NULL, NULL, NULL, NULL, 'Contacto', NULL, NULL, 0, NULL, 0, 0, 1, NULL, NULL, 0, NULL, NULL, 0, 0, 0, NULL),
(80, 19, '2017-05-10 17:28:14', 1, NULL, '', '', NULL, NULL, 'Cocinando en equipo', NULL, NULL, 0, NULL, 0, 0, 1, NULL, NULL, 0, NULL, NULL, 0, 0, 0, NULL),
(81, 20, '2017-05-10 17:30:12', 1, NULL, NULL, NULL, NULL, NULL, NULL, NULL, NULL, 0, NULL, 0, 0, 1, NULL, NULL, 0, NULL, NULL, 0, 0, 0, NULL),
(82, 21, '2017-05-10 17:34:09', 1, NULL, NULL, NULL, NULL, NULL, NULL, NULL, NULL, 0, NULL, 0, 0, 1, NULL, NULL, 0, NULL, NULL, 0, 0, 0, NULL),
(83, 22, '2017-05-10 17:36:09', 1, NULL, '', '', NULL, NULL, 'PIXELMIANDO', NULL, NULL, 0, NULL, 0, 0, 1, NULL, NULL, 0, NULL, NULL, 0, 0, 0, NULL),
(84, 23, '2017-05-10 17:38:03', 1, NULL, NULL, NULL, NULL, NULL, NULL, NULL, NULL, 0, NULL, 0, 0, 1, NULL, NULL, 0, NULL, NULL, 0, 0, 0, NULL),
(85, 24, '2017-05-10 17:41:01', 1, NULL, NULL, NULL, NULL, NULL, NULL, NULL, NULL, 0, NULL, 0, 0, 1, NULL, NULL, 0, NULL, NULL, 0, 0, 0, NULL),
(86, 25, '2017-05-10 17:42:51', 1, NULL, '', '', NULL, NULL, 'AVIARIO MANHATTAN', NULL, NULL, 0, NULL, 0, 0, 1, NULL, NULL, 0, NULL, NULL, 0, 0, 0, NULL),
(87, 26, '2017-05-10 17:44:55', 1, NULL, NULL, NULL, NULL, NULL, NULL, NULL, NULL, 0, NULL, 0, 0, 1, NULL, NULL, 0, NULL, NULL, 0, 0, 0, NULL),
(89, 24, '2017-05-10 18:40:32', 0, 'Competencia', NULL, NULL, NULL, NULL, 'Usuarios', NULL, NULL, 0, NULL, 0, 0, 1, NULL, NULL, 0, NULL, NULL, 0, 0, 0, NULL),
(90, 24, '2017-05-11 13:15:10', 0, 'politica-de-privacidad', NULL, NULL, NULL, NULL, 'Política de privacidad', NULL, NULL, 0, NULL, 0, 0, 0, NULL, NULL, 0, NULL, NULL, 0, 0, 0, NULL),
(91, 27, '2017-05-12 16:35:11', 1, NULL, NULL, NULL, NULL, NULL, NULL, NULL, NULL, 0, NULL, 0, 0, 1, NULL, NULL, 0, NULL, NULL, 0, 0, 0, NULL),
(92, 28, '2017-05-12 16:36:09', 1, NULL, '', '', NULL, NULL, 'MUNDODEPORTE', NULL, NULL, 0, NULL, 0, 0, 1, NULL, NULL, 0, NULL, NULL, 0, 0, 0, NULL),
(93, 22, '2017-05-13 16:43:54', 0, 'politica-de-cookies', NULL, NULL, NULL, NULL, 'Política de cookies', NULL, NULL, 0, NULL, 0, 0, 0, NULL, NULL, 0, NULL, NULL, 0, 0, 0, NULL),
(94, 25, '2017-05-15 20:37:47', 0, 'aviso-legal', NULL, NULL, NULL, NULL, 'Aviso legal', NULL, NULL, 0, NULL, 0, 0, 0, NULL, NULL, 0, NULL, NULL, 0, 0, 0, NULL),
(95, 28, '2017-05-20 11:22:40', 0, 'futbol', NULL, NULL, NULL, NULL, 'Futbol', NULL, NULL, 0, NULL, 1, 0, 0, NULL, 8, 0, NULL, NULL, 0, 0, 0, NULL),
(96, 28, '2017-05-20 11:26:28', 0, 'futbold', NULL, NULL, NULL, NULL, 'FUTBOL+', NULL, NULL, 0, NULL, 0, 0, 1, NULL, NULL, 0, NULL, NULL, 0, 0, 0, NULL),
(97, 3, '2017-09-18 18:20:27', 0, 'gracias-por-contactar', NULL, NULL, NULL, NULL, 'Gracias por contactar con nosotros', NULL, NULL, 0, NULL, 0, 0, 1, NULL, NULL, 0, NULL, NULL, 0, 0, 0, NULL),
(98, 2, '2018-01-25 17:41:39', 0, 'comida-asitica', NULL, NULL, NULL, NULL, 'Comida Asiática', NULL, 7, 0, NULL, 1, 0, 0, NULL, NULL, 0, NULL, NULL, 0, 0, 0, NULL),
(99, 29, '2018-01-30 07:39:33', 1, NULL, '', '', NULL, NULL, 'Tu tienda Winecta', NULL, NULL, 0, NULL, 0, 0, 1, NULL, NULL, 0, NULL, NULL, 0, 0, 0, NULL),
(100, 29, '2018-01-30 12:30:19', 0, 'servicio-1', NULL, NULL, NULL, NULL, 'Servicio 1', NULL, 20, 0, NULL, 1, 0, 0, NULL, NULL, 0, NULL, NULL, 0, 0, 0, NULL),
(101, 29, '2018-01-30 12:43:44', 0, '/contacto', NULL, NULL, NULL, NULL, 'Contacto', NULL, NULL, 0, NULL, 0, 0, 1, NULL, NULL, 0, NULL, NULL, 0, 0, 0, NULL),
(102, 29, '2018-01-30 12:44:27', 0, 'contacto', NULL, NULL, NULL, NULL, 'contacto', NULL, NULL, 0, NULL, 0, 0, 1, NULL, NULL, 0, NULL, NULL, 0, 0, 0, NULL),
(103, 29, '2018-01-30 13:38:05', 0, 'tienda', NULL, NULL, NULL, NULL, NULL, NULL, NULL, 1, NULL, 0, 0, 0, NULL, NULL, 0, NULL, NULL, 1, 0, 0, NULL),
(104, 29, '2018-01-30 13:49:55', 0, 'sobre-nosotros', NULL, NULL, NULL, NULL, 'SOBRE NOSOTROS', NULL, NULL, 0, NULL, 0, 0, 1, NULL, NULL, 0, NULL, NULL, 0, 0, 0, NULL),
(105, 29, '2018-01-30 14:23:02', 0, 'noticias', NULL, NULL, NULL, NULL, 'Listado de noticias', NULL, NULL, 0, NULL, 0, 0, 0, NULL, NULL, 1, NULL, NULL, 0, 0, 0, NULL),
(106, 29, '2018-01-30 14:26:03', 0, 'lorem-ipsum-dolor-sit-amet', NULL, NULL, NULL, NULL, 'Lorem ipsum dolor sit amet,', NULL, NULL, 0, NULL, 1, 0, 0, NULL, 9, 0, NULL, NULL, 0, 0, 0, NULL),
(107, 29, '2018-01-30 14:56:56', 0, 'in-enim-justo-rhoncus-ut-imperdiet-a-venenatis-vitae-justo', NULL, NULL, NULL, NULL, 'In enim justo, rhoncus ut, imperdiet a, venenatis vitae, justo.', NULL, NULL, 0, NULL, 1, 0, 0, NULL, 10, 0, NULL, NULL, 0, 0, 0, NULL),
(108, 29, '2018-01-30 14:57:49', 0, 'phasellus-viverra-nulla-ut-metus-varius-laoreet-quisque-rutrum-aenean-imperdiet', NULL, NULL, NULL, NULL, 'Phasellus viverra nulla ut metus varius laoreet. Quisque rutrum. Aenean imperdiet.', NULL, NULL, 0, NULL, 1, 0, 0, NULL, 11, 0, NULL, NULL, 0, 0, 0, NULL),
(109, 29, '2018-01-30 17:05:32', 0, 'politica-de-privacidad', NULL, NULL, NULL, NULL, 'Política de privacidad', NULL, NULL, 0, NULL, 0, 0, 0, NULL, NULL, 0, NULL, NULL, 0, 0, 0, NULL),
(110, 29, '2018-01-30 17:05:35', 0, 'aviso-legal', NULL, NULL, NULL, NULL, 'Aviso legal', NULL, NULL, 0, NULL, 0, 0, 0, NULL, NULL, 0, NULL, NULL, 0, 0, 0, NULL),
(111, 29, '2018-01-30 17:05:36', 0, 'politica-de-cookies', NULL, NULL, NULL, NULL, 'Política de cookies', NULL, NULL, 0, NULL, 0, 0, 0, NULL, NULL, 0, NULL, NULL, 0, 0, 0, NULL),
(112, 29, '2018-01-30 20:43:14', 0, 'cart', NULL, NULL, NULL, NULL, NULL, NULL, NULL, 1, NULL, 0, 0, 0, NULL, NULL, 0, NULL, NULL, 0, 0, 1, NULL),
(113, 30, '2018-02-02 13:37:09', 0, 'tienda', NULL, NULL, NULL, NULL, NULL, NULL, NULL, 1, NULL, 0, 0, 0, NULL, NULL, 0, NULL, NULL, 1, 0, 0, NULL),
(114, 30, '2018-02-02 13:37:09', 0, 'cart', NULL, NULL, NULL, NULL, NULL, NULL, NULL, 1, NULL, 0, 0, 0, NULL, NULL, 0, NULL, NULL, 0, 0, 1, NULL),
(115, 31, '2018-02-02 13:41:04', 0, 'tienda', NULL, NULL, NULL, NULL, NULL, NULL, NULL, 1, NULL, 0, 0, 0, NULL, NULL, 0, NULL, NULL, 1, 0, 0, NULL),
(117, 31, '2018-02-02 13:41:27', 1, NULL, NULL, NULL, NULL, NULL, NULL, NULL, NULL, 0, NULL, 0, 0, 1, NULL, NULL, 0, NULL, NULL, 0, 0, 0, NULL),
(118, 31, '2018-02-02 13:42:13', 0, 'cart', NULL, NULL, NULL, NULL, NULL, NULL, NULL, 1, NULL, 0, 0, 0, NULL, NULL, 0, NULL, NULL, 0, 0, 1, NULL),
(119, 30, '2018-02-02 13:45:12', 1, NULL, NULL, NULL, NULL, NULL, NULL, NULL, NULL, 0, NULL, 0, 0, 1, NULL, NULL, 0, NULL, NULL, 0, 0, 0, NULL),
(120, 29, '2018-02-06 12:00:18', 0, 'salomon-n-qst-106', NULL, NULL, NULL, NULL, NULL, NULL, NULL, 0, NULL, 0, 0, 0, NULL, NULL, 0, NULL, NULL, 0, 0, 0, 2),
(121, 29, '2018-02-06 12:23:48', 0, 'columbia-montrail-neck', NULL, NULL, NULL, NULL, NULL, NULL, NULL, 0, NULL, 0, 0, 0, NULL, NULL, 0, NULL, NULL, 0, 0, 0, 16),
(122, 29, '2018-02-06 12:24:52', 0, 'black-diamond-expedition-3', NULL, NULL, NULL, NULL, NULL, NULL, NULL, 0, NULL, 0, 0, 0, NULL, NULL, 0, NULL, NULL, 0, 0, 0, 15),
(123, 29, '2018-02-08 13:27:46', 0, 'vaude-arco-1-2p', NULL, NULL, NULL, NULL, NULL, NULL, NULL, 0, NULL, 0, 0, 0, NULL, NULL, 0, NULL, NULL, 0, 0, 0, 14),
(124, 29, '2018-02-08 13:46:58', 0, 'black-diamond-vista', NULL, NULL, NULL, NULL, NULL, NULL, NULL, 0, NULL, 0, 0, 0, NULL, NULL, 0, NULL, NULL, 0, 0, 0, 6),
(125, 29, '2018-02-08 13:47:03', 0, 'columbia-classic-outdoor-20l', NULL, NULL, NULL, NULL, NULL, NULL, NULL, 0, NULL, 0, 0, 0, NULL, NULL, 0, NULL, NULL, 0, 0, 0, 7),
(126, 29, '2018-02-08 13:47:26', 0, 'the-north-face-inferno-40f-40c', NULL, NULL, NULL, NULL, NULL, NULL, NULL, 0, NULL, 0, 0, 0, NULL, NULL, 0, NULL, NULL, 0, 0, 0, 13),
(127, 29, '2018-02-08 14:29:22', 0, 'petzl-boreo', NULL, NULL, NULL, NULL, NULL, NULL, NULL, 0, NULL, 0, 0, 0, NULL, NULL, 0, NULL, NULL, 0, 0, 0, 4),
(128, 29, '2018-02-08 14:29:27', 0, 'the-north-face-borealis', NULL, NULL, NULL, NULL, NULL, NULL, NULL, 0, NULL, 0, 0, 0, NULL, NULL, 0, NULL, NULL, 0, 0, 0, 1),
(129, 29, '2018-02-08 14:29:46', 0, 'salomon-guardian-mnc-13-l-115mm', NULL, NULL, NULL, NULL, NULL, NULL, NULL, 0, NULL, 0, 0, 0, NULL, NULL, 0, NULL, NULL, 0, 0, 0, 12),
(131, 29, '2018-02-08 19:52:43', 0, 'mac-book', NULL, NULL, NULL, NULL, NULL, NULL, NULL, 0, NULL, 0, 0, 0, NULL, NULL, 0, NULL, NULL, 0, 0, 0, 17),
(132, 29, '2018-04-10 12:55:45', 0, 'petzl-bongo', NULL, NULL, NULL, NULL, NULL, NULL, NULL, 0, NULL, 0, 0, 0, NULL, NULL, 0, NULL, NULL, 0, 0, 0, 9);

-- --------------------------------------------------------

--
-- Estructura de tabla para la tabla `palabrasclave`
--

CREATE TABLE `palabrasclave` (
  `id` int(11) NOT NULL,
  `blog_id` int(11) DEFAULT NULL,
  `palabraClave` varchar(255) COLLATE utf8_unicode_ci NOT NULL
) ENGINE=InnoDB DEFAULT CHARSET=utf8 COLLATE=utf8_unicode_ci;

--
-- Volcado de datos para la tabla `palabrasclave`
--

INSERT INTO `palabrasclave` (`id`, `blog_id`, `palabraClave`) VALUES
(4, 3, 'Palabra');

-- --------------------------------------------------------

--
-- Estructura de tabla para la tabla `paqueteria`
--

CREATE TABLE `paqueteria` (
  `id` int(11) NOT NULL,
  `business_id` int(11) DEFAULT NULL,
  `title` varchar(255) COLLATE utf8_unicode_ci NOT NULL,
  `price` double NOT NULL,
  `eliminado` tinyint(1) NOT NULL
) ENGINE=InnoDB DEFAULT CHARSET=utf8 COLLATE=utf8_unicode_ci;

--
-- Volcado de datos para la tabla `paqueteria`
--

INSERT INTO `paqueteria` (`id`, `business_id`, `title`, `price`, `eliminado`) VALUES
(1, 29, '24 horas Península', 5.95, 0),
(2, 29, 'Estándar Península', 3, 0);

-- --------------------------------------------------------

--
-- Estructura de tabla para la tabla `product`
--

CREATE TABLE `product` (
  `id` int(11) NOT NULL,
  `business_id` int(11) DEFAULT NULL,
  `brand_id` int(11) DEFAULT NULL,
  `producttype_id` int(11) DEFAULT NULL,
  `title` varchar(255) COLLATE utf8_unicode_ci NOT NULL,
  `reference` varchar(255) COLLATE utf8_unicode_ci NOT NULL,
  `description` longtext COLLATE utf8_unicode_ci,
  `price` double NOT NULL,
  `discount` double NOT NULL,
  `taxes` double NOT NULL,
  `stock` int(11) NOT NULL,
  `image1` varchar(255) COLLATE utf8_unicode_ci DEFAULT NULL,
  `image2` varchar(255) COLLATE utf8_unicode_ci DEFAULT NULL,
  `image3` varchar(255) COLLATE utf8_unicode_ci DEFAULT NULL,
  `image4` varchar(255) COLLATE utf8_unicode_ci DEFAULT NULL,
  `image5` varchar(255) COLLATE utf8_unicode_ci DEFAULT NULL,
  `status` tinyint(1) NOT NULL,
  `updatedAt` datetime DEFAULT NULL,
  `createdAt` datetime NOT NULL,
  `slug` varchar(255) COLLATE utf8_unicode_ci DEFAULT NULL,
  `productorder` int(11) NOT NULL,
  `hasvariants` tinyint(1) NOT NULL,
  `seotitle` varchar(70) COLLATE utf8_unicode_ci DEFAULT NULL,
  `seodescription` tinytext COLLATE utf8_unicode_ci
) ENGINE=InnoDB DEFAULT CHARSET=utf8 COLLATE=utf8_unicode_ci;

--
-- Volcado de datos para la tabla `product`
--

INSERT INTO `product` (`id`, `business_id`, `brand_id`, `producttype_id`, `title`, `reference`, `description`, `price`, `discount`, `taxes`, `stock`, `image1`, `image2`, `image3`, `image4`, `image5`, `status`, `updatedAt`, `createdAt`, `slug`, `productorder`, `hasvariants`, `seotitle`, `seodescription`) VALUES
(1, 29, 2, 7, 'The north face Borealis', 'M00345892Lkm', '<p>Una nueva versi&oacute;n mejorada de nuestra mochila m&agrave;s vendida. Ahora con opciones de organizaci&oacute;n mejoradas y un sistema de suspensi&oacute;n actualizado, es sin duda la mochila perfecta para quienes viven en continuo movimiento.</p><p>Mu&eacute;vete de forma &agrave;gil durante todo el d&iacute;a gracias al sistema de suspensi&oacute;n FlexVent, a sus correas para los hombros moldeadas por inyecci&oacute;n y al panel de respaldo acolchado con malla y canal de ventilaci&oacute;n dorsal. Dise&ntilde;ado espec&iacute;ficamente para adaptarse al torso femenino para que disfrutes del m&agrave;ximo confort y ventilaci&oacute;n sin rozaduras.</p><p>El interior cuenta con una funda para port&agrave;til o tableta que lo proteger&agrave; de golpes o ca&iacute;das, as&iacute; como pr&agrave;cticos bolsillos para otros accesorios. Los d&iacute;as que solo lleves una carga ligera, puedes desmontar el cintur&oacute;n y ajustar las correas de los laterales.</p><p><strong>Caracter&iacute;sticas:</strong></p><ul><li>Asa superior c&oacute;moda y acolchada</li><li>Correa para el estern&oacute;n con hebilla con silbato</li><li>Compartimento principal con funda acolchada de forro polar para ordenador port&agrave;til, que lo proteger&agrave; de ca&iacute;das y golpes</li><li>Compartimento delantero en forma de D de f&agrave;cil acceso con funda acolchada con forro polar para tableta</li><li>Bolsillo delantero con paneles laterales el&agrave;sticos para mayor capacidad de almacenamiento</li><li>El compartimento secundario dispone de organizadores internos con bolsillo para dispositivos electr&oacute;nicos forrado en felpa, bolsillo de seguridad con cremallera y malla el&agrave;stica para organizar los cables</li><li>Bolsillo externo de forro polar y cremallera para llevar m&agrave;s dispositivos electr&oacute;nicos o las gafas de sol</li><li>Dos bolsillos portabotellas de malla el&agrave;stica, con posibilidad de llevar las botellas ocultas</li><li>Correas laterales de compresi&oacute;n, para contar con la posibilidad de ajustar la carga</li><li>Cintur&oacute;n desmontable</li><li>Dos bolsillos laterales en tejido opaco de malla el&agrave;stica para llevar cosas de forma discreta</li><li>Gancho para la luz de la bicicleta, leng&uuml;etas en los bolsillos para botella de agua y correas para los hombros con elementos reflectantes que ofrecen una visibilidad total. - Sistema de suspensi&oacute;n FlexVent?, con dise&ntilde;o espec&iacute;fico para adaptarse a la anatom&iacute;a femenina, con correas moldeadas por compresi&oacute;n para los hombros y panel de respaldo acolchado con malla ligera, dotado de canal de ventilaci&oacute;n dorsal</li><li>Correas para los hombros especialmente dise&ntilde;adas para adaptarse a la anatom&iacute;a femenina, con puntos de sujeci&oacute;n adaptados al torso femenino para un ajuste perfecto con cualquier talla y forma</li><li>El compartimento secundario dispone de organizadores internos con bolsillo para dispositivos multimedia forrado en felpa, bolsillo con cierre de cremallera seguro y malla el&agrave;stica para organizar los cables</li><li>Correas de compresi&oacute;n laterales para ajustar la carga</li></ul><p><strong>Especificaciones:</strong></p><ul><li>Peso aproximado: 1180 g</li><li>Peso medio: 1180 g - Capacidad: 25 litros</li><li>Funda para port&agrave;til: 30,4 x 33 cm</li><li>Tejido: nailon Cordura&reg; antidesgarro de alta resistencia 210D, tejido acolchado jaspeado antidesgarro de alta resistencia de nailon 200D/poli&eacute;ster 340D, tejido jaspeado de poli&eacute;ster 600D, estampado de poli&eacute;ster 600D.</li></ul><p>Todos los productos de la categor&iacute;a Daypacks tienen la mejor calidad de fabricaci&oacute;n y cuidan hasta el m&aacute;s m&iacute;nimo detalle.&nbsp;</p>', 79.95, 0, 21, 95, '/business/29/products/1/product-1.jpg', '/business/29/products/1/product-1_1.jpg', '/business/29/products/1/product-1_2.jpg', '/business/29/products/1/product-1_3.jpg', NULL, 1, '2018-01-30 09:43:33', '2018-01-30 09:43:33', 'the-north-face-borealis', 100, 0, NULL, NULL),
(2, 29, 1, 5, 'Salomon N QST 106', 'GTj73904hgt', '<p>El QST 106 es un cargador de nieve blanda que tambi&eacute;n ofrece arcos precisos y estables en los limpiadores y la nieve dura. Su perfil de balanc&iacute;n todoterreno flotante y predecible y 3D Woodcore est&aacute;n reforzados con CF / X para obtener potencia cuando la necesite.</p><p>El nuevo carcaj de esqu&iacute;. caracteristicas: La capa de refuerzo C / FX Carbon y Flax brinda potencia y estabilidad como el metal, a una fracci&oacute;n del peso. El emparedado completo de 360 ​​&deg;, la construcci&oacute;n de la pared lateral del ABS, que se extiende alrededor de toda la pared lateral, proporciona un mayor contacto del esqu&iacute; con la nieve, mayor resistencia y una gran adaptaci&oacute;n al terreno.</p><p>Spaceframe est&aacute; hecho de un Inverted 3D Woodcore insertado con Carbon Flax &amp; Power Transfer Platform. Proporciona un contacto superior de esqu&iacute; a nieve fuera de la pista y en la pista, lo que garantiza el rendimiento bajo el pie para la talla de paquete duro</p><p><strong>Tecnolog&iacute;as:</strong></p><ul><li>SINGLE TI LAMINADO: Una sola capa de refuerzo de titanio para un gran agarre en el borde, transferencia de energ&iacute;a eficiente y vivacidad.</li><li>REFUERZO DEL BORDE TOTAL: El refuerzo de fibra directamente en la parte superior de los bordes mejora la durabilidad, el agarre en los bordes y la resistencia a los golpes.</li><li>PULSE PAD: Una capa de caucho a lo largo de los bordes y en las zonas cr&iacute;ticas del esqu&iacute; para una conducci&oacute;n m&aacute;s suave y un mejor contacto con la nieve de esqu&iacute;.</li><li>TWIN ROCKER: El perfil de balanc&iacute;n largo y de altura media en la punta y la cola permite un f&aacute;cil giro con la m&aacute;xima flotaci&oacute;n y maniobrabilidad en polvo. El esqu&iacute; mantiene una zona de contacto largo en el borde con una inclinaci&oacute;n en el medio del esqu&iacute; para una mayor estabilidad y agarre en los bordes.</li><li>ZONA CARVE: La secci&oacute;n tradicionalmente combada de esqu&iacute;s gemelos, donde el lateral est&aacute; enfocado para obtener m&aacute;s potencia, energ&iacute;a y agarre en los bordes.</li><li>GANCHO SINCRONIZACI&Oacute;N GRATUITA: Corte lateral de 5 puntos, cono de punta y cola en las extremidades. El punto m&aacute;s ancho en el corte lateral se estrecha hacia la punta m&aacute;s temprano para reducir el arrastre y engancharse en polvo. El peso del columpio tambi&eacute;n se reduce haciendo que el esqu&iacute; sea a&uacute;n m&aacute;s maniobrable en condiciones de nieve dif&iacute;cil.</li><li>C / FX: Capa &uacute;nica de fibra preimpregnada que consiste en carbono y lino tejidas juntas, corriendo a lo largo del esqu&iacute;. Combina la incre&iacute;ble fuerza y ​​el peso m&iacute;nimo de fibra de carbono para la estabilidad y el refuerzo, con un mayor nivel de amortiguaci&oacute;n y absorci&oacute;n de vibraciones por encima y m&aacute;s all&aacute; de lo que se encuentra en las construcciones tradicionales de carbono y esqu&iacute; de luz. Patentado y exclusivo de Salomon.</li><li>COLA KOROYD: M&aacute;s Float, Less FLop. S&uacute;per ligero nido de abeja / Koroyd Tail insert, reforzado con ABS. Menos peso en las extremidades con mayor amortiguaci&oacute;n de Koroyd aumenta dr&aacute;sticamente la maniobrabilidad y la facilidad de conducci&oacute;n en esqu&iacute;s rockered.</li><li>CONSEJO DE KOROYD: M&aacute;s Float, Less FLop. S&uacute;per ligero nido de abeja / inserto de punta Koroyd, reforzado con ABS. Menos peso en las extremidades con mayor amortiguaci&oacute;n de Koroyd aumenta dr&aacute;sticamente la maniobrabilidad y la facilidad de conducci&oacute;n en esqu&iacute;s rockered. MUROS COMPLETOS SANDWICH 360 &deg;: S&aacute;ndwich completo, construcci&oacute;n de pared lateral de ABS, que se extiende alrededor de toda la pared lateral.</li><li>INVERTIDO WOODCORE 3D: Woodcore molido internamente.</li><li>PLATAFORMA DE TI POWER: Titanal insertar borde a borde.</li><li>SPACEFRAME 3.0 FR: Spaceframe est&aacute; hecho de un Inverted 3D Woodcore insertado con Carbon Flax &amp; Power Transfer Platform. Salomon N QST 106 cuenta con las mejores calidades de fabricaci&oacute;n y con la garant&iacute;a oficial de la marca Salomon. Si estas interesado en adquirir este art&iacute;culo de monta&ntilde;a debes saber sus medidas son de 23x23x cm. y su peso es de 7.04 kg. (en su caja original). En estos momentos Salomon N QST 106 se encuentra en stock en trekkinn, tu tienda online de monta&ntilde;a.</li></ul>', 550.03, 23, 21, 96, '/business/29/products/2/product-2.jpg', '/business/29/products/2/product-2_1.jpg', '/business/29/products/2/product-2_2.jpg', NULL, NULL, 1, '2018-01-30 09:53:06', '2018-01-30 09:53:06', 'salomon-n-qst-106', 1, 0, NULL, NULL),
(3, 29, 2, 8, 'The north face Cat S Meow Long', 'HGU68392-fg', '<p>The north face Cat S Meow Long Con su dise&ntilde;o eficiente para potenciar al m&aacute;ximo la protecci&oacute;n t&eacute;rmica y la capacidad de compresi&oacute;n al tiempo que se reduce el peso, el saco Cats Meow representa el modelo sint&eacute;tico por antonomasia para disfrutar del monta&ntilde;ismo tres estaciones al a&ntilde;o. Se caracteriza por su confecci&oacute;n con corte de momia, que envuelve una combinaci&oacute;n de filamentos continuos y fibras cortas de aislamiento distribuida por todo el saco en compartimentos verticales compresibles y eficientes.</p><p>Este saco se ofrece en cuatro longitudes, para que elijas la que mejor se adapte a ti, sea cual sea tu talla. Aqu&iacute; tienes la lista de caracter&iacute;sticas completa.</p><p>Caracteristicas:</p><ul><li>Confecci&oacute;n con tecnolog&iacute;a Cyclone, que envuelve una mezcla de filamentos continuos y part&iacute;culas aislantes en torno al saco, distribuidos en compartimentos verticales compresibles y eficientes</li><li>Capucha de estructura preformada para m&aacute;s calidez y confort</li><li>Cuello anticorrientes, que aporta m&aacute;s confort e impide que se pierda el calor</li><li>Incluye lazos para acoplar el saco a una esterilla o colchoneta</li><li>Bolsa de compresi&oacute;n y saco de almacenamiento incluidos</li></ul><p>Especificaciones:</p><ul><li>Temperaturas: -7 &deg;C</li><li>Dimensiones del saco de transporte: 22,9 cm x 40,8 cm</li><li>Peso medio: Modelo corto: 1134 g / Modelo largo: 1304 g / extra long: 1389 g</li></ul><p>Tecnolog&iacute;a:</p><ul><li>Fitted Hood: Nuestras colecciones Summit y Core cuentan con capuchas de dise&ntilde;o ergon&oacute;mico de eficacia probada, que aplican el aislamiento all&iacute; donde hace falta y lo retiran de los puntos donde no es necesario, para mantener el calor y el confort al tiempo que reducen el peso y el volumen.</li><li>Vaulted Footbox: El espacio abovedado que The North Face&reg; ha dise&ntilde;ado especialmente para los pies brinda suficiente espacio para poder estirarlos y moverlos con naturalidad. Esto elimina los espacios de aire aislados y mantiene los pies m&aacute;s calientes y c&oacute;modos. Pide ya tu The north face Cat S Meow Long y rec&iacute;belo en casa en unos d&iacute;as.</li></ul><p>Sus dimensiones en su caja original son de 23x23x cm. y su peso es de 1.29 kg.</p><p>Adem&aacute;s podr&aacute;s elegir el The north face Cat S Meow Long en diferentes tallas y colores, de esta forma se adapta a tus necesidades.</p>', 185.6, 23, 21, 97, '/business/29/products/3/product-3.jpg', NULL, NULL, NULL, NULL, 1, '2018-01-30 09:56:04', '2018-01-30 09:56:04', 'the-north-face-cat-s-meow-long', 100, 0, NULL, NULL),
(4, 29, 3, 4, 'Petzl Boreo', 'H6784949478', '<p>Duradero y muy vers&aacute;til, el casco BOREO es adecuado para la escalada, el alpinismo, la espeleolog&iacute;a, la v&iacute;a ferrata, el descenso de barrancos...</p><p>Gracias a su construcci&oacute;n h&iacute;brida, el casco es compacto y cubre la cabeza. Se refuerza la protecci&oacute;n contra impactos laterales, delanteros y traseros. El volumen optimizado en la cabeza y los amplios orificios de ventilaci&oacute;n lo convierten en un casco c&oacute;modo para todas las actividades.</p><p>Caracteristicas:</p><ul><li>La carcasa externa dura es resistente al impacto y a los ara&ntilde;azos para una durabilidad &oacute;ptima construcci&oacute;n h&iacute;brida con carcasa de ABS gruesa, un forro de espuma EPP y un forro de espuma EPS lo hace compacto en la cabeza diadema suave se adapta perfectamente a la forma de la cabeza y se pliega en el caparaz&oacute;n para almacenamiento y transporte.</li><li>Dise&ntilde;o de cubierta de la cabeza para una protecci&oacute;n &oacute;ptima contra impactos laterales, delanteros y traseros: lleva la etiqueta del producto Petzls TOP AND SIDE PROTECTION la forma de la cabeza, m&aacute;s baja en la parte trasera, ofrece protecci&oacute;n reforzada</li><li>Vers&aacute;til, para una variedad de actividades: adecuado para la escalada, el alpinismo, la espeleolog&iacute;a, la v&iacute;a ferrata, el descenso de barrancos ... cuatro clips para el accesorio del faro compatible con el protector ocular VIZION</li><li>Peso: 285 g Material (es)</li><li>Materiales:<ul><li>carcasa de ABS</li><li>forro de polipropileno expandido (EPP)</li><li>forro de poliestireno expandido (EPS)</li><li>cinta de poli&eacute;ste</li></ul></li></ul>', 54, 0, 21, 100, '/business/29/products/4/product-4.jpg', '/business/29/products/4/product-4_1.jpg', '/business/29/products/4/product-4_2.jpg', NULL, NULL, 1, '2018-01-30 09:59:18', '2018-01-30 09:59:18', 'petzl-boreo', 100, 0, NULL, NULL),
(5, 29, 3, 4, 'Petzl Aspir', 'gty567893948', '<p>El ASPIR es un modelo c&oacute;modo, que ofrece muchas de las ventajas de nuestros arneses de alta gama: cintur&oacute;n y perneras acolchados, punto de encordamiento reforzado y anillos portamaterial. Su volumen reducido y sus grandes posibilidades de regulaci&oacute;n lo convierten en un arn&eacute;s ideal para alpinismo y recorridos por glaciar. Un modelo muy adecuado tanto para las v&iacute;as ferrata como para los parques de aventura.</p><p><strong>Caracteristicas:</strong>&nbsp;</p><ul><li>Las perneras y el cintur&oacute;n acolchados de alta densidad con forro de nil&oacute;n flexible son confortables y ocupan un volumen m&iacute;nimo.</li><li>Las perneras regulables se ajustan perfectamente al per&iacute;metro del muslo o las capas de ropa, y permiten colocarse el arn&eacute;s con los esqu&iacute;s los crampones puestos.</li><li>La hebillas DoubleBack tienen una forma determinada para facilitar su regulaci&oacute;n y ayudan a prevenir las manipulaciones incorrectas.</li><li>Punto de encordamiento &uacute;nico reforzado en Dyneema para una excelente resistencia a la abrasi&oacute;n.</li><li>Dos anillos portamaterial flexibles, sin crear puntos de apoyo con la mochila.</li><li>El&aacute;sticos traseros desenganchables.</li><li>El interior de las perneras y el cintur&oacute;n est&aacute;n marcados con colores diferentes para facilitar la colocaci&oacute;n del arn&eacute;s. - Las tallas se identifican mediante colores diferentes para facilitar la gesti&oacute;n de los equipos para los gu&iacute;as y grupos.</li></ul><p>Especificaciones:</p><ul><li>Materiales : cintas de poliamida, punto de encordamiento poli&eacute;ster y Dyneema, espuma de polietileno cargado EVA, espuma de c&eacute;lula cerrada y rejilla 3D poli&eacute;ster tejido. - Peso : 450 g</li></ul>', 46.95, 0, 21, 100, '/business/29/products/5/product-5.jpg', '/business/29/products/5/product-5_1.jpg', '/business/29/products/5/product-5_2.jpg', NULL, NULL, 1, '2018-01-30 10:05:10', '2018-01-30 10:05:10', 'petzl-aspir', 100, 0, NULL, NULL),
(6, 29, 4, 9, 'Black diamond Vista', 'HJ67893948587', '<p>Igualmente en el pa&iacute;s en campamentos y prados alpinos remotos, las tres personas, tres estaciones Black Diamon Vista proporciona suficiente espacio para vivir sin a&ntilde;adir peso. Las caracter&iacute;sticas del dise&ntilde;o de la pared vers&aacute;til, doble un centro de lanzamiento r&aacute;pido que hace que para una instalaci&oacute;n r&aacute;pida, y puertas dobles y vest&iacute;bulos para facilitar la entrada y almacenamiento de equipo.</p><p>Para las misiones de peso ligero, la mosca se combina con el pa&ntilde;o de tierra opcional para hacer un refugio aerodin&aacute;mico.</p><p>Caracteristicas:</p><ul><li>Tres personas, de doble pared, dise&ntilde;o de tres temporada con vistas de 360 ​​grados de malla cubo de lanzamiento r&aacute;pido, de di&aacute;metro variable de polos DAC Featherlite&reg; de espacio eficiente</li><li>Las puertas dobles y 2 portales integrados 1500 mosca mm poli&eacute;ster y nylon suelo mm 2000</li><li>Tambi&eacute;n se pueden configurar utilizando s&oacute;lo la marcha, polos y tapiz de suelo opcional (se vende por separado)</li><li>Serie: Serie Doublelight Temporada 3 Capacidad: 3 Puertas: 2 Normal Peso lleno: 2,94 kg (6 lb 8 oz) Peso m&iacute;nimo: 2,70 kg (5 lb 15 oz)</li><li>Dimensiones: 244 x 218 x 168 x 117 cm (96 x 86 x 66 x 46 cm)</li></ul><p>Black diamond Vista cuenta con las mejores calidades de fabricaci&oacute;n y con la garant&iacute;a oficial de la marca Black diamond. Si estas interesado en adquirir este art&iacute;culo de monta&ntilde;a debes saber sus medidas son de 20x20x cm. y su peso es de 2.32 kg. (en su caja original).</p>', 468, 0, 21, 97, '/business/29/products/6/product-6.jpg', '/business/29/products/6/product-6_1.jpg', '/business/29/products/6/product-6_2.jpg', '/business/29/products/6/product-6_3.jpg', NULL, 1, '2018-01-30 10:07:40', '2018-01-30 10:07:40', 'black-diamond-vista', 100, 0, NULL, NULL),
(7, 29, 6, 7, 'Columbia Classic Outdoor 20L', 'B984737yfgh', '<p>Para las personas con un estilo de vida activo, es imprescindible contar con una mochila fiable. Esta luce un dise&ntilde;o de inspiraci&oacute;n retro. Tiene un bolsillo de seguridad externo y un asa para facilitar el acceso y el transporte.</p><p><strong>Caracteristicas:</strong></p><ul><li>Bolsillo de seguridad externo</li><li>Asa de transporte</li></ul><p>Especificaciones:</p><ul><li>TEJIDO:&nbsp;<ul><li>Exterior: Revestimiento 600D 100 % poli&eacute;ster</li></ul></li></ul>', 30.85, 41.82, 21, 99, '/business/29/products/7/product-7.jpg', '/business/29/products/7/product-7_1.jpg', NULL, NULL, NULL, 1, '2018-01-30 10:11:57', '2018-01-30 10:11:57', 'columbia-classic-outdoor-20l', 100, 0, NULL, NULL),
(8, 29, 7, 7, 'VAUDE Brenta 35L', 'hju6893939', '<p>&iexcl;El viaje es la recompensa! La Brenta 35 es una mochila de senderismo deportivo con funciones completas que hacen excursiones de un d&iacute;a extendidos y caseta de Tours posible tambi&eacute;n.</p><p>El sistema de suspensi&oacute;n Aeroflex permite que el aire fresco circule en la espalda; las correas y las alas de cadera ofrecen una muy buena microclima gracias a la espuma perforada.</p><p>El f&aacute;cil ajustar el sistema permite el ajuste de la tensi&oacute;n de malla para una mejor adaptaci&oacute;n a las condiciones y / o el peso de su equipo. Los tirantes se pueden ajustar individualmente con FLASH para el tama&ntilde;o de su torso. acceso frontal adicional para el compartimento principal, los bolsillos exteriores de tres estr&iacute;as y las opciones de conexi&oacute;n de los bastones de trekking o picos de hielo son pr&aacute;cticos en la gira.</p><p>Forma verde es su garant&iacute;a VAUDE para los productos respetuosos con el ecosistema. Hecha de materiales sostenibles y la producci&oacute;n de la conservaci&oacute;n de los recursos.</p>', 108, 0, 21, 100, '/business/29/products/8/product-8.jpg', NULL, NULL, NULL, NULL, 1, '2018-01-30 10:19:23', '2018-01-30 10:19:23', 'vaude-brenta-35l', 100, 0, NULL, NULL),
(9, 29, 3, 4, 'Petzl Bongo', 'HJ383992', '<p>Para el terreno de aventura, escalada artificial o en apertura de v&iacute;as.</p><p>Caracteristicas:</p><ul><li>Mango de caucho para absorber las vibraciones.</li><li>Mango con orificio para un cordino antip&eacute;rdida.</li><li>Cabeza con orificio para despitonar.&nbsp;</li><li>Cabeza curvatura optimizada para despitonar m&aacute;s f&aacute;cilmente.</li></ul><p>Especificaciones:</p><ul><li>Peso : 680 g</li><li>Longitud: 33 cm</li></ul>', 53.95, 0, 21, 100, '/business/29/products/9/product-9.jpg', NULL, NULL, NULL, NULL, 1, '2018-01-30 10:20:57', '2018-01-30 10:20:57', 'petzl-bongo', 100, 0, NULL, NULL),
(10, 29, 3, 4, 'Petzl Griptape', 'HGUKM6784993', '<p>Griptape para todos los hielos de Petzl Petzl Griptape cuenta con la garant&iacute;a oficial de la marca Petzl.</p><p>Comprando en nuestra tienda online de monta&ntilde;a podr&aacute;s disponer en tan solos unos d&iacute;as de Petzl Griptape. Sus dimensiones en su caja original son de 15x20x cm. y su peso es de 0.03 kg.</p>', 8.45, 0, 21, 100, '/business/29/products/10/product-10.jpg', NULL, NULL, NULL, NULL, 1, '2018-01-30 10:22:52', '2018-01-30 10:22:52', 'petzl-griptape', 100, 0, NULL, NULL),
(11, 29, 3, 4, 'Petzl Fixe', 'ty655787', '<p>La polea FIXE es ligera, compacta y se instala r&aacute;pidamente en la cuerda. Ofrece un buen compromiso entre peso y rendimiento.</p><p><strong>Caracteristicas:</strong></p><ul><li>Polea ligera y compacta.</li><li>Dise&ntilde;ada para ser utilizada en polipastos y desviadores de cargas.</li><li>Placas laterales fijas que permiten una colocaci&oacute;n r&aacute;pida y combinarse con un bloqueador mec&aacute;nico.</li><li>Roldana sobre cojinetes autolubricantes para asegurar un buen rendimiento.</li></ul><p>Especificaciones:</p><ul><li>Peso : 90 g - Di&aacute;metro de cuerda m&iacute;n. : 7 mm&nbsp;</li><li>Di&aacute;metro de cuerda m&aacute;x. : 13 mm</li><li>Di&aacute;metro de la roldana : 21 mm - Rendimiento : 71 %</li><li>Carga de trabajo : 5 kN (2,5 kN en un cabo)</li><li>Carga de rotura : 23 kN</li><li>Materiales : placas laterales de aluminio y roldana de aluminio.</li></ul><p>No esperes m&aacute;s para hacerte con Petzl Fixe de la marca Petzl. Su peso es de 0.17 kg. y sus dimensiones en su caja original son 10x10x cm..</p><p>Para cualquier consulta sobre las caracter&iacute;sticas de Petzl Fixe puedes ponerte en contacto con trekkinn a trav&eacute;s de nuestra p&aacute;gina de contacto.</p>', 17.95, 0, 21, 100, '/business/29/products/11/product-11.jpg', NULL, NULL, NULL, NULL, 1, '2018-01-30 10:24:29', '2018-01-30 10:24:19', 'petzl-fixe', 100, 0, NULL, NULL),
(12, 29, 1, 5, 'Salomon Guardian Mnc 13 L 115mm', 'TG67493893', '<p>Endimiento freeride probado por Salomon combinado con la pr&aacute;ctica tecnolog&iacute;a Hike &amp; Ride.</p><p><strong>Especificaciones:</strong></p><ul><li>DIN SCALE: 4-13</li><li>HEIGHT IN MM: 31.5</li><li>SKIER PESO (KG): 42-125</li><li>SKIER PESO (LBS): 92-275</li><li>ADJUSTMENT RANGE (MM): 55</li><li>ADJUSTMENT RANGE (US SIZES): 7</li><li>PESO OF 1/2 PAIR (IN G): 1460</li></ul><p><strong>Technologias</strong>:</p><ul><li>PESTA&Ntilde;AS DE AJUSTE AUTOM&Aacute;TICO: Ajuste autom&aacute;tico al calzar, sin ser manual. &iexcl;Puedes olvidarte de tu fijaci&oacute;n y confiar siempre en ella!</li><li>NORMATIVAS PARA ADULTOS - ALTA TRANSMISI&Oacute;N LATERAL: M&aacute;s precisi&oacute;n y m&aacute;s control para alcanzar un nuevo nivel de rendimiento.</li><li>CAMBIO HIDE &amp; RIDE: Cambio r&aacute;pido, f&aacute;cil y pr&aacute;ctico de la posici&oacute;n de esquiar y andar sin la necesidad de quitarse los esqu&iacute;s.</li><li>CHASIS DE PERFIL BAJO: El perfil bajo realza el feedback con el terreno y mejora la transmisi&oacute;n de la fuerza.</li><li>PLATAFORMA SOBREDIMENSIONADA: La plataforma sobredimensionada asegura la m&aacute;xima transmisi&oacute;n lateral de la fuerza.</li><li>DOBLE FLEXI&Oacute;N COMPLETA - FRENO PARA FREESKI: Freno auto plegable: adaptado a los esqu&iacute;s y pr&aacute;cticas modernas, elimina hangs up y las recepciones en switch.</li><li>AJUSTE MANUAL DE LA ALTURA EN LA PUNTERA - DESLIZAMIENTO AFD - PUNTERA U POWER: Proporciona una direcci&oacute;n potente y precisa.</li><li>MNC (CERTIFICADO MULTI NORMATIVA)</li><li>L35124300 (FRENO BC) - 376638 (FIJACI&Oacute;N - L) / 376639 (FIJACI&Oacute;N - S)</li></ul>', 330.61, 27.27, 21, 100, '/business/29/products/12/product-12.jpg', '/business/29/products/12/product-12_1.jpg', '/business/29/products/12/product-12_2.jpg', NULL, NULL, 1, '2018-01-30 10:28:43', '2018-01-30 10:28:43', 'salomon-guardian-mnc-13-l-115mm', 100, 0, NULL, NULL),
(13, 29, 2, 8, 'The north face Inferno -40F/-40C', 'tgh78892', '<p>El modelo Inferno -40C es nuestro saco de dormir de expedici&oacute;n m&aacute;s c&aacute;lido, con relleno de pluma, dise&ntilde;ado para soportar las condiciones m&aacute;s duras del planeta. Redise&ntilde;ado por nuestros atletas, presenta un mayor espacio y una facilidad de acceso nunca vista antes.</p><p>El generoso relleno de plumas ProDown de 800 cuins lo convierte en nuestro saco m&aacute;s c&aacute;lido y acolchado. El cuello totalmente aislante y el cord&oacute;n en la capucha impiden la salida del calor, mientras que el tejido Neovent Air resistente al agua situado en la capucha, los pies y la espalda mantiene la humedad a raya.</p><p>Por su parte, la cremallera central hace que meterse en el saco para protegerse de los elementos sea m&aacute;s f&aacute;cil que nunca. Aqu&iacute; tienes la lista de caracter&iacute;sticas completa.</p><p><strong>Caracteristicas: </strong></p><ul><li>Cuello aislante</li><li>Tejido Neovent Air resistente al agua en la capucha, los pies y la espalda</li><li>Placas con configuraci&oacute;n trapezoidal para impedir el movimiento de las plumas</li><li>Cremallera central para un acceso m&aacute;s sencillo</li><li>Bolsillo interno para almacenamiento aislado</li><li>Bolsa de compresi&oacute;n y almacenamiento incluidas</li><li>El cord&oacute;n de ajuste de la capucha a&iacute;sla por completo del fr&iacute;o</li><li>Relleno: Plum&oacute;n ProDown de 800 cuins Especificaciones:</li><li>Peso aproximado: 1758 g</li><li>Peso del relleno: 1250 g -</li><li>Temperatura l&iacute;mite: -40 &deg;C</li><li>Technologias:&nbsp;<ul><li><strong>Trapezoid Box Baffles:</strong> Los sacos para expediciones incorporan dos configuraciones estructurales especiales para garantizar los m&aacute;ximos niveles de calidez y confort. En primer lugar, utilizan un sistema especial de placas trapezoidales, que dispone placas de silueta trapezoidal adyacentes de forma que sus lados paralelos se colocan frente a frente. Esta configuraci&oacute;n garantiza que el conjunto conserve un volumen constante, mantiene al plum&oacute;n en su lugar y evita la aparici&oacute;n de puntos fr&iacute;os. En segundo lugar, estos sacos tambi&eacute;n cuentan con una estructura de placas que conforman una caja en las &aacute;reas m&aacute;s sensibles al fr&iacute;o: los laterales del torso y el espacio de los pies. Estas placas complementarias proporcionan un espacio adicional, garantizan que las plumas permanezcan en su sitio y, en consecuencia, ofrezcan m&aacute;s calor. Los sacos con relleno de pluma emplean un sistema especial de placas trapezoidales, con placas de silueta trapezoidal dispuestas de forma que sus laterales paralelos se sit&uacute;an frente a frente. Esta configuraci&oacute;n garantiza que el conjunto conserve un volumen constante, mantiene al plum&oacute;n en su lugar y evita la aparici&oacute;n de puntos fr&iacute;os.</li><li><strong>Vaulted Footbox:</strong> El espacio abovedado que The North Face ha dise&ntilde;ado especialmente para los pies brinda suficiente espacio para poder estirarlos y moverlos con naturalidad. Esto elimina los espacios de aire aislados y mantiene los pies m&aacute;s calientes y c&oacute;modos.</li></ul></li></ul>', 900.73, 28, 21, 11, '/business/29/products/13/product-13.jpg', '/business/29/products/13/product-13_1.jpg', '/business/29/products/13/product-13_2.jpg', NULL, NULL, 1, '2018-01-30 10:31:47', '2018-01-30 10:31:47', 'the-north-face-inferno-40f-40c', 100, 1, NULL, NULL),
(14, 29, 7, 9, 'VAUDE Arco 1 2P', 'gty657765', '<p><strong>Panorama incluye: </strong>espaciosa tienda de campa&ntilde;a t&uacute;nel 3 de la temporada con grandes entradas laterales. La habitaci&oacute;n interior h&aacute;bilmente dividida proporciona un amplio espacio para dormir para 2 personas y amplio espacio de almacenamiento para el engranaje del senderismo y los paquetes y puede ser ventilado a trav&eacute;s de una abertura en la cresta. El Campo 1 Arco 2P Puede armarse r&aacute;pidamente y es lo suficientemente fuerte como para asumir una tormenta.</p><p>El ideal arranque tienda de campa&ntilde;a para excursiones de pie en las zonas de clima templado. caracteristicas: 2 vest&iacute;bulos grandes / entradas 2 aberturas de ventilaci&oacute;n en el techo Ventilaci&oacute;n en la espalda Muy f&aacute;cil de configurar Presupuesto: Tienda interior: 100% poli&eacute;ster; 70D 185T transpirable; Doble techo: 100% poli&eacute;ster recubierto 3000mm 70D 185T poliuretano; 75D 185T con revestimiento de poliuretano; Superficie: 100% Poliamida 70D 190T poliuretano recubierto 5000 mm; 70D 190T con revestimiento de poliuretano.</p><ul><li><strong>Tama&ntilde;o del envase: </strong>45 x 20 cm</li><li><strong>Material de la tienda exterior:</strong> 100% poli&eacute;ster recubierto de poliuretano 75 D 3.000 mm</li><li><strong>Material de la tienda interior:</strong> 100% Poli&eacute;ster 68 D</li><li><strong>Material de la tienda bruta: </strong>100% poliamida 70 D poliuretano recubierto 5.000 mm</li><li><strong>Vinculaci&oacute;n:</strong> Al 6061 T9 10,3 / 9,3 mm</li><li><strong>Peso total:</strong> 2400,00</li><li><strong>Tecnolog&iacute;a: </strong><ul><li>Tunnel_tent_l: El dise&ntilde;o de tienda de campa&ntilde;a para excursiones de pie: Mejor utilizaci&oacute;n del espacio posible, bajo peso y configuraci&oacute;n sencilla y r&aacute;pida. El dise&ntilde;o del t&uacute;nel posibilita particularmente grandes &aacute;bsides, para mayor espacio de almacenamiento.</li><li>Zipper_seam_seal_l: Impermeable postal entrada grabada PVC: La etiqueta VAUDE &quot;PVC&quot; significa que este producto es fabricado 100% libres de PVC (cloruro de polivinilo). Parece que la lona lona, ​​es tan duradero y resistente al agua, pero est&aacute; hecha de PU (poliuretano) en lugar de tela recubierta de PVC. PVC contiene gran parte plastificantes (ftalatos) que se consideran perjudiciales para su salud.</li><li>Ventilation_hood_l: Por una ventilaci&oacute;n protegida lluvia de admisi&oacute;n. Ajustable a trav&eacute;s de la entrada de la cremallera de 4 v&iacute;as.</li><li>Stormcord_collector_l: Stormcord colector de cables de retenci&oacute;n</li></ul></li></ul><p>&nbsp;</p><p>Descubre nuestra oferta VAUDE Arco 1 2P en stock y al mejor precio. Visita trekkinn, tu tienda online de monta&ntilde;a y compra sin moverte de casa.</p><p>Pago seguro y env&iacute;o garantizado! Adem&aacute;s descubre m&aacute;s productos similares a VAUDE Arco 1 2P de la categor&iacute;a 3 estaciones para completar tu equipamiento de monta&ntilde;a.</p>', 180, 0, 21, 6, '/business/29/products/14/product-14.jpg', NULL, NULL, NULL, NULL, 1, '2018-01-30 16:35:38', '2018-01-30 16:35:38', 'vaude-arco-1-2p', 100, 1, NULL, NULL),
(15, 29, 4, 5, 'Black diamond Expedition 3', '54577865-l', '<p>Un poste de cuatro estaciones vers&aacute;til para el esqu&iacute;, el senderismo y transportar cargas hasta el campo base avanzado, el Diamante Negro Expedici&oacute;n 3 cuenta con FlickLocks duales para una amplia gama de ajuste.</p><p>Este polo cabe en su lona cuando es el momento de cargar con su equipo al aeropuerto, y el agarre de espuma abierta, permite que el estrangulador hacia arriba en el poste cuando est&aacute; arrancando un couloir remoto.</p><p>La expedici&oacute;n 3 viene con dos cestas y cestas de trekking en polvo, por lo que puede cambiar hacia fuera para que coincida con la temporada y el viaje. caracteristicas: 100% de aluminio: 18 mm (0,71 pulgadas) superior, 16 mm (0,63 pulgadas) a mediados, y 14 mm (0,55 pulgadas) menor</p><p>De cuatro estaciones extendi&oacute; mango de espuma con el punto de enganche para la manipulaci&oacute;n agresiva bares y hebillas correa ajustable de cuatro estaciones para la comodidad ergon&oacute;mica con o sin guantes Doble ajuste FlickLock&reg; 100 mm (4 pulgadas) Cestas Polvo Presupuesto: Peso por par: 520 g (1 lb 2 oz) Serie: Touring Longitud &uacute;til: [57] 125 cm 22,2 48,8 en [62] 140 cm 24,2 54,6 en Colapsada Longitud: [57 125 cm] 57 cm (22,2 pulgadas) [62 140 cm] 62 cm (24,2 pulgadas)</p><p><strong>&iquest;Qu&eacute; te parece encontrar Black diamond Expedition 3 con este precio?</strong> Alucinante &iquest;verdad? No esperes m&aacute;s y compra en nuestra tienda de monta&ntilde;a lo que llevas buscando desde hace tiempo. Equ&iacute;pate bien y practica tu deporte favorito de la mano de profesionales como es Black diamond. Y lo de mejor de todo es que lo tendr&aacute;s al mejor precio del mercado.</p>', 95.89, 24.97, 21, 7, '/business/29/products/15/product-15.jpg', '/business/29/products/15/product-15_1.jpg', '/business/29/products/15/product-15_2.jpg', NULL, NULL, 1, '2018-01-30 16:39:18', '2018-01-30 16:39:18', 'black-diamond-expedition-3', 100, 1, NULL, NULL),
(16, 29, 6, 10, 'Columbia Montrail Neck', 'tyei6754', '<p>Omni WICK TM Omni FREEZE ZERO TM sudor super enfriamiento activado Omni SHADE TM UPF 50 sun proteccion Presupuesto: 89% poli&eacute;ster, 11% elastano.</p>', 17.95, 0, 21, 6, '/business/29/products/16/product-16.jpg', NULL, NULL, NULL, NULL, 1, '2018-01-30 16:47:57', '2018-01-30 16:47:57', 'columbia-montrail-neck', 100, 1, NULL, NULL),
(17, 29, 4, 4, 'Mac Book', 'REF-APPLE', NULL, 1159, 0, 21, 4, '/business/29/products/17/product-17-21.jpg', NULL, NULL, NULL, NULL, 1, '2018-02-08 19:50:18', '2018-02-08 19:50:18', NULL, 1000, 0, 'Mac Book', 'Mac Book el mejor de su clase');

-- --------------------------------------------------------

--
-- Estructura de tabla para la tabla `producttoproduct`
--

CREATE TABLE `producttoproduct` (
  `id` int(11) NOT NULL,
  `product_id` int(11) DEFAULT NULL,
  `productrelacionado_id` int(11) DEFAULT NULL,
  `fechacreacion` datetime NOT NULL,
  `orden` int(11) DEFAULT NULL
) ENGINE=InnoDB DEFAULT CHARSET=utf8 COLLATE=utf8_unicode_ci;

--
-- Volcado de datos para la tabla `producttoproduct`
--

INSERT INTO `producttoproduct` (`id`, `product_id`, `productrelacionado_id`, `fechacreacion`, `orden`) VALUES
(4, 17, 4, '2018-04-10 12:12:03', 1),
(5, 17, 1, '2018-04-10 12:12:07', 2),
(6, 17, 15, '2018-04-10 12:12:26', 4),
(7, 17, 9, '2018-04-10 12:20:10', 3),
(8, 16, 6, '2018-04-10 12:21:11', NULL),
(9, 16, 17, '2018-04-10 12:36:26', NULL),
(10, 16, 15, '2018-04-10 12:53:02', NULL),
(11, 16, 12, '2018-04-10 12:53:05', NULL),
(12, 16, 14, '2018-04-10 12:53:09', NULL),
(13, 16, 8, '2018-04-10 12:53:12', NULL),
(14, 16, 2, '2018-04-10 12:53:21', NULL);

-- --------------------------------------------------------

--
-- Estructura de tabla para la tabla `producttype`
--

CREATE TABLE `producttype` (
  `id` int(11) NOT NULL,
  `business_id` int(11) DEFAULT NULL,
  `title` varchar(255) COLLATE utf8_unicode_ci NOT NULL,
  `image1` varchar(255) COLLATE utf8_unicode_ci DEFAULT NULL,
  `status` tinyint(1) NOT NULL,
  `updatedAt` datetime DEFAULT NULL,
  `createdAt` datetime NOT NULL,
  `slug` varchar(255) COLLATE utf8_unicode_ci DEFAULT NULL,
  `deleted` tinyint(1) NOT NULL
) ENGINE=InnoDB DEFAULT CHARSET=utf8 COLLATE=utf8_unicode_ci;

--
-- Volcado de datos para la tabla `producttype`
--

INSERT INTO `producttype` (`id`, `business_id`, `title`, `image1`, `status`, `updatedAt`, `createdAt`, `slug`, `deleted`) VALUES
(4, 29, 'Escalada', NULL, 1, '2018-01-30 09:30:52', '2018-01-30 09:30:52', 'escalada', 0),
(5, 29, 'Esqui de Montaña', NULL, 1, '2018-01-30 09:31:03', '2018-01-30 09:31:03', 'esqui-de-montaa', 0),
(6, 29, 'Gafas de Sol', NULL, 1, '2018-01-30 09:31:14', '2018-01-30 09:31:14', 'gafas-de-sol', 0),
(7, 29, 'Mochilas y Maletas', NULL, 1, '2018-01-30 09:32:29', '2018-01-30 09:32:29', 'mochilas-y-maletas', 0),
(8, 29, 'Sacos de Dormir', NULL, 1, '2018-01-30 09:32:56', '2018-01-30 09:32:56', 'sacos-de-dormir', 0),
(9, 29, 'Tienda de Capaña', NULL, 1, '2018-01-30 09:33:06', '2018-01-30 09:33:06', 'tienda-de-capaa', 0),
(10, 29, 'Senderismo', NULL, 1, '2018-01-30 16:46:27', '2018-01-30 16:46:27', 'senderismo', 0);

-- --------------------------------------------------------

--
-- Estructura de tabla para la tabla `productvariant`
--

CREATE TABLE `productvariant` (
  `id` int(11) NOT NULL,
  `product_id` int(11) DEFAULT NULL,
  `variantvalue1_id` int(11) DEFAULT NULL,
  `variantvalue2_id` int(11) DEFAULT NULL,
  `variantvalue3_id` int(11) DEFAULT NULL,
  `datecreated` datetime NOT NULL,
  `deleted` tinyint(1) NOT NULL,
  `stock` int(11) NOT NULL,
  `precio` double NOT NULL
) ENGINE=InnoDB DEFAULT CHARSET=utf8 COLLATE=utf8_unicode_ci;

--
-- Volcado de datos para la tabla `productvariant`
--

INSERT INTO `productvariant` (`id`, `product_id`, `variantvalue1_id`, `variantvalue2_id`, `variantvalue3_id`, `datecreated`, `deleted`, `stock`, `precio`) VALUES
(1, 16, 1, NULL, NULL, '2018-02-08 13:12:58', 0, 0, 10.95),
(2, 16, 2, NULL, NULL, '2018-02-08 13:12:58', 0, 0, 11.95),
(3, 16, 3, NULL, NULL, '2018-02-08 13:12:58', 0, 2, 12.95),
(4, 16, 4, NULL, NULL, '2018-02-08 13:12:58', 0, 4, 13.95),
(5, 15, 5, 8, NULL, '2018-02-08 13:23:05', 0, 0, 95.89),
(6, 15, 5, 9, NULL, '2018-02-08 13:23:05', 0, 1, 95.89),
(7, 15, 5, 10, NULL, '2018-02-08 13:23:05', 0, 1, 95.89),
(8, 15, 6, 8, NULL, '2018-02-08 13:23:05', 0, 1, 95.89),
(9, 15, 6, 9, NULL, '2018-02-08 13:23:05', 0, 1, 95.89),
(10, 15, 6, 10, NULL, '2018-02-08 13:23:05', 0, 0, 95.89),
(11, 15, 7, 8, NULL, '2018-02-08 13:23:05', 0, 1, 95.89),
(12, 15, 7, 9, NULL, '2018-02-08 13:23:05', 0, 1, 95.89),
(13, 15, 7, 10, NULL, '2018-02-08 13:23:05', 0, 1, 95.89),
(14, 14, 11, 14, NULL, '2018-02-08 13:27:09', 1, 1, 150),
(15, 14, 11, 15, NULL, '2018-02-08 13:27:09', 1, 20, 180),
(16, 14, 12, 14, NULL, '2018-02-08 13:27:09', 1, 30, 180),
(17, 14, 12, 15, NULL, '2018-02-08 13:27:09', 1, 0, 180),
(18, 14, 13, 14, NULL, '2018-02-08 13:27:09', 1, 0, 180),
(19, 14, 13, 15, NULL, '2018-02-08 13:27:09', 1, 0, 180),
(20, 14, 11, NULL, NULL, '2018-02-08 13:37:11', 1, 2, 180),
(21, 14, 12, NULL, NULL, '2018-02-08 13:37:11', 1, 2, 180),
(22, 14, 13, NULL, NULL, '2018-02-08 13:37:11', 1, 2, 180),
(23, 14, 11, 16, NULL, '2018-02-08 13:44:07', 0, 1, 180),
(24, 14, 12, 16, NULL, '2018-02-08 13:44:07', 0, 2, 180),
(25, 14, 13, 16, NULL, '2018-02-08 13:44:07', 0, 3, 180),
(26, 13, 17, 19, 23, '2018-02-08 13:47:56', 0, 1, 900.73),
(27, 13, 17, 20, 23, '2018-02-08 13:47:56', 0, 1, 900.73),
(28, 13, 17, 21, 23, '2018-02-08 13:47:56', 0, 1, 900.73),
(29, 13, 17, 22, 23, '2018-02-08 13:47:56', 0, 0, 900.73),
(30, 13, 18, 19, 23, '2018-02-08 13:47:56', 0, 3, 900.73),
(31, 13, 18, 20, 23, '2018-02-08 13:47:56', 0, 1, 900.73),
(32, 13, 18, 21, 23, '2018-02-08 13:47:56', 0, 2, 900.73),
(33, 13, 18, 22, 23, '2018-02-08 13:47:56', 0, 1, 900.73),
(34, 13, 17, 19, 24, '2018-02-08 13:48:44', 0, 1, 900.73),
(35, 13, 17, 20, 24, '2018-02-08 13:48:44', 0, 0, 900.73),
(36, 13, 17, 21, 24, '2018-02-08 13:48:44', 0, 0, 900.73),
(37, 13, 17, 22, 24, '2018-02-08 13:48:44', 0, 0, 900.73),
(38, 13, 18, 19, 24, '2018-02-08 13:48:44', 0, 0, 900.73),
(39, 13, 18, 20, 24, '2018-02-08 13:48:44', 0, 0, 900.73),
(40, 13, 18, 21, 24, '2018-02-08 13:48:44', 0, 0, 900.73),
(41, 13, 18, 22, 24, '2018-02-08 13:48:44', 0, 0, 900.73);

-- --------------------------------------------------------

--
-- Estructura de tabla para la tabla `project`
--

CREATE TABLE `project` (
  `id` int(11) NOT NULL,
  `business_id` int(11) DEFAULT NULL,
  `name` varchar(255) COLLATE utf8_unicode_ci NOT NULL,
  `slug` varchar(255) COLLATE utf8_unicode_ci NOT NULL,
  `projectdescription` longtext COLLATE utf8_unicode_ci NOT NULL,
  `deleted` tinyint(1) NOT NULL,
  `showinmenu` tinyint(1) NOT NULL,
  `pathicon` varchar(255) COLLATE utf8_unicode_ci DEFAULT NULL,
  `page_id` int(11) DEFAULT NULL,
  `showinhome` tinyint(1) NOT NULL,
  `paginainterior` tinyint(1) NOT NULL
) ENGINE=InnoDB DEFAULT CHARSET=utf8 COLLATE=utf8_unicode_ci;

--
-- Volcado de datos para la tabla `project`
--

INSERT INTO `project` (`id`, `business_id`, `name`, `slug`, `projectdescription`, `deleted`, `showinmenu`, `pathicon`, `page_id`, `showinhome`, `paginainterior`) VALUES
(1, 2, 'Proyecto 1', 'proyecto-1', '<p><span style="font-family: ''Open Sans'', Arial, sans-serif; text-align: justify;">"Lorem ipsum dolor sit amet, consectetur adipiscing elit, sed do eiusmod tempor incididunt ut labore et dolore magna aliqua. Ut enim ad minim veniam, quis nostrud exercitation ullamco laboris nisi ut aliquip ex ea commodo consequat. Duis aute irure dolor in reprehenderit in voluptate velit esse cillum dolore eu fugiat nulla pariatur. Excepteur sint occaecat cupidatat non proident, sunt in culpa qui officia deserunt mollit anim id est laborum."</span></p>', 0, 1, 'project-1-1.jpg', 76, 1, 0),
(2, 6, 'Curso de Buceo', 'curso-de-buceo', '<p><span style="font-family: ''Open Sans'', Arial, sans-serif; text-align: justify;">Al contrario del pensamiento popular, el texto de Lorem Ipsum no es simplemente texto aleatorio. Tiene sus raices en una pieza cl&acute;sica de la literatura del Latin, que data del a&ntilde;o 45 antes de Cristo, haciendo que este adquiera mas de 2000 a&ntilde;os de antiguedad. Richard McClintock, un profesor d</span></p>', 0, 1, 'project-2-78.jpg', NULL, 1, 0),
(3, 29, 'Proyecto 1', 'proyecto-1', 'Proyecto realizado.', 0, 1, '/business/29/projec-icon-3.jpg', NULL, 1, 1),
(4, 29, 'Proyecto 2', 'proyecto-2', 'Proyecto realizado.', 0, 1, '/business/29/projec-icon-4.jpg', NULL, 1, 1),
(5, 29, 'Proyecto 3', 'proyecto-3', 'Proyecto realizado.', 0, 1, '/business/29/projec-icon-5.jpg', NULL, 1, 1),
(6, 29, 'Proyecto 4', 'proyecto-4', 'Proyecto realizado.', 0, 1, '/business/29/projec-icon-6.jpg', NULL, 1, 1),
(7, 31, 'Proyecto 1', 'proyecto-1', 'Proyecto realizado.', 0, 1, '/business/31/projec-icon-7.jpg', NULL, 1, 1),
(8, 31, 'Proyecto 2', 'proyecto-2', 'Proyecto realizado.', 0, 1, '/business/31/projec-icon-8.jpg', NULL, 1, 1),
(9, 31, 'Proyecto 3', 'proyecto-3', 'Proyecto realizado.', 0, 1, '/business/31/projec-icon-9.jpg', NULL, 1, 1),
(10, 31, 'Proyecto 4', 'proyecto-4', 'Proyecto realizado.', 0, 1, '/business/31/projec-icon-10.jpg', NULL, 1, 1),
(11, 30, 'Proyecto 1', 'proyecto-1', 'Proyecto realizado.', 0, 1, '/business/30/projec-icon-11.jpg', NULL, 1, 1),
(12, 30, 'Proyecto 2', 'proyecto-2', 'Proyecto realizado.', 0, 1, '/business/30/projec-icon-12.jpg', NULL, 1, 1),
(13, 30, 'Proyecto 3', 'proyecto-3', 'Proyecto realizado.', 0, 1, '/business/30/projec-icon-13.jpg', NULL, 1, 1),
(14, 30, 'Proyecto 4', 'proyecto-4', 'Proyecto realizado.', 0, 1, '/business/30/projec-icon-14.jpg', NULL, 1, 1);

-- --------------------------------------------------------

--
-- Estructura de tabla para la tabla `service`
--

CREATE TABLE `service` (
  `id` int(11) NOT NULL,
  `business_id` int(11) DEFAULT NULL,
  `name` varchar(255) COLLATE utf8_unicode_ci NOT NULL,
  `slug` varchar(255) COLLATE utf8_unicode_ci DEFAULT NULL,
  `descriptionservice` longtext COLLATE utf8_unicode_ci,
  `pathicon` varchar(255) COLLATE utf8_unicode_ci DEFAULT NULL,
  `deleted` tinyint(1) NOT NULL,
  `showinmenu` tinyint(1) NOT NULL,
  `datecreated` datetime NOT NULL,
  `descripcionmin` longtext COLLATE utf8_unicode_ci,
  `imagendestacada` varchar(255) COLLATE utf8_unicode_ci DEFAULT NULL,
  `showinhome` tinyint(1) NOT NULL,
  `page_id` int(11) DEFAULT NULL
) ENGINE=InnoDB DEFAULT CHARSET=utf8 COLLATE=utf8_unicode_ci;

--
-- Volcado de datos para la tabla `service`
--

INSERT INTO `service` (`id`, `business_id`, `name`, `slug`, `descriptionservice`, `pathicon`, `deleted`, `showinmenu`, `datecreated`, `descripcionmin`, `imagendestacada`, `showinhome`, `page_id`) VALUES
(1, 1, 'Consultoría IT', 'consultoria-it', '<p style="margin: 0px 0px 10px; padding: 0px; line-height: normal; color: #666666; font-family: Verdana, Geneva, sans-serif; font-size: 10px; text-align: justify;">Lorem ipsum dolor sit amet, consectetuer adipiscing elit. Aenean commodo ligula eget dolor. Aenean massa. Cum sociis natoque penatibus et magnis dis parturient montes, nascetur ridiculus mus. Donec quam felis, ultricies nec, pellentesque eu, pretium quis, sem. Nulla consequat massa quis enim. Donec pede justo, fringilla vel, aliquet nec, vulputate eget, arcu. In enim justo, rhoncus ut, imperdiet a, venenatis vitae, justo. Nullam dictum felis eu pede mollis pretium. Integer tincidunt. Cras dapibus. Vivamus elementum semper nisi. Aenean vulputate eleifend tellus. Aenean leo ligula, porttitor eu, consequat vitae, eleifend ac, enim. Aliquam lorem ante, dapibus in, viverra quis, feugiat a, tellus. Phasellus viverra nulla ut metus varius laoreet. Quisque rutrum. Aenean imperdiet. Etiam ultricies nisi vel augue. Curabitur ullamcorper ultricies nisi. Nam eget dui. Etiam rhoncus. Maecenas tempus, tellus eget condimentum rhoncus, sem quam semper libero, sit amet adipiscing sem neque sed ipsum. Nam quam nunc, blandit vel, luctus pulvinar, hendrerit id, lorem. Maecenas nec odio et ante tincidunt tempus. Donec vitae sapien ut libero venenatis faucibus. Nullam quis ante. Etiam sit amet orci eget eros faucibus tincidunt. Duis leo. Sed fringilla mauris sit amet nibh. Donec sodales sagittis magna. Sed consequat, leo eget bibendum sodales, augue velit cursus nunc, quis gravida magna mi a libero. Fusce vulputate eleifend sapien. Vestibulum purus quam, scelerisque ut, mollis sed, nonummy id, metus. Nullam accumsan lorem in dui. Cras ultricies mi eu turpis hendrerit fringilla. Vestibulum ante ipsum primis in faucibus orci luctus et ultrices posuere cubilia Curae; In ac dui quis mi consectetuer lacinia. Nam pretium turpis et arcu.</p>\r\n<p style="margin: 0px 0px 10px; padding: 0px; line-height: normal; color: #666666; font-family: Verdana, Geneva, sans-serif; font-size: 10px;">Duis arcu tortor, suscipit eget, imperdiet nec, imperdiet iaculis, ipsum. Sed aliquam ultrices mauris. Integer ante arcu, accumsan a, consectetuer eget, posuere ut, mauris. Praesent adipiscing. Phasellus ullamcorper ipsum rutrum nunc. Nunc nonummy metus. Vestibulum volutpat pretium libero. Cras id dui. Aenean ut eros et nisl sagittis vestibulum. Nullam nulla eros, ultricies sit amet, nonummy id, imperdiet feugiat, pede. Sed lectus. Donec mollis hendrerit risus. Phasellus nec sem in justo pellentesque facilisis. Etiam imperdiet imperdiet orci. Nunc nec neque. Phasellus leo dolor, tempus non, auctor et, hendrerit quis, nisi. Curabitur ligula sapien, tincidunt non, euismod vitae, posuere imperdiet, leo. Maecenas malesuada. Praesent congue erat at massa. Sed cursus turpis vitae tortor. Donec posuere vulputate arcu. Phasellus accumsan cursus velit. Vestibulum ante ipsum primis in faucibus orci luctus et ultrices posuere cubilia Curae; Sed aliquam, nisi quis porttitor congue, elit erat euismod orci, ac placerat dolor lectus quis orci. Phasellus consectetuer vestibulum elit. Aenean tellus metus, bibendum sed, posuere ac, mattis non, nunc. Vestibulum fringilla pede sit amet augue. In turpis. Pellentesque posuere. Praesent turpis. Aenean posuere, tortor sed cursus feugiat, nunc augue blandit nunc, eu sollicitudin urna dolor sagittis lacus. Donec elit libero, sodales nec, volutpat a, suscipit non, turpis. Nullam sagittis. Suspendisse pulvinar, augue ac venenatis condimentum, sem libero volutpat nibh, nec pellentesque velit pede quis nunc. Vestibulum ante ipsum primis in faucibus orci luctus et ultrices posuere cubilia Curae; Fusce id purus. Ut varius tincidunt libero. Phasellus dolor. Maecenas vestibulum mollis diam. Pellentesque ut neque.</p>\r\n<p style="margin: 0px 0px 10px; padding: 0px; line-height: normal; color: #666666; font-family: Verdana, Geneva, sans-serif; font-size: 10px;">Pellentesque habitant morbi tristique senectus et netus et malesuada fames ac turpis egestas. In dui magna, posuere eget, vestibulum et, tempor auctor, justo. In ac felis quis tortor malesuada pretium. Pellentesque auctor neque nec urna. Proin sapien ipsum, porta a, auctor quis, euismod ut, mi. Aenean viverra rhoncus pede. Pellentesque habitant morbi tristique senectus et netus et malesuada fames ac turpis egestas. Ut non enim eleifend felis pretium feugiat. Vivamus quis mi. Phasellus a est. Phasellus magna. In hac habitasse platea dictumst. Curabitur at lacus ac velit ornare lobortis. Curabitur a felis in nunc fringilla tristique. Morbi mattis ullamcorper velit. Phasellus gravida semper nisi. Nullam vel sem. Pellentesque libero tortor, tincidunt et, tincidunt eget, semper nec, quam. Sed hendrerit. Morbi ac felis. Nunc egestas, augue at pellentesque laoreet, felis eros vehicula leo, at malesuada velit leo quis pede. Donec interdum, metus et hendrerit aliquet, dolor diam sagittis ligula, eget egestas libero turpis vel mi. Nunc nulla. Fusce risus nisl, viverra et, tempor et, pretium in, sapien. Donec venenatis vulputate lorem. Morbi nec metus. Phasellus blandit leo ut odio. Maecenas ullamcorper, dui et placerat feugiat, eros pede varius nisi, condimentum viverra felis nunc et lorem. Sed magna purus, fermentum eu, tincidunt eu, varius ut, felis. In auctor lobortis lacus. Quisque libero metus, condimentum nec, tempor a, commodo mollis, magna. Vestibulum ullamcorper mauris at ligula. Fusce fermentum. Nullam cursus lacinia erat. Praesent blandit laoreet nibh. Fusce convallis metus id felis luctus adipiscing. Pellentesque egestas, neque sit amet convallis pulvinar, justo nulla eleifend augue, ac auctor orci leo non est. Quisque id mi. Ut tincidunt tincidunt erat. Etiam feugiat lorem non metus. Vestibulum dapibus nunc ac augue. Curabitur vestibulum aliquam leo. Praesent egestas neque eu enim. In hac habitasse platea dictumst. Fusce a quam. Etiam ut purus mattis mauris sodales aliquam. Curabitur nisi. Quisque malesuada placerat nisl. Nam ipsum risus, rutrum vitae, vestibulum eu, molestie vel, lacus. Sed augue ipsum, egestas nec, vestibulum et, malesuada adipiscing, dui. Vestibulum facilisis, purus nec pulvinar iaculis, ligula mi congue nunc, vitae euismod ligula urna in dolor. Mauris sollicitudin fermentum libero. Praesent nonummy mi in odio. Nunc interdum lacus sit amet orci. Vestibulum rutrum, mi nec elementum vehicula, eros quam gravida nisl, id fringilla neque ante vel mi. Morbi mollis tellus ac sapien. Phasellus volutpat, metus eget egestas mollis, lacus lacus blandit dui, id egestas quam mauris ut lacus. Fusce vel dui. Sed in libero ut nibh placerat accumsan. Proin faucibus arcu quis ante. In consectetuer turpis ut velit. Nulla sit amet est. Praesent metus tellus, elementum eu, semper a, adipiscing nec, purus. Cras risus ipsum, faucibus ut, ullamcorper id, varius ac, leo. Suspendisse feugiat. Suspendisse enim turpis, dictum sed, iaculis a, condimentum nec, nisi. Praesent nec nisl a purus blandit viverra. Praesent ac massa at ligula laoreet iaculis. Nulla neque dolor, sagittis eget, iaculis quis, molestie non, velit. Mauris turpis nunc, blandit et, volutpat molestie, porta ut, ligula. Fusce pharetra convallis urna. Quisque ut nisi. Donec mi odio, faucibus at, scelerisque quis,</p>', 'serv-icon-1.png', 0, 1, '2017-04-27 17:44:54', 'Le ayudamos en el proceso completo de creación de su producto. Desde la formalización del concepto partiendo de su idea, diseño funcional del producto, implementación de la herramienta, testeo y lanzamiento. De las que surgen como resultado soluciones integrales innovadoras.', 'serv-dest-1.jpg', 1, 15),
(2, 1, 'Desarrollo web a medida', 'desarrollo-web-a-medida', '<p style="margin: 0px 0px 10px; padding: 0px; line-height: normal; color: #666666; font-family: Verdana, Geneva, sans-serif; font-size: 10px;">Sed ut perspiciatis unde omnis iste natus error sit voluptatem accusantium doloremque laudantium, totam rem aperiam, eaque ipsa quae ab illo inventore veritatis et quasi architecto beatae vitae dicta sunt explicabo. Nemo enim ipsam voluptatem quia voluptas sit aspernatur aut odit aut fugit, sed quia consequuntur magni dolores eos qui ratione voluptatem sequi nesciunt. Neque porro quisquam est, qui dolorem ipsum quia dolor sit amet, consectetur, adipisci velit, sed quia non numquam eius modi tempora incidunt ut labore et dolore magnam aliquam quaerat voluptatem. Ut enim ad minima veniam, quis nostrum exercitationem ullam corporis suscipit laboriosam, nisi ut aliquid ex ea commodi consequatur? Quis autem vel eum iure reprehenderit qui in ea voluptate velit esse quam nihil molestiae consequatur, vel illum qui dolorem eum fugiat quo voluptas nulla pariatur? At vero eos et accusamus et iusto odio dignissimos ducimus qui blanditiis praesentium voluptatum deleniti atque corrupti quos dolores et quas molestias excepturi sint occaecati cupiditate non provident, similique sunt in culpa qui officia deserunt mollitia animi, id est laborum et dolorum fuga. Et harum quidem rerum facilis est et expedita distinctio. Nam libero tempore, cum soluta nobis est eligendi optio cumque nihil impedit quo minus id quod maxime placeat facere possimus, omnis voluptas assumenda est, omnis dolor repellendus. Temporibus autem quibusdam et aut officiis debitis aut rerum necessitatibus saepe eveniet ut et voluptates repudiandae sint et molestiae non recusandae. Itaque earum rerum hic tenetur a sapiente delectus, ut aut reiciendis voluptatibus maiores alias consequatur aut perferendis doloribus asperiores repellat.</p>\r\n<p style="margin: 0px 0px 10px; padding: 0px; line-height: normal; color: #666666; font-family: Verdana, Geneva, sans-serif; font-size: 10px;">Sed ut perspiciatis unde omnis iste natus error sit voluptatem accusantium doloremque laudantium, totam rem aperiam, eaque ipsa quae ab illo inventore veritatis et quasi architecto beatae vitae dicta sunt explicabo. Nemo enim ipsam voluptatem quia voluptas sit aspernatur aut odit aut fugit, sed quia consequuntur magni dolores eos qui ratione voluptatem sequi nesciunt. Neque porro quisquam est, qui dolorem ipsum quia dolor sit amet, consectetur, adipisci velit, sed quia non numquam eius modi tempora incidunt ut labore et dolore magnam aliquam quaerat voluptatem. Ut enim ad minima veniam, quis nostrum exercitationem ullam corporis suscipit laboriosam, nisi ut aliquid ex ea commodi consequatur? Quis autem vel eum iure reprehenderit qui in ea voluptate velit esse quam nihil molestiae consequatur, vel illum qui dolorem eum fugiat quo voluptas nulla pariatur? At vero eos et accusamus et iusto odio dignissimos ducimus qui blanditiis praesentium voluptatum deleniti atque corrupti quos dolores et quas molestias excepturi sint occaecati cupiditate non provident, similique sunt in culpa qui officia deserunt mollitia animi, id est laborum et dolorum fuga. Et harum quidem rerum facilis est et expedita distinctio. Nam libero tempore, cum soluta nobis est eligendi optio cumque nihil impedit quo minus id quod maxime placeat facere possimus, omnis voluptas assumenda est, omnis dolor repellendus. Temporibus autem quibusdam et aut officiis debitis aut rerum necessitatibus saepe eveniet ut et voluptates repudiandae sint et molestiae non recusandae. Itaque earum rerum hic tenetur a sapiente delectus, ut aut reiciendis voluptatibus maiores alias consequatur aut perferendis doloribus asperiores repellat.</p>\r\n<p style="margin: 0px 0px 10px; padding: 0px; line-height: normal; color: #666666; font-family: Verdana, Geneva, sans-serif; font-size: 10px;">Sed ut perspiciatis unde omnis iste natus error sit voluptatem accusantium doloremque laudantium, totam rem aperiam, eaque ipsa quae ab illo inventore veritatis et quasi architecto beatae vitae dicta sunt explicabo. Nemo enim ipsam voluptatem quia voluptas sit aspernatur aut odit aut fugit, sed quia consequuntur magni dolores eos qui ratione voluptatem sequi nesciunt. Neque porro quisquam est, qui dolorem ipsum quia dolor sit amet, consectetur, adipisci velit, sed quia non numquam eius modi tempora incidunt ut labore et dolore magnam aliquam quaerat voluptatem. Ut enim ad minima veniam, quis nostrum exercitationem ullam corporis suscipit laboriosam, nisi ut aliquid ex ea commodi consequatur? Quis autem vel eum iure reprehenderit qui in ea voluptate velit esse quam nihil molestiae consequatur, vel illum qui dolorem eum fugiat quo voluptas nulla pariatur? At vero eos et accusamus et iusto odio dignissimos ducimus qui blanditiis praesentium voluptatum deleniti atque corrupti quos dolores et quas molestias excepturi sint occaecati cupiditate non provident, similique sunt in culpa qui officia deserunt mollitia animi, id est laborum et dolorum fuga. Et harum quidem rerum facilis est et expedita distinctio. Nam libero tempore, cum soluta nobis est eligendi optio cumque nihil impedit quo minus id quod maxime placeat facere possimus, omnis voluptas assumenda est, omnis dolor repellendus. Temporibus autem quibusdam et aut officiis debitis aut rerum necessitatibus saepe eveniet ut et voluptates repudiandae sint et molestiae non recusandae. Itaque earum rerum hic tenetur a sapiente delectus, ut aut reiciendis voluptatibus maiores alias consequatur aut perferendis doloribus asperiores repellat. Sed ut perspiciatis unde omnis iste natus error sit voluptatem accusantium doloremque laudantium, totam rem aperiam, eaque ipsa quae ab illo inventore veritatis et quasi architecto beatae vitae dicta sunt explicabo. Nemo enim ipsam voluptatem quia voluptas sit aspernatur aut odit aut fugit, sed quia consequuntur magni dolores eos qui ratione voluptatem sequi nesciunt. Neque porro quisquam est, qui dolorem ipsum quia dolor sit amet, consectetur, adipisci velit, sed quia non numquam eius modi tempora incidunt ut labore et dolore magnam aliquam quaerat voluptatem. Ut enim ad minima veniam, quis nostrum exercitationem ullam corporis suscipit laboriosam, nisi ut aliquid ex ea commodi consequatur? Quis autem vel eum iure reprehenderit qui in ea voluptate velit esse quam nihil molestiae consequatur, vel illum qui dolorem eum fugiat quo voluptas nulla pariatur? At vero eos et accusamus et iusto odio dignissimos ducimus qui blanditiis praesentium voluptatum deleniti atque corrupti quos dolores et quas molestias excepturi sint occaecati cupiditate non provident, similique sunt in culpa qui officia deserunt mollitia animi, id est laborum et dolorum fuga. Et harum quidem rerum facilis est et expedita distinctio. Nam libero tempore, cum soluta nobis est eligendi optio cumque nihil impedit quo minus id quod maxime placeat facere possimus, omnis voluptas assumenda est, omnis dolor repellendus. Temporibus autem quibusdam et aut officiis debitis aut rerum necessitatibus saepe eveniet ut et voluptates repudiandae sint et molestiae non recusandae. Itaque earum rerum hic tenetur a sapiente delectus, ut aut reiciendis voluptatibus maiores alias consequatur aut perferendis doloribus asperiores repellat. Sed ut perspiciatis unde</p>', 'serv-icon-2.png', 0, 1, '2017-04-27 20:41:23', 'Si necesita un solución que esté soportada sobre una plataforma web, contamos con los conocimientos y herramientas más completas para llevar a término ese desarrollo web que necesita.', 'serv-dest-2.jpg', 1, 13),
(3, 1, 'Desarrollo apps a medida', 'apps-a-medida', '<p style="margin: 0px 0px 10px; padding: 0px; line-height: normal; color: #666666; font-family: Verdana, Geneva, sans-serif; font-size: 10px;">Li Europan lingues es membres del sam familie. Lor separat existentie es un myth. Por scientie, musica, sport etc, litot Europa usa li sam vocabular. Li lingues differe solmen in li grammatica, li pronunciation e li plu commun vocabules. Omnicos directe al desirabilite de un nov lingua franca: On refusa continuar payar custosi traductores. At solmen va esser necessi far uniform grammatica, pronunciation e plu sommun paroles. Ma quande lingues coalesce, li grammatica del resultant lingue es plu simplic e regulari quam ti del coalescent lingues. Li nov lingua franca va esser plu simplic e regulari quam li existent Europan lingues. It va esser tam simplic quam Occidental in fact, it va esser Occidental. A un Angleso it va semblar un simplificat Angles, quam un skeptic Cambridge amico dit me que Occidental es. Li Europan lingues es membres del sam familie. Lor separat existentie es un myth. Por scientie, musica, sport etc, litot Europa usa li sam vocabular. Li lingues differe solmen in li grammatica, li pronunciation e li plu commun vocabules. Omnicos directe al desirabilite de un nov lingua franca: On refusa continuar payar custosi traductores. At solmen va esser necessi far uniform grammatica, pronunciation e plu sommun paroles. Ma quande lingues coalesce, li grammatica del resultant lingue es plu simplic e regulari quam ti del coalescent lingues. Li nov lingua franca va esser plu simplic e regulari quam li existent Europan lingues. It va esser tam simplic quam Occidental in fact, it va esser Occidental.</p>\r\n<p style="margin: 0px 0px 10px; padding: 0px; line-height: normal; color: #666666; font-family: Verdana, Geneva, sans-serif; font-size: 10px;">A un Angleso it va semblar un simplificat Angles, quam un skeptic Cambridge amico dit me que Occidental es. Li Europan lingues es membres del sam familie. Lor separat existentie es un myth. Por scientie, musica, sport etc, litot Europa usa li sam vocabular. Li lingues differe solmen in li grammatica, li pronunciation e li plu commun vocabules. Omnicos directe al desirabilite de un nov lingua franca: On refusa continuar payar custosi traductores. At solmen va esser necessi far uniform grammatica, pronunciation e plu sommun paroles. Ma quande lingues coalesce, li grammatica del resultant lingue es plu simplic e regulari quam ti del coalescent lingues. Li nov lingua franca va esser plu simplic e regulari quam li existent Europan lingues. It va esser tam simplic quam Occidental in fact, it va esser Occidental. A un Angleso it va semblar un simplificat Angles, quam un skeptic Cambridge amico dit me que Occidental es. Li Europan lingues es membres del sam familie. Lor separat existentie es un myth. Por scientie, musica, sport etc, litot Europa usa li sam vocabular. Li lingues differe solmen in li grammatica, li pronunciation e li plu commun vocabules. Omnicos directe al desirabilite de un nov lingua franca: On refusa continuar payar custosi traductores. At solmen va esser necessi far uniform grammatica, pronunciation e plu sommun paroles. Ma quande lingues coalesce, li grammatica del resultant lingue es plu simplic e regulari quam ti del coalescent lingues. Li nov lingua franca va esser plu simplic e regulari quam li existent Europan lingues.</p>\r\n<p style="margin: 0px 0px 10px; padding: 0px; line-height: normal; color: #666666; font-family: Verdana, Geneva, sans-serif; font-size: 10px;">It va esser tam simplic quam Occidental in fact, it va esser Occidental. A un Angleso it va semblar un simplificat Angles, quam un skeptic Cambridge amico dit me que Occidental es. Li Europan lingues es membres del sam familie. Lor separat existentie es un myth. Por scientie, musica, sport etc, litot Europa usa li sam vocabular. Li lingues differe solmen in li grammatica, li pronunciation e li plu commun vocabules. Omnicos directe al desirabilite de un nov lingua franca: On refusa continuar payar custosi traductores. At solmen va esser necessi far uniform grammatica, pronunciation e plu sommun paroles. Ma quande lingues coalesce, li grammatica del resultant lingue es plu simplic e regulari quam ti del coalescent lingues. Li nov lingua franca va esser plu simplic e regulari quam li existent Europan lingues. It va esser tam simplic quam Occidental in fact, it va esser Occidental. A un Angleso it va semblar un simplificat Angles, quam un skeptic Cambridge amico dit me que Occidental es. Li Europan lingues es membres del sam familie. Lor separat existentie es un myth. Por scientie, musica, sport etc, litot Europa usa li sam vocabular. Li lingues differe solmen in li grammatica, li pronunciation e li plu commun vocabules. Omnicos directe al desirabilite de un nov lingua franca: On refusa continuar payar custosi traductores. At solmen va esser necessi far uniform grammatica, pronunciation e plu sommun paroles. Ma quande lingues coalesce, li grammatica del resultant lingue es plu simplic e regulari quam ti del coalescent lingues. Li nov lingua franca va esser plu simplic e regulari quam li existent Europan lingues. It va esser tam simplic quam Occidental in fact, it va esser Occidental. A un Angleso it va semblar un simplificat Angles, quam un skeptic Cambridge amico dit me que Occidental es. Li Europan lingues es membres del sam familie. Lor separat existentie es un myth. Por scientie, musica, sport etc, litot Europa usa li sam vocabular. Li lingues differe solmen in li grammatica, li pronunciation e li plu commun vocabules. Omnicos directe al desirabilite de un nov lingua franca: On refusa continuar payar custosi traductores. At solmen va esser necessi far uniform grammatica, pronunciation e plu sommun paroles. Ma quande lingues coalesce, li grammatica del resultant lingue es plu simplic e regulari quam ti del coalescent lingues. Li nov lingua franca va esser plu simplic e regulari quam li existent Europan lingues. It va esser tam simplic quam Occidental in fact, it va esser Occidental. A un Angleso it va semblar un simplificat Angles, quam un skeptic Cambridge amico dit me que Occidental es. Li Europan lingues es membres del sam familie. Lor separat existentie es un myth. Por scientie, musica, sport etc, litot Europa usa li sam vocabular. Li lingues differe solmen in li grammatica, li pronunciation e li plu commun vocabules. Omnicos directe al desirabilite de un nov lingua franca: On refusa continuar payar custosi traductores. At solmen va esser necessi far uniform grammatica, pronunciation e plu sommun paroles. Ma quande</p>', 'serv-icon-3.png', 0, 1, '2017-04-27 20:42:37', 'Creamos aplicaciones móviles a la medida de sus necesidades. Tanto para Android como IOS. Incluyendo iPhone, iPad, Tablets y smartphones.', 'serv-dest-3.jpg', 1, 18),
(4, 1, 'Posicionamiento Web SEO y Gestión de Redes Sociales', 'posicionamiento-seo', '<p style="margin: 0px 0px 10px; padding: 0px; line-height: normal; color: #666666; font-family: Verdana, Geneva, sans-serif; font-size: 10px;">Muy lejos, m&aacute;s all&aacute; de las monta&ntilde;as de palabras, alejados de los pa&iacute;ses de las vocales y las consonantes, viven los textos simulados. Viven aislados en casas de letras, en la costa de la sem&aacute;ntica, un gran oc&eacute;ano de lenguas. Un riachuelo llamado Pons fluye por su pueblo y los abastece con las normas necesarias. Hablamos de un pa&iacute;s paraisom&aacute;tico en el que a uno le caen pedazos de frases asadas en la boca. Ni siquiera los todopoderosos signos de puntuaci&oacute;n dominan a los textos simulados; una vida, se puede decir, poco ortogr&aacute;fica. Pero un buen d&iacute;a, una peque&ntilde;a l&iacute;nea de texto simulado, llamada Lorem Ipsum, decidi&oacute; aventurarse y salir al vasto mundo de la gram&aacute;tica. El gran Oxmox le desanconsej&oacute; hacerlo, ya que esas tierras estaban llenas de comas malvadas, signos de interrogaci&oacute;n salvajes y puntos y coma traicioneros, pero el texto simulado no se dej&oacute; atemorizar. Empac&oacute; sus siete versales, enfund&oacute; su inicial en el cintur&oacute;n y se puso en camino. Cuando ya hab&iacute;a escalado las primeras colinas de las monta&ntilde;as cursivas, se dio media vuelta para dirigir su mirada por &uacute;ltima vez, hacia su ciudad natal Letralandia, el encabezamiento del pueblo Alfabeto y el subt&iacute;tulo de su propia calle, la calle del rengl&oacute;n. Una pregunta ret&oacute;rica se le pas&oacute; por la mente y le puso melanc&oacute;lico, pero enseguida reemprendi&oacute; su marcha. De nuevo en camino, se encontr&oacute; con una copia.</p>\r\n<p style="margin: 0px 0px 10px; padding: 0px; line-height: normal; color: #666666; font-family: Verdana, Geneva, sans-serif; font-size: 10px;">La copia advirti&oacute; al peque&ntilde;o texto simulado de que en el lugar del que ella ven&iacute;a, la hab&iacute;an reescrito miles de veces y que todo lo que hab&iacute;a quedado de su original era la palabra "y", as&iacute; que m&aacute;s le val&iacute;a al peque&ntilde;o texto simulado volver a su pa&iacute;s, donde estar&iacute;a mucho m&aacute;s seguro. Pero nada de lo dicho por la copia pudo convencerlo, de manera que al cabo de poco tiempo, unos p&eacute;rfidos redactores publicitarios lo encontraron y emborracharon con Longe y Parole para llev&aacute;rselo despu&eacute;s a su agencia, donde abusaron de &eacute;l para sus proyectos, una y otra vez. Y si a&uacute;n no lo han reescrito, lo siguen utilizando hasta ahora. Muy lejos, m&aacute;s all&aacute; de las monta&ntilde;as de palabras, alejados de los pa&iacute;ses de las vocales y las consonantes, viven los textos simulados. Viven aislados en casas de letras, en la costa de la sem&aacute;ntica, un gran oc&eacute;ano de lenguas. Un riachuelo llamado Pons fluye por su pueblo y los abastece con las normas necesarias. Hablamos de un pa&iacute;s paraisom&aacute;tico en el que a uno le caen pedazos de frases asadas en la boca. Ni siquiera los todopoderosos signos de puntuaci&oacute;n dominan a los textos simulados; una vida, se puede decir, poco ortogr&aacute;fica. Pero un buen d&iacute;a, una peque&ntilde;a l&iacute;nea de texto simulado, llamada Lorem Ipsum, decidi&oacute; aventurarse y salir al vasto mundo de la gram&aacute;tica. El gran Oxmox le desanconsej&oacute; hacerlo, ya que esas tierras estaban llenas de comas malvadas, signos de interrogaci&oacute;n salvajes y puntos y coma traicioneros, pero el texto simulado no se dej&oacute; atemorizar.</p>\r\n<p style="margin: 0px 0px 10px; padding: 0px; line-height: normal; color: #666666; font-family: Verdana, Geneva, sans-serif; font-size: 10px;">Empac&oacute; sus siete versales, enfund&oacute; su inicial en el cintur&oacute;n y se puso en camino. Cuando ya hab&iacute;a escalado las primeras colinas de las monta&ntilde;as cursivas, se dio media vuelta para dirigir su mirada por &uacute;ltima vez, hacia su ciudad natal Letralandia, el encabezamiento del pueblo Alfabeto y el subt&iacute;tulo de su propia calle, la calle del rengl&oacute;n. Una pregunta ret&oacute;rica se le pas&oacute; por la mente y le puso melanc&oacute;lico, pero enseguida reemprendi&oacute; su marcha. De nuevo en camino, se encontr&oacute; con una copia. La copia advirti&oacute; al peque&ntilde;o texto simulado de que en el lugar del que ella ven&iacute;a, la hab&iacute;an reescrito miles de veces y que todo lo que hab&iacute;a quedado de su original era la palabra "y", as&iacute; que m&aacute;s le val&iacute;a al peque&ntilde;o texto simulado volver a su pa&iacute;s, donde estar&iacute;a mucho m&aacute;s seguro. Pero nada de lo dicho por la copia pudo convencerlo, de manera que al cabo de poco tiempo, unos p&eacute;rfidos redactores publicitarios lo encontraron y emborracharon con Longe y Parole para llev&aacute;rselo despu&eacute;s a su agencia, donde abusaron de &eacute;l para sus proyectos, una y otra vez. Y si a&uacute;n no lo han reescrito, lo siguen utilizando hasta ahora. Muy lejos, m&aacute;s all&aacute; de las monta&ntilde;as de palabras, alejados de los pa&iacute;ses de las vocales y las consonantes, viven los textos simulados. Viven aislados en casas de letras, en la costa de la sem&aacute;ntica, un gran oc&eacute;ano de lenguas. Un riachuelo llamado Pons fluye por su pueblo y los abastece con las normas necesarias. Hablamos de un pa&iacute;s paraisom&aacute;tico en el que a uno le caen pedazos de frases asadas en la boca. Ni siquiera los todopoderosos signos de puntuaci&oacute;n dominan a los textos simulados; una vida, se puede decir, poco ortogr&aacute;fica. Pero un buen d&iacute;a, una peque&ntilde;a l&iacute;nea de texto simulado, llamada Lorem Ipsum, decidi&oacute; aventurarse y salir al vasto mundo de la gram&aacute;tica. El gran Oxmox le desanconsej&oacute; hacerlo, ya que esas tierras estaban llenas de comas malvadas, signos de interrogaci&oacute;n salvajes y puntos y coma traicioneros, pero el texto simulado no se dej&oacute; atemorizar. Empac&oacute; sus siete versales, enfund&oacute; su inicial en el cintur&oacute;n y se puso en camino. Cuando ya hab&iacute;a escalado las primeras colinas de las monta&ntilde;as cursivas, se dio media vuelta para dirigir su mirada por &uacute;ltima vez, hacia su ciudad natal Letralandia, el encabezamiento del pueblo Alfabeto y el subt&iacute;tulo de su propia calle, la calle del rengl&oacute;n. Una pregunta ret&oacute;rica se le pas&oacute; por la mente y le puso melanc&oacute;lico, pero enseguida reemprendi&oacute; su marcha. De nuevo en camino, se encontr&oacute; con una copia. La copia advirti&oacute; al peque&ntilde;o texto simulado de que en el lugar del que ella ven&iacute;a, la hab&iacute;an reescrito miles de veces y que todo lo que hab&iacute;a quedado de su original era la palabra "y", as&iacute; que m&aacute;s le val&iacute;a al peque&ntilde;o texto simulado volver a su pa&iacute;s, donde estar&iacute;a mucho m&aacute;s seguro. Pero nada de lo dicho por la copia pudo convencerlo, de manera que al cabo de poco tiempo, unos p&eacute;rfidos redactores</p>', 'serv-icon-4.png', 0, 1, '2017-04-28 07:23:30', NULL, NULL, 1, 22),
(5, 1, 'Desarrollo de aplicaciones de gestión en la nube.', 'app-nube', '<p style="margin: 0px 0px 10px; padding: 0px; line-height: normal; color: #666666; font-family: Verdana, Geneva, sans-serif; font-size: 10px;">Y, vi&eacute;ndole don Quijote de aquella manera, con muestras de tanta tristeza, le dijo: S&aacute;bete, Sancho, que no es un hombre m&aacute;s que otro si no hace m&aacute;s que otro. Todas estas borrascas que nos suceden son se&ntilde;ales de que presto ha de serenar el tiempo y han de sucedernos bien las cosas; porque no es posible que el mal ni el bien sean durables, y de aqu&iacute; se sigue que, habiendo durado mucho el mal, el bien est&aacute; ya cerca. As&iacute; que, no debes congojarte por las desgracias que a m&iacute; me suceden, pues a ti no te cabe parte dellas. Y, vi&eacute;ndole don Quijote de aquella manera, con muestras de tanta tristeza, le dijo: S&aacute;bete, Sancho, que no es un hombre m&aacute;s que otro si no hace m&aacute;s que otro. Todas estas borrascas que nos suceden son se&ntilde;ales de que presto ha de serenar el tiempo y han de sucedernos bien las cosas; porque no es posible que el mal ni el bien sean durables, y de aqu&iacute; se sigue que, habiendo durado mucho el mal, el bien est&aacute; ya cerca. As&iacute; que, no debes congojarte por las desgracias que a m&iacute; me suceden, pues a ti no te cabe parte dellas. Y, vi&eacute;ndole don Quijote de aquella manera, con muestras de tanta tristeza, le dijo: S&aacute;bete, Sancho, que no es un hombre m&aacute;s que otro si no hace m&aacute;s que otro.</p>\r\n<p style="margin: 0px 0px 10px; padding: 0px; line-height: normal; color: #666666; font-family: Verdana, Geneva, sans-serif; font-size: 10px;">Todas estas borrascas que nos suceden son se&ntilde;ales de que presto ha de serenar el tiempo y han de sucedernos bien las cosas; porque no es posible que el mal ni el bien sean durables, y de aqu&iacute; se sigue que, habiendo durado mucho el mal, el bien est&aacute; ya cerca. As&iacute; que, no debes congojarte por las desgracias que a m&iacute; me suceden, pues a ti no te cabe parte dellas. Y, vi&eacute;ndole don Quijote de aquella manera, con muestras de tanta tristeza, le dijo: S&aacute;bete, Sancho, que no es un hombre m&aacute;s que otro si no hace m&aacute;s que otro. Todas estas borrascas que nos suceden son se&ntilde;ales de que presto ha de serenar el tiempo y han de sucedernos bien las cosas; porque no es posible que el mal ni el bien sean durables, y de aqu&iacute; se sigue que, habiendo durado mucho el mal, el bien est&aacute; ya cerca. As&iacute; que, no debes congojarte por las desgracias que a m&iacute; me suceden, pues a ti no te cabe parte dellas. Y, vi&eacute;ndole don Quijote de aquella manera, con muestras de tanta tristeza, le dijo: S&aacute;bete, Sancho, que no es un hombre m&aacute;s que otro si no hace m&aacute;s que otro. Todas estas borrascas que nos suceden son se&ntilde;ales de que presto ha de serenar el tiempo y han de sucedernos bien las cosas; porque no es posible que el mal ni el bien sean durables, y de aqu&iacute; se sigue que, habiendo durado mucho el mal, el bien est&aacute; ya cerca. As&iacute; que, no debes congojarte por las desgracias que a m&iacute; me suceden, pues a ti no te cabe parte dellas.</p>\r\n<p style="margin: 0px 0px 10px; padding: 0px; line-height: normal; color: #666666; font-family: Verdana, Geneva, sans-serif; font-size: 10px;">Y, vi&eacute;ndole don Quijote de aquella manera, con muestras de tanta tristeza, le dijo: S&aacute;bete, Sancho, que no es un hombre m&aacute;s que otro si no hace m&aacute;s que otro. Todas estas borrascas que nos suceden son se&ntilde;ales de que presto ha de serenar el tiempo y han de sucedernos bien las cosas; porque no es posible que el mal ni el bien sean durables, y de aqu&iacute; se sigue que, habiendo durado mucho el mal, el bien est&aacute; ya cerca. As&iacute; que, no debes congojarte por las desgracias que a m&iacute; me suceden, pues a ti no te cabe parte dellas. Y, vi&eacute;ndole don Quijote de aquella manera, con muestras de tanta tristeza, le dijo: S&aacute;bete, Sancho, que no es un hombre m&aacute;s que otro si no hace m&aacute;s que otro. Todas estas borrascas que nos suceden son se&ntilde;ales de que presto ha de serenar el tiempo y han de sucedernos bien las cosas; porque no es posible que el mal ni el bien sean durables, y de aqu&iacute; se sigue que, habiendo durado mucho el mal, el bien est&aacute; ya cerca. As&iacute; que, no debes congojarte por las desgracias que a m&iacute; me suceden, pues a ti no te cabe parte dellas. Y, vi&eacute;ndole don Quijote de aquella manera, con muestras de tanta tristeza, le dijo: S&aacute;bete, Sancho, que no es un hombre m&aacute;s que otro si no hace m&aacute;s que otro. Todas estas borrascas que nos suceden son se&ntilde;ales de que presto ha de serenar el tiempo y han de sucedernos bien las cosas; porque no es posible que el mal ni el bien sean durables, y de aqu&iacute; se sigue que, habiendo durado mucho el mal, el bien est&aacute; ya cerca. As&iacute; que, no debes congojarte por las desgracias que a m&iacute; me suceden, pues a ti no te cabe parte dellas. Y, vi&eacute;ndole don Quijote de aquella manera, con muestras de tanta tristeza, le dijo: S&aacute;bete, Sancho, que no es un hombre m&aacute;s que otro si no hace m&aacute;s que otro. Todas estas borrascas que nos suceden son se&ntilde;ales de que presto ha de serenar el tiempo y han de sucedernos bien las cosas; porque no es posible que el mal ni el bien sean durables, y de aqu&iacute; se sigue que, habiendo durado mucho el mal, el bien est&aacute; ya cerca. As&iacute; que, no debes congojarte por las desgracias que a m&iacute; me suceden, pues a ti no te cabe parte dellas. Y, vi&eacute;ndole don Quijote de aquella manera, con muestras de tanta tristeza, le dijo: S&aacute;bete, Sancho, que no es un hombre m&aacute;s que otro si no hace m&aacute;s que otro. Todas estas borrascas que nos suceden son se&ntilde;ales de que presto ha de serenar el tiempo y han de sucedernos bien las cosas; porque no es posible que el mal ni el bien sean durables, y de aqu&iacute; se sigue que, habiendo durado mucho el mal, el bien est&aacute; ya cerca. As&iacute;</p>', 'serv-icon-5.png', 0, 1, '2017-04-28 07:24:40', 'Olvídese de los problemas del hardware y software tradicionales. Las aplicaciones en Cloud Computing le permiten tener su información y la de su empresa desde cualquier dispositivo o equipo.', NULL, 1, NULL),
(6, 1, 'Desarrollo web corporativo.', 'web-corporativo', '<p style="margin: 0px 0px 10px; padding: 0px; line-height: normal; color: #666666; font-family: Verdana, Geneva, sans-serif; font-size: 10px;">Reina en mi esp&iacute;ritu una alegr&iacute;a admirable, muy parecida a las dulces alboradas de la primavera, de que gozo aqu&iacute; con delicia. Estoy solo, y me felicito de vivir en este pa&iacute;s, el m&aacute;s a prop&oacute;sito para almas como la m&iacute;a, soy tan dichoso, mi querido amigo, me sojuzga de tal modo la idea de reposar, que no me ocupo de mi arte. Ahora no sabr&iacute;a dibujar, ni siquiera hacer una l&iacute;nea con el l&aacute;piz; y, sin embargo, jam&aacute;s he sido mejor pintor Cuando el valle se vela en torno m&iacute;o con un encaje de vapores; cuando el sol de mediod&iacute;a centellea sobre la impenetrable sombra de mi bosque sin conseguir otra cosa que filtrar entre las hojas algunos rayos que penetran hasta el fondo del santuario, cuando recostado sobre la crecida hierba, cerca de la cascada, mi vista, m&aacute;s pr&oacute;xima a la tierra, descubre multitud de menudas y diversas plantas; cuando siento m&aacute;s cerca de mi coraz&oacute;n los rumores de vida de ese peque&ntilde;o mundo que palpita en los tallos de las hojas, y veo las formas innumerables e infinitas de los gusanillos y de los insectos; cuando siento, en fin, la presencia del Todopoderoso, que nos ha creado a su imagen, y el soplo del amor sin limites que nos sostiene y nos mece en el seno de una eterna alegr&iacute;a; amigo m&iacute;o, si los primeros fulgores del alba me acarician, y el cielo y el mundo que me rodean se reflejan en mi esp&iacute;ritu como la imagen de una mujer adorada, entonces suspiro y exclamo: "&iexcl;Si yo pudiera expresar todo lo que siento! &iexcl;Si todo lo que dentro de m&iacute; se agita con tanto calor, con tanta exuberancia de vida, pudiera yo extenderlo sobre el papel, convirtiendo &eacute;ste en espejo de mi alma, como mi alma es espejo de Dios!</p>\r\n<p style="margin: 0px 0px 10px; padding: 0px; line-height: normal; color: #666666; font-family: Verdana, Geneva, sans-serif; font-size: 10px;">" Amigo. . . , Pero me abismo y me anonada la sublimidad de tan magn&iacute;ficas im&aacute;genes. Reina en mi esp&iacute;ritu una alegr&iacute;a admirable, muy parecida a las dulces alboradas de la primavera, de que gozo aqu&iacute; con delicia. Estoy solo, y me felicito de vivir en este pa&iacute;s, el m&aacute;s a prop&oacute;sito para almas como la m&iacute;a, soy tan dichoso, mi querido amigo, me sojuzga de tal modo la idea de reposar, que no me ocupo de mi arte. Ahora no sabr&iacute;a dibujar, ni siquiera hacer una l&iacute;nea con el l&aacute;piz; y, sin embargo, jam&aacute;s he sido mejor pintor Cuando el valle se vela en torno m&iacute;o con un encaje de vapores; cuando el sol de mediod&iacute;a centellea sobre la impenetrable sombra de mi bosque sin conseguir otra cosa que filtrar entre las hojas algunos rayos que penetran hasta el fondo del santuario, cuando recostado sobre la crecida hierba, cerca de la cascada, mi vista, m&aacute;s pr&oacute;xima a la tierra, descubre multitud de menudas y diversas plantas; cuando siento m&aacute;s cerca de mi coraz&oacute;n los rumores de vida de ese peque&ntilde;o mundo que palpita en los tallos de las hojas, y veo las formas innumerables e infinitas de los gusanillos y de los insectos; cuando siento, en fin, la presencia del Todopoderoso, que nos ha creado a su imagen, y el soplo del amor sin limites que nos sostiene y nos mece en el seno de una eterna alegr&iacute;a; amigo m&iacute;o, si los primeros fulgores del alba me acarician, y el cielo y el mundo que me rodean se reflejan en mi esp&iacute;ritu como la imagen de una mujer adorada, entonces suspiro y exclamo: "&iexcl;Si yo pudiera expresar todo lo que siento!</p>\r\n<p style="margin: 0px 0px 10px; padding: 0px; line-height: normal; color: #666666; font-family: Verdana, Geneva, sans-serif; font-size: 10px;">&iexcl;Si todo lo que dentro de m&iacute; se agita con tanto calor, con tanta exuberancia de vida, pudiera yo extenderlo sobre el papel, convirtiendo &eacute;ste en espejo de mi alma, como mi alma es espejo de Dios! " Amigo. . . , Pero me abismo y me anonada la sublimidad de tan magn&iacute;ficas im&aacute;genes. Reina en mi esp&iacute;ritu una alegr&iacute;a admirable, muy parecida a las dulces alboradas de la primavera, de que gozo aqu&iacute; con delicia. Estoy solo, y me felicito de vivir en este pa&iacute;s, el m&aacute;s a prop&oacute;sito para almas como la m&iacute;a, soy tan dichoso, mi querido amigo, me sojuzga de tal modo la idea de reposar, que no me ocupo de mi arte. Ahora no sabr&iacute;a dibujar, ni siquiera hacer una l&iacute;nea con el l&aacute;piz; y, sin embargo, jam&aacute;s he sido mejor pintor Cuando el valle se vela en torno m&iacute;o con un encaje de vapores; cuando el sol de mediod&iacute;a centellea sobre la impenetrable sombra de mi bosque sin conseguir otra cosa que filtrar entre las hojas algunos rayos que penetran hasta el fondo del santuario, cuando recostado sobre la crecida hierba, cerca de la cascada, mi vista, m&aacute;s pr&oacute;xima a la tierra, descubre multitud de menudas y diversas plantas; cuando siento m&aacute;s cerca de mi coraz&oacute;n los rumores de vida de ese peque&ntilde;o mundo que palpita en los tallos de las hojas, y veo las formas innumerables e infinitas de los gusanillos y de los insectos; cuando siento, en fin, la presencia del Todopoderoso, que nos ha creado a su imagen, y el soplo del amor sin limites que nos sostiene y nos mece en el seno de una eterna alegr&iacute;a; amigo m&iacute;o, si los primeros fulgores del alba me acarician, y el cielo y el mundo que me rodean se reflejan en mi esp&iacute;ritu como la imagen de una mujer adorada, entonces suspiro y exclamo: "&iexcl;Si yo pudiera expresar todo lo que siento! &iexcl;Si todo lo que dentro de m&iacute; se agita con tanto calor, con tanta exuberancia de vida, pudiera yo extenderlo sobre el papel, convirtiendo &eacute;ste en espejo de mi alma, como mi alma es espejo de Dios! " Amigo. . . , Pero me abismo y me anonada la sublimidad de tan magn&iacute;ficas im&aacute;genes. Reina en mi esp&iacute;ritu una alegr&iacute;a admirable, muy parecida a las dulces alboradas de la primavera, de que gozo aqu&iacute; con delicia. Estoy solo, y me felicito de vivir en este pa&iacute;s, el m&aacute;s a prop&oacute;sito para almas como la m&iacute;a, soy tan dichoso, mi querido amigo, me sojuzga de tal modo</p>', 'serv-icon-6.png', 0, 1, '2017-04-28 07:25:11', NULL, NULL, 1, NULL),
(7, 2, 'Comida Asiática', 'comida-asitica', '<div id=":1y0" class="aOT" style="padding: 1px 0px; position: relative; font-family: arial, sans-serif; font-size: 12.8px;" data-type="m">Las ventajas nutricionales que presentan sus recetas, con un gran protagonismo de las verduras, y las pocas grasas que emplea en la mayor&iacute;a de sus platos han convertido a la&nbsp;<span class="il">asi&aacute;tica</span>&nbsp;en una de las gastronom&iacute;as m&aacute;s reclamadas en todo el mundo y m&aacute;s recomendada por los nutricionistas. De sobra es conocida la longevidad de las comunidades asi&aacute;ticas y la menor incidencia que en ellas tienen las enfermedades cardiovasculares.</div>\r\n<div class="aOT" style="padding: 1px 0px; position: relative; font-family: arial, sans-serif; font-size: 12.8px;" data-type="m">&nbsp;</div>\r\n<div id=":1y1" class="aOT" style="padding: 1px 0px; position: relative; font-family: arial, sans-serif; font-size: 12.8px; text-align: center;" data-type="m">La comida&nbsp;<span class="il">asi&aacute;tica</span>&nbsp;no es solo reconocida por sus ingredientes o especialidades, sino por la forma de presentar sus platos, sus tipos de vajilla, la forma de cocinar y la manera de comer usando palillos en vez de cubiertos.</div>\r\n<div class="aOT" style="padding: 1px 0px; position: relative; font-family: arial, sans-serif; font-size: 12.8px;" data-type="m">&nbsp;</div>\r\n<div id=":1y2" class="aOT" style="padding: 1px 0px; position: relative; font-family: arial, sans-serif; font-size: 12.8px;" data-type="m">En este tipo de cocina se concede igual importancia al color, aroma y sabor de los platos. Por ejemplo, en China, en todo primer plato se combinan de tres a cinco colores diferentes, que se consiguen escogiendo ingredientes de color verde claro u oscuro, rojo, amarillo, blanco, negro o caramelo.</div>\r\n<div class="aOT" style="padding: 1px 0px; position: relative; font-family: arial, sans-serif; font-size: 12.8px;" data-type="m">&nbsp;</div>\r\n<div id=":1y3" class="aOT" style="padding: 1px 0px; position: relative; font-family: arial, sans-serif; font-size: 12.8px;" data-type="m">La forma de cocinar tambi&eacute;n es com&uacute;n en la mayor&iacute;a de regiones con gastronom&iacute;a&nbsp;<span class="il">asi&aacute;tica</span>. &Eacute;stas suelen ser el salteado, el guisado y hervir al vapor. Todo ello en detrimento de la fritura, que se usa en pocos platos.</div>', 'serv-icon-7.png', 0, 1, '2017-05-07 09:01:30', 'La mejor comida asiática de la ciudad', 'serv-dest-7.jpg', 1, 98),
(8, 14, 'Asistencia online', 'examsline.es/asistencia-online', '<p>Te damos asistencia online con el programa Teamviewer para cualquier duda con el sistema que tengas.</p>', NULL, 0, 1, '2017-05-08 13:19:48', 'Asistencia online con programa para cualquier duda.', NULL, 1, NULL),
(9, 14, 'Base de datos', 'base-de-datos', '<p>Base de datos con m&aacute;s de 1000 ex&aacute;menes</p>', NULL, 0, 1, '2017-05-08 13:20:40', 'Base de datos con gran cantidad de exámenes.', NULL, 1, 60),
(10, 14, 'Gráficas', 'graficas', '<h1>Gr&aacute;ficas en <strong>tiempo real para</strong> ver la evoluci&oacute;n de tus alumnos.</h1>', NULL, 0, 0, '2017-05-08 13:21:53', 'Gráficas en tiempo real', NULL, 1, 61),
(11, 9, 'Diseño Web', 'Diseno-web', '<p><span style="color: #666666; font-family: Verdana, Geneva, sans-serif; font-size: 10px;">Y, vi&eacute;ndole don Quijote de aquella manera, con muestras de tanta tristeza, le dijo: S&aacute;bete, Sancho, que no es un hombre m&aacute;s que otro si no hace m&aacute;s que otro. Todas estas borrascas que nos suceden son se&ntilde;ales de que presto ha de serenar el tiempo y han de sucedernos bien las cosas; porque no es posible que el mal ni el bien sean durables, y de aqu&iacute; se sigue que, habiendo durado mucho el mal, el bien est&aacute; ya cerca. As&iacute; que, no debes congojarte por las desgracias que a m&iacute; me suceden, pues a ti no te cabe parte dellas. Y, vi&eacute;ndole don Quijote de aquella manera, con muestras de tanta tristeza, le dijo: S&aacute;bete, Sancho, que no es un hombre m&aacute;s que otro si no hace m&aacute;s que otro. Todas estas borrascas que nos suceden son se&ntilde;ales de que presto ha de serenar el tiempo y han de sucedernos bien las cosas; porque no es posible que el mal ni el bien sean durables, y de aqu&iacute; se sigue que, habiendo durado mucho el mal, el bien est&aacute; ya cerca. As&iacute; que, no debes congojarte por las desgracias que a m&iacute; me suceden, pues a ti no te cabe parte dellas.Y, vi&eacute;ndole don Quijote de aquella manera, con muestras de tanta tristeza, le dijo: S&aacute;bete, Sancho, que no es un hombre m&aacute;s que otro si no hace m&aacute;s que otro. Todas estas borrascas que nos suceden son se&ntilde;ales de que presto ha de serenar el tiempo y han de sucedernos bien las cosas; porque no es posible que el mal ni el bien sean durables, y de aqu&iacute; se sigue que, habiendo durado mucho el mal, el bien est&aacute; ya cerca.&nbsp;</span></p>', 'serv-icon-11.png', 0, 1, '2017-05-08 13:31:03', 'Lorem ipsum dolor sit amet', NULL, 1, NULL),
(12, 9, 'Diseño de Apps', 'diseno-apps', '<p><span style="color: #666666; font-family: Verdana, Geneva, sans-serif; font-size: 10px;">Y, vi&eacute;ndole don Quijote de aquella manera, con muestras de tanta tristeza, le dijo: S&aacute;bete, Sancho, que no es un hombre m&aacute;s que otro si no hace m&aacute;s que otro. Todas estas borrascas que nos suceden son se&ntilde;ales de que presto ha de serenar el tiempo y han de sucedernos bien las cosas; porque no es posible que el mal ni el bien sean durables, y de aqu&iacute; se sigue que, habiendo durado mucho el mal, el bien est&aacute; ya cerca. As&iacute; que, no debes congojarte por las desgracias que a m&iacute; me suceden, pues a ti no te cabe parte dellas. Y, vi&eacute;ndole don Quijote de aquella manera, con muestras de tanta tristeza, le dijo: S&aacute;bete, Sancho, que no es un hombre m&aacute;s que otro si no hace m&aacute;s que otro. Todas estas borrascas que nos suceden son se&ntilde;ales de que presto ha de serenar el tiempo y han de sucedernos bien las cosas; porque no es posible que el mal ni el bien sean durables, y de aqu&iacute; se sigue que, habiendo durado mucho el mal, el bien est&aacute; ya cerca. As&iacute; que, no debes congojarte por las desgracias que a m&iacute; me suceden, pues a ti no te cabe parte dellas.Y, vi&eacute;ndole don Quijote de aquella manera, con muestras de tanta tristeza, le dijo: S&aacute;bete, Sancho, que no es un hombre m&aacute;s que otro si no hace m&aacute;s que otro. Todas estas borrascas que nos suceden son se&ntilde;ales de que presto ha de serenar el tiempo y han de sucedernos bien las cosas; porque no es posible que el mal ni el bien sean durables, y de aqu&iacute; se sigue que, habiendo durado mucho el mal, el bien est&aacute; ya cerca.&nbsp;</span></p>', 'serv-icon-12.png', 0, 1, '2017-05-08 13:35:14', 'Lorem ipsum dolor sit amet', NULL, 1, NULL);
INSERT INTO `service` (`id`, `business_id`, `name`, `slug`, `descriptionservice`, `pathicon`, `deleted`, `showinmenu`, `datecreated`, `descripcionmin`, `imagendestacada`, `showinhome`, `page_id`) VALUES
(13, 9, 'Diseño de Marca', 'diseno-marca', '<p><span style="color: #666666; font-family: Verdana, Geneva, sans-serif; font-size: 10px;">Y, vi&eacute;ndole don Quijote de aquella manera, con muestras de tanta tristeza, le dijo: S&aacute;bete, Sancho, que no es un hombre m&aacute;s que otro si no hace m&aacute;s que otro. Todas estas borrascas que nos suceden son se&ntilde;ales de que presto ha de serenar el tiempo y han de sucedernos bien las cosas; porque no es posible que el mal ni el bien sean durables, y de aqu&iacute; se sigue que, habiendo durado mucho el mal, el bien est&aacute; ya cerca. As&iacute; que, no debes congojarte por las desgracias que a m&iacute; me suceden, pues a ti no te cabe parte dellas. Y, vi&eacute;ndole don Quijote de aquella manera, con muestras de tanta tristeza, le dijo: S&aacute;bete, Sancho, que no es un hombre m&aacute;s que otro si no hace m&aacute;s que otro. Todas estas borrascas que nos suceden son se&ntilde;ales de que presto ha de serenar el tiempo y han de sucedernos bien las cosas; porque no es posible que el mal ni el bien sean durables, y de aqu&iacute; se sigue que, habiendo durado mucho el mal, el bien est&aacute; ya cerca. As&iacute; que, no debes congojarte por las desgracias que a m&iacute; me suceden, pues a ti no te cabe parte dellas.Y, vi&eacute;ndole don Quijote de aquella manera, con muestras de tanta tristeza, le dijo: S&aacute;bete, Sancho, que no es un hombre m&aacute;s que otro si no hace m&aacute;s que otro. Todas estas borrascas que nos suceden son se&ntilde;ales de que presto ha de serenar el tiempo y han de sucedernos bien las cosas; porque no es posible que el mal ni el bien sean durables, y de aqu&iacute; se sigue que, habiendo durado mucho el mal, el bien est&aacute; ya cerca.&nbsp;</span></p>', 'serv-icon-13.png', 0, 1, '2017-05-08 13:37:03', 'Lorem ipsum dolor sit amet', NULL, 1, NULL),
(14, 16, 'hamburgueas', 'hambur', '<p>&nbsp;lalalalalallalalalallalallal</p>', NULL, 0, 1, '2017-05-08 13:53:36', 'lalalal', NULL, 1, 66),
(15, 2, 'Comida Española', 'comida-espaola', '<p><span style="font-family: arial, sans-serif; font-size: 12.8px;">Conoce Espa&ntilde;a de la mejor forma posible: &iexcl;comiendo! Desde las t&iacute;picas y&nbsp; diversas tapas a la paella valenciana pasando por guisos populares, embutidos y jamones, deliciosos postres&hellip; Descubre la cocina t&iacute;pica de cada una de las regiones de Espa&ntilde;a haciendo click en los enlaces que encontrar&aacute;s m&aacute;s abajo.La gastronom&iacute;a espa&ntilde;ola es muy variada e incluye una rica cocina de caza as&iacute; como deliciosos pescados que saborear junto al mar. Los platos tradicionales del interior se complementan con los productos de la huerta del sur y con la excelente sencillez de la gastronom&iacute;a del norte.La Dieta Mediterr&aacute;nea, declarada Patrimonio Inmaterial de la Humanidad por la UNESCO, es una buena muestra de lo rico y sano que podr&aacute;s comer en nuestro pa&iacute;s. Un valorado aceite de oliva, apreciados vinos&hellip; No lo pienses m&aacute;s y prep&aacute;rate para disfrutar con lo mejor de la comida espa&ntilde;ola</span></p>', 'serv-icon-15.png', 0, 1, '2017-05-10 13:27:30', 'Comida tradicional de la abuela.', 'serv-dest-15.jpg', 1, 73),
(16, 2, 'Comida Vegetariana', 'comida-vegetariana', '<p><span style="color: #222222; font-family: sans-serif;">La&nbsp;</span><strong style="color: #222222; font-family: sans-serif;">gastronom&iacute;a vegetariana</strong><span style="color: #222222; font-family: sans-serif;">&nbsp;es aquella que utiliza&nbsp;</span><a style="text-decoration-line: none; color: #0b0080; background-image: none; background-position: initial; background-size: initial; background-repeat: initial; background-attachment: initial; background-origin: initial; background-clip: initial; font-family: sans-serif;" title="Ingrediente" href="https://es.wikipedia.org/wiki/Ingrediente">ingredientes</a><span style="color: #222222; font-family: sans-serif;">&nbsp;que cumplen los&nbsp;</span><a style="text-decoration-line: none; color: #0b0080; background-image: none; background-position: initial; background-size: initial; background-repeat: initial; background-attachment: initial; background-origin: initial; background-clip: initial; font-family: sans-serif;" title="Vegetarianismo" href="https://es.wikipedia.org/wiki/Vegetarianismo">criterios vegetariano</a><span style="color: #222222; font-family: sans-serif;">, excluyendo la&nbsp;</span><a style="text-decoration-line: none; color: #0b0080; background-image: none; background-position: initial; background-size: initial; background-repeat: initial; background-attachment: initial; background-origin: initial; background-clip: initial; font-family: sans-serif;" title="Carne" href="https://es.wikipedia.org/wiki/Carne">carne</a><span style="color: #222222; font-family: sans-serif;">&nbsp;y los productos derivados de tejido animal. Para el&nbsp;</span><a style="text-decoration-line: none; color: #0b0080; background-image: none; background-position: initial; background-size: initial; background-repeat: initial; background-attachment: initial; background-origin: initial; background-clip: initial; font-family: sans-serif;" title="Ovolactovegetarianismo" href="https://es.wikipedia.org/wiki/Ovolactovegetarianismo">ovolactovegetarianismo</a><span style="color: #222222; font-family: sans-serif;">&nbsp;(el tipo m&aacute;s com&uacute;n de vegetarianismo de&nbsp;</span><a style="text-decoration-line: none; color: #0b0080; background-image: none; background-position: initial; background-size: initial; background-repeat: initial; background-attachment: initial; background-origin: initial; background-clip: initial; font-family: sans-serif;" title="Occidente" href="https://es.wikipedia.org/wiki/Occidente">Occidente</a><span style="color: #222222; font-family: sans-serif;">) est&aacute;n permitidos los&nbsp;</span><a style="text-decoration-line: none; color: #0b0080; background-image: none; background-position: initial; background-size: initial; background-repeat: initial; background-attachment: initial; background-origin: initial; background-clip: initial; font-family: sans-serif;" title="Huevo (alimento)" href="https://es.wikipedia.org/wiki/Huevo_(alimento)">huevos</a><span style="color: #222222; font-family: sans-serif;">&nbsp;y los&nbsp;</span><a class="mw-redirect" style="text-decoration-line: none; color: #0b0080; background-image: none; background-position: initial; background-size: initial; background-repeat: initial; background-attachment: initial; background-origin: initial; background-clip: initial; font-family: sans-serif;" title="Productos l&aacute;cteos" href="https://es.wikipedia.org/wiki/Productos_l%C3%A1cteos">productos l&aacute;cteos</a><span style="color: #222222; font-family: sans-serif;">, tales como la&nbsp;</span><a style="text-decoration-line: none; color: #0b0080; background-image: none; background-position: initial; background-size: initial; background-repeat: initial; background-attachment: initial; background-origin: initial; background-clip: initial; font-family: sans-serif;" title="Leche" href="https://es.wikipedia.org/wiki/Leche">leche</a><span style="color: #222222; font-family: sans-serif;">&nbsp;y el&nbsp;</span><a style="text-decoration-line: none; color: #0b0080; background-image: none; background-position: initial; background-size: initial; background-repeat: initial; background-attachment: initial; background-origin: initial; background-clip: initial; font-family: sans-serif;" title="Queso" href="https://es.wikipedia.org/wiki/Queso">queso</a><span style="color: #222222; font-family: sans-serif;">. Las formas m&aacute;s estrictas de vegetarianismo son el&nbsp;</span><a style="text-decoration-line: none; color: #0b0080; background-image: none; background-position: initial; background-size: initial; background-repeat: initial; background-attachment: initial; background-origin: initial; background-clip: initial; font-family: sans-serif;" title="Veganismo" href="https://es.wikipedia.org/wiki/Veganismo">veganismo</a><span style="color: #222222; font-family: sans-serif;">&nbsp;y el&nbsp;</span><a style="text-decoration-line: none; color: #0b0080; background-image: none; background-position: initial; background-size: initial; background-repeat: initial; background-attachment: initial; background-origin: initial; background-clip: initial; font-family: sans-serif;" title="Frugivorismo" href="https://es.wikipedia.org/wiki/Frugivorismo">frugivorismo</a><span style="color: #222222; font-family: sans-serif;">, que excluyen todos los productos animales, incluyendo los productos l&aacute;cteos y la&nbsp;</span><a style="text-decoration-line: none; color: #0b0080; background-image: none; background-position: initial; background-size: initial; background-repeat: initial; background-attachment: initial; background-origin: initial; background-clip: initial; font-family: sans-serif;" title="Miel" href="https://es.wikipedia.org/wiki/Miel">miel</a><span style="color: #222222; font-family: sans-serif;">, e incluso algunos&nbsp;</span><a style="text-decoration-line: none; color: #0b0080; background-image: none; background-position: initial; background-size: initial; background-repeat: initial; background-attachment: initial; background-origin: initial; background-clip: initial; font-family: sans-serif;" title="Az&uacute;car" href="https://es.wikipedia.org/wiki/Az%C3%BAcar">az&uacute;cares</a><span style="color: #222222; font-family: sans-serif;">&nbsp;refinados que se filtran y blanquean con&nbsp;</span><a class="mw-redirect" style="text-decoration-line: none; color: #0b0080; background-image: none; background-position: initial; background-size: initial; background-repeat: initial; background-attachment: initial; background-origin: initial; background-clip: initial; font-family: sans-serif;" title="Carb&oacute;n de hueso" href="https://es.wikipedia.org/wiki/Carb%C3%B3n_de_hueso">carb&oacute;n de hueso</a><span style="color: #222222; font-family: sans-serif;">.</span></p>', 'serv-icon-16.png', 0, 1, '2017-05-10 13:28:38', 'Comida sana para gente sana', 'serv-dest-16.jpg', 1, 74),
(17, 6, 'Spa', 'spa', '<p><span style="font-family: ''Open Sans'', Arial, sans-serif; text-align: justify;">Al contrario del pensamiento popular, el texto de Lorem Ipsum no es simplemente texto aleatorio. Tiene sus raices en una pieza cl&acute;sica de la literatura del Latin, que data del a&ntilde;o 45 antes de Cristo, haciendo que este adquiera mas de 2000 a&ntilde;os de antiguedad. Richard McClintock, un profesor de Latin de la Universidad de Hampden-Sydney en Virginia, encontr&oacute; una de las palabras m&aacute;s oscuras de la lengua del lat&iacute;n, "consecteur", en un pasaje de Lorem Ipsum, y al seguir leyendo distintos textos del lat&iacute;n, descubri&oacute; la fuente indudable. Lorem Ipsum viene de las secciones 1.10.32 y 1.10.33 de "de Finnibus Bonorum et Malorum" (Los Extremos del Bien y El Mal) por Cicero, escrito en el a&ntilde;o 45 antes de Cristo. Este libro es un tratado de teor&iacute;a de &eacute;ticas, muy popular durante el Renacimiento. La primera linea del Lorem Ipsum, "Lorem ipsum dolor sit amet..", viene de una linea en la secci&oacute;n 1.10.32</span></p>', 'serv-icon-17.jpeg', 0, 1, '2017-05-10 16:35:38', 'Lorem Ipsum es simplemente el texto de relleno de las imprentas y archivos de texto. Lorem Ipsum ha sido el texto de relleno estándar de las industrias desde el año 1500, cuando un impresor (N. del T. persona que se dedica a la imprenta) desconocido usó una galería de textos y los mezcló de tal manera que logró hacer', NULL, 1, 77),
(18, 6, 'Restaurante', 'restaurante', '<p><span style="font-family: ''Open Sans'', Arial, sans-serif; text-align: justify;">Hay muchas variaciones de los pasajes de Lorem Ipsum disponibles, pero la mayor&iacute;a sufri&oacute; alteraciones en alguna manera, ya sea porque se le agreg&oacute; humor, o palabras aleatorias que no parecen ni un poco cre&iacute;bles. Si vas a utilizar un pasaje de Lorem Ipsum, necesit&aacute;s estar seguro de que no hay nada avergonzante escondido en el medio del texto. Todos los generadores de Lorem Ipsum que se encuentran en Internet tienden a repetir trozos predefinidos cuando sea necesario, haciendo a este el &uacute;nico generador verdadero (v&aacute;lido) en la Internet. Usa un diccionario de mas de 200 palabras provenientes del lat&iacute;n, combinadas con estructuras muy &uacute;tiles de sentencias, para generar texto de Lorem Ipsum que parezca razonable. Este Lorem Ipsum generado siempre estar&aacute; libre de repeticiones, humor agregado o palabras no caracter&iacute;sticas del lenguaje, etc.</span></p>', 'serv-icon-18.jpeg', 0, 1, '2017-05-10 16:50:42', 'Es un hecho establecido hace demasiado tiempo que un lector se distraerá con el contenido del texto de un sitio mientras que mira su diseño. El punto de usar Lorem Ipsum es que tiene una distribución más o menos normal de las letras, al contrario de usar textos como por ejemplo "Contenido aquí, contenido aquí".', NULL, 1, NULL),
(19, 6, 'Club', 'club', '<p><span style="font-family: ''Open Sans'', Arial, sans-serif; text-align: justify;">Hay muchas variaciones de los pasajes de Lorem Ipsum disponibles, pero la mayor&iacute;a sufri&oacute; alteraciones en alguna manera, ya sea porque se le agreg&oacute; humor, o palabras aleatorias que no parecen ni un poco cre&iacute;bles. Si vas a utilizar un pasaje de Lorem Ipsum, necesit&aacute;s estar seguro de que no hay nada avergonzante escondido en el medio del texto. Todos los generadores de Lorem Ipsum que se encuentran en Internet tienden a repetir trozos predefinidos cuando sea necesario, haciendo a este el &uacute;nico generador verdadero (v&aacute;lido) en la Internet. Usa un diccionario de mas de 200 palabras provenientes del lat&iacute;n, combinadas con estructuras muy &uacute;tiles de sentencias, para generar texto de Lorem Ipsum que parezca razonable. Este Lorem Ipsum generado siempre estar&aacute; libre de repeticiones, humor agregado o palabras no caracter&iacute;sticas del lenguaje, etc.</span></p>', 'serv-icon-19.jpeg', 0, 1, '2017-05-10 16:51:41', 'Al contrario del pensamiento popular, el texto de Lorem Ipsum no es simplemente texto aleatorio. Tiene sus raices en una pieza cl´sica de la literatura del Latin, que data del año 45 antes de Cristo, haciendo que este adquiera mas de 2000 años de antiguedad. Richard McClintock, un profesor d', NULL, 1, NULL),
(20, 29, 'Servicio 1', 'servicio-1', 'En este espacio puedes describir uno de tus servicios de forma extensa.', '', 0, 1, '2018-01-30 07:39:33', 'En este espacio puedes describir uno de tus servicios de forma breve.', NULL, 1, 100),
(21, 29, 'Servicio 2', 'servicio-2', 'En este espacio puedes describir uno de tus servicios de forma extensa.', '', 0, 1, '2018-01-30 07:39:33', 'En este espacio puedes describir uno de tus servicios de forma breve.', NULL, 1, NULL),
(22, 29, 'Servicio 3', 'servicio-3', 'En este espacio puedes describir uno de tus servicios de forma extensa.', '', 0, 1, '2018-01-30 07:39:33', 'En este espacio puedes describir uno de tus servicios de forma breve.', NULL, 1, NULL),
(23, 31, 'Servicio 1', 'servicio-1', 'En este espacio puedes describir uno de tus servicios de forma extensa.', '/business/31/serv-icon-23.jpg', 0, 1, '2018-02-02 13:41:27', 'En este espacio puedes describir uno de tus servicios de forma breve.', NULL, 1, NULL),
(24, 31, 'Servicio 2', 'servicio-2', 'En este espacio puedes describir uno de tus servicios de forma extensa.', '/business/31/serv-icon-24.jpg', 0, 1, '2018-02-02 13:41:27', 'En este espacio puedes describir uno de tus servicios de forma breve.', NULL, 1, NULL),
(25, 31, 'Servicio 3', 'servicio-3', 'En este espacio puedes describir uno de tus servicios de forma extensa.', '/business/31/serv-icon-25.jpg', 0, 1, '2018-02-02 13:41:27', 'En este espacio puedes describir uno de tus servicios de forma breve.', NULL, 1, NULL),
(26, 30, 'Servicio 1', 'servicio-1', 'En este espacio puedes describir uno de tus servicios de forma extensa.', '/business/30/serv-icon-26.jpg', 0, 1, '2018-02-02 13:45:12', 'En este espacio puedes describir uno de tus servicios de forma breve.', NULL, 1, NULL),
(27, 30, 'Servicio 2', 'servicio-2', 'En este espacio puedes describir uno de tus servicios de forma extensa.', '/business/30/serv-icon-27.jpg', 0, 1, '2018-02-02 13:45:12', 'En este espacio puedes describir uno de tus servicios de forma breve.', NULL, 1, NULL),
(28, 30, 'Servicio 3', 'servicio-3', 'En este espacio puedes describir uno de tus servicios de forma extensa.', '/business/30/serv-icon-28.jpg', 0, 1, '2018-02-02 13:45:12', 'En este espacio puedes describir uno de tus servicios de forma breve.', NULL, 1, NULL);

-- --------------------------------------------------------

--
-- Estructura de tabla para la tabla `socialnetwork`
--

CREATE TABLE `socialnetwork` (
  `id` int(11) NOT NULL,
  `business_id` int(11) DEFAULT NULL,
  `twitter` varchar(255) COLLATE utf8_unicode_ci DEFAULT NULL,
  `facebook` varchar(255) COLLATE utf8_unicode_ci DEFAULT NULL,
  `instagram` varchar(255) COLLATE utf8_unicode_ci DEFAULT NULL,
  `youtube` varchar(255) COLLATE utf8_unicode_ci DEFAULT NULL,
  `whatsapp` varchar(255) COLLATE utf8_unicode_ci DEFAULT NULL,
  `linkedin` varchar(255) COLLATE utf8_unicode_ci DEFAULT NULL,
  `google` varchar(255) COLLATE utf8_unicode_ci DEFAULT NULL,
  `flickr` varchar(255) COLLATE utf8_unicode_ci DEFAULT NULL,
  `datecreated` datetime NOT NULL
) ENGINE=InnoDB DEFAULT CHARSET=utf8 COLLATE=utf8_unicode_ci;

--
-- Volcado de datos para la tabla `socialnetwork`
--

INSERT INTO `socialnetwork` (`id`, `business_id`, `twitter`, `facebook`, `instagram`, `youtube`, `whatsapp`, `linkedin`, `google`, `flickr`, `datecreated`) VALUES
(1, 1, 'https://twitter.com/app_and_web', 'https://www.facebook.com/appandwebGranada', 'https://www.instagram.com/?hl=es', 'https://www.youtube.com/?hl=es&gl=ES', '123456789', 'https://www.linkedin.com/', 'https://plus.google.com/+AppWebGranada', 'https://www.flickr.com/', '2017-05-03 00:00:00'),
(3, 2, 'https://twitter.com/App_and_Web', '', '', '', '649 99 47 36', '', '', '', '2017-05-06 18:30:03'),
(4, 3, '', 'hjhjhjkhjhjk', '', '', '', '', '', '', '2017-05-06 19:03:48'),
(5, 4, NULL, NULL, NULL, NULL, NULL, NULL, NULL, NULL, '2017-05-08 12:41:15'),
(6, 5, NULL, NULL, NULL, NULL, NULL, NULL, NULL, NULL, '2017-05-08 12:43:09'),
(7, 9, '', 'https://www.facebook.com/', '', '', '', '', '', '', '2017-05-08 12:53:04'),
(8, 10, NULL, NULL, NULL, NULL, NULL, NULL, NULL, NULL, '2017-05-08 12:57:50'),
(9, 11, NULL, NULL, NULL, NULL, NULL, NULL, NULL, NULL, '2017-05-08 12:59:55'),
(10, 12, 'asdad', 'sadasd', 'asdasd', 'asdasd', 'asdasdas', 'asdasd', 'asdasd', 'asdasd', '2017-05-08 13:01:56'),
(11, 14, 'https://twitter.com/examsline', 'https://www.facebook.com/Examsline-1879022372423635/?ref=bookmarks', '', '', '', '', '', '', '2017-05-08 13:06:44'),
(12, 13, 'lhgkgf', 'iutfif', 'ufgytd', '', '', '', '', '', '2017-05-08 13:06:51'),
(13, 16, 'twitter', 'face', 'isnta', 'YT', '5873456', 'In', 'G+', 'Flickr', '2017-05-08 13:12:49'),
(14, 17, NULL, NULL, NULL, NULL, NULL, NULL, NULL, NULL, '2017-05-08 13:13:37'),
(15, 15, 'https://www.twitter.com/mellamanbe', 'https://www.facebook.com/mellamanbe', '', '', '000000000', '', '', '', '2017-05-08 13:19:40'),
(16, 18, NULL, NULL, NULL, NULL, NULL, NULL, NULL, NULL, '2017-05-08 13:43:31'),
(17, 7, NULL, NULL, NULL, NULL, NULL, NULL, NULL, NULL, '2017-05-08 16:51:06'),
(18, 6, 'twitter', '', '', '', '', '', '', '', '2017-05-10 16:18:01'),
(19, 19, NULL, NULL, NULL, NULL, NULL, NULL, NULL, NULL, '2017-05-10 17:28:19'),
(20, 20, NULL, NULL, NULL, NULL, NULL, NULL, NULL, NULL, '2017-05-10 17:30:21'),
(21, 21, NULL, NULL, NULL, NULL, NULL, NULL, NULL, NULL, '2017-05-10 17:34:16'),
(22, 22, NULL, NULL, NULL, NULL, NULL, NULL, NULL, NULL, '2017-05-10 17:36:19'),
(23, 23, NULL, NULL, NULL, NULL, NULL, NULL, NULL, NULL, '2017-05-10 17:38:14'),
(24, 24, NULL, NULL, NULL, NULL, NULL, NULL, NULL, NULL, '2017-05-10 17:41:05'),
(25, 25, NULL, NULL, NULL, NULL, NULL, NULL, NULL, NULL, '2017-05-10 17:42:57'),
(26, 26, NULL, NULL, NULL, NULL, NULL, NULL, NULL, NULL, '2017-05-10 17:45:00'),
(27, 8, NULL, NULL, NULL, NULL, NULL, NULL, NULL, NULL, '2017-05-12 06:50:56'),
(28, 28, 'TWITTER', 'FACE', '', '', '', '', 'LIKE', '', '2017-05-12 16:36:40'),
(29, 27, NULL, NULL, NULL, NULL, NULL, NULL, NULL, NULL, '2017-05-14 12:52:51'),
(30, 29, 'https://twitter.com/', 'https://www.facebook.com/', 'https://www.instagram.com', '', '', '', '', '', '2018-01-30 07:39:34'),
(31, 31, NULL, NULL, NULL, NULL, NULL, NULL, NULL, NULL, '2018-02-02 13:41:28'),
(32, 30, NULL, NULL, NULL, NULL, NULL, NULL, NULL, NULL, '2018-02-02 13:45:13');

-- --------------------------------------------------------

--
-- Estructura de tabla para la tabla `subcategory`
--

CREATE TABLE `subcategory` (
  `id` int(11) NOT NULL,
  `category_id` int(11) DEFAULT NULL,
  `name` varchar(255) COLLATE utf8_unicode_ci NOT NULL,
  `sort` int(11) NOT NULL,
  `datecreated` datetime NOT NULL,
  `deleted` tinyint(1) NOT NULL,
  `slug` varchar(255) COLLATE utf8_unicode_ci NOT NULL
) ENGINE=InnoDB DEFAULT CHARSET=utf8 COLLATE=utf8_unicode_ci;

--
-- Volcado de datos para la tabla `subcategory`
--

INSERT INTO `subcategory` (`id`, `category_id`, `name`, `sort`, `datecreated`, `deleted`, `slug`) VALUES
(1, 1, 'Arquitectura', 1, '2017-05-07 08:47:06', 0, 'arquitectura'),
(2, 1, 'Carpintería', 100, '2017-05-07 08:48:48', 0, 'carpinteria'),
(3, 1, 'Construcción', 100, '2017-05-07 08:49:07', 0, 'construccion'),
(4, 1, 'Diseño de interiores', 100, '2017-05-07 08:49:27', 0, 'diseno_de_interiores'),
(5, 1, 'Inmobiliaria', 100, '2017-05-07 08:49:46', 0, 'inmobiliaria'),
(6, 1, 'Mantenimiento', 100, '2017-05-07 08:50:01', 0, 'mantenimiento'),
(7, 2, 'Actividades deportivas', 100, '2017-05-07 09:19:26', 0, 'actividades_deportivas'),
(8, 2, 'Deporte', 100, '2017-05-07 09:19:38', 0, 'deporte'),
(9, 2, 'Gimnasio', 100, '2017-05-07 09:19:54', 0, 'gimnasio'),
(10, 3, 'Bodas', 100, '2017-05-07 09:20:19', 0, 'bodas'),
(11, 3, 'Fiestas y Celebraciones', 100, '2017-05-07 09:20:42', 0, 'fiestas_celebraciones'),
(12, 4, 'Agencia de viajes', 100, '2017-05-07 09:21:08', 0, 'agencia-de-viajes'),
(13, 4, 'Café', 100, '2017-05-07 09:21:20', 0, 'cafe'),
(14, 4, 'Club', 100, '2017-05-07 09:21:28', 0, 'club'),
(15, 4, 'Hotel', 100, '2017-05-07 09:21:37', 0, 'hotel'),
(16, 4, 'Restaurante', 100, '2017-05-07 09:21:45', 0, 'restaurante'),
(17, 5, 'Artes y Oficios', 100, '2017-05-07 09:22:06', 0, 'artes_y_oficios'),
(18, 5, 'Comida rápida', 100, '2017-05-07 09:22:24', 0, 'comida_rapida'),
(19, 5, 'Tiendas de ropa', 100, '2017-05-07 09:22:41', 0, 'tiendas_de_ropa'),
(20, 5, 'Vendedor de coches', 100, '2017-05-07 09:22:59', 0, 'vendedor_de_coches'),
(21, 6, 'Agencia web', 100, '2017-05-07 09:23:22', 0, 'agencia-web'),
(22, 6, 'Banda de música', 100, '2017-05-07 09:23:42', 0, 'banda_de_musica'),
(23, 6, 'Estudio de diseño', 100, '2017-05-07 09:24:03', 0, 'estudio_de_diseno'),
(24, 6, 'Foto y Video', 100, '2017-05-07 09:24:24', 0, 'foto_y_video'),
(25, 6, 'Galería de arte', 100, '2017-05-07 09:24:47', 0, 'galeria_de_arte'),
(26, 6, 'Moda', 100, '2017-05-07 09:25:01', 0, 'moda'),
(27, 7, 'Centro de belleza', 100, '2017-05-07 09:25:23', 0, 'centro_de_belleza'),
(28, 7, 'Clínica', 100, '2017-05-07 09:26:02', 0, 'clinica'),
(29, 7, 'Clínica veterinaria', 100, '2017-05-07 09:26:18', 0, 'clinica_veterinaria'),
(30, 7, 'Farmacia', 100, '2017-05-07 09:26:41', 0, 'Farmacia'),
(31, 7, 'Fisioterapia', 100, '2017-05-07 09:27:05', 0, 'fisioterapia'),
(32, 7, 'Spa', 100, '2017-05-07 09:27:14', 0, 'spa'),
(33, 8, 'Consultoría', 100, '2017-05-07 09:27:38', 0, 'consultoria'),
(34, 8, 'Guardería', 100, '2017-05-07 09:27:50', 0, 'guarderia'),
(35, 8, 'Imprenta', 100, '2017-05-07 09:28:07', 0, 'imprenta'),
(36, 8, 'Informática', 100, '2017-05-07 09:28:25', 0, 'informatica'),
(37, 8, 'Ingeniería RD', 100, '2017-05-07 09:28:48', 0, 'ingenieria_r_d'),
(38, 8, 'Ong', 100, '2017-05-07 09:29:04', 0, 'ong'),
(39, 3, 'Cumpleaños', 100, '2017-05-07 09:30:32', 0, 'cumpleanos'),
(40, 5, 'Pequeños negocios', 100, '2017-05-07 09:31:46', 0, 'pequenos_negocios'),
(41, 8, 'Seguridad', 100, '2017-05-07 09:32:19', 0, 'seguridad'),
(42, 5, 'Transporte', 100, '2017-05-07 09:32:48', 0, 'transporte');

-- --------------------------------------------------------

--
-- Estructura de tabla para la tabla `subcategoryimage`
--

CREATE TABLE `subcategoryimage` (
  `id` int(11) NOT NULL,
  `subcategory_id` int(11) DEFAULT NULL,
  `path` varchar(255) COLLATE utf8_unicode_ci DEFAULT NULL,
  `datecreated` datetime NOT NULL,
  `width` double DEFAULT NULL,
  `height` double DEFAULT NULL,
  `deleted` tinyint(1) NOT NULL,
  `isgalery` tinyint(1) NOT NULL,
  `isbackground` tinyint(1) NOT NULL
) ENGINE=InnoDB DEFAULT CHARSET=utf8 COLLATE=utf8_unicode_ci;

--
-- Volcado de datos para la tabla `subcategoryimage`
--

INSERT INTO `subcategoryimage` (`id`, `subcategory_id`, `path`, `datecreated`, `width`, `height`, `deleted`, `isgalery`, `isbackground`) VALUES
(32, 1, 'image-32-88.jpg', '2017-05-07 10:51:06', 700, 550, 0, 0, 0),
(33, 1, 'image-33-68.jpg', '2017-05-07 10:51:06', 700, 550, 0, 0, 0),
(34, 1, 'image-34-100.jpg', '2017-05-07 10:51:07', 700, 550, 0, 0, 0),
(35, 1, 'image-35-71.jpg', '2017-05-07 10:51:07', 700, 550, 0, 0, 0),
(36, 1, 'image-36-94.jpg', '2017-05-07 10:51:07', 1600, 600, 0, 0, 1),
(37, 1, 'image-37-48.jpg', '2017-05-07 10:51:07', 1600, 750, 0, 1, 0),
(38, 1, 'image-38-86.jpg', '2017-05-07 10:51:07', 1600, 750, 0, 1, 0),
(39, 1, 'image-39-6.jpg', '2017-05-07 10:51:07', 1600, 750, 0, 1, 0),
(40, 1, 'image-40-98.jpg', '2017-05-07 10:51:07', 1600, 600, 0, 0, 1),
(41, 2, 'image-41-97.jpg', '2017-05-07 11:11:35', 700, 467, 0, 1, 0),
(42, 2, 'image-42-5.jpg', '2017-05-07 11:11:35', 700, 550, 0, 0, 0),
(43, 2, 'image-43-26.jpg', '2017-05-07 11:11:35', 700, 467, 0, 1, 0),
(44, 2, 'image-44-23.jpg', '2017-05-07 11:11:35', 700, 455, 0, 1, 0),
(45, 2, 'image-45-18.jpg', '2017-05-07 11:11:35', 1600, 600, 0, 0, 1),
(46, 2, 'image-46-52.jpg', '2017-05-07 11:11:35', 1600, 600, 0, 0, 1),
(47, 2, 'image-47-83.jpg', '2017-05-07 11:11:35', 1600, 750, 0, 1, 0),
(48, 2, 'image-48-80.jpg', '2017-05-07 11:11:35', 1600, 750, 0, 1, 0),
(49, 2, 'image-49-13.jpg', '2017-05-07 11:11:35', 1600, 600, 0, 0, 1),
(50, 3, 'image-50-42.jpg', '2017-05-07 11:12:10', 700, 550, 0, 0, 0),
(51, 3, 'image-51-41.jpg', '2017-05-07 11:12:10', 700, 550, 0, 0, 0),
(52, 3, 'image-52-35.jpg', '2017-05-07 11:12:10', 700, 550, 0, 0, 0),
(53, 3, 'image-53-49.jpg', '2017-05-07 11:12:10', 700, 550, 0, 0, 0),
(54, 3, 'image-54-86.jpg', '2017-05-07 11:12:10', 1600, 750, 0, 0, 1),
(55, 3, 'image-55-5.jpg', '2017-05-07 11:12:10', 1600, 750, 0, 1, 0),
(56, 3, 'image-56-40.jpg', '2017-05-07 11:12:10', 1600, 750, 0, 1, 0),
(57, 3, 'image-57-16.jpg', '2017-05-07 11:12:10', 1600, 750, 0, 1, 0),
(58, 3, 'image-58-6.jpg', '2017-05-07 11:12:10', 1600, 750, 0, 0, 1),
(59, 4, 'image-59-43.jpg', '2017-05-07 11:12:39', 700, 550, 0, 0, 0),
(60, 4, 'image-60-20.jpg', '2017-05-07 11:12:39', 700, 550, 0, 0, 0),
(61, 4, 'image-61-79.jpg', '2017-05-07 11:12:39', 700, 550, 0, 0, 0),
(62, 4, 'image-62-50.jpg', '2017-05-07 11:12:39', 700, 550, 0, 0, 0),
(63, 4, 'image-63-71.jpg', '2017-05-07 11:12:39', 1600, 600, 0, 0, 1),
(64, 4, 'image-64-78.jpg', '2017-05-07 11:12:39', 1600, 750, 0, 1, 0),
(65, 4, 'image-65-76.jpg', '2017-05-07 11:12:39', 1600, 750, 0, 1, 0),
(66, 4, 'image-66-79.jpg', '2017-05-07 11:12:40', 1600, 750, 0, 1, 0),
(67, 4, 'image-67-43.jpg', '2017-05-07 11:12:40', 1600, 600, 0, 0, 1),
(68, 5, 'image-68-84.jpg', '2017-05-07 11:13:03', 700, 550, 0, 0, 0),
(69, 5, 'image-69-3.jpg', '2017-05-07 11:13:03', 700, 550, 0, 0, 0),
(70, 5, 'image-70-97.jpg', '2017-05-07 11:13:03', 700, 550, 0, 0, 0),
(71, 5, 'image-71-23.jpg', '2017-05-07 11:13:03', 700, 550, 0, 0, 0),
(72, 5, 'image-72-45.jpg', '2017-05-07 11:13:03', 1600, 600, 0, 0, 1),
(73, 5, 'image-73-22.jpg', '2017-05-07 11:13:03', 1600, 750, 0, 1, 0),
(74, 5, 'image-74-11.jpg', '2017-05-07 11:13:03', 1600, 750, 0, 1, 0),
(75, 5, 'image-75-30.jpg', '2017-05-07 11:13:03', 1600, 750, 0, 1, 0),
(76, 5, 'image-76-61.jpg', '2017-05-07 11:13:03', 1600, 600, 0, 0, 1),
(77, 7, 'image-77-43.jpg', '2017-05-07 11:13:40', 700, 550, 0, 0, 0),
(78, 7, 'image-78-62.jpg', '2017-05-07 11:13:40', 700, 550, 0, 0, 0),
(79, 7, 'image-79-92.jpg', '2017-05-07 11:13:40', 700, 550, 0, 0, 0),
(80, 7, 'image-80-84.jpg', '2017-05-07 11:13:40', 700, 550, 0, 0, 0),
(81, 7, 'image-81-3.jpg', '2017-05-07 11:13:40', 1600, 600, 0, 0, 1),
(82, 7, 'image-82-20.jpg', '2017-05-07 11:13:40', 1600, 750, 0, 1, 0),
(83, 7, 'image-83-60.jpg', '2017-05-07 11:13:40', 1600, 750, 0, 1, 0),
(84, 7, 'image-84-30.jpg', '2017-05-07 11:13:40', 1600, 750, 0, 1, 0),
(85, 7, 'image-85-6.jpg', '2017-05-07 11:13:40', 1600, 600, 0, 0, 1),
(86, 8, 'image-86-81.jpg', '2017-05-07 11:13:59', 700, 550, 0, 0, 0),
(87, 8, 'image-87-44.jpg', '2017-05-07 11:13:59', 700, 550, 0, 0, 0),
(88, 8, 'image-88-80.jpg', '2017-05-07 11:13:59', 700, 450, 0, 0, 0),
(89, 8, 'image-89-89.jpg', '2017-05-07 11:13:59', 700, 550, 0, 0, 0),
(90, 8, 'image-90-82.jpg', '2017-05-07 11:13:59', 1600, 600, 0, 0, 1),
(91, 8, 'image-91-60.jpg', '2017-05-07 11:13:59', 1600, 750, 0, 1, 0),
(92, 8, 'image-92-75.jpg', '2017-05-07 11:13:59', 1600, 750, 0, 1, 0),
(93, 8, 'image-93-35.jpg', '2017-05-07 11:13:59', 1600, 750, 0, 1, 0),
(94, 8, 'image-94-58.jpg', '2017-05-07 11:13:59', 1600, 600, 0, 0, 1),
(95, 9, 'image-95-5.jpg', '2017-05-07 11:14:19', 700, 550, 0, 0, 0),
(96, 9, 'image-96-87.jpg', '2017-05-07 11:14:19', 700, 550, 0, 0, 0),
(97, 9, 'image-97-13.jpg', '2017-05-07 11:14:19', 700, 550, 0, 0, 0),
(98, 9, 'image-98-23.jpg', '2017-05-07 11:14:19', 700, 550, 0, 0, 0),
(99, 9, 'image-99-66.jpg', '2017-05-07 11:14:19', 1600, 600, 0, 0, 1),
(100, 9, 'image-100-24.jpg', '2017-05-07 11:14:19', 1600, 750, 0, 1, 0),
(101, 9, 'image-101-60.jpg', '2017-05-07 11:14:19', 1600, 750, 0, 1, 0),
(102, 9, 'image-102-80.jpg', '2017-05-07 11:14:19', 1600, 750, 0, 1, 0),
(103, 9, 'image-103-76.jpg', '2017-05-07 11:14:19', 1600, 600, 0, 0, 1),
(104, 12, 'image-104-15.jpg', '2017-05-07 11:15:34', 700, 550, 0, 0, 0),
(105, 12, 'image-105-75.jpeg', '2017-05-07 11:15:34', 700, 550, 0, 0, 0),
(106, 12, 'image-106-45.jpg', '2017-05-07 11:15:34', 700, 550, 0, 0, 0),
(107, 12, 'image-107-86.jpg', '2017-05-07 11:15:34', 700, 550, 0, 0, 0),
(108, 12, 'image-108-54.jpg', '2017-05-07 11:15:34', 1600, 600, 0, 0, 1),
(109, 12, 'image-109-85.jpg', '2017-05-07 11:15:34', 1600, 750, 0, 1, 0),
(110, 12, 'image-110-81.jpg', '2017-05-07 11:15:34', 1600, 750, 0, 1, 0),
(111, 12, 'image-111-28.jpg', '2017-05-07 11:15:34', 1600, 750, 0, 1, 0),
(112, 12, 'image-112-4.jpg', '2017-05-07 11:15:34', 1600, 600, 0, 0, 1),
(113, 13, 'image-113-98.jpg', '2017-05-07 11:15:53', 700, 550, 0, 0, 0),
(114, 13, 'image-114-39.jpg', '2017-05-07 11:15:53', 700, 550, 0, 0, 0),
(115, 13, 'image-115-61.jpg', '2017-05-07 11:15:53', 700, 550, 0, 0, 0),
(116, 13, 'image-116-77.jpeg', '2017-05-07 11:15:53', 700, 550, 0, 0, 0),
(117, 13, 'image-117-54.jpg', '2017-05-07 11:15:53', 1600, 600, 0, 0, 1),
(118, 13, 'image-118-31.jpg', '2017-05-07 11:15:53', 1600, 750, 0, 1, 0),
(119, 13, 'image-119-15.jpg', '2017-05-07 11:15:53', 1600, 750, 0, 1, 0),
(120, 13, 'image-120-40.jpg', '2017-05-07 11:15:53', 1600, 750, 0, 1, 0),
(121, 13, 'image-121-98.jpg', '2017-05-07 11:15:53', 1600, 600, 0, 0, 1),
(122, 14, 'image-122-4.jpeg', '2017-05-07 11:16:13', 700, 550, 0, 0, 0),
(123, 14, 'image-123-67.jpg', '2017-05-07 11:16:13', 700, 550, 0, 0, 0),
(124, 14, 'image-124-7.jpeg', '2017-05-07 11:16:13', 700, 550, 0, 0, 0),
(125, 14, 'image-125-96.jpeg', '2017-05-07 11:16:13', 700, 550, 0, 0, 0),
(126, 14, 'image-126-51.jpg', '2017-05-07 11:16:13', 1600, 600, 0, 0, 1),
(127, 14, 'image-127-46.jpg', '2017-05-07 11:16:13', 1600, 750, 0, 1, 0),
(128, 14, 'image-128-66.jpg', '2017-05-07 11:16:13', 1600, 750, 0, 1, 0),
(129, 14, 'image-129-84.jpg', '2017-05-07 11:16:13', 1600, 750, 0, 1, 0),
(130, 14, 'image-130-14.jpg', '2017-05-07 11:16:13', 1600, 600, 0, 0, 1),
(131, 15, 'image-131-89.jpg', '2017-05-07 11:16:32', 700, 550, 0, 0, 0),
(132, 15, 'image-132-3.jpeg', '2017-05-07 11:16:32', 700, 551, 0, 0, 0),
(133, 15, 'image-133-7.jpeg', '2017-05-07 11:16:32', 700, 550, 0, 0, 0),
(134, 15, 'image-134-63.jpg', '2017-05-07 11:16:32', 700, 550, 0, 0, 0),
(135, 15, 'image-135-60.jpg', '2017-05-07 11:16:32', 1600, 600, 0, 0, 1),
(136, 15, 'image-136-41.jpg', '2017-05-07 11:16:32', 1600, 750, 0, 1, 0),
(137, 15, 'image-137-4.jpg', '2017-05-07 11:16:32', 1600, 750, 0, 1, 0),
(138, 15, 'image-138-13.jpg', '2017-05-07 11:16:32', 1600, 750, 0, 1, 0),
(139, 15, 'image-139-90.jpg', '2017-05-07 11:16:32', 1600, 600, 0, 0, 1),
(140, 16, 'image-140-59.jpeg', '2017-05-07 11:16:53', 700, 550, 0, 0, 0),
(141, 16, 'image-141-33.jpg', '2017-05-07 11:16:53', 700, 550, 0, 0, 0),
(142, 16, 'image-142-1.jpg', '2017-05-07 11:16:53', 700, 550, 0, 0, 0),
(143, 16, 'image-143-53.jpeg', '2017-05-07 11:16:53', 700, 550, 0, 0, 0),
(144, 16, 'image-144-21.jpg', '2017-05-07 11:16:53', 1600, 600, 0, 0, 1),
(145, 16, 'image-145-82.jpg', '2017-05-07 11:16:53', 1600, 750, 0, 1, 0),
(146, 16, 'image-146-95.jpg', '2017-05-07 11:16:53', 1600, 750, 0, 1, 0),
(147, 16, 'image-147-11.jpg', '2017-05-07 11:16:53', 1600, 750, 0, 1, 0),
(148, 16, 'image-148-24.jpg', '2017-05-07 11:16:53', 1600, 600, 0, 0, 1),
(149, 17, 'image-149-48.jpg', '2017-05-07 11:17:17', 700, 550, 0, 0, 0),
(150, 17, 'image-150-97.jpg', '2017-05-07 11:17:17', 700, 550, 0, 0, 0),
(151, 17, 'image-151-9.jpeg', '2017-05-07 11:17:17', 700, 550, 0, 0, 0),
(152, 17, 'image-152-82.jpg', '2017-05-07 11:17:17', 700, 550, 0, 0, 0),
(153, 17, 'image-153-7.jpg', '2017-05-07 11:17:17', 1600, 600, 0, 0, 1),
(154, 17, 'image-154-81.jpg', '2017-05-07 11:17:17', 1600, 750, 0, 1, 0),
(155, 17, 'image-155-77.jpg', '2017-05-07 11:17:17', 1600, 750, 0, 1, 0),
(156, 17, 'image-156-31.jpg', '2017-05-07 11:17:17', 1600, 750, 0, 1, 0),
(157, 17, 'image-157-9.jpg', '2017-05-07 11:17:17', 1600, 600, 0, 0, 1),
(158, 18, 'image-158-99.jpg', '2017-05-07 11:17:36', 700, 550, 0, 0, 0),
(159, 18, 'image-159-85.jpg', '2017-05-07 11:17:36', 700, 550, 0, 0, 0),
(160, 18, 'image-160-9.jpg', '2017-05-07 11:17:36', 700, 550, 0, 0, 0),
(161, 18, 'image-161-72.jpg', '2017-05-07 11:17:36', 700, 550, 0, 0, 0),
(162, 18, 'image-162-65.jpg', '2017-05-07 11:17:36', 1600, 600, 0, 0, 1),
(163, 18, 'image-163-11.jpg', '2017-05-07 11:17:36', 1600, 750, 0, 1, 0),
(164, 18, 'image-164-37.jpg', '2017-05-07 11:17:36', 1600, 750, 0, 1, 0),
(165, 18, 'image-165-62.jpg', '2017-05-07 11:17:36', 1600, 750, 0, 1, 0),
(166, 18, 'image-166-79.jpg', '2017-05-07 11:17:36', 1600, 600, 0, 0, 1),
(167, 19, 'image-167-57.jpeg', '2017-05-07 11:17:55', 700, 550, 0, 0, 0),
(168, 19, 'image-168-62.jpeg', '2017-05-07 11:17:55', 700, 550, 0, 0, 0),
(169, 19, 'image-169-22.jpeg', '2017-05-07 11:17:55', 700, 550, 0, 0, 0),
(170, 19, 'image-170-1.jpeg', '2017-05-07 11:17:55', 700, 550, 0, 0, 0),
(171, 19, 'image-171-59.jpg', '2017-05-07 11:17:55', 1600, 600, 0, 0, 1),
(172, 19, 'image-172-61.jpg', '2017-05-07 11:17:55', 1600, 750, 0, 1, 0),
(173, 19, 'image-173-62.jpg', '2017-05-07 11:17:55', 1600, 750, 0, 1, 0),
(174, 19, 'image-174-35.jpg', '2017-05-07 11:17:55', 1600, 750, 0, 1, 0),
(175, 19, 'image-175-14.jpg', '2017-05-07 11:17:55', 1600, 600, 0, 0, 1),
(176, 20, 'image-176-28.jpeg', '2017-05-07 11:18:52', 700, 550, 0, 0, 0),
(177, 20, 'image-177-7.jpeg', '2017-05-07 11:18:52', 700, 550, 0, 0, 0),
(178, 20, 'image-178-74.jpeg', '2017-05-07 11:18:52', 700, 550, 0, 0, 0),
(179, 20, 'image-179-70.jpeg', '2017-05-07 11:18:52', 700, 550, 0, 0, 0),
(180, 20, 'image-180-92.jpg', '2017-05-07 11:18:52', 1600, 600, 0, 0, 1),
(181, 20, 'image-181-45.jpg', '2017-05-07 11:18:52', 1600, 750, 0, 1, 0),
(182, 20, 'image-182-19.jpg', '2017-05-07 11:18:52', 1600, 750, 0, 1, 0),
(183, 20, 'image-183-32.jpg', '2017-05-07 11:18:52', 1600, 750, 0, 1, 0),
(184, 20, 'image-184-61.jpg', '2017-05-07 11:18:52', 1600, 600, 0, 0, 1),
(185, 21, 'image-185-30.jpg', '2017-05-07 11:19:33', 1600, 600, 0, 0, 1),
(186, 21, 'image-186-22.jpg', '2017-05-07 11:19:33', 1600, 750, 0, 1, 0),
(187, 21, 'image-187-65.jpg', '2017-05-07 11:19:33', 1600, 750, 0, 1, 0),
(188, 21, 'image-188-22.jpg', '2017-05-07 11:19:33', 1600, 750, 0, 1, 0),
(189, 21, 'image-189-73.jpg', '2017-05-07 11:19:33', 1920, 720, 0, 0, 1),
(190, 21, 'image-190-27.jpeg', '2017-05-07 11:19:33', 700, 550, 0, 0, 0),
(191, 21, 'image-191-39.jpeg', '2017-05-07 11:19:33', 700, 550, 0, 0, 0),
(192, 21, 'image-192-52.jpeg', '2017-05-07 11:19:33', 700, 550, 0, 0, 0),
(193, 21, 'image-193-99.jpg', '2017-05-07 11:19:33', 700, 550, 0, 0, 0),
(194, 22, 'image-194-20.jpeg', '2017-05-07 11:19:52', 700, 550, 0, 0, 0),
(195, 22, 'image-195-13.jpeg', '2017-05-07 11:19:52', 700, 550, 0, 0, 0),
(196, 22, 'image-196-98.jpg', '2017-05-07 11:19:52', 700, 550, 0, 0, 0),
(197, 22, 'image-197-30.jpg', '2017-05-07 11:19:52', 700, 550, 0, 0, 0),
(198, 22, 'image-198-57.jpg', '2017-05-07 11:19:52', 1600, 600, 0, 0, 1),
(199, 22, 'image-199-95.jpg', '2017-05-07 11:19:52', 1600, 750, 0, 1, 0),
(200, 22, 'image-200-55.jpg', '2017-05-07 11:19:52', 1600, 750, 0, 1, 0),
(201, 22, 'image-201-65.jpg', '2017-05-07 11:19:52', 1600, 750, 0, 1, 0),
(202, 22, 'image-202-36.jpeg', '2017-05-07 11:19:52', 1600, 600, 0, 0, 1),
(203, 23, 'image-203-82.jpg', '2017-05-07 11:21:12', 700, 550, 0, 0, 0),
(204, 23, 'image-204-95.jpg', '2017-05-07 11:21:12', 700, 550, 0, 0, 0),
(205, 23, 'image-205-17.jpg', '2017-05-07 11:21:12', 700, 550, 0, 0, 0),
(206, 23, 'image-206-12.jpeg', '2017-05-07 11:21:12', 700, 550, 0, 0, 0),
(207, 23, 'image-207-61.jpg', '2017-05-07 11:21:12', 1600, 600, 0, 0, 1),
(208, 23, 'image-208-89.jpg', '2017-05-07 11:21:12', 1600, 750, 0, 1, 0),
(209, 23, 'image-209-67.jpg', '2017-05-07 11:21:12', 1600, 750, 0, 1, 0),
(210, 23, 'image-210-55.jpg', '2017-05-07 11:21:12', 1600, 750, 0, 1, 0),
(211, 23, 'image-211-40.jpg', '2017-05-07 11:21:12', 1600, 600, 0, 0, 1),
(212, 25, 'image-212-27.jpg', '2017-05-07 11:21:42', 700, 550, 0, 0, 0),
(213, 25, 'image-213-91.jpg', '2017-05-07 11:21:42', 700, 550, 0, 0, 0),
(214, 25, 'image-214-62.jpg', '2017-05-07 11:21:42', 700, 550, 0, 0, 0),
(215, 25, 'image-215-41.jpg', '2017-05-07 11:21:42', 700, 550, 0, 0, 0),
(216, 25, 'image-216-79.jpg', '2017-05-07 11:21:42', 1600, 600, 0, 0, 1),
(217, 25, 'image-217-44.jpg', '2017-05-07 11:21:42', 1600, 750, 0, 1, 0),
(218, 25, 'image-218-13.jpg', '2017-05-07 11:21:42', 1600, 750, 0, 1, 0),
(219, 25, 'image-219-11.jpg', '2017-05-07 11:21:42', 1600, 750, 0, 1, 0),
(220, 25, 'image-220-68.jpg', '2017-05-07 11:21:42', 1600, 600, 0, 0, 1),
(221, 26, 'image-221-37.jpg', '2017-05-07 11:22:02', 700, 550, 0, 0, 0),
(222, 26, 'image-222-68.jpg', '2017-05-07 11:22:02', 700, 550, 0, 0, 0),
(223, 26, 'image-223-12.jpg', '2017-05-07 11:22:02', 700, 550, 0, 0, 0),
(224, 26, 'image-224-15.jpeg', '2017-05-07 11:22:02', 700, 550, 0, 0, 0),
(225, 26, 'image-225-78.jpg', '2017-05-07 11:22:02', 1600, 600, 0, 0, 1),
(226, 26, 'image-226-39.jpg', '2017-05-07 11:22:02', 1600, 750, 0, 1, 0),
(227, 26, 'image-227-48.jpg', '2017-05-07 11:22:02', 1600, 750, 0, 1, 0),
(228, 26, 'image-228-30.jpg', '2017-05-07 11:22:02', 1600, 750, 0, 1, 0),
(229, 26, 'image-229-77.jpg', '2017-05-07 11:22:02', 1600, 600, 0, 0, 1),
(230, 27, 'image-230-59.jpg', '2017-05-07 11:22:26', 700, 550, 0, 0, 0),
(231, 27, 'image-231-1.jpg', '2017-05-07 11:22:26', 700, 550, 0, 0, 0),
(232, 27, 'image-232-39.jpg', '2017-05-07 11:22:26', 700, 550, 0, 0, 0),
(233, 27, 'image-233-4.jpg', '2017-05-07 11:22:26', 700, 550, 0, 0, 0),
(234, 27, 'image-234-27.jpg', '2017-05-07 11:22:26', 1600, 600, 0, 0, 1),
(235, 27, 'image-235-92.jpg', '2017-05-07 11:22:26', 1600, 750, 0, 1, 0),
(236, 27, 'image-236-65.jpg', '2017-05-07 11:22:26', 1600, 750, 0, 1, 0),
(237, 27, 'image-237-100.jpg', '2017-05-07 11:22:26', 1600, 750, 0, 1, 0),
(240, 28, 'image-240-48.jpg', '2017-05-07 11:23:34', 700, 550, 0, 0, 0),
(241, 28, 'image-241-26.jpg', '2017-05-07 11:23:34', 700, 550, 0, 0, 0),
(242, 28, 'image-242-27.jpg', '2017-05-07 11:23:34', 700, 550, 0, 0, 0),
(243, 28, 'image-243-74.jpg', '2017-05-07 11:23:34', 700, 550, 0, 0, 0),
(244, 28, 'image-244-89.jpg', '2017-05-07 11:23:34', 1600, 600, 0, 0, 1),
(245, 28, 'image-245-97.jpg', '2017-05-07 11:23:34', 1600, 750, 0, 1, 0),
(246, 28, 'image-246-22.jpg', '2017-05-07 11:23:34', 1600, 750, 0, 1, 0),
(247, 28, 'image-247-46.jpg', '2017-05-07 11:23:34', 1600, 750, 0, 1, 0),
(248, 28, 'image-248-73.jpg', '2017-05-07 11:23:34', 1600, 600, 0, 0, 1),
(249, 30, 'image-249-2.jpg', '2017-05-07 11:23:53', 700, 550, 0, 0, 0),
(250, 30, 'image-250-53.jpg', '2017-05-07 11:23:53', 700, 550, 0, 0, 0),
(251, 30, 'image-251-63.jpg', '2017-05-07 11:23:53', 700, 550, 0, 0, 0),
(252, 30, 'image-252-11.jpg', '2017-05-07 11:23:53', 700, 550, 0, 0, 0),
(253, 30, 'image-253-4.jpg', '2017-05-07 11:23:53', 1600, 600, 0, 0, 1),
(254, 30, 'image-254-96.jpg', '2017-05-07 11:23:53', 1600, 750, 0, 1, 0),
(255, 30, 'image-255-90.jpg', '2017-05-07 11:23:53', 1600, 1067, 0, 1, 0),
(256, 30, 'image-256-92.jpg', '2017-05-07 11:23:53', 1600, 750, 0, 1, 0),
(257, 30, 'image-257-48.jpg', '2017-05-07 11:23:53', 1920, 720, 0, 0, 1),
(258, 32, 'image-258-64.jpg', '2017-05-07 11:24:23', 700, 550, 0, 0, 0),
(259, 32, 'image-259-77.jpg', '2017-05-07 11:24:23', 700, 550, 0, 0, 0),
(260, 32, 'image-260-3.jpg', '2017-05-07 11:24:23', 700, 550, 0, 0, 0),
(261, 32, 'image-261-90.jpg', '2017-05-07 11:24:23', 700, 550, 0, 0, 0),
(262, 32, 'image-262-26.jpg', '2017-05-07 11:24:23', 1600, 600, 0, 0, 1),
(263, 32, 'image-263-29.jpg', '2017-05-07 11:24:23', 1600, 750, 0, 1, 0),
(264, 32, 'image-264-89.jpg', '2017-05-07 11:24:23', 1600, 750, 0, 1, 0),
(265, 32, 'image-265-34.jpg', '2017-05-07 11:24:23', 1600, 750, 0, 1, 0),
(266, 32, 'image-266-75.jpg', '2017-05-07 11:24:23', 1600, 600, 0, 0, 1),
(267, 33, 'image-267-48.jpg', '2017-05-07 11:24:48', 700, 550, 0, 0, 0),
(268, 33, 'image-268-64.jpg', '2017-05-07 11:24:48', 700, 550, 0, 0, 0),
(269, 33, 'image-269-58.jpg', '2017-05-07 11:24:48', 700, 550, 0, 0, 0),
(270, 33, 'image-270-55.jpg', '2017-05-07 11:24:48', 700, 550, 0, 0, 0),
(271, 33, 'image-271-83.jpg', '2017-05-07 11:24:48', 1600, 600, 0, 0, 1),
(272, 33, 'image-272-77.jpg', '2017-05-07 11:24:48', 1600, 750, 0, 1, 0),
(273, 33, 'image-273-29.jpg', '2017-05-07 11:24:48', 1600, 750, 0, 1, 0),
(274, 33, 'image-274-90.jpg', '2017-05-07 11:24:48', 1600, 750, 0, 1, 0),
(275, 33, 'image-275-7.jpg', '2017-05-07 11:24:48', 1600, 600, 0, 0, 1),
(276, 34, 'image-276-1.jpg', '2017-05-07 11:25:09', 700, 550, 0, 0, 0),
(277, 34, 'image-277-98.jpg', '2017-05-07 11:25:09', 700, 550, 0, 0, 0),
(278, 34, 'image-278-21.jpg', '2017-05-07 11:25:09', 700, 550, 0, 0, 0),
(279, 34, 'image-279-81.jpg', '2017-05-07 11:25:09', 700, 550, 0, 0, 0),
(280, 34, 'image-280-69.jpg', '2017-05-07 11:25:09', 1600, 600, 0, 0, 1),
(281, 34, 'image-281-70.jpg', '2017-05-07 11:25:09', 1600, 750, 0, 1, 0),
(282, 34, 'image-282-48.jpg', '2017-05-07 11:25:09', 1600, 750, 0, 1, 0),
(283, 34, 'image-283-32.jpg', '2017-05-07 11:25:09', 1600, 750, 0, 1, 0),
(284, 34, 'image-284-66.jpg', '2017-05-07 11:25:09', 1600, 600, 0, 0, 1),
(285, 35, 'image-285-16.jpg', '2017-05-07 11:25:31', 700, 550, 0, 0, 0),
(286, 35, 'image-286-26.jpg', '2017-05-07 11:25:31', 700, 550, 0, 0, 0),
(287, 35, 'image-287-28.jpg', '2017-05-07 11:25:31', 700, 550, 0, 0, 0),
(288, 35, 'image-288-75.jpg', '2017-05-07 11:25:31', 700, 550, 0, 0, 0),
(289, 35, 'image-289-70.jpg', '2017-05-07 11:25:31', 1600, 600, 0, 0, 1),
(290, 35, 'image-290-13.jpg', '2017-05-07 11:25:31', 1600, 750, 0, 1, 0),
(291, 35, 'image-291-46.jpg', '2017-05-07 11:25:31', 1600, 750, 0, 1, 0),
(292, 35, 'image-292-37.jpg', '2017-05-07 11:25:31', 1600, 750, 0, 1, 0),
(293, 35, 'image-293-16.jpg', '2017-05-07 11:25:31', 1920, 720, 0, 0, 1),
(294, 36, 'image-294-9.jpg', '2017-05-07 11:26:05', 700, 550, 0, 0, 0),
(295, 36, 'image-295-42.jpg', '2017-05-07 11:26:05', 700, 550, 0, 0, 0),
(296, 36, 'image-296-65.jpg', '2017-05-07 11:26:05', 700, 550, 0, 0, 0),
(297, 36, 'image-297-15.jpg', '2017-05-07 11:26:05', 1600, 600, 0, 0, 1),
(298, 36, 'image-298-90.jpg', '2017-05-07 11:26:05', 1600, 750, 0, 1, 0),
(299, 36, 'image-299-36.jpg', '2017-05-07 11:26:05', 1600, 750, 0, 1, 0),
(300, 36, 'image-300-87.jpg', '2017-05-07 11:26:05', 1600, 750, 0, 1, 0),
(301, 36, 'image-301-26.jpg', '2017-05-07 11:26:05', 1600, 600, 0, 0, 1);

-- --------------------------------------------------------

--
-- Estructura de tabla para la tabla `suburl`
--

CREATE TABLE `suburl` (
  `id` int(11) NOT NULL,
  `url_id` int(11) DEFAULT NULL,
  `service_id` int(11) DEFAULT NULL,
  `suburl` varchar(255) COLLATE utf8_unicode_ci NOT NULL,
  `urlorder` int(11) NOT NULL,
  `name` varchar(255) COLLATE utf8_unicode_ci NOT NULL,
  `project_id` int(11) DEFAULT NULL
) ENGINE=InnoDB DEFAULT CHARSET=utf8 COLLATE=utf8_unicode_ci;

--
-- Volcado de datos para la tabla `suburl`
--

INSERT INTO `suburl` (`id`, `url_id`, `service_id`, `suburl`, `urlorder`, `name`, `project_id`) VALUES
(7, 15, 1, '/servicios/consultoria-it/', 100, 'Consultoría IT', NULL),
(8, 15, 2, '/servicios/desarrollo-web-a-medida/', 100, 'Desarrollo web a medida', NULL),
(9, 15, 3, '/servicios/apps-a-medida/', 100, 'Desarrollo apps a medida', NULL),
(10, 15, 4, '/servicios/posicionamiento-seo/', 100, 'Posicionamiento Web SEO y Gestión de Redes Sociales', NULL),
(11, 15, 5, '/servicios/app-nube/', 100, 'Desarrollo de aplicaciones de gestión en la nube.', NULL),
(12, 15, 6, '/servicios/web-corporativo/', 100, 'Desarrollo web corporativo.', NULL),
(13, 43, 7, '/servicios/comida-asitica/', 100, 'Comida Asiática', NULL),
(14, 43, 15, '/servicios/comida-espaola/', 100, 'Comida Española', NULL),
(15, 43, 16, '/servicios/comida-vegetariana/', 100, 'Comida Vegetariana', NULL);

-- --------------------------------------------------------

--
-- Estructura de tabla para la tabla `superadministrator`
--

CREATE TABLE `superadministrator` (
  `id` int(11) NOT NULL
) ENGINE=InnoDB DEFAULT CHARSET=utf8 COLLATE=utf8_unicode_ci;

--
-- Volcado de datos para la tabla `superadministrator`
--

INSERT INTO `superadministrator` (`id`) VALUES
(2);

-- --------------------------------------------------------

--
-- Estructura de tabla para la tabla `testimony`
--

CREATE TABLE `testimony` (
  `id` int(11) NOT NULL,
  `business_id` int(11) DEFAULT NULL,
  `datecreated` datetime NOT NULL,
  `name` varchar(255) COLLATE utf8_unicode_ci NOT NULL,
  `text` longtext COLLATE utf8_unicode_ci,
  `deleted` tinyint(1) NOT NULL
) ENGINE=InnoDB DEFAULT CHARSET=utf8 COLLATE=utf8_unicode_ci;

--
-- Volcado de datos para la tabla `testimony`
--

INSERT INTO `testimony` (`id`, `business_id`, `datecreated`, `name`, `text`, `deleted`) VALUES
(1, 1, '2017-04-25 18:34:04', 'Rosalia IML La Zubia (Granada)', 'Atención personalizada desde el principio. Respuesta inmediata para solucionar cualquier incidencia, sugerencia o petición. ¡Grandes profesionales! Estamos muy contentos con nuestra nueva web.', 0),
(2, 1, '2017-04-25 18:46:14', 'Miguel Angel', 'App&amp;Web es un equipo de desarrolladores jóven, muy profesional y con muchas ganas de trabajar.  Espero contar con su trabajo una buena temporada. Será buena señal. Os animo a qué os pongáis en contacto con ellos para cualquier proyecto que tengáis en mente.', 0),
(3, 1, '2017-04-25 18:52:09', 'Inma Torres', 'Desde IML La Zubia no podemos estar más contentos. El trabajo que han hecho los de App&Web es excelente!!  A parte de rápidos y eficientes, saber captar muy bien lo que quiere el cliente, y eso es muy de agradecer en desarrollo web. Quiero destacar el trabajo de Rubén, un gran ejemplo de que calidad humana y profesionalidad no están reñidas. Enhorabuena.', 0),
(4, 1, '2017-04-25 18:52:33', 'Juan Hernández', 'Dieron en la tecla de lo que queríamos, el trato personalizado y las propuestas que nos formularon lo mejor, los recomiendo al 100%. Ademas son muy creativos!', 0),
(5, 2, '2017-05-07 09:11:18', 'Pepep', 'adaskdmañsldkadñ', 0),
(6, 2, '2017-05-07 09:11:18', 'Pepep', 'adaskdmañsldkadñ', 0),
(7, 14, '2017-05-08 13:29:58', 'Ermegildo', 'Muy buena plataforma', 0),
(8, 14, '2017-05-08 13:30:27', 'Ambrosia', '¡Me encanta Examsline!', 0),
(9, 9, '2017-05-08 13:51:55', 'Roberto Iniesta', 'Sed ut perspiciatis unde omnis iste natus error sit voluptatem accusantium doloremque laudantium, totam rem aperiam, eaque ipsa quae ab illo inventore veritatis', 0),
(10, 9, '2017-05-08 13:52:41', 'Rosendo Mercado', 'Sed ut perspiciatis unde omnis iste natus error sit voluptatem accusantium doloremque laudantium, totam rem aperiam, eaque ipsa quae ab illo inventore veritatis', 0),
(11, 9, '2017-05-08 13:53:41', 'Alfonso Cabrales', 'Sed ut perspiciatis unde omnis iste natus error sit voluptatem accusantium doloremque laudantium, totam rem aperiam, eaque ipsa quae ab illo inventore veritatis', 0),
(12, 9, '2017-05-08 13:53:56', 'Alberto Romero', 'Sed ut perspiciatis unde omnis iste natus error sit voluptatem accusantium doloremque laudantium, totam rem aperiam, eaque ipsa quae ab illo inventore veritatis', 0),
(13, 16, '2017-05-08 13:58:09', 'pepe', 'es la leche', 0),
(14, 16, '2017-05-08 13:58:29', 'juan', 'No me gusta', 0),
(15, 16, '2017-05-08 13:58:43', 'luis', 'Genial', 0),
(16, 16, '2017-05-08 13:58:55', 'ana', 'super chachi', 0),
(17, 29, '2018-01-30 07:39:34', 'Nombre del cliente', 'Testimonio 1', 0),
(18, 29, '2018-01-30 07:39:34', 'Nombre del cliente', 'Testimonio 2', 0),
(19, 29, '2018-01-30 07:39:34', 'Nombre del cliente', 'Testimonio 3', 0),
(20, 29, '2018-01-30 07:39:34', 'Nombre del cliente', 'Testimonio 4', 0),
(21, 31, '2018-02-02 13:41:28', 'Nombre del cliente', 'Testimonio 1', 0),
(22, 31, '2018-02-02 13:41:28', 'Nombre del cliente', 'Testimonio 2', 0),
(23, 31, '2018-02-02 13:41:28', 'Nombre del cliente', 'Testimonio 3', 0),
(24, 31, '2018-02-02 13:41:28', 'Nombre del cliente', 'Testimonio 4', 0),
(25, 30, '2018-02-02 13:45:13', 'Nombre del cliente', 'Testimonio 1', 0),
(26, 30, '2018-02-02 13:45:13', 'Nombre del cliente', 'Testimonio 2', 0),
(27, 30, '2018-02-02 13:45:13', 'Nombre del cliente', 'Testimonio 3', 0),
(28, 30, '2018-02-02 13:45:13', 'Nombre del cliente', 'Testimonio 4', 0);

-- --------------------------------------------------------

--
-- Estructura de tabla para la tabla `text`
--

CREATE TABLE `text` (
  `id` int(11) NOT NULL,
  `text` longtext COLLATE utf8_unicode_ci NOT NULL
) ENGINE=InnoDB DEFAULT CHARSET=utf8 COLLATE=utf8_unicode_ci;

-- --------------------------------------------------------

--
-- Estructura de tabla para la tabla `theme`
--

CREATE TABLE `theme` (
  `id` int(11) NOT NULL,
  `numtheme` int(11) NOT NULL,
  `template` varchar(255) COLLATE utf8_unicode_ci NOT NULL,
  `tipo` varchar(255) COLLATE utf8_unicode_ci NOT NULL,
  `name` varchar(255) COLLATE utf8_unicode_ci NOT NULL,
  `pathimagen` varchar(255) COLLATE utf8_unicode_ci NOT NULL,
  `tituloplantilla` varchar(255) COLLATE utf8_unicode_ci DEFAULT NULL
) ENGINE=InnoDB DEFAULT CHARSET=utf8 COLLATE=utf8_unicode_ci;

--
-- Volcado de datos para la tabla `theme`
--

INSERT INTO `theme` (`id`, `numtheme`, `template`, `tipo`, `name`, `pathimagen`, `tituloplantilla`) VALUES
(1, 1, 'mgalery:theme1.html.twig', 'themegalery', 'Tema 1', '/disenio-modulos/galeria1.png', 'Elije el tipo de galería que más te guste'),
(2, 2, 'mgalery:theme2.html.twig', 'themegalery', 'Tema 2', '/disenio-modulos/galeria2.png', 'Elije el tipo de galería que más te guste'),
(3, 3, 'mgalery:theme3.html.twig', 'themegalery', 'Tema 3', '/disenio-modulos/galeria3.png', 'Elije el tipo de galería que más te guste'),
(4, 1, 'mtestimony:theme1.html.twig', 'themetestimonies', 'Tema 1', '/disenio-modulos/testimonio1.png', 'Elije el tipo de plantilla que más te guste'),
(5, 2, 'mtestimony:theme2.html.twig', 'themetestimonies', 'Tema 2', '/disenio-modulos/testimonio2.png', 'Elije el tipo de plantilla que más te guste'),
(6, 3, 'mtestimony:theme3.html.twig', 'themetestimonies', 'Tema 3', '/disenio-modulos/testimonio3.png', 'Elije el tipo de plantilla que más te guste'),
(7, 4, 'mtestimony:theme4.html.twig', 'themetestimonies', 'Tema 4', '/disenio-modulos/testimonio4.png', 'Elije el tipo de plantilla que más te guste'),
(8, 5, 'mtestimony:theme5.html.twig', 'themetestimonies', 'Tema 5', '/disenio-modulos/testimonio5.png', 'Elije el tipo de plantilla que más te guste'),
(9, 6, 'mtestimony:theme6.html.twig', 'themetestimonies', 'Tema 6', '/disenio-modulos/testimonio6.png', 'Elije el tipo de plantilla que más te guste'),
(11, 1, 'mservices:theme1.html.twig', 'themeservices', 'Tema 1', '/disenio-modulos/servicios1.png', 'Elije el tipo de plantilla que más te guste'),
(12, 2, 'mservices:theme2.html.twig', 'themeservices', 'Tema 2', '/disenio-modulos/servicios2.png', 'Elije el tipo de plantilla que más te guste'),
(13, 3, 'mservices:theme3.html.twig', 'themeservices', 'Tema 3', '/disenio-modulos/servicios3.png', 'Elije el tipo de plantilla que más te guste'),
(14, 4, 'mservices:theme4.html.twig', 'themeservices', 'Tema 4', '/disenio-modulos/servicios4.png', 'Elije el tipo de plantilla que más te guste'),
(15, 5, 'mservices:theme5.html.twig', 'themeservices', 'Tema 5', '/disenio-modulos/servicios5.png', 'Elije el tipo de plantilla que más te guste'),
(17, 1, 'mwelcometext:theme1.html.twig', 'themewelcometext', 'Tema 1', '/disenio-modulos/texto-bienvenida1.png', 'Elije el tipo de plantilla que más te guste'),
(18, 4, 'mgalery:theme4.html.twig', 'themegalery', 'Tema 4', '/disenio-modulos/galeria4.png', 'Elije el tipo de plantilla que más te guste'),
(19, 1, 'mlastnews:theme1.html.twig', 'themelastnews', 'Tema 1', '/disenio-modulos/noticiasdest1.png', 'Elije el tipo de plantilla que más te guste'),
(20, 2, 'mlastnews:theme2.html.twig', 'themelastnews', 'Tema 2', '/disenio-modulos/noticiasdest2.png', 'Elije el tipo de plantilla que más te guste'),
(21, 3, 'mlastnews:theme3.html.twig', 'themelastnews', 'Tema 3', '/disenio-modulos/noticiasdest3.png', 'Elije el tipo de plantilla que más te guste'),
(22, 1, 'mfreetextimage:theme1.html.twig', 'themefreetextimage', 'Tema 1', '/disenio-modulos/texto-libre1.png', 'Elije el tipo de plantilla que más te guste'),
(23, 2, 'mfreetextimage:theme2.html.twig', 'themefreetextimage', 'Tema 2', '/disenio-modulos/texto-libre2.png', 'Elije el tipo de plantilla que más te guste'),
(24, 3, 'mfreetextimage:theme3.html.twig', 'themefreetextimage', 'Tema 3', '/disenio-modulos/texto-libre3.png', 'Elije el tipo de plantilla que más te guste'),
(25, 4, 'mfreetextimage:theme4.html.twig', 'themefreetextimage', 'Tema 4', '/disenio-modulos/texto-libre4.png', 'Elije el tipo de plantilla que más te guste'),
(26, 1, 'mmap:theme1.html.twig', 'thememap', 'Tema 1', '/disenio-modulos/mapa.png', 'Elije el tipo de plantilla que más te guste'),
(27, 1, 'mcontact:theme1.html.twig', 'themecontact', 'Tema 1', '/disenio-modulos/contacto1.png', 'Elije el tipo de plantilla que más te guste'),
(28, 2, 'mcontact:theme2.html.twig', 'themecontact', 'Tema 2', '/disenio-modulos/contacto2.png', 'Elije el tipo de plantilla que más te guste'),
(29, 1, 'mservicedetail:theme1.html.twig', 'themeservicedetail', 'Tema 1', '/disenio-modulos/servicio-interior1.png', 'Elije el tipo de plantilla que más te guste'),
(30, 2, 'mservicedetail:theme2.html.twig', 'themeservicedetail', 'Tema 2', '/disenio-modulos/servicio-interior2.png', 'Elije el tipo de plantilla que más te guste'),
(31, 1, 'mserviceslist:theme1.html.twig', 'themeserviceslist', 'Tema 1', '/disenio-modulos/pagina-servicios1.png', 'Elije el tipo de plantilla que más te guste'),
(32, 2, 'mserviceslist:theme2.html.twig', 'themeserviceslist', 'Tema 2', '/disenio-modulos/pagina-servicios2.png', 'Elije el tipo de plantilla que más te guste'),
(33, 3, 'mserviceslist:theme3.html.twig', 'themeserviceslist', 'Tema 3', '/disenio-modulos/pagina-servicios3.png', 'Elije el tipo de plantilla que más te guste'),
(34, 1, 'mfooter:theme1.html.twig', 'themefooter', 'Tema 1', '/disenio-modulos/footer1.png', 'Elije el tipo de pie de página que más te guste'),
(35, 2, 'mfooter:theme2.html.twig', 'themefooter', 'Tema 2', '/disenio-modulos/footer2.png', 'Elije el tipo de pie de página que más te guste'),
(36, 3, 'mfooter:theme3.html.twig', 'themefooter', 'Tema 3', '/disenio-modulos/footer3.png', 'Elije el tipo de pie de página que más te guste'),
(37, 1, 'mheader:theme1.html.twig', 'themeheader', 'Tema 1', '/disenio-modulos/cabecera1.png', 'Elije el tipo de cabecera que más te guste'),
(38, 2, 'mheader:theme2.html.twig', 'themeheader', 'Tema 2', '/disenio-modulos/cabecera2.png', 'Elije el tipo de cabecera que más te guste'),
(39, 3, 'mheader:theme3.html.twig', 'themeheader', 'Tema 3', '/disenio-modulos/cabecera3.png', 'Elije el tipo de cabecera que más te guste'),
(40, 4, 'mheader:theme4.html.twig', 'themeheader', 'Tema 4', '/disenio-modulos/cabecera4.png', 'Elije el tipo de cabecera que más te guste'),
(41, 5, 'mheader:theme5.html.twig', 'themeheader', 'Tema 5', '/disenio-modulos/cabecera5.png', 'Elije el tipo de cabecera que más te guste'),
(42, 1, 'mprojectsfeatures:theme1.html.twig', 'themeprojectsfeatures', 'Tema 1', '/disenio-modulos/proyectos1.png', 'Elije la plantilla que más te guste'),
(43, 2, 'mprojectsfeatures:theme2.html.twig', 'themeprojectsfeatures', 'Tema 2', '/disenio-modulos/proyectos2.png', 'Elije la plantilla que más te guste'),
(44, 3, 'mprojectsfeatures:theme3.html.twig', 'themeprojectsfeatures', 'Tema 3', '/disenio-modulos/proyectos3.png', 'Elije la plantilla que más te guste'),
(45, 1, 'mprojectdetail:theme1.html.twig', 'themeprojectdetail', 'Tema 1', '/disenio-modulos/servicio-interior1.png', 'Elije la plantilla que más te guste'),
(46, 2, 'mprojectdetail:theme2.html.twig', 'themeprojectdetail', 'Tema 2', '/disenio-modulos/servicio-interior2.png', 'Elije la plantilla que más te guste'),
(47, 1, 'mprojectslist:theme1.html.twig', 'themeprojectlist', 'Tema 1', '/disenio-modulos/pagina-servicios1.png', 'Elije el tipo de plantilla que más te guste'),
(48, 2, 'mprojectslist:theme2.html.twig', 'themeprojectlist', 'Tema 2', '/disenio-modulos/pagina-servicios2.png', 'Elije el tipo de plantilla que más te guste'),
(49, 3, 'mprojectslist:theme3.html.twig', 'themeprojectlist', 'Tema 3', '/disenio-modulos/pagina-servicios3.png', 'Elije el tipo de plantilla que más te guste'),
(50, 1, 'mnewdetail:theme1.html.twig', 'themenewdetail', 'Tema 1', '/disenio-modulos/servicio-interior1.png', 'Elije la plantilla que más te guste'),
(51, 2, 'mnewdetail:theme2.html.twig', 'themenewdetail', 'Tema 2', '/disenio-modulos/servicio-interior2.png', 'Elije la plantilla que más te guste'),
(52, 1, 'mnewslist:theme1.html.twig', 'themenewslist', 'Tema 1', '/disenio-modulos/pagina-servicios1.png', 'Elije el tipo de plantilla que más te guste'),
(53, 2, 'mnewslist:theme2.html.twig', 'themenewslist', 'Tema 2', '/disenio-modulos/pagina-servicios2.png', 'Elije el tipo de plantilla que más te guste'),
(54, 3, 'mnewslist:theme3.html.twig', 'themenewslist', 'Tema 3', '/disenio-modulos/pagina-servicios3.png', 'Elije el tipo de plantilla que más te guste'),
(55, 1, 'mfeaturedproducts:theme1.html.twig', 'themefeaturedproducts', 'Tema 1', '/disenio-modulos/porductosdestacados1.png', 'Elije el tipo de plantilla que más te guste'),
(56, 2, 'mfeaturedproducts:theme2.html.twig', 'themefeaturedproducts', 'Tema 2', '/disenio-modulos/porductosdestacados2.png', 'Elije el tipo de plantilla que más te guste');

-- --------------------------------------------------------

--
-- Estructura de tabla para la tabla `themecontact`
--

CREATE TABLE `themecontact` (
  `id` int(11) NOT NULL
) ENGINE=InnoDB DEFAULT CHARSET=utf8 COLLATE=utf8_unicode_ci;

--
-- Volcado de datos para la tabla `themecontact`
--

INSERT INTO `themecontact` (`id`) VALUES
(27),
(28);

-- --------------------------------------------------------

--
-- Estructura de tabla para la tabla `themefeaturedproducts`
--

CREATE TABLE `themefeaturedproducts` (
  `id` int(11) NOT NULL
) ENGINE=InnoDB DEFAULT CHARSET=utf8 COLLATE=utf8_unicode_ci;

--
-- Volcado de datos para la tabla `themefeaturedproducts`
--

INSERT INTO `themefeaturedproducts` (`id`) VALUES
(55),
(56);

-- --------------------------------------------------------

--
-- Estructura de tabla para la tabla `themefooter`
--

CREATE TABLE `themefooter` (
  `id` int(11) NOT NULL
) ENGINE=InnoDB DEFAULT CHARSET=utf8 COLLATE=utf8_unicode_ci;

--
-- Volcado de datos para la tabla `themefooter`
--

INSERT INTO `themefooter` (`id`) VALUES
(34),
(35),
(36);

-- --------------------------------------------------------

--
-- Estructura de tabla para la tabla `themefreetextimage`
--

CREATE TABLE `themefreetextimage` (
  `id` int(11) NOT NULL
) ENGINE=InnoDB DEFAULT CHARSET=utf8 COLLATE=utf8_unicode_ci;

--
-- Volcado de datos para la tabla `themefreetextimage`
--

INSERT INTO `themefreetextimage` (`id`) VALUES
(22),
(23),
(24),
(25);

-- --------------------------------------------------------

--
-- Estructura de tabla para la tabla `themegalery`
--

CREATE TABLE `themegalery` (
  `id` int(11) NOT NULL
) ENGINE=InnoDB DEFAULT CHARSET=utf8 COLLATE=utf8_unicode_ci;

--
-- Volcado de datos para la tabla `themegalery`
--

INSERT INTO `themegalery` (`id`) VALUES
(1),
(2),
(3),
(18);

-- --------------------------------------------------------

--
-- Estructura de tabla para la tabla `themeheader`
--

CREATE TABLE `themeheader` (
  `id` int(11) NOT NULL
) ENGINE=InnoDB DEFAULT CHARSET=utf8 COLLATE=utf8_unicode_ci;

--
-- Volcado de datos para la tabla `themeheader`
--

INSERT INTO `themeheader` (`id`) VALUES
(37),
(38),
(39),
(40),
(41);

-- --------------------------------------------------------

--
-- Estructura de tabla para la tabla `themelastnews`
--

CREATE TABLE `themelastnews` (
  `id` int(11) NOT NULL
) ENGINE=InnoDB DEFAULT CHARSET=utf8 COLLATE=utf8_unicode_ci;

--
-- Volcado de datos para la tabla `themelastnews`
--

INSERT INTO `themelastnews` (`id`) VALUES
(19),
(20),
(21);

-- --------------------------------------------------------

--
-- Estructura de tabla para la tabla `thememap`
--

CREATE TABLE `thememap` (
  `id` int(11) NOT NULL
) ENGINE=InnoDB DEFAULT CHARSET=utf8 COLLATE=utf8_unicode_ci;

--
-- Volcado de datos para la tabla `thememap`
--

INSERT INTO `thememap` (`id`) VALUES
(26);

-- --------------------------------------------------------

--
-- Estructura de tabla para la tabla `themenewdetail`
--

CREATE TABLE `themenewdetail` (
  `id` int(11) NOT NULL
) ENGINE=InnoDB DEFAULT CHARSET=utf8 COLLATE=utf8_unicode_ci;

--
-- Volcado de datos para la tabla `themenewdetail`
--

INSERT INTO `themenewdetail` (`id`) VALUES
(50),
(51);

-- --------------------------------------------------------

--
-- Estructura de tabla para la tabla `themenewslist`
--

CREATE TABLE `themenewslist` (
  `id` int(11) NOT NULL
) ENGINE=InnoDB DEFAULT CHARSET=utf8 COLLATE=utf8_unicode_ci;

--
-- Volcado de datos para la tabla `themenewslist`
--

INSERT INTO `themenewslist` (`id`) VALUES
(52),
(53),
(54);

-- --------------------------------------------------------

--
-- Estructura de tabla para la tabla `themeprojectdetail`
--

CREATE TABLE `themeprojectdetail` (
  `id` int(11) NOT NULL
) ENGINE=InnoDB DEFAULT CHARSET=utf8 COLLATE=utf8_unicode_ci;

--
-- Volcado de datos para la tabla `themeprojectdetail`
--

INSERT INTO `themeprojectdetail` (`id`) VALUES
(45),
(46);

-- --------------------------------------------------------

--
-- Estructura de tabla para la tabla `themeprojectlist`
--

CREATE TABLE `themeprojectlist` (
  `id` int(11) NOT NULL
) ENGINE=InnoDB DEFAULT CHARSET=utf8 COLLATE=utf8_unicode_ci;

--
-- Volcado de datos para la tabla `themeprojectlist`
--

INSERT INTO `themeprojectlist` (`id`) VALUES
(47),
(48),
(49);

-- --------------------------------------------------------

--
-- Estructura de tabla para la tabla `themeprojects`
--

CREATE TABLE `themeprojects` (
  `id` int(11) NOT NULL
) ENGINE=InnoDB DEFAULT CHARSET=utf8 COLLATE=utf8_unicode_ci;

-- --------------------------------------------------------

--
-- Estructura de tabla para la tabla `themeprojectsfeatures`
--

CREATE TABLE `themeprojectsfeatures` (
  `id` int(11) NOT NULL
) ENGINE=InnoDB DEFAULT CHARSET=utf8 COLLATE=utf8_unicode_ci;

--
-- Volcado de datos para la tabla `themeprojectsfeatures`
--

INSERT INTO `themeprojectsfeatures` (`id`) VALUES
(42),
(43),
(44);

-- --------------------------------------------------------

--
-- Estructura de tabla para la tabla `themeservicedetail`
--

CREATE TABLE `themeservicedetail` (
  `id` int(11) NOT NULL
) ENGINE=InnoDB DEFAULT CHARSET=utf8 COLLATE=utf8_unicode_ci;

--
-- Volcado de datos para la tabla `themeservicedetail`
--

INSERT INTO `themeservicedetail` (`id`) VALUES
(29),
(30);

-- --------------------------------------------------------

--
-- Estructura de tabla para la tabla `themeservices`
--

CREATE TABLE `themeservices` (
  `id` int(11) NOT NULL
) ENGINE=InnoDB DEFAULT CHARSET=utf8 COLLATE=utf8_unicode_ci;

--
-- Volcado de datos para la tabla `themeservices`
--

INSERT INTO `themeservices` (`id`) VALUES
(11),
(12),
(13),
(14),
(15);

-- --------------------------------------------------------

--
-- Estructura de tabla para la tabla `themeserviceslist`
--

CREATE TABLE `themeserviceslist` (
  `id` int(11) NOT NULL
) ENGINE=InnoDB DEFAULT CHARSET=utf8 COLLATE=utf8_unicode_ci;

--
-- Volcado de datos para la tabla `themeserviceslist`
--

INSERT INTO `themeserviceslist` (`id`) VALUES
(31),
(32),
(33);

-- --------------------------------------------------------

--
-- Estructura de tabla para la tabla `themetestimonies`
--

CREATE TABLE `themetestimonies` (
  `id` int(11) NOT NULL
) ENGINE=InnoDB DEFAULT CHARSET=utf8 COLLATE=utf8_unicode_ci;

--
-- Volcado de datos para la tabla `themetestimonies`
--

INSERT INTO `themetestimonies` (`id`) VALUES
(4),
(5),
(6),
(7),
(8),
(9);

-- --------------------------------------------------------

--
-- Estructura de tabla para la tabla `themewelcometext`
--

CREATE TABLE `themewelcometext` (
  `id` int(11) NOT NULL
) ENGINE=InnoDB DEFAULT CHARSET=utf8 COLLATE=utf8_unicode_ci;

--
-- Volcado de datos para la tabla `themewelcometext`
--

INSERT INTO `themewelcometext` (`id`) VALUES
(17);

-- --------------------------------------------------------

--
-- Estructura de tabla para la tabla `url`
--

CREATE TABLE `url` (
  `id` int(11) NOT NULL,
  `mfooter_id` int(11) DEFAULT NULL,
  `mheader_id` int(11) DEFAULT NULL,
  `url` varchar(255) COLLATE utf8_unicode_ci NOT NULL,
  `name` varchar(255) COLLATE utf8_unicode_ci NOT NULL,
  `urlorder` int(11) NOT NULL,
  `page_id` int(11) DEFAULT NULL
) ENGINE=InnoDB DEFAULT CHARSET=utf8 COLLATE=utf8_unicode_ci;

--
-- Volcado de datos para la tabla `url`
--

INSERT INTO `url` (`id`, `mfooter_id`, `mheader_id`, `url`, `name`, `urlorder`, `page_id`) VALUES
(5, NULL, 1, '/', 'HOME', 1, 1),
(15, NULL, 1, '/servicios/', 'SERVICIOS', 100, 14),
(16, NULL, 2, '/', 'HOME', 1, 26),
(18, NULL, 3, '/', 'OPEN TALENT SCHOOL', 100, 27),
(19, NULL, 2, '/quienes-somos/', 'quienes somos', 4, 30),
(21, NULL, 13, '/', 'Home', 100, 43),
(22, NULL, 16, '/', 'Home', 100, 46),
(23, NULL, 16, '/politica-de-cookies/', 'Cookies', 100, 47),
(24, NULL, 16, '/pepe/', 'Pepito', 100, 51),
(26, NULL, 13, '/contacto/', 'Contacto', 100, 55),
(27, NULL, 15, '/', 'Inicio', 100, 45),
(29, NULL, 15, '/politica-de-privacidad/', 'Política de privacidad', 100, 52),
(30, NULL, 9, '/', 'Inicio', 100, 38),
(31, NULL, 14, '/', 'Home', 1, 44),
(32, NULL, 14, '/graficas/', 'Gráficas', 3, 57),
(33, NULL, 14, '/base-de-datos/', 'Base de datos', 2, 59),
(34, NULL, 10, '/', 'Inicio', 100, 39),
(37, NULL, 17, '/aboutme/', 'about me', 100, 71),
(38, NULL, 7, '/airbus/', 'airbus', 2, 72),
(39, NULL, 7, '/', 'HOME', 1, 36),
(41, 7, NULL, '/', 'HOME', 100, 36),
(42, 7, NULL, '/contacto/', 'CONTACTO', 100, 67),
(43, NULL, 2, '/servicios/', 'Servicios', 3, 75),
(47, NULL, 6, '/', 'Hotel', 100, 35),
(48, 6, NULL, '/', 'HOtel & Spa', 100, 35),
(49, 6, NULL, '/contacto/', 'contacto', 100, 79),
(50, NULL, 6, '/contacto/', 'contacto', 100, 79),
(51, NULL, 2, '/componentes-del-equipo/', 'Componentes del equipo', 2, 32),
(53, 24, NULL, '/', 'Miguel', 100, 85),
(54, 24, NULL, '/Competencia/', 'Competencia', 100, 89),
(55, NULL, 24, '/Competencia/', 'Competencia', 100, 89),
(57, NULL, 28, '/', 'HOME', 100, 92),
(58, NULL, 28, '/servicios/', 'SERVICIOS', 100, 95),
(59, 28, NULL, '/futbold/', 'futbold', 100, 96),
(60, NULL, 28, '/futbold/', 'futbold', 100, 96),
(61, 29, NULL, '/', 'HOME', 1, 99),
(62, NULL, 29, '/', 'INICIO', 1, 99),
(65, 29, NULL, '/contacto/', 'CONTACTO', 5, 102),
(66, NULL, 29, '/contacto/', 'CONTACTO', 5, 102),
(67, NULL, 29, '/tienda/', 'TIENDA', 2, 103),
(68, 29, NULL, '/sobre-nosotros/', 'SOBRE NOSOTROS', 3, 104),
(69, NULL, 29, '/sobre-nosotros/', 'SOBRE NOSOTROS', 3, 104),
(70, NULL, 29, '/noticias/', 'NOTICIAS', 4, 105),
(71, 29, NULL, '/tienda/', 'TIENDA', 2, 103),
(72, 29, NULL, '/noticias/', 'NOTICIAS', 4, 105),
(73, NULL, 29, '/cart/', 'CARRITO', 100, 112),
(74, 30, NULL, '/', 'HOME', 1, 117),
(75, NULL, 30, '/', 'HOME', 1, 117),
(76, NULL, 30, '/tienda/', 'TIENDA', 100, 115),
(77, 31, NULL, '/', 'HOME', 1, 119),
(78, NULL, 31, '/', 'HOME', 1, 119),
(79, NULL, 31, '/tienda/', 'TIENDA', 100, 113);

-- --------------------------------------------------------

--
-- Estructura de tabla para la tabla `variant`
--

CREATE TABLE `variant` (
  `id` int(11) NOT NULL,
  `product_id` int(11) DEFAULT NULL,
  `variant` varchar(255) COLLATE utf8_unicode_ci NOT NULL,
  `datecreated` datetime NOT NULL,
  `deleted` tinyint(1) NOT NULL,
  `orden` int(11) NOT NULL
) ENGINE=InnoDB DEFAULT CHARSET=utf8 COLLATE=utf8_unicode_ci;

--
-- Volcado de datos para la tabla `variant`
--

INSERT INTO `variant` (`id`, `product_id`, `variant`, `datecreated`, `deleted`, `orden`) VALUES
(1, 16, 'Color', '2018-02-08 13:12:57', 0, 100),
(2, 15, 'Medidas', '2018-02-08 13:23:04', 0, 100),
(3, 15, 'Color', '2018-02-08 13:23:05', 0, 100),
(4, 14, 'Color', '2018-02-08 13:27:08', 0, 100),
(5, 14, 'Plazas', '2018-02-08 13:27:08', 0, 100),
(6, 13, 'Color', '2018-02-08 13:47:56', 0, 100),
(7, 13, 'Talla', '2018-02-08 13:47:56', 0, 100),
(8, 13, 'Material', '2018-02-08 13:47:56', 0, 100);

-- --------------------------------------------------------

--
-- Estructura de tabla para la tabla `variantvalue`
--

CREATE TABLE `variantvalue` (
  `id` int(11) NOT NULL,
  `variant_id` int(11) DEFAULT NULL,
  `variantvalue` varchar(255) COLLATE utf8_unicode_ci NOT NULL,
  `datecreated` datetime NOT NULL,
  `deleted` tinyint(1) NOT NULL,
  `orden` int(11) NOT NULL
) ENGINE=InnoDB DEFAULT CHARSET=utf8 COLLATE=utf8_unicode_ci;

--
-- Volcado de datos para la tabla `variantvalue`
--

INSERT INTO `variantvalue` (`id`, `variant_id`, `variantvalue`, `datecreated`, `deleted`, `orden`) VALUES
(1, 1, 'Rojo', '2018-02-08 13:12:57', 0, 1),
(2, 1, 'Verde', '2018-02-08 13:12:57', 0, 2),
(3, 1, 'Azul', '2018-02-08 13:12:57', 0, 3),
(4, 1, 'Camuflaje', '2018-02-08 13:12:57', 0, 4),
(5, 2, '110cm', '2018-02-08 13:23:04', 0, 1),
(6, 2, '120cm', '2018-02-08 13:23:05', 0, 2),
(7, 2, '130cm', '2018-02-08 13:23:05', 0, 3),
(8, 3, 'Negro', '2018-02-08 13:23:05', 0, 1),
(9, 3, 'Rojo', '2018-02-08 13:23:05', 0, 2),
(10, 3, 'Verde', '2018-02-08 13:23:05', 0, 3),
(11, 4, 'Azul', '2018-02-08 13:27:08', 0, 1),
(12, 4, 'Verde', '2018-02-08 13:27:08', 0, 2),
(13, 4, 'Rojo', '2018-02-08 13:27:08', 0, 3),
(14, 5, '2 Personas', '2018-02-08 13:27:08', 1, 1),
(15, 5, '3 Personas', '2018-02-08 13:27:08', 1, 2),
(16, 5, '1 Persona', '2018-02-08 13:44:06', 0, 1),
(17, 6, 'Rojo', '2018-02-08 13:47:56', 0, 1),
(18, 6, 'Negro', '2018-02-08 13:47:56', 0, 2),
(19, 7, 'S', '2018-02-08 13:47:56', 0, 1),
(20, 7, 'M', '2018-02-08 13:47:56', 0, 2),
(21, 7, 'L', '2018-02-08 13:47:56', 0, 3),
(22, 7, 'XL', '2018-02-08 13:47:56', 0, 4),
(23, 8, 'Nylon', '2018-02-08 13:47:56', 0, 1),
(24, 8, 'Plástico', '2018-02-08 13:48:43', 0, 2);

--
-- Índices para tablas volcadas
--

--
-- Indices de la tabla `administrator`
--
ALTER TABLE `administrator`
  ADD PRIMARY KEY (`id`),
  ADD UNIQUE KEY `UNIQ_58DF0651A89DB457` (`business_id`);

--
-- Indices de la tabla `blog`
--
ALTER TABLE `blog`
  ADD PRIMARY KEY (`id`),
  ADD UNIQUE KEY `UNIQ_C0155143C4663E4` (`page_id`),
  ADD KEY `IDX_C01551433397707A` (`categoria_id`),
  ADD KEY `IDX_C0155143A89DB457` (`business_id`);

--
-- Indices de la tabla `blogcategoria`
--
ALTER TABLE `blogcategoria`
  ADD PRIMARY KEY (`id`),
  ADD KEY `IDX_148D736AA89DB457` (`business_id`);

--
-- Indices de la tabla `blogcomentario`
--
ALTER TABLE `blogcomentario`
  ADD PRIMARY KEY (`id`),
  ADD KEY `IDX_A373AE50DAE07E97` (`blog_id`);

--
-- Indices de la tabla `blogs`
--
ALTER TABLE `blogs`
  ADD PRIMARY KEY (`Blog_id`,`relacion_blog_id`),
  ADD KEY `IDX_F41BCA70155D470B` (`Blog_id`),
  ADD KEY `IDX_F41BCA70BB1B6895` (`relacion_blog_id`);

--
-- Indices de la tabla `brand`
--
ALTER TABLE `brand`
  ADD PRIMARY KEY (`id`),
  ADD KEY `IDX_1C52F958A89DB457` (`business_id`);

--
-- Indices de la tabla `category`
--
ALTER TABLE `category`
  ADD PRIMARY KEY (`id`);

--
-- Indices de la tabla `client`
--
ALTER TABLE `client`
  ADD PRIMARY KEY (`id`);

--
-- Indices de la tabla `contact`
--
ALTER TABLE `contact`
  ADD PRIMARY KEY (`id`),
  ADD KEY `IDX_4C62E638A89DB457` (`business_id`);

--
-- Indices de la tabla `contactinfo`
--
ALTER TABLE `contactinfo`
  ADD PRIMARY KEY (`id`),
  ADD UNIQUE KEY `UNIQ_7BD84995A89DB457` (`business_id`);

--
-- Indices de la tabla `image`
--
ALTER TABLE `image`
  ADD PRIMARY KEY (`id`);

--
-- Indices de la tabla `itemfeaturedproduct`
--
ALTER TABLE `itemfeaturedproduct`
  ADD PRIMARY KEY (`id`),
  ADD KEY `IDX_F76E2AF44584665A` (`product_id`),
  ADD KEY `IDX_F76E2AF49DAA2BC6` (`mfeaturedproducts_id`);

--
-- Indices de la tabla `legalinfo`
--
ALTER TABLE `legalinfo`
  ADD PRIMARY KEY (`id`),
  ADD UNIQUE KEY `UNIQ_FFE31252A89DB457` (`business_id`);

--
-- Indices de la tabla `location`
--
ALTER TABLE `location`
  ADD PRIMARY KEY (`id`),
  ADD KEY `IDX_5E9E89CBA89DB457` (`business_id`);

--
-- Indices de la tabla `mcontact`
--
ALTER TABLE `mcontact`
  ADD PRIMARY KEY (`id`);

--
-- Indices de la tabla `mfeaturedproducts`
--
ALTER TABLE `mfeaturedproducts`
  ADD PRIMARY KEY (`id`);

--
-- Indices de la tabla `mfooter`
--
ALTER TABLE `mfooter`
  ADD PRIMARY KEY (`id`),
  ADD KEY `IDX_24FE56ABA89DB457` (`business_id`);

--
-- Indices de la tabla `mfreetextimage`
--
ALTER TABLE `mfreetextimage`
  ADD PRIMARY KEY (`id`);

--
-- Indices de la tabla `mgalery`
--
ALTER TABLE `mgalery`
  ADD PRIMARY KEY (`id`);

--
-- Indices de la tabla `mgaleryimage`
--
ALTER TABLE `mgaleryimage`
  ADD PRIMARY KEY (`id`),
  ADD KEY `IDX_FC7BF55AFBDA531D` (`mgalery_id`);

--
-- Indices de la tabla `mheader`
--
ALTER TABLE `mheader`
  ADD PRIMARY KEY (`id`),
  ADD KEY `IDX_A8BDFB39A89DB457` (`business_id`);

--
-- Indices de la tabla `mlastnews`
--
ALTER TABLE `mlastnews`
  ADD PRIMARY KEY (`id`);

--
-- Indices de la tabla `mmap`
--
ALTER TABLE `mmap`
  ADD PRIMARY KEY (`id`);

--
-- Indices de la tabla `mnewdetail`
--
ALTER TABLE `mnewdetail`
  ADD PRIMARY KEY (`id`);

--
-- Indices de la tabla `mnewslist`
--
ALTER TABLE `mnewslist`
  ADD PRIMARY KEY (`id`);

--
-- Indices de la tabla `module`
--
ALTER TABLE `module`
  ADD PRIMARY KEY (`id`),
  ADD KEY `IDX_C242628C4663E4` (`page_id`);

--
-- Indices de la tabla `mprojectdetail`
--
ALTER TABLE `mprojectdetail`
  ADD PRIMARY KEY (`id`);

--
-- Indices de la tabla `mprojectsfeatures`
--
ALTER TABLE `mprojectsfeatures`
  ADD PRIMARY KEY (`id`);

--
-- Indices de la tabla `mprojectslist`
--
ALTER TABLE `mprojectslist`
  ADD PRIMARY KEY (`id`);

--
-- Indices de la tabla `mservicedetail`
--
ALTER TABLE `mservicedetail`
  ADD PRIMARY KEY (`id`);

--
-- Indices de la tabla `mservices`
--
ALTER TABLE `mservices`
  ADD PRIMARY KEY (`id`);

--
-- Indices de la tabla `mserviceslist`
--
ALTER TABLE `mserviceslist`
  ADD PRIMARY KEY (`id`);

--
-- Indices de la tabla `mtestimonies`
--
ALTER TABLE `mtestimonies`
  ADD PRIMARY KEY (`id`);

--
-- Indices de la tabla `mwelcometext`
--
ALTER TABLE `mwelcometext`
  ADD PRIMARY KEY (`id`);

--
-- Indices de la tabla `orderproducts`
--
ALTER TABLE `orderproducts`
  ADD PRIMARY KEY (`id`),
  ADD KEY `IDX_3188126CCFFE9AD6` (`orders_id`),
  ADD KEY `IDX_3188126C4584665A` (`product_id`),
  ADD KEY `IDX_3188126C1855BE3F` (`productvariant_id`);

--
-- Indices de la tabla `orders`
--
ALTER TABLE `orders`
  ADD PRIMARY KEY (`id`),
  ADD KEY `IDX_E52FFDEEA89DB457` (`business_id`),
  ADD KEY `IDX_E52FFDEE19EB6921` (`client_id`),
  ADD KEY `IDX_E52FFDEE689D4FF` (`paqueteria_id`);

--
-- Indices de la tabla `page`
--
ALTER TABLE `page`
  ADD PRIMARY KEY (`id`),
  ADD UNIQUE KEY `UNIQ_140AB620ED5CA9E6` (`service_id`),
  ADD UNIQUE KEY `UNIQ_140AB620166D1F9C` (`project_id`),
  ADD UNIQUE KEY `UNIQ_140AB620DAE07E97` (`blog_id`),
  ADD UNIQUE KEY `UNIQ_140AB6204584665A` (`product_id`),
  ADD KEY `IDX_140AB620A89DB457` (`business_id`);

--
-- Indices de la tabla `palabrasclave`
--
ALTER TABLE `palabrasclave`
  ADD PRIMARY KEY (`id`),
  ADD KEY `IDX_FCC1D9B7DAE07E97` (`blog_id`);

--
-- Indices de la tabla `paqueteria`
--
ALTER TABLE `paqueteria`
  ADD PRIMARY KEY (`id`),
  ADD KEY `IDX_11DF442A89DB457` (`business_id`);

--
-- Indices de la tabla `product`
--
ALTER TABLE `product`
  ADD PRIMARY KEY (`id`),
  ADD KEY `IDX_D34A04ADA89DB457` (`business_id`),
  ADD KEY `IDX_D34A04AD44F5D008` (`brand_id`),
  ADD KEY `IDX_D34A04AD5E032AB4` (`producttype_id`);

--
-- Indices de la tabla `producttoproduct`
--
ALTER TABLE `producttoproduct`
  ADD PRIMARY KEY (`id`),
  ADD KEY `IDX_E9DBC0444584665A` (`product_id`),
  ADD KEY `IDX_E9DBC0444DD4A8E9` (`productrelacionado_id`);

--
-- Indices de la tabla `producttype`
--
ALTER TABLE `producttype`
  ADD PRIMARY KEY (`id`),
  ADD KEY `IDX_219A1ACCA89DB457` (`business_id`);

--
-- Indices de la tabla `productvariant`
--
ALTER TABLE `productvariant`
  ADD PRIMARY KEY (`id`),
  ADD KEY `IDX_6A0C198A4584665A` (`product_id`),
  ADD KEY `IDX_6A0C198A5F5DCB04` (`variantvalue1_id`),
  ADD KEY `IDX_6A0C198A4DE864EA` (`variantvalue2_id`),
  ADD KEY `IDX_6A0C198AF554038F` (`variantvalue3_id`);

--
-- Indices de la tabla `project`
--
ALTER TABLE `project`
  ADD PRIMARY KEY (`id`),
  ADD UNIQUE KEY `UNIQ_2FB3D0EEC4663E4` (`page_id`),
  ADD KEY `IDX_2FB3D0EEA89DB457` (`business_id`);

--
-- Indices de la tabla `service`
--
ALTER TABLE `service`
  ADD PRIMARY KEY (`id`),
  ADD UNIQUE KEY `UNIQ_E19D9AD2C4663E4` (`page_id`),
  ADD KEY `IDX_E19D9AD2A89DB457` (`business_id`);

--
-- Indices de la tabla `socialnetwork`
--
ALTER TABLE `socialnetwork`
  ADD PRIMARY KEY (`id`),
  ADD UNIQUE KEY `UNIQ_87FC02E3A89DB457` (`business_id`);

--
-- Indices de la tabla `subcategory`
--
ALTER TABLE `subcategory`
  ADD PRIMARY KEY (`id`),
  ADD UNIQUE KEY `UNIQ_DDCA448989D9B62` (`slug`),
  ADD KEY `IDX_DDCA44812469DE2` (`category_id`);

--
-- Indices de la tabla `subcategoryimage`
--
ALTER TABLE `subcategoryimage`
  ADD PRIMARY KEY (`id`),
  ADD KEY `IDX_5E8A2B9C5DC6FE57` (`subcategory_id`);

--
-- Indices de la tabla `suburl`
--
ALTER TABLE `suburl`
  ADD PRIMARY KEY (`id`),
  ADD KEY `IDX_975E124781CFDAE7` (`url_id`),
  ADD KEY `IDX_975E1247ED5CA9E6` (`service_id`),
  ADD KEY `IDX_975E1247166D1F9C` (`project_id`);

--
-- Indices de la tabla `superadministrator`
--
ALTER TABLE `superadministrator`
  ADD PRIMARY KEY (`id`);

--
-- Indices de la tabla `testimony`
--
ALTER TABLE `testimony`
  ADD PRIMARY KEY (`id`),
  ADD KEY `IDX_523C9487A89DB457` (`business_id`);

--
-- Indices de la tabla `text`
--
ALTER TABLE `text`
  ADD PRIMARY KEY (`id`);

--
-- Indices de la tabla `theme`
--
ALTER TABLE `theme`
  ADD PRIMARY KEY (`id`);

--
-- Indices de la tabla `themecontact`
--
ALTER TABLE `themecontact`
  ADD PRIMARY KEY (`id`);

--
-- Indices de la tabla `themefeaturedproducts`
--
ALTER TABLE `themefeaturedproducts`
  ADD PRIMARY KEY (`id`);

--
-- Indices de la tabla `themefooter`
--
ALTER TABLE `themefooter`
  ADD PRIMARY KEY (`id`);

--
-- Indices de la tabla `themefreetextimage`
--
ALTER TABLE `themefreetextimage`
  ADD PRIMARY KEY (`id`);

--
-- Indices de la tabla `themegalery`
--
ALTER TABLE `themegalery`
  ADD PRIMARY KEY (`id`);

--
-- Indices de la tabla `themeheader`
--
ALTER TABLE `themeheader`
  ADD PRIMARY KEY (`id`);

--
-- Indices de la tabla `themelastnews`
--
ALTER TABLE `themelastnews`
  ADD PRIMARY KEY (`id`);

--
-- Indices de la tabla `thememap`
--
ALTER TABLE `thememap`
  ADD PRIMARY KEY (`id`);

--
-- Indices de la tabla `themenewdetail`
--
ALTER TABLE `themenewdetail`
  ADD PRIMARY KEY (`id`);

--
-- Indices de la tabla `themenewslist`
--
ALTER TABLE `themenewslist`
  ADD PRIMARY KEY (`id`);

--
-- Indices de la tabla `themeprojectdetail`
--
ALTER TABLE `themeprojectdetail`
  ADD PRIMARY KEY (`id`);

--
-- Indices de la tabla `themeprojectlist`
--
ALTER TABLE `themeprojectlist`
  ADD PRIMARY KEY (`id`);

--
-- Indices de la tabla `themeprojects`
--
ALTER TABLE `themeprojects`
  ADD PRIMARY KEY (`id`);

--
-- Indices de la tabla `themeprojectsfeatures`
--
ALTER TABLE `themeprojectsfeatures`
  ADD PRIMARY KEY (`id`);

--
-- Indices de la tabla `themeservicedetail`
--
ALTER TABLE `themeservicedetail`
  ADD PRIMARY KEY (`id`);

--
-- Indices de la tabla `themeservices`
--
ALTER TABLE `themeservices`
  ADD PRIMARY KEY (`id`);

--
-- Indices de la tabla `themeserviceslist`
--
ALTER TABLE `themeserviceslist`
  ADD PRIMARY KEY (`id`);

--
-- Indices de la tabla `themetestimonies`
--
ALTER TABLE `themetestimonies`
  ADD PRIMARY KEY (`id`);

--
-- Indices de la tabla `themewelcometext`
--
ALTER TABLE `themewelcometext`
  ADD PRIMARY KEY (`id`);

--
-- Indices de la tabla `url`
--
ALTER TABLE `url`
  ADD PRIMARY KEY (`id`),
  ADD KEY `IDX_F47645AE588525C` (`mfooter_id`),
  ADD KEY `IDX_F47645AEF63ECC0` (`mheader_id`),
  ADD KEY `IDX_F47645AEC4663E4` (`page_id`);

--
-- Indices de la tabla `variant`
--
ALTER TABLE `variant`
  ADD PRIMARY KEY (`id`),
  ADD KEY `IDX_F143BFAD4584665A` (`product_id`);

--
-- Indices de la tabla `variantvalue`
--
ALTER TABLE `variantvalue`
  ADD PRIMARY KEY (`id`),
  ADD KEY `IDX_AFAABEBA3B69A9AF` (`variant_id`);

--
-- AUTO_INCREMENT de las tablas volcadas
--

--
-- AUTO_INCREMENT de la tabla `blog`
--
ALTER TABLE `blog`
  MODIFY `id` int(11) NOT NULL AUTO_INCREMENT, AUTO_INCREMENT=12;
--
-- AUTO_INCREMENT de la tabla `blogcategoria`
--
ALTER TABLE `blogcategoria`
  MODIFY `id` int(11) NOT NULL AUTO_INCREMENT, AUTO_INCREMENT=4;
--
-- AUTO_INCREMENT de la tabla `blogcomentario`
--
ALTER TABLE `blogcomentario`
  MODIFY `id` int(11) NOT NULL AUTO_INCREMENT;
--
-- AUTO_INCREMENT de la tabla `brand`
--
ALTER TABLE `brand`
  MODIFY `id` int(11) NOT NULL AUTO_INCREMENT, AUTO_INCREMENT=9;
--
-- AUTO_INCREMENT de la tabla `category`
--
ALTER TABLE `category`
  MODIFY `id` int(11) NOT NULL AUTO_INCREMENT, AUTO_INCREMENT=9;
--
-- AUTO_INCREMENT de la tabla `contact`
--
ALTER TABLE `contact`
  MODIFY `id` int(11) NOT NULL AUTO_INCREMENT, AUTO_INCREMENT=3;
--
-- AUTO_INCREMENT de la tabla `contactinfo`
--
ALTER TABLE `contactinfo`
  MODIFY `id` int(11) NOT NULL AUTO_INCREMENT, AUTO_INCREMENT=33;
--
-- AUTO_INCREMENT de la tabla `image`
--
ALTER TABLE `image`
  MODIFY `id` int(11) NOT NULL AUTO_INCREMENT;
--
-- AUTO_INCREMENT de la tabla `itemfeaturedproduct`
--
ALTER TABLE `itemfeaturedproduct`
  MODIFY `id` int(11) NOT NULL AUTO_INCREMENT, AUTO_INCREMENT=9;
--
-- AUTO_INCREMENT de la tabla `legalinfo`
--
ALTER TABLE `legalinfo`
  MODIFY `id` int(11) NOT NULL AUTO_INCREMENT, AUTO_INCREMENT=32;
--
-- AUTO_INCREMENT de la tabla `location`
--
ALTER TABLE `location`
  MODIFY `id` int(11) NOT NULL AUTO_INCREMENT, AUTO_INCREMENT=15;
--
-- AUTO_INCREMENT de la tabla `mfooter`
--
ALTER TABLE `mfooter`
  MODIFY `id` int(11) NOT NULL AUTO_INCREMENT, AUTO_INCREMENT=32;
--
-- AUTO_INCREMENT de la tabla `mgaleryimage`
--
ALTER TABLE `mgaleryimage`
  MODIFY `id` int(11) NOT NULL AUTO_INCREMENT, AUTO_INCREMENT=248;
--
-- AUTO_INCREMENT de la tabla `mheader`
--
ALTER TABLE `mheader`
  MODIFY `id` int(11) NOT NULL AUTO_INCREMENT, AUTO_INCREMENT=32;
--
-- AUTO_INCREMENT de la tabla `module`
--
ALTER TABLE `module`
  MODIFY `id` int(11) NOT NULL AUTO_INCREMENT, AUTO_INCREMENT=273;
--
-- AUTO_INCREMENT de la tabla `orderproducts`
--
ALTER TABLE `orderproducts`
  MODIFY `id` int(11) NOT NULL AUTO_INCREMENT, AUTO_INCREMENT=29;
--
-- AUTO_INCREMENT de la tabla `orders`
--
ALTER TABLE `orders`
  MODIFY `id` int(11) NOT NULL AUTO_INCREMENT, AUTO_INCREMENT=23;
--
-- AUTO_INCREMENT de la tabla `page`
--
ALTER TABLE `page`
  MODIFY `id` int(11) NOT NULL AUTO_INCREMENT, AUTO_INCREMENT=133;
--
-- AUTO_INCREMENT de la tabla `palabrasclave`
--
ALTER TABLE `palabrasclave`
  MODIFY `id` int(11) NOT NULL AUTO_INCREMENT, AUTO_INCREMENT=5;
--
-- AUTO_INCREMENT de la tabla `paqueteria`
--
ALTER TABLE `paqueteria`
  MODIFY `id` int(11) NOT NULL AUTO_INCREMENT, AUTO_INCREMENT=3;
--
-- AUTO_INCREMENT de la tabla `product`
--
ALTER TABLE `product`
  MODIFY `id` int(11) NOT NULL AUTO_INCREMENT, AUTO_INCREMENT=18;
--
-- AUTO_INCREMENT de la tabla `producttoproduct`
--
ALTER TABLE `producttoproduct`
  MODIFY `id` int(11) NOT NULL AUTO_INCREMENT, AUTO_INCREMENT=15;
--
-- AUTO_INCREMENT de la tabla `producttype`
--
ALTER TABLE `producttype`
  MODIFY `id` int(11) NOT NULL AUTO_INCREMENT, AUTO_INCREMENT=11;
--
-- AUTO_INCREMENT de la tabla `productvariant`
--
ALTER TABLE `productvariant`
  MODIFY `id` int(11) NOT NULL AUTO_INCREMENT, AUTO_INCREMENT=42;
--
-- AUTO_INCREMENT de la tabla `project`
--
ALTER TABLE `project`
  MODIFY `id` int(11) NOT NULL AUTO_INCREMENT, AUTO_INCREMENT=15;
--
-- AUTO_INCREMENT de la tabla `service`
--
ALTER TABLE `service`
  MODIFY `id` int(11) NOT NULL AUTO_INCREMENT, AUTO_INCREMENT=29;
--
-- AUTO_INCREMENT de la tabla `socialnetwork`
--
ALTER TABLE `socialnetwork`
  MODIFY `id` int(11) NOT NULL AUTO_INCREMENT, AUTO_INCREMENT=33;
--
-- AUTO_INCREMENT de la tabla `subcategory`
--
ALTER TABLE `subcategory`
  MODIFY `id` int(11) NOT NULL AUTO_INCREMENT, AUTO_INCREMENT=43;
--
-- AUTO_INCREMENT de la tabla `subcategoryimage`
--
ALTER TABLE `subcategoryimage`
  MODIFY `id` int(11) NOT NULL AUTO_INCREMENT, AUTO_INCREMENT=302;
--
-- AUTO_INCREMENT de la tabla `suburl`
--
ALTER TABLE `suburl`
  MODIFY `id` int(11) NOT NULL AUTO_INCREMENT, AUTO_INCREMENT=16;
--
-- AUTO_INCREMENT de la tabla `testimony`
--
ALTER TABLE `testimony`
  MODIFY `id` int(11) NOT NULL AUTO_INCREMENT, AUTO_INCREMENT=29;
--
-- AUTO_INCREMENT de la tabla `text`
--
ALTER TABLE `text`
  MODIFY `id` int(11) NOT NULL AUTO_INCREMENT;
--
-- AUTO_INCREMENT de la tabla `theme`
--
ALTER TABLE `theme`
  MODIFY `id` int(11) NOT NULL AUTO_INCREMENT, AUTO_INCREMENT=57;
--
-- AUTO_INCREMENT de la tabla `url`
--
ALTER TABLE `url`
  MODIFY `id` int(11) NOT NULL AUTO_INCREMENT, AUTO_INCREMENT=80;
--
-- AUTO_INCREMENT de la tabla `variant`
--
ALTER TABLE `variant`
  MODIFY `id` int(11) NOT NULL AUTO_INCREMENT, AUTO_INCREMENT=9;
--
-- AUTO_INCREMENT de la tabla `variantvalue`
--
ALTER TABLE `variantvalue`
  MODIFY `id` int(11) NOT NULL AUTO_INCREMENT, AUTO_INCREMENT=25;
--
-- Restricciones para tablas volcadas
--

--
-- Filtros para la tabla `administrator`
--
ALTER TABLE `administrator`
  ADD CONSTRAINT `FK_58DF0651A89DB457` FOREIGN KEY (`business_id`) REFERENCES `business` (`id`),
  ADD CONSTRAINT `FK_58DF0651BF396750` FOREIGN KEY (`id`) REFERENCES `user` (`id`) ON DELETE CASCADE;

--
-- Filtros para la tabla `blog`
--
ALTER TABLE `blog`
  ADD CONSTRAINT `FK_C01551433397707A` FOREIGN KEY (`categoria_id`) REFERENCES `blogcategoria` (`id`),
  ADD CONSTRAINT `FK_C0155143A89DB457` FOREIGN KEY (`business_id`) REFERENCES `business` (`id`),
  ADD CONSTRAINT `FK_C0155143C4663E4` FOREIGN KEY (`page_id`) REFERENCES `page` (`id`);

--
-- Filtros para la tabla `blogcategoria`
--
ALTER TABLE `blogcategoria`
  ADD CONSTRAINT `FK_148D736AA89DB457` FOREIGN KEY (`business_id`) REFERENCES `business` (`id`);

--
-- Filtros para la tabla `blogcomentario`
--
ALTER TABLE `blogcomentario`
  ADD CONSTRAINT `FK_A373AE50DAE07E97` FOREIGN KEY (`blog_id`) REFERENCES `blog` (`id`);

--
-- Filtros para la tabla `blogs`
--
ALTER TABLE `blogs`
  ADD CONSTRAINT `FK_F41BCA70155D470B` FOREIGN KEY (`Blog_id`) REFERENCES `blog` (`id`),
  ADD CONSTRAINT `FK_F41BCA70BB1B6895` FOREIGN KEY (`relacion_blog_id`) REFERENCES `blog` (`id`);

--
-- Filtros para la tabla `brand`
--
ALTER TABLE `brand`
  ADD CONSTRAINT `FK_1C52F958A89DB457` FOREIGN KEY (`business_id`) REFERENCES `business` (`id`);

--
-- Filtros para la tabla `client`
--
ALTER TABLE `client`
  ADD CONSTRAINT `FK_C7440455BF396750` FOREIGN KEY (`id`) REFERENCES `user` (`id`) ON DELETE CASCADE;

--
-- Filtros para la tabla `contact`
--
ALTER TABLE `contact`
  ADD CONSTRAINT `FK_4C62E638A89DB457` FOREIGN KEY (`business_id`) REFERENCES `business` (`id`);

--
-- Filtros para la tabla `contactinfo`
--
ALTER TABLE `contactinfo`
  ADD CONSTRAINT `FK_7BD84995A89DB457` FOREIGN KEY (`business_id`) REFERENCES `business` (`id`);

--
-- Filtros para la tabla `itemfeaturedproduct`
--
ALTER TABLE `itemfeaturedproduct`
  ADD CONSTRAINT `FK_F76E2AF44584665A` FOREIGN KEY (`product_id`) REFERENCES `product` (`id`),
  ADD CONSTRAINT `FK_F76E2AF49DAA2BC6` FOREIGN KEY (`mfeaturedproducts_id`) REFERENCES `mfeaturedproducts` (`id`);

--
-- Filtros para la tabla `legalinfo`
--
ALTER TABLE `legalinfo`
  ADD CONSTRAINT `FK_FFE31252A89DB457` FOREIGN KEY (`business_id`) REFERENCES `business` (`id`);

--
-- Filtros para la tabla `location`
--
ALTER TABLE `location`
  ADD CONSTRAINT `FK_5E9E89CBA89DB457` FOREIGN KEY (`business_id`) REFERENCES `business` (`id`);

--
-- Filtros para la tabla `mcontact`
--
ALTER TABLE `mcontact`
  ADD CONSTRAINT `FK_FFC25345BF396750` FOREIGN KEY (`id`) REFERENCES `module` (`id`) ON DELETE CASCADE;

--
-- Filtros para la tabla `mfeaturedproducts`
--
ALTER TABLE `mfeaturedproducts`
  ADD CONSTRAINT `FK_223CE59EBF396750` FOREIGN KEY (`id`) REFERENCES `module` (`id`) ON DELETE CASCADE;

--
-- Filtros para la tabla `mfooter`
--
ALTER TABLE `mfooter`
  ADD CONSTRAINT `FK_24FE56ABA89DB457` FOREIGN KEY (`business_id`) REFERENCES `business` (`id`);

--
-- Filtros para la tabla `mfreetextimage`
--
ALTER TABLE `mfreetextimage`
  ADD CONSTRAINT `FK_E3D977CCBF396750` FOREIGN KEY (`id`) REFERENCES `module` (`id`) ON DELETE CASCADE;

--
-- Filtros para la tabla `mgalery`
--
ALTER TABLE `mgalery`
  ADD CONSTRAINT `FK_CD9200D8BF396750` FOREIGN KEY (`id`) REFERENCES `module` (`id`) ON DELETE CASCADE;

--
-- Filtros para la tabla `mgaleryimage`
--
ALTER TABLE `mgaleryimage`
  ADD CONSTRAINT `FK_FC7BF55AFBDA531D` FOREIGN KEY (`mgalery_id`) REFERENCES `mgalery` (`id`);

--
-- Filtros para la tabla `mheader`
--
ALTER TABLE `mheader`
  ADD CONSTRAINT `FK_A8BDFB39A89DB457` FOREIGN KEY (`business_id`) REFERENCES `business` (`id`);

--
-- Filtros para la tabla `mlastnews`
--
ALTER TABLE `mlastnews`
  ADD CONSTRAINT `FK_5CD3FFD4BF396750` FOREIGN KEY (`id`) REFERENCES `module` (`id`) ON DELETE CASCADE;

--
-- Filtros para la tabla `mmap`
--
ALTER TABLE `mmap`
  ADD CONSTRAINT `FK_84E4836BBF396750` FOREIGN KEY (`id`) REFERENCES `module` (`id`) ON DELETE CASCADE;

--
-- Filtros para la tabla `mnewdetail`
--
ALTER TABLE `mnewdetail`
  ADD CONSTRAINT `FK_7D3223CABF396750` FOREIGN KEY (`id`) REFERENCES `module` (`id`) ON DELETE CASCADE;

--
-- Filtros para la tabla `mnewslist`
--
ALTER TABLE `mnewslist`
  ADD CONSTRAINT `FK_9A1323F4BF396750` FOREIGN KEY (`id`) REFERENCES `module` (`id`) ON DELETE CASCADE;

--
-- Filtros para la tabla `module`
--
ALTER TABLE `module`
  ADD CONSTRAINT `FK_C242628C4663E4` FOREIGN KEY (`page_id`) REFERENCES `page` (`id`);

--
-- Filtros para la tabla `mprojectdetail`
--
ALTER TABLE `mprojectdetail`
  ADD CONSTRAINT `FK_52835AA6BF396750` FOREIGN KEY (`id`) REFERENCES `module` (`id`) ON DELETE CASCADE;

--
-- Filtros para la tabla `mprojectsfeatures`
--
ALTER TABLE `mprojectsfeatures`
  ADD CONSTRAINT `FK_A244688BBF396750` FOREIGN KEY (`id`) REFERENCES `module` (`id`) ON DELETE CASCADE;

--
-- Filtros para la tabla `mprojectslist`
--
ALTER TABLE `mprojectslist`
  ADD CONSTRAINT `FK_4416C8C8BF396750` FOREIGN KEY (`id`) REFERENCES `module` (`id`) ON DELETE CASCADE;

--
-- Filtros para la tabla `mservicedetail`
--
ALTER TABLE `mservicedetail`
  ADD CONSTRAINT `FK_E8A4BEDFBF396750` FOREIGN KEY (`id`) REFERENCES `module` (`id`) ON DELETE CASCADE;

--
-- Filtros para la tabla `mservices`
--
ALTER TABLE `mservices`
  ADD CONSTRAINT `FK_5D354C5DBF396750` FOREIGN KEY (`id`) REFERENCES `module` (`id`) ON DELETE CASCADE;

--
-- Filtros para la tabla `mserviceslist`
--
ALTER TABLE `mserviceslist`
  ADD CONSTRAINT `FK_B3C4B43CBF396750` FOREIGN KEY (`id`) REFERENCES `module` (`id`) ON DELETE CASCADE;

--
-- Filtros para la tabla `mtestimonies`
--
ALTER TABLE `mtestimonies`
  ADD CONSTRAINT `FK_A9761F63BF396750` FOREIGN KEY (`id`) REFERENCES `module` (`id`) ON DELETE CASCADE;

--
-- Filtros para la tabla `mwelcometext`
--
ALTER TABLE `mwelcometext`
  ADD CONSTRAINT `FK_4B45564BBF396750` FOREIGN KEY (`id`) REFERENCES `module` (`id`) ON DELETE CASCADE;

--
-- Filtros para la tabla `orderproducts`
--
ALTER TABLE `orderproducts`
  ADD CONSTRAINT `FK_3188126C1855BE3F` FOREIGN KEY (`productvariant_id`) REFERENCES `productvariant` (`id`),
  ADD CONSTRAINT `FK_3188126C4584665A` FOREIGN KEY (`product_id`) REFERENCES `product` (`id`),
  ADD CONSTRAINT `FK_3188126CCFFE9AD6` FOREIGN KEY (`orders_id`) REFERENCES `orders` (`id`);

--
-- Filtros para la tabla `orders`
--
ALTER TABLE `orders`
  ADD CONSTRAINT `FK_E52FFDEE19EB6921` FOREIGN KEY (`client_id`) REFERENCES `client` (`id`),
  ADD CONSTRAINT `FK_E52FFDEE689D4FF` FOREIGN KEY (`paqueteria_id`) REFERENCES `paqueteria` (`id`),
  ADD CONSTRAINT `FK_E52FFDEEA89DB457` FOREIGN KEY (`business_id`) REFERENCES `business` (`id`);

--
-- Filtros para la tabla `page`
--
ALTER TABLE `page`
  ADD CONSTRAINT `FK_140AB620166D1F9C` FOREIGN KEY (`project_id`) REFERENCES `project` (`id`),
  ADD CONSTRAINT `FK_140AB6204584665A` FOREIGN KEY (`product_id`) REFERENCES `product` (`id`),
  ADD CONSTRAINT `FK_140AB620A89DB457` FOREIGN KEY (`business_id`) REFERENCES `business` (`id`),
  ADD CONSTRAINT `FK_140AB620DAE07E97` FOREIGN KEY (`blog_id`) REFERENCES `blog` (`id`),
  ADD CONSTRAINT `FK_140AB620ED5CA9E6` FOREIGN KEY (`service_id`) REFERENCES `service` (`id`);

--
-- Filtros para la tabla `palabrasclave`
--
ALTER TABLE `palabrasclave`
  ADD CONSTRAINT `FK_FCC1D9B7DAE07E97` FOREIGN KEY (`blog_id`) REFERENCES `blog` (`id`);

--
-- Filtros para la tabla `paqueteria`
--
ALTER TABLE `paqueteria`
  ADD CONSTRAINT `FK_11DF442A89DB457` FOREIGN KEY (`business_id`) REFERENCES `business` (`id`);

--
-- Filtros para la tabla `product`
--
ALTER TABLE `product`
  ADD CONSTRAINT `FK_D34A04AD44F5D008` FOREIGN KEY (`brand_id`) REFERENCES `brand` (`id`),
  ADD CONSTRAINT `FK_D34A04AD5E032AB4` FOREIGN KEY (`producttype_id`) REFERENCES `producttype` (`id`),
  ADD CONSTRAINT `FK_D34A04ADA89DB457` FOREIGN KEY (`business_id`) REFERENCES `business` (`id`);

--
-- Filtros para la tabla `producttoproduct`
--
ALTER TABLE `producttoproduct`
  ADD CONSTRAINT `FK_E9DBC0444584665A` FOREIGN KEY (`product_id`) REFERENCES `product` (`id`),
  ADD CONSTRAINT `FK_E9DBC0444DD4A8E9` FOREIGN KEY (`productrelacionado_id`) REFERENCES `product` (`id`);

--
-- Filtros para la tabla `producttype`
--
ALTER TABLE `producttype`
  ADD CONSTRAINT `FK_219A1ACCA89DB457` FOREIGN KEY (`business_id`) REFERENCES `business` (`id`);

--
-- Filtros para la tabla `productvariant`
--
ALTER TABLE `productvariant`
  ADD CONSTRAINT `FK_6A0C198A4584665A` FOREIGN KEY (`product_id`) REFERENCES `product` (`id`),
  ADD CONSTRAINT `FK_6A0C198A4DE864EA` FOREIGN KEY (`variantvalue2_id`) REFERENCES `variantvalue` (`id`),
  ADD CONSTRAINT `FK_6A0C198A5F5DCB04` FOREIGN KEY (`variantvalue1_id`) REFERENCES `variantvalue` (`id`),
  ADD CONSTRAINT `FK_6A0C198AF554038F` FOREIGN KEY (`variantvalue3_id`) REFERENCES `variantvalue` (`id`);

--
-- Filtros para la tabla `project`
--
ALTER TABLE `project`
  ADD CONSTRAINT `FK_2FB3D0EEA89DB457` FOREIGN KEY (`business_id`) REFERENCES `business` (`id`),
  ADD CONSTRAINT `FK_2FB3D0EEC4663E4` FOREIGN KEY (`page_id`) REFERENCES `page` (`id`);

--
-- Filtros para la tabla `service`
--
ALTER TABLE `service`
  ADD CONSTRAINT `FK_E19D9AD2A89DB457` FOREIGN KEY (`business_id`) REFERENCES `business` (`id`),
  ADD CONSTRAINT `FK_E19D9AD2C4663E4` FOREIGN KEY (`page_id`) REFERENCES `page` (`id`);

--
-- Filtros para la tabla `socialnetwork`
--
ALTER TABLE `socialnetwork`
  ADD CONSTRAINT `FK_87FC02E3A89DB457` FOREIGN KEY (`business_id`) REFERENCES `business` (`id`);

--
-- Filtros para la tabla `subcategory`
--
ALTER TABLE `subcategory`
  ADD CONSTRAINT `FK_DDCA44812469DE2` FOREIGN KEY (`category_id`) REFERENCES `category` (`id`);

--
-- Filtros para la tabla `subcategoryimage`
--
ALTER TABLE `subcategoryimage`
  ADD CONSTRAINT `FK_5E8A2B9C5DC6FE57` FOREIGN KEY (`subcategory_id`) REFERENCES `subcategory` (`id`);

--
-- Filtros para la tabla `suburl`
--
ALTER TABLE `suburl`
  ADD CONSTRAINT `FK_975E1247166D1F9C` FOREIGN KEY (`project_id`) REFERENCES `project` (`id`),
  ADD CONSTRAINT `FK_975E124781CFDAE7` FOREIGN KEY (`url_id`) REFERENCES `url` (`id`),
  ADD CONSTRAINT `FK_975E1247ED5CA9E6` FOREIGN KEY (`service_id`) REFERENCES `service` (`id`);

--
-- Filtros para la tabla `superadministrator`
--
ALTER TABLE `superadministrator`
  ADD CONSTRAINT `FK_269ADBD2BF396750` FOREIGN KEY (`id`) REFERENCES `user` (`id`) ON DELETE CASCADE;

--
-- Filtros para la tabla `testimony`
--
ALTER TABLE `testimony`
  ADD CONSTRAINT `FK_523C9487A89DB457` FOREIGN KEY (`business_id`) REFERENCES `business` (`id`);

--
-- Filtros para la tabla `themecontact`
--
ALTER TABLE `themecontact`
  ADD CONSTRAINT `FK_656935C7BF396750` FOREIGN KEY (`id`) REFERENCES `theme` (`id`) ON DELETE CASCADE;

--
-- Filtros para la tabla `themefeaturedproducts`
--
ALTER TABLE `themefeaturedproducts`
  ADD CONSTRAINT `FK_854AD6DABF396750` FOREIGN KEY (`id`) REFERENCES `theme` (`id`) ON DELETE CASCADE;

--
-- Filtros para la tabla `themefooter`
--
ALTER TABLE `themefooter`
  ADD CONSTRAINT `FK_302B622ABF396750` FOREIGN KEY (`id`) REFERENCES `theme` (`id`) ON DELETE CASCADE;

--
-- Filtros para la tabla `themefreetextimage`
--
ALTER TABLE `themefreetextimage`
  ADD CONSTRAINT `FK_CC3DE3D0BF396750` FOREIGN KEY (`id`) REFERENCES `theme` (`id`) ON DELETE CASCADE;

--
-- Filtros para la tabla `themegalery`
--
ALTER TABLE `themegalery`
  ADD CONSTRAINT `FK_D9473459BF396750` FOREIGN KEY (`id`) REFERENCES `theme` (`id`) ON DELETE CASCADE;

--
-- Filtros para la tabla `themeheader`
--
ALTER TABLE `themeheader`
  ADD CONSTRAINT `FK_BC68CFB8BF396750` FOREIGN KEY (`id`) REFERENCES `theme` (`id`) ON DELETE CASCADE;

--
-- Filtros para la tabla `themelastnews`
--
ALTER TABLE `themelastnews`
  ADD CONSTRAINT `FK_5FFFB6BEBF396750` FOREIGN KEY (`id`) REFERENCES `theme` (`id`) ON DELETE CASCADE;

--
-- Filtros para la tabla `thememap`
--
ALTER TABLE `thememap`
  ADD CONSTRAINT `FK_ACEE1B0CBF396750` FOREIGN KEY (`id`) REFERENCES `theme` (`id`) ON DELETE CASCADE;

--
-- Filtros para la tabla `themenewdetail`
--
ALTER TABLE `themenewdetail`
  ADD CONSTRAINT `FK_D05687C5BF396750` FOREIGN KEY (`id`) REFERENCES `theme` (`id`) ON DELETE CASCADE;

--
-- Filtros para la tabla `themenewslist`
--
ALTER TABLE `themenewslist`
  ADD CONSTRAINT `FK_993F6A9EBF396750` FOREIGN KEY (`id`) REFERENCES `theme` (`id`) ON DELETE CASCADE;

--
-- Filtros para la tabla `themeprojectdetail`
--
ALTER TABLE `themeprojectdetail`
  ADD CONSTRAINT `FK_7D67CEBABF396750` FOREIGN KEY (`id`) REFERENCES `theme` (`id`) ON DELETE CASCADE;

--
-- Filtros para la tabla `themeprojectlist`
--
ALTER TABLE `themeprojectlist`
  ADD CONSTRAINT `FK_6B54F73EBF396750` FOREIGN KEY (`id`) REFERENCES `theme` (`id`) ON DELETE CASCADE;

--
-- Filtros para la tabla `themeprojects`
--
ALTER TABLE `themeprojects`
  ADD CONSTRAINT `FK_71B857FABF396750` FOREIGN KEY (`id`) REFERENCES `theme` (`id`) ON DELETE CASCADE;

--
-- Filtros para la tabla `themeprojectsfeatures`
--
ALTER TABLE `themeprojectsfeatures`
  ADD CONSTRAINT `FK_5325BCFBF396750` FOREIGN KEY (`id`) REFERENCES `theme` (`id`) ON DELETE CASCADE;

--
-- Filtros para la tabla `themeservicedetail`
--
ALTER TABLE `themeservicedetail`
  ADD CONSTRAINT `FK_C7402AC3BF396750` FOREIGN KEY (`id`) REFERENCES `theme` (`id`) ON DELETE CASCADE;

--
-- Filtros para la tabla `themeservices`
--
ALTER TABLE `themeservices`
  ADD CONSTRAINT `FK_5E190537BF396750` FOREIGN KEY (`id`) REFERENCES `theme` (`id`) ON DELETE CASCADE;

--
-- Filtros para la tabla `themeserviceslist`
--
ALTER TABLE `themeserviceslist`
  ADD CONSTRAINT `FK_382C2F00BF396750` FOREIGN KEY (`id`) REFERENCES `theme` (`id`) ON DELETE CASCADE;

--
-- Filtros para la tabla `themetestimonies`
--
ALTER TABLE `themetestimonies`
  ADD CONSTRAINT `FK_FF55C939BF396750` FOREIGN KEY (`id`) REFERENCES `theme` (`id`) ON DELETE CASCADE;

--
-- Filtros para la tabla `themewelcometext`
--
ALTER TABLE `themewelcometext`
  ADD CONSTRAINT `FK_1D668011BF396750` FOREIGN KEY (`id`) REFERENCES `theme` (`id`) ON DELETE CASCADE;

--
-- Filtros para la tabla `url`
--
ALTER TABLE `url`
  ADD CONSTRAINT `FK_F47645AE588525C` FOREIGN KEY (`mfooter_id`) REFERENCES `mfooter` (`id`),
  ADD CONSTRAINT `FK_F47645AEC4663E4` FOREIGN KEY (`page_id`) REFERENCES `page` (`id`),
  ADD CONSTRAINT `FK_F47645AEF63ECC0` FOREIGN KEY (`mheader_id`) REFERENCES `mheader` (`id`);

--
-- Filtros para la tabla `variant`
--
ALTER TABLE `variant`
  ADD CONSTRAINT `FK_F143BFAD4584665A` FOREIGN KEY (`product_id`) REFERENCES `product` (`id`);

--
-- Filtros para la tabla `variantvalue`
--
ALTER TABLE `variantvalue`
  ADD CONSTRAINT `FK_AFAABEBA3B69A9AF` FOREIGN KEY (`variant_id`) REFERENCES `variant` (`id`);

