-- http://www.phpmyadmin.net
--
-- Servidor: localhost
-- Tiempo de generación: 15-05-2018 a las 10:16:46
-- Versión del servidor: 10.1.9-MariaDB
-- Versión de PHP: 5.6.15




--
-- Base de datos: `edewismake`
--

-- --------------------------------------------------------

--
-- Estructura de tabla para la tabla `administrator`
--

CREATE TABLE `administrator` (
  `id` int(11) NOT NULL,
  `business_id` int(11) DEFAULT NULL
) ENGINE=InnoDB DEFAULT CHARSET=utf8 COLLATE=utf8_unicode_ci;

--
-- Volcado de datos para la tabla `administrator`
--

INSERT INTO `administrator` (`id`, `business_id`) VALUES
(31, 29);

-- --------------------------------------------------------

--
-- Estructura de tabla para la tabla `blog`
--

CREATE TABLE `blog` (
  `id` int(11) NOT NULL,
  `categoria_id` int(11) DEFAULT NULL,
  `fechaCreacion` datetime NOT NULL,
  `titulo` varchar(255) COLLATE utf8_unicode_ci NOT NULL,
  `tituloSinEspacios` varchar(255) COLLATE utf8_unicode_ci NOT NULL,
  `numeroLecturas` int(11) NOT NULL,
  `mostrar` tinyint(1) NOT NULL,
  `contenidoBlog` longtext COLLATE utf8_unicode_ci,
  `imagenDestacada` varchar(255) COLLATE utf8_unicode_ci DEFAULT NULL,
  `wdestacada` double NOT NULL,
  `hdestacada` double NOT NULL,
  `business_id` int(11) DEFAULT NULL,
  `page_id` int(11) DEFAULT NULL
) ENGINE=InnoDB DEFAULT CHARSET=utf8 COLLATE=utf8_unicode_ci;

--
-- Volcado de datos para la tabla `blog`
--

INSERT INTO `blog` (`id`, `categoria_id`, `fechaCreacion`, `titulo`, `tituloSinEspacios`, `numeroLecturas`, `mostrar`, `contenidoBlog`, `imagenDestacada`, `wdestacada`, `hdestacada`, `business_id`, `page_id`) VALUES
(9, NULL, '2018-01-30 14:22:40', 'Lorem ipsum dolor sit amet', 'lorem-ipsum-dolor-sit-amet', 0, 1, '<p>Lorem ipsum dolor sit amet, consectetuer adipiscing elit. Aenean commodo ligula eget dolor. Aenean massa. Cum sociis natoque penatibus et magnis dis parturient montes, nascetur ridiculus mus. Donec quam felis, ultricies nec, pellentesque eu, pretium quis, sem. Nulla consequat massa quis enim. Donec pede justo, fringilla vel, aliquet nec, vulputate eget, arcu.</p>\r\n\r\n<p>In enim justo, rhoncus ut, imperdiet a, venenatis vitae, justo. Nullam dictum felis eu pede mollis pretium. Integer tincidunt. Cras dapibus. Vivamus elementum semper nisi. Aenean vulputate eleifend tellus. Aenean leo ligula, porttitor eu, consequat vitae, eleifend ac, enim. Aliquam lorem ante, dapibus in, viverra quis, feugiat a, tellus.</p>\r\n\r\n<p>Phasellus viverra nulla ut metus varius laoreet. Quisque rutrum. Aenean imperdiet. Etiam ultricies nisi vel augue. Curabitur ullamcorper ultricies nisi. Nam eget dui. Etiam rhoncus. Maecenas tempus, tellus eget condimentum rhoncus, sem quam semper libero, sit amet adipiscing sem neque sed ipsum. Nam quam nunc, blandit vel, luctus pulvinar, hendrerit id, lorem. Maecenas nec odio et ante tincidunt tempus. Donec vitae sapien ut libero venenatis faucibus. Nullam quis ante. Etiam sit amet orci eget eros faucibus tincidunt. Duis leo. Sed fringilla mauris sit amet nibh. Donec sodales sagittis magna. Sed consequat, leo eget bibendum sodales, augue velit cursus nunc,</p>', '/business/29/blog-9.jpeg', 1920, 1440, 29, 106),
(10, NULL, '2018-01-30 14:54:39', 'In enim justo, rhoncus ut, imperdiet a, venenatis vitae, justo.', 'in-enim-justo-rhoncus-ut-imperdiet-a-venenatis-vitae-justo', 0, 1, '<p>Lorem ipsum dolor sit amet, consectetuer adipiscing elit. Aenean commodo ligula eget dolor. Aenean massa. Cum sociis natoque penatibus et magnis dis parturient montes, nascetur ridiculus mus. Donec quam felis, ultricies nec, pellentesque eu, pretium quis, sem. Nulla consequat massa quis enim. Donec pede justo, fringilla vel, aliquet nec, vulputate eget, arcu.</p>\r\n\r\n<p>In enim justo, rhoncus ut, imperdiet a, venenatis vitae, justo. Nullam dictum felis eu pede mollis pretium. Integer tincidunt. Cras dapibus. Vivamus elementum semper nisi. Aenean vulputate eleifend tellus. Aenean leo ligula, porttitor eu, consequat vitae, eleifend ac, enim. Aliquam lorem ante, dapibus in, viverra quis, feugiat a, tellus.</p>\r\n\r\n<p>Phasellus viverra nulla ut metus varius laoreet. Quisque rutrum. Aenean imperdiet. Etiam ultricies nisi vel augue. Curabitur ullamcorper ultricies nisi. Nam eget dui. Etiam rhoncus. Maecenas tempus, tellus eget condimentum rhoncus, sem quam semper libero, sit amet adipiscing sem neque sed ipsum. Nam quam nunc, blandit vel, luctus pulvinar, hendrerit id, lorem. Maecenas nec odio et ante tincidunt tempus. Donec vitae sapien ut libero venenatis faucibus. Nullam quis ante. Etiam sit amet orci eget eros faucibus tincidunt. Duis leo. Sed fringilla mauris sit amet nibh. Donec sodales sagittis magna. Sed consequat, leo eget bibendum sodales, augue velit cursus nunc.</p>', '/business/29/blog-10.jpeg', 1920, 1280, 29, 107),
(11, NULL, '2018-01-30 14:56:45', 'Phasellus viverra nulla ut metus varius laoreet. Quisque rutrum. Aenean imperdiet.', 'phasellus-viverra-nulla-ut-metus-varius-laoreet-quisque-rutrum-aenean-imperdiet', 0, 1, '<p>Lorem ipsum dolor sit amet, consectetuer adipiscing elit. Aenean commodo ligula eget dolor. Aenean massa. Cum sociis natoque penatibus et magnis dis parturient montes, nascetur ridiculus mus. Donec quam felis, ultricies nec, pellentesque eu, pretium quis, sem. Nulla consequat massa quis enim. Donec pede justo, fringilla vel, aliquet nec, vulputate eget, arcu.</p>\r\n\r\n<p>In enim justo, rhoncus ut, imperdiet a, venenatis vitae, justo. Nullam dictum felis eu pede mollis pretium. Integer tincidunt. Cras dapibus. Vivamus elementum semper nisi. Aenean vulputate eleifend tellus. Aenean leo ligula, porttitor eu, consequat vitae, eleifend ac, enim. Aliquam lorem ante, dapibus in, viverra quis, feugiat a, tellus.</p>\r\n\r\n<p>Phasellus viverra nulla ut metus varius laoreet. Quisque rutrum. Aenean imperdiet. Etiam ultricies nisi vel augue. Curabitur ullamcorper ultricies nisi. Nam eget dui. Etiam rhoncus. Maecenas tempus, tellus eget condimentum rhoncus, sem quam semper libero, sit amet adipiscing sem neque sed ipsum. Nam quam nunc, blandit vel, luctus pulvinar, hendrerit id, lorem. Maecenas nec odio et ante tincidunt tempus. Donec vitae sapien ut libero venenatis faucibus. Nullam quis ante. Etiam sit amet orci eget eros faucibus tincidunt. Duis leo. Sed fringilla mauris sit amet nibh. Donec sodales sagittis magna.</p>', '/business/29/blog-11.jpeg', 1920, 1280, 29, 108);

-- --------------------------------------------------------

--
-- Estructura de tabla para la tabla `blogcategoria`
--

CREATE TABLE `blogcategoria` (
  `id` int(11) NOT NULL,
  `categoria` varchar(255) COLLATE utf8_unicode_ci NOT NULL,
  `categoriaSinEspacios` varchar(255) COLLATE utf8_unicode_ci NOT NULL,
  `orden` int(11) NOT NULL,
  `business_id` int(11) DEFAULT NULL
) ENGINE=InnoDB DEFAULT CHARSET=utf8 COLLATE=utf8_unicode_ci;

--
-- Volcado de datos para la tabla `blogcategoria`
--

INSERT INTO `blogcategoria` (`id`, `categoria`, `categoriaSinEspacios`, `orden`, `business_id`) VALUES
(2, 'Categoría 1', 'categoria-1', 1, 1),
(3, 'Categoría 2', 'categoria-2', 2, 1);

-- --------------------------------------------------------

--
-- Estructura de tabla para la tabla `blogcomentario`
--

CREATE TABLE `blogcomentario` (
  `id` int(11) NOT NULL,
  `blog_id` int(11) DEFAULT NULL,
  `nombre` varchar(255) COLLATE utf8_unicode_ci NOT NULL,
  `email` varchar(255) COLLATE utf8_unicode_ci DEFAULT NULL,
  `web` varchar(255) COLLATE utf8_unicode_ci DEFAULT NULL,
  `blogcomentario` longtext COLLATE utf8_unicode_ci,
  `created` datetime NOT NULL,
  `mostrar` tinyint(1) NOT NULL,
  `heleido` tinyint(1) NOT NULL,
  `respuesta` tinyint(1) NOT NULL
) ENGINE=InnoDB DEFAULT CHARSET=utf8 COLLATE=utf8_unicode_ci;

-- --------------------------------------------------------

--
-- Estructura de tabla para la tabla `blogs`
--

CREATE TABLE `blogs` (
  `relacion_blog_id` int(11) NOT NULL,
  `Blog_id` int(11) NOT NULL
) ENGINE=InnoDB DEFAULT CHARSET=utf8 COLLATE=utf8_unicode_ci;

-- --------------------------------------------------------

--
-- Estructura de tabla para la tabla `brand`
--

CREATE TABLE `brand` (
  `id` int(11) NOT NULL,
  `business_id` int(11) DEFAULT NULL,
  `title` varchar(255) COLLATE utf8_unicode_ci NOT NULL,
  `image1` varchar(255) COLLATE utf8_unicode_ci DEFAULT NULL,
  `status` tinyint(1) NOT NULL,
  `updatedAt` datetime DEFAULT NULL,
  `createdAt` datetime NOT NULL,
  `deleted` tinyint(1) NOT NULL
) ENGINE=InnoDB DEFAULT CHARSET=utf8 COLLATE=utf8_unicode_ci;

--
-- Volcado de datos para la tabla `brand`
--

INSERT INTO `brand` (`id`, `business_id`, `title`, `image1`, `status`, `updatedAt`, `createdAt`, `deleted`) VALUES
(1, 29, 'Salomon', '/business/29/brands/1/brand-1.jpg', 1, '2018-01-30 09:11:11', '2018-01-30 09:11:11', 0),
(2, 29, 'The Nort Face', '/business/29/brands/2/brand-2.jpg', 1, '2018-01-30 09:12:23', '2018-01-30 09:12:23', 0),
(3, 29, 'Petzl', '/business/29/brands/3/brand-3.jpg', 1, '2018-01-30 09:12:57', '2018-01-30 09:12:57', 0),
(4, 29, 'Black Diamond', '/business/29/brands/4/brand-4.jpg', 1, '2018-01-30 09:13:51', '2018-01-30 09:13:32', 0),
(6, 29, 'Columbia', '/business/29/brands/6/brand-6.jpg', 1, '2018-01-30 09:14:57', '2018-01-30 09:14:57', 0),
(7, 29, 'Vaude', '/business/29/brands/7/brand-7.jpg', 1, '2018-01-30 09:20:50', '2018-01-30 09:20:50', 0),
(8, 29, 'Apples', '/business/29/brands/8/brand-8.jpg', 1, '2018-01-31 16:59:31', '2018-01-31 16:59:31', 1);

-- --------------------------------------------------------

--
-- Estructura de tabla para la tabla `category`
--

CREATE TABLE `category` (
  `id` int(11) NOT NULL,
  `name` varchar(255) COLLATE utf8_unicode_ci NOT NULL,
  `sort` int(11) NOT NULL,
  `datecreated` datetime NOT NULL,
  `deleted` tinyint(1) NOT NULL
) ENGINE=InnoDB DEFAULT CHARSET=utf8 COLLATE=utf8_unicode_ci;

--
-- Volcado de datos para la tabla `category`
--

INSERT INTO `category` (`id`, `name`, `sort`, `datecreated`, `deleted`) VALUES
(1, 'Casa y construcción', 1, '2017-05-07 08:34:33', 0),
(2, 'Deportes', 2, '2017-05-07 08:35:42', 0),
(3, 'Eventos', 3, '2017-05-07 08:35:49', 0),
(4, 'Hotel y Turismo', 4, '2017-05-07 08:35:58', 0),
(5, 'Negocios', 6, '2017-05-07 08:36:10', 0),
(6, 'Portafolio', 7, '2017-05-07 08:36:19', 0),
(7, 'Salud y bienestar', 8, '2017-05-07 08:36:27', 0),
(8, 'Servicios', 9, '2017-05-07 08:36:39', 0);

-- --------------------------------------------------------

--
-- Estructura de tabla para la tabla `client`
--

CREATE TABLE `client` (
  `id` int(11) NOT NULL,
  `phonenumber` varchar(255) COLLATE utf8_unicode_ci DEFAULT NULL,
  `movil` varchar(255) COLLATE utf8_unicode_ci DEFAULT NULL
) ENGINE=InnoDB DEFAULT CHARSET=utf8 COLLATE=utf8_unicode_ci;

--
-- Volcado de datos para la tabla `client`
--

INSERT INTO `client` (`id`, `phonenumber`, `movil`) VALUES
(32, '600 000 00', '600 000 000'),
(33, NULL, NULL),
(36, '9876', NULL),
(37, NULL, NULL);

-- --------------------------------------------------------

--
-- Estructura de tabla para la tabla `contact`
--

CREATE TABLE `contact` (
  `id` int(11) NOT NULL,
  `business_id` int(11) DEFAULT NULL,
  `datecreated` datetime NOT NULL,
  `name` varchar(255) COLLATE utf8_unicode_ci NOT NULL,
  `description` longtext COLLATE utf8_unicode_ci,
  `telephoneormail` varchar(255) COLLATE utf8_unicode_ci NOT NULL
) ENGINE=InnoDB DEFAULT CHARSET=utf8 COLLATE=utf8_unicode_ci;

--
-- Volcado de datos para la tabla `contact`
--

INSERT INTO `contact` (`id`, `business_id`, `datecreated`, `name`, `description`, `telephoneormail`) VALUES
(1, 1, '2017-05-02 07:35:15', 'Rubén', '', '123456789'),
(2, 3, '2017-09-18 18:20:27', 'Luis Serrano Martinez', '', 'lserrano@globatia.com');

-- --------------------------------------------------------

--
-- Estructura de tabla para la tabla `contactinfo`
--

CREATE TABLE `contactinfo` (
  `id` int(11) NOT NULL,
  `business_id` int(11) DEFAULT NULL,
  `email` varchar(255) COLLATE utf8_unicode_ci DEFAULT NULL,
  `telephone` varchar(255) COLLATE utf8_unicode_ci DEFAULT NULL,
  `mobilephone` varchar(255) COLLATE utf8_unicode_ci DEFAULT NULL,
  `fax` varchar(255) COLLATE utf8_unicode_ci DEFAULT NULL,
  `latitude` double DEFAULT NULL,
  `longitude` double DEFAULT NULL,
  `address` varchar(255) COLLATE utf8_unicode_ci DEFAULT NULL,
  `datecreated` datetime NOT NULL,
  `schedule` varchar(255) COLLATE utf8_unicode_ci DEFAULT NULL
) ENGINE=InnoDB DEFAULT CHARSET=utf8 COLLATE=utf8_unicode_ci;

--
-- Volcado de datos para la tabla `contactinfo`
--

INSERT INTO `contactinfo` (`id`, `business_id`, `email`, `telephone`, `mobilephone`, `fax`, `latitude`, `longitude`, `address`, `datecreated`, `schedule`) VALUES
(2, 1, 'rubensr@appandweb.es', '00000000', '612345689', '', NULL, NULL, 'Calle Gracia, 12, Granada', '2017-05-06 08:23:25', 'Mañanas de 07:00 a 15:00 y Tardes de 16:00 - 19:00'),
(3, 2, 'samuelst@appandweb.es', '234131', '1131', '131231', NULL, NULL, 'C/Gracia, 12', '2017-05-06 18:30:03', '123 1231 1231'),
(4, 3, 'info@opentalentschool.com', '958262746', '609629222', '958262746', NULL, NULL, 'Calle Gracia nº12 - 1ª', '2017-05-06 19:03:48', ''),
(5, 4, NULL, NULL, NULL, NULL, NULL, NULL, NULL, '2017-05-08 12:41:15', NULL),
(6, 5, NULL, NULL, NULL, NULL, NULL, NULL, NULL, '2017-05-08 12:43:09', NULL),
(7, 9, 'jmjimenez89@gmail.com', '987654321', '654321123', '', NULL, NULL, 'Calle Gracia nº12', '2017-05-08 12:53:04', 'De 8:00 a 14:00 . y de 16:30 a 19:00'),
(8, 10, 'pablothaxmp@gmail.com', '695858585', '958787878', '', NULL, NULL, 'Jesse Owens', '2017-05-08 12:57:50', '9:00'),
(9, 11, '', '', '', '', NULL, NULL, '', '2017-05-08 12:59:55', ''),
(10, 12, '', '', '', '', NULL, NULL, '', '2017-05-08 13:01:56', ''),
(11, 14, 'correachpaola@gmail.com', '605316500', '605316501', '605316500', NULL, NULL, 'C/Gracia, n2', '2017-05-08 13:06:44', '09:00-14:00'),
(12, 13, 'correo', '3643687387', '5436843684368', '', NULL, NULL, 'calle en algún lugar', '2017-05-08 13:06:51', 'de 9 a 20'),
(13, 16, 'pepe@gmail.com', '1234567', '7654321', 'fax', NULL, NULL, 'calle santa glotilde', '2017-05-08 13:12:49', '20:00 - 08:00'),
(14, 17, 'Nature@gmail.com', '957930400', '643212567', '957930401', NULL, NULL, 'C/Primavera nº 12 S/N', '2017-05-08 13:13:37', 'L-V 9:00-14:00 17:00 21:00'),
(15, 15, 'hola@mellamanbe.com', '671 454 154', '671454154', '', NULL, NULL, 'Granada', '2017-05-08 13:19:40', '24 horas'),
(16, 18, NULL, NULL, NULL, NULL, NULL, NULL, NULL, '2017-05-08 13:43:31', NULL),
(17, 7, 'lserranoge@gmail.com', '958273198', '677302014', '900000000', NULL, NULL, 'Ctra Murcia Urb Carmen de las palmas', '2017-05-08 16:51:06', '09:00-14:00'),
(18, 6, 'mariajcrespo81@gmail.com', '958 73 56 49', '666750050', '', NULL, NULL, 'C/ Camino de la torrecilla', '2017-05-10 16:18:01', '10:00-20:00'),
(19, 19, 'lolimontes@hotmail.com', '958468882', '655659912', '', NULL, NULL, 'C/ Lepanto 7 ', '2017-05-10 17:28:19', 'L-V de 9-14 horas'),
(20, 20, NULL, NULL, NULL, NULL, NULL, NULL, NULL, '2017-05-10 17:30:21', NULL),
(21, 21, NULL, NULL, NULL, NULL, NULL, NULL, NULL, '2017-05-10 17:34:16', NULL),
(22, 22, '', '', '', '', NULL, NULL, '', '2017-05-10 17:36:18', ''),
(23, 23, NULL, NULL, NULL, NULL, NULL, NULL, NULL, '2017-05-10 17:38:13', NULL),
(24, 24, NULL, NULL, NULL, NULL, NULL, NULL, NULL, '2017-05-10 17:41:05', NULL),
(25, 25, 'pedrocarrionsanchez8@hotmail.com', '', '610788458', '', NULL, NULL, 'C/LEPANTO Nº7 ATICO G ALBOLOTE 18220 (GRANADA)', '2017-05-10 17:42:57', 'DE SOL A SOL'),
(26, 26, NULL, NULL, NULL, NULL, NULL, NULL, NULL, '2017-05-10 17:45:00', NULL),
(27, 8, NULL, NULL, NULL, NULL, NULL, NULL, NULL, '2017-05-12 06:50:56', NULL),
(28, 28, '', '666666666', '777888999', '953637373', NULL, NULL, 'guadiana 9', '2017-05-12 16:36:40', '9-20:00'),
(29, 27, NULL, NULL, NULL, NULL, NULL, NULL, NULL, '2017-05-14 12:52:51', NULL),
(30, 29, 'testtienda@edewis.com', '912 123 123', '600 000 000', '', NULL, NULL, 'Calle Gracia, 12, 18004, Granada', '2018-01-30 07:39:34', '08:00 - 14:00 / 16:00 - 19:00'),
(31, 31, NULL, NULL, NULL, NULL, NULL, NULL, NULL, '2018-02-02 13:41:28', NULL),
(32, 30, NULL, NULL, NULL, NULL, NULL, NULL, NULL, '2018-02-02 13:45:13', NULL);

-- --------------------------------------------------------

--
-- Estructura de tabla para la tabla `image`
--

CREATE TABLE `image` (
  `id` int(11) NOT NULL,
  `pathimage` varchar(255) COLLATE utf8_unicode_ci DEFAULT NULL,
  `datecreated` datetime NOT NULL,
  `width` double NOT NULL,
  `height` double NOT NULL
) ENGINE=InnoDB DEFAULT CHARSET=utf8 COLLATE=utf8_unicode_ci;

-- --------------------------------------------------------

--
-- Estructura de tabla para la tabla `itemfeaturedproduct`
--

CREATE TABLE `itemfeaturedproduct` (
  `id` int(11) NOT NULL,
  `product_id` int(11) DEFAULT NULL,
  `mfeaturedproducts_id` int(11) DEFAULT NULL,
  `itemorder` int(11) NOT NULL
) ENGINE=InnoDB DEFAULT CHARSET=utf8 COLLATE=utf8_unicode_ci;

--
-- Volcado de datos para la tabla `itemfeaturedproduct`
--

INSERT INTO `itemfeaturedproduct` (`id`, `product_id`, `mfeaturedproducts_id`, `itemorder`) VALUES
(2, 3, 259, 1),
(3, 6, 259, 2),
(4, 9, 259, 4),
(6, 7, 259, 3),
(7, 15, 259, 100),
(8, 16, 259, 100);

-- --------------------------------------------------------

--
-- Estructura de tabla para la tabla `legalinfo`
--

CREATE TABLE `legalinfo` (
  `id` int(11) NOT NULL,
  `business_id` int(11) DEFAULT NULL,
  `legalwarning` longtext COLLATE utf8_unicode_ci,
  `privacypolicy` longtext COLLATE utf8_unicode_ci,
  `cookiespolicy` longtext COLLATE utf8_unicode_ci,
  `datecreated` datetime NOT NULL
) ENGINE=InnoDB DEFAULT CHARSET=utf8 COLLATE=utf8_unicode_ci;

--
-- Volcado de datos para la tabla `legalinfo`
--

INSERT INTO `legalinfo` (`id`, `business_id`, `legalwarning`, `privacypolicy`, `cookiespolicy`, `datecreated`) VALUES
(1, 1, NULL, NULL, NULL, '2017-05-06 08:52:13'),
(2, 2, NULL, NULL, NULL, '2017-05-06 18:30:03'),
(3, 3, NULL, NULL, NULL, '2017-05-06 19:03:48'),
(4, 4, NULL, NULL, NULL, '2017-05-08 12:41:15'),
(5, 5, NULL, NULL, NULL, '2017-05-08 12:43:09'),
(6, 9, NULL, NULL, NULL, '2017-05-08 12:53:04'),
(7, 10, NULL, NULL, NULL, '2017-05-08 12:57:50'),
(8, 11, NULL, NULL, NULL, '2017-05-08 12:59:55'),
(9, 12, NULL, NULL, NULL, '2017-05-08 13:01:56'),
(10, 14, NULL, NULL, NULL, '2017-05-08 13:06:44'),
(11, 13, NULL, NULL, NULL, '2017-05-08 13:06:51'),
(12, 16, NULL, NULL, NULL, '2017-05-08 13:12:49'),
(13, 17, NULL, NULL, NULL, '2017-05-08 13:13:37'),
(14, 15, NULL, NULL, NULL, '2017-05-08 13:19:40'),
(15, 18, NULL, NULL, NULL, '2017-05-08 13:43:31'),
(16, 7, NULL, NULL, NULL, '2017-05-08 16:51:06'),
(17, 6, NULL, NULL, NULL, '2017-05-10 16:18:01'),
(18, 19, NULL, NULL, NULL, '2017-05-10 17:28:19'),
(19, 20, NULL, NULL, NULL, '2017-05-10 17:30:21'),
(20, 21, NULL, NULL, NULL, '2017-05-10 17:34:16'),
(21, 22, NULL, NULL, NULL, '2017-05-10 17:36:19'),
(22, 23, NULL, NULL, NULL, '2017-05-10 17:38:14'),
(23, 24, NULL, NULL, NULL, '2017-05-10 17:41:05'),
(24, 25, NULL, NULL, NULL, '2017-05-10 17:42:57'),
(25, 26, NULL, NULL, NULL, '2017-05-10 17:45:00'),
(26, 8, NULL, NULL, NULL, '2017-05-12 06:50:56'),
(27, 28, NULL, NULL, NULL, '2017-05-12 16:36:40'),
(28, 27, NULL, NULL, NULL, '2017-05-14 12:52:51'),
(29, 29, NULL, NULL, NULL, '2018-01-30 07:39:34'),
(30, 31, NULL, NULL, NULL, '2018-02-02 13:41:28'),
(31, 30, NULL, NULL, NULL, '2018-02-02 13:45:13');

-- --------------------------------------------------------

--
-- Estructura de tabla para la tabla `location`
--

CREATE TABLE `location` (
  `id` int(11) NOT NULL,
  `business_id` int(11) DEFAULT NULL,
  `namelocation` varchar(255) COLLATE utf8_unicode_ci DEFAULT NULL,
  `latitud` double DEFAULT NULL,
  `longitud` double DEFAULT NULL,
  `datecreated` datetime NOT NULL
) ENGINE=InnoDB DEFAULT CHARSET=utf8 COLLATE=utf8_unicode_ci;

--
-- Volcado de datos para la tabla `location`
--

INSERT INTO `location` (`id`, `business_id`, `namelocation`, `latitud`, `longitud`, `datecreated`) VALUES
(14, 29, 'OUTSIDECAMP', 37.1745305, -3.602037600000017, '2018-01-30 12:49:26');

-- --------------------------------------------------------

--
-- Estructura de tabla para la tabla `mcontact`
--

CREATE TABLE `mcontact` (
  `id` int(11) NOT NULL,
  `colorbutton` varchar(255) COLLATE utf8_unicode_ci DEFAULT NULL,
  `align` varchar(255) COLLATE utf8_unicode_ci DEFAULT NULL
) ENGINE=InnoDB DEFAULT CHARSET=utf8 COLLATE=utf8_unicode_ci;

--
-- Volcado de datos para la tabla `mcontact`
--

INSERT INTO `mcontact` (`id`, `colorbutton`, `align`) VALUES
(243, '#EF980C', 'right');

-- --------------------------------------------------------

--
-- Estructura de tabla para la tabla `mfeaturedproducts`
--

CREATE TABLE `mfeaturedproducts` (
  `id` int(11) NOT NULL
) ENGINE=InnoDB DEFAULT CHARSET=utf8 COLLATE=utf8_unicode_ci;

--
-- Volcado de datos para la tabla `mfeaturedproducts`
--

INSERT INTO `mfeaturedproducts` (`id`) VALUES
(259);

-- --------------------------------------------------------

--
-- Estructura de tabla para la tabla `mfooter`
--

CREATE TABLE `mfooter` (
  `id` int(11) NOT NULL,
  `datecreated` datetime NOT NULL,
  `typewidth` int(11) NOT NULL,
  `backgroundcolor` varchar(10) COLLATE utf8_unicode_ci DEFAULT NULL,
  `fontcolor` varchar(10) COLLATE utf8_unicode_ci DEFAULT NULL,
  `fontsize` varchar(10) COLLATE utf8_unicode_ci DEFAULT NULL,
  `theme` varchar(255) COLLATE utf8_unicode_ci NOT NULL,
  `template` varchar(255) COLLATE utf8_unicode_ci NOT NULL,
  `moduloorder` int(11) NOT NULL,
  `backgroundimage` varchar(255) COLLATE utf8_unicode_ci DEFAULT NULL,
  `textalign` varchar(20) COLLATE utf8_unicode_ci DEFAULT NULL,
  `showservice` tinyint(1) NOT NULL,
  `showproject` tinyint(1) NOT NULL,
  `showhome` tinyint(1) NOT NULL,
  `showsocialnetwork` tinyint(1) NOT NULL,
  `showaddress` tinyint(1) NOT NULL,
  `business_id` int(11) DEFAULT NULL,
  `font` varchar(155) COLLATE utf8_unicode_ci DEFAULT NULL,
  `fonttitlesize` varchar(30) COLLATE utf8_unicode_ci DEFAULT NULL,
  `fonttextsize` varchar(30) COLLATE utf8_unicode_ci DEFAULT NULL
) ENGINE=InnoDB DEFAULT CHARSET=utf8 COLLATE=utf8_unicode_ci;

--
-- Volcado de datos para la tabla `mfooter`
--

INSERT INTO `mfooter` (`id`, `datecreated`, `typewidth`, `backgroundcolor`, `fontcolor`, `fontsize`, `theme`, `template`, `moduloorder`, `backgroundimage`, `textalign`, `showservice`, `showproject`, `showhome`, `showsocialnetwork`, `showaddress`, `business_id`, `font`, `fonttitlesize`, `fonttextsize`) VALUES
(29, '2018-01-30 07:39:33', 4, '#CCCCCC', '#787878', NULL, '1', 'mfooter:theme1.html.twig', 10000, NULL, 'left', 1, 1, 1, 1, 1, 29, '/fonts/Open_Sans/OpenSans-Light.ttf', NULL, 'font-size:small;');

-- --------------------------------------------------------

--
-- Estructura de tabla para la tabla `mfreetextimage`
--

CREATE TABLE `mfreetextimage` (
  `id` int(11) NOT NULL,
  `text` longtext COLLATE utf8_unicode_ci,
  `image` varchar(255) COLLATE utf8_unicode_ci DEFAULT NULL,
  `tipodiseno` int(11) NOT NULL,
  `imagenredondeada` tinyint(1) NOT NULL,
  `aligntext` varchar(20) COLLATE utf8_unicode_ci NOT NULL
) ENGINE=InnoDB DEFAULT CHARSET=utf8 COLLATE=utf8_unicode_ci;

--
-- Volcado de datos para la tabla `mfreetextimage`
--

INSERT INTO `mfreetextimage` (`id`, `text`, `image`, `tipodiseno`, `imagenredondeada`, `aligntext`) VALUES
(230, '', '/business/29/freetextimage-230-64.png', 1, 0, 'center'),
(246, 'Nos encontrará en C/ Gracia nº 12.\r\nGranada', NULL, 1, 0, 'center'),
(247, 'Teléfono: 912 123 123', NULL, 1, 0, 'center'),
(248, 'Email: contacto@outsidecamp.com', NULL, 1, 0, 'center');

-- --------------------------------------------------------

--
-- Estructura de tabla para la tabla `mgalery`
--

CREATE TABLE `mgalery` (
  `id` int(11) NOT NULL
) ENGINE=InnoDB DEFAULT CHARSET=utf8 COLLATE=utf8_unicode_ci;

--
-- Volcado de datos para la tabla `mgalery`
--

INSERT INTO `mgalery` (`id`) VALUES
(227),
(234);

-- --------------------------------------------------------

--
-- Estructura de tabla para la tabla `mgaleryimage`
--

CREATE TABLE `mgaleryimage` (
  `id` int(11) NOT NULL,
  `mgalery_id` int(11) DEFAULT NULL,
  `path` varchar(255) COLLATE utf8_unicode_ci DEFAULT NULL,
  `title` varchar(255) COLLATE utf8_unicode_ci DEFAULT NULL,
  `subtitle` varchar(255) COLLATE utf8_unicode_ci DEFAULT NULL,
  `width` double DEFAULT NULL,
  `height` double DEFAULT NULL,
  `datecreated` datetime NOT NULL,
  `imageorder` int(11) NOT NULL,
  `url` varchar(255) COLLATE utf8_unicode_ci DEFAULT NULL
) ENGINE=InnoDB DEFAULT CHARSET=utf8 COLLATE=utf8_unicode_ci;

--
-- Volcado de datos para la tabla `mgaleryimage`
--

INSERT INTO `mgaleryimage` (`id`, `mgalery_id`, `path`, `title`, `subtitle`, `width`, `height`, `datecreated`, `imageorder`, `url`) VALUES
(216, 234, '/business/29/galery-216.jpg', 'OUTSIDECAMP', 'TODO PARA LA MONTAÑA', 1600, 734, '2018-01-30 11:58:25', 100, ''),
(220, 227, '/business/29/galery-220.jpg', 'Tiendas de campaña', '', 1517, 713, '2018-01-30 12:24:25', 1, 'http://tutienda.edewis.com/tienda/tienda-de-capaa/'),
(221, 227, '/business/29/galery-221.jpg', 'Senderismo', '', 1517, 713, '2018-01-30 12:25:42', 4, 'http://tutienda.edewis.com/tienda/senderismo/'),
(226, 227, '/business/29/galery-226.jpg', 'Escalada', '', 1517, 713, '2018-01-30 12:36:45', 3, 'http://tutienda.edewis.com/tienda/escalada/'),
(228, 227, '/business/29/galery-228.jpg', 'Ski de Montaña', '', 1517, 713, '2018-01-30 13:27:28', 2, 'http://tutienda.edewis.com/tienda/esqui-de-montaa/'),
(231, 227, '/business/29/galery-231.jpg', 'Mochilas y Maletas', '', 1517, 713, '2018-01-30 13:29:59', 5, 'http://tutienda.edewis.com/tienda/mochilas-y-maletas/'),
(232, 234, '/business/29/galery-232.jpeg', 'OUTSIDECAMP', 'LOS MEJORES PRECIOS TODO EL AÑO', 1920, 966, '2018-01-30 13:31:58', 100, ''),
(233, 234, '/business/29/galery-233.jpg', 'OUTSIDECAMP', 'LÁNZATE A TU PASIÓN', 1600, 1067, '2018-01-30 13:37:06', 100, '');

-- --------------------------------------------------------

--
-- Estructura de tabla para la tabla `mheader`
--

CREATE TABLE `mheader` (
  `id` int(11) NOT NULL,
  `datecreated` datetime NOT NULL,
  `typewidth` int(11) NOT NULL,
  `backgroundcolor` varchar(10) COLLATE utf8_unicode_ci DEFAULT NULL,
  `fontcolor` varchar(10) COLLATE utf8_unicode_ci DEFAULT NULL,
  `fontsize` varchar(10) COLLATE utf8_unicode_ci DEFAULT NULL,
  `theme` varchar(255) COLLATE utf8_unicode_ci NOT NULL,
  `template` varchar(255) COLLATE utf8_unicode_ci NOT NULL,
  `moduloorder` int(11) NOT NULL,
  `backgroundimage` varchar(255) COLLATE utf8_unicode_ci DEFAULT NULL,
  `textalign` varchar(20) COLLATE utf8_unicode_ci DEFAULT NULL,
  `showservices` tinyint(1) NOT NULL,
  `showproject` tinyint(1) NOT NULL,
  `showhome` tinyint(1) NOT NULL,
  `showsocialnetwork` tinyint(1) NOT NULL,
  `business_id` int(11) DEFAULT NULL,
  `font` varchar(155) COLLATE utf8_unicode_ci DEFAULT NULL,
  `fonttitlesize` varchar(30) COLLATE utf8_unicode_ci DEFAULT NULL,
  `fonttextsize` varchar(30) COLLATE utf8_unicode_ci DEFAULT NULL
) ENGINE=InnoDB DEFAULT CHARSET=utf8 COLLATE=utf8_unicode_ci;

--
-- Volcado de datos para la tabla `mheader`
--

INSERT INTO `mheader` (`id`, `datecreated`, `typewidth`, `backgroundcolor`, `fontcolor`, `fontsize`, `theme`, `template`, `moduloorder`, `backgroundimage`, `textalign`, `showservices`, `showproject`, `showhome`, `showsocialnetwork`, `business_id`, `font`, `fonttitlesize`, `fonttextsize`) VALUES
(29, '2018-01-30 07:39:33', 1, '#FFFFFF', '#44382D', NULL, '2', 'mheader:theme2.html.twig', 0, NULL, 'left', 1, 1, 1, 1, 29, '/fonts/Raleway/Raleway-Regular.ttf', NULL, 'font-size:large;');

-- --------------------------------------------------------

--
-- Estructura de tabla para la tabla `mlastnews`
--

CREATE TABLE `mlastnews` (
  `id` int(11) NOT NULL,
  `text` varchar(255) COLLATE utf8_unicode_ci DEFAULT NULL
) ENGINE=InnoDB DEFAULT CHARSET=utf8 COLLATE=utf8_unicode_ci;

--
-- Volcado de datos para la tabla `mlastnews`
--

INSERT INTO `mlastnews` (`id`, `text`) VALUES
(252, 'Últimas Noticias');

-- --------------------------------------------------------

--
-- Estructura de tabla para la tabla `mmap`
--

CREATE TABLE `mmap` (
  `id` int(11) NOT NULL,
  `text` varchar(255) COLLATE utf8_unicode_ci DEFAULT NULL
) ENGINE=InnoDB DEFAULT CHARSET=utf8 COLLATE=utf8_unicode_ci;

--
-- Volcado de datos para la tabla `mmap`
--

INSERT INTO `mmap` (`id`, `text`) VALUES
(241, 'Dónde estamos:');

-- --------------------------------------------------------

--
-- Estructura de tabla para la tabla `mnewdetail`
--

CREATE TABLE `mnewdetail` (
  `id` int(11) NOT NULL
) ENGINE=InnoDB DEFAULT CHARSET=utf8 COLLATE=utf8_unicode_ci;

--
-- Volcado de datos para la tabla `mnewdetail`
--

INSERT INTO `mnewdetail` (`id`) VALUES
(255),
(257),
(258);

-- --------------------------------------------------------

--
-- Estructura de tabla para la tabla `mnewslist`
--

CREATE TABLE `mnewslist` (
  `id` int(11) NOT NULL
) ENGINE=InnoDB DEFAULT CHARSET=utf8 COLLATE=utf8_unicode_ci;

--
-- Volcado de datos para la tabla `mnewslist`
--

INSERT INTO `mnewslist` (`id`) VALUES
(253);

-- --------------------------------------------------------

--
-- Estructura de tabla para la tabla `module`
--

CREATE TABLE `module` (
  `id` int(11) NOT NULL,
  `page_id` int(11) DEFAULT NULL,
  `datecreated` datetime NOT NULL,
  `typewidth` int(11) NOT NULL,
  `backgroundcolor` varchar(10) COLLATE utf8_unicode_ci DEFAULT NULL,
  `fontcolor` varchar(10) COLLATE utf8_unicode_ci DEFAULT NULL,
  `fontsize` varchar(10) COLLATE utf8_unicode_ci DEFAULT NULL,
  `theme` varchar(255) COLLATE utf8_unicode_ci NOT NULL,
  `template` varchar(255) COLLATE utf8_unicode_ci NOT NULL,
  `moduloorder` int(11) NOT NULL,
  `backgroundimage` varchar(255) COLLATE utf8_unicode_ci DEFAULT NULL,
  `textalign` varchar(20) COLLATE utf8_unicode_ci DEFAULT NULL,
  `tipo` varchar(255) COLLATE utf8_unicode_ci NOT NULL,
  `font` varchar(155) COLLATE utf8_unicode_ci DEFAULT NULL,
  `confondo` tinyint(1) NOT NULL,
  `fonttitlesize` varchar(30) COLLATE utf8_unicode_ci DEFAULT NULL,
  `fonttextsize` varchar(30) COLLATE utf8_unicode_ci DEFAULT NULL
) ENGINE=InnoDB DEFAULT CHARSET=utf8 COLLATE=utf8_unicode_ci;

--
-- Volcado de datos para la tabla `module`
--

INSERT INTO `module` (`id`, `page_id`, `datecreated`, `typewidth`, `backgroundcolor`, `fontcolor`, `fontsize`, `theme`, `template`, `moduloorder`, `backgroundimage`, `textalign`, `tipo`, `font`, `confondo`, `fonttitlesize`, `fonttextsize`) VALUES
(227, 99, '2018-01-30 07:39:33', 1, '#44382D', '#FFFFFF', NULL, '2', 'mgalery:theme2.html.twig', 3, NULL, NULL, 'mgalery', '/fonts/Raleway/Raleway-Bold.ttf', 1, 'font-size:xx-large;', 'font-size:medium;'),
(228, 99, '2018-01-30 07:39:34', 1, '#44382D', '#FFFFFF', NULL, '1', 'mwelcometext:theme1.html.twig', 2, NULL, NULL, 'mwelcometext', '/fonts/Raleway/Raleway-Bold.ttf', 1, 'font-size:large;', 'undefined'),
(230, 99, '2018-01-30 07:39:34', 1, '#FFFFFF', '#909090', NULL, '2', 'mfreetextimage:theme2.html.twig', 7, NULL, 'center', 'mfreetextimage', '/fonts/Open_Sans/OpenSans-Light.ttf', 1, 'undefined', 'font-size:small;'),
(234, 99, '2018-01-30 11:58:10', 1, '#FFFFFF', '#FFFFFF', NULL, '1', 'mgalery:theme1.html.twig', 1, NULL, NULL, 'mgalery', '/fonts/Raleway/Raleway-Bold.ttf', 0, 'font-size:4vw;', 'font-size:larger;'),
(236, 100, '2018-01-30 12:30:19', 1, NULL, NULL, NULL, '1', 'mservicedetail:theme1.html.twig', 100, NULL, NULL, 'mservicedetail', NULL, 1, NULL, NULL),
(241, 102, '2018-01-30 12:48:40', 4, '#FFFFFF', '#909090', NULL, '1', 'mmap:theme1.html.twig', 2, NULL, NULL, 'mmap', '/fonts/Raleway/Raleway-Bold.ttf', 0, 'font-size:5vw;', 'undefined'),
(242, 102, '2018-01-30 12:49:50', 1, '#FFFFFF', '#FFFFFF', NULL, '1', 'mwelcometext:theme1.html.twig', 1, '/business/29/27-242-back.jpg', NULL, 'mwelcometext', '/fonts/Raleway/Raleway-Bold.ttf', 1, 'font-size:4vw;', 'undefined'),
(243, 102, '2018-01-30 12:55:05', 4, '#F2F2F2', '#44382D', NULL, '2', 'mcontact:theme2.html.twig', 6, NULL, NULL, 'mcontact', '/fonts/Raleway/Raleway-Bold.ttf', 1, 'font-size:2vw;', 'font-size:medium;'),
(246, 102, '2018-01-30 13:40:13', 1, '#FFFFFF', '#494949', NULL, '1', 'mfreetextimage:theme1.html.twig', 3, NULL, NULL, 'mfreetextimage', '/fonts/Raleway/Raleway-Regular.ttf', 1, 'undefined', 'font-size:x-large;'),
(247, 102, '2018-01-30 13:42:44', 1, '#FFFFFF', '#494949', NULL, '1', 'mfreetextimage:theme1.html.twig', 4, NULL, NULL, 'mfreetextimage', '/fonts/Raleway/Raleway-Regular.ttf', 1, 'undefined', 'font-size:x-large;'),
(248, 102, '2018-01-30 13:44:16', 1, '#FFFFFF', '#494949', NULL, '1', 'mfreetextimage:theme1.html.twig', 5, NULL, NULL, 'mfreetextimage', '/fonts/Raleway/Raleway-Regular.ttf', 1, 'undefined', 'font-size:x-large;'),
(252, 99, '2018-01-30 14:21:34', 2, '#FFFFFF', '#494949', NULL, '2', 'mlastnews:theme2.html.twig', 6, NULL, NULL, 'mlastnews', '/fonts/Raleway/Raleway-Bold.ttf', 1, 'font-size:large;', 'font-size:small;'),
(253, 105, '2018-01-30 14:23:03', 5, '#FFFFFF', '#494949', NULL, '1', 'mnewslist:theme1.html.twig', 2, NULL, NULL, 'mnewslist', '/fonts/Raleway/Raleway-Regular.ttf', 1, 'font-size:x-large;', 'font-size:large;'),
(254, 105, '2018-01-30 14:24:42', 1, '#FFFFFF', '#FFFFFF', NULL, '1', 'mwelcometext:theme1.html.twig', 1, '/business/29/10-254-back.jpg', NULL, 'mwelcometext', '/fonts/Raleway/Raleway-Bold.ttf', 1, 'font-size:4vw;', 'undefined'),
(255, 106, '2018-01-30 14:26:03', 5, '#FFFFFF', '#494949', NULL, '1', 'mnewdetail:theme1.html.twig', 100, NULL, NULL, 'mnewdetail', '/fonts/Raleway/Raleway-Regular.ttf', 1, 'font-size:x-large;', 'font-size:medium;'),
(257, 107, '2018-01-30 14:56:56', 5, '#FFFFFF', '#494949', NULL, '1', 'mnewdetail:theme1.html.twig', 100, NULL, NULL, 'mnewdetail', '/fonts/Raleway/Raleway-Regular.ttf', 1, 'font-size:x-large;', 'font-size:medium;'),
(258, 108, '2018-01-30 14:57:49', 5, '#FFFFFF', '#494949', NULL, '1', 'mnewdetail:theme1.html.twig', 100, NULL, NULL, 'mnewdetail', '/fonts/Raleway/Raleway-Regular.ttf', 1, 'font-size:x-large;', 'font-size:medium;'),
(259, 99, '2018-01-30 20:00:57', 8, '#FFFFFF', '#494949', NULL, '2', 'mfeaturedproducts:theme2.html.twig', 5, NULL, NULL, 'mfeaturedproducts', '/fonts/Raleway/Raleway-Regular.ttf', 1, 'font-size:medium;', 'font-size:small;'),
(260, 99, '2018-01-30 20:02:43', 1, '#FFFFFF', '#494949', NULL, '1', 'mwelcometext:theme1.html.twig', 4, NULL, NULL, 'mwelcometext', '/fonts/Open_Sans/OpenSans-Bold.ttf', 1, 'font-size:medium;', 'undefined'),
(273, 103, '2018-05-08 09:33:42', 2, '#FFFFFF', '#494949', NULL, '2', 'mproductlist:theme2.html.twig', 100, NULL, NULL, 'mproductlist', '/fonts/Lora/Lora-Bold.ttf', 1, 'font-size:medium;', 'font-size:small;');

-- --------------------------------------------------------

--
-- Estructura de tabla para la tabla `mproductlist`
--

CREATE TABLE `mproductlist` (
  `id` int(11) NOT NULL
) ENGINE=InnoDB DEFAULT CHARSET=utf8 COLLATE=utf8_unicode_ci;

--
-- Volcado de datos para la tabla `mproductlist`
--

INSERT INTO `mproductlist` (`id`) VALUES
(273);

-- --------------------------------------------------------

--
-- Estructura de tabla para la tabla `mprojectdetail`
--

CREATE TABLE `mprojectdetail` (
  `id` int(11) NOT NULL
) ENGINE=InnoDB DEFAULT CHARSET=utf8 COLLATE=utf8_unicode_ci;

-- --------------------------------------------------------

--
-- Estructura de tabla para la tabla `mprojectsfeatures`
--

CREATE TABLE `mprojectsfeatures` (
  `id` int(11) NOT NULL
) ENGINE=InnoDB DEFAULT CHARSET=utf8 COLLATE=utf8_unicode_ci;

-- --------------------------------------------------------

--
-- Estructura de tabla para la tabla `mprojectslist`
--

CREATE TABLE `mprojectslist` (
  `id` int(11) NOT NULL
) ENGINE=InnoDB DEFAULT CHARSET=utf8 COLLATE=utf8_unicode_ci;

-- --------------------------------------------------------

--
-- Estructura de tabla para la tabla `mservicedetail`
--

CREATE TABLE `mservicedetail` (
  `id` int(11) NOT NULL
) ENGINE=InnoDB DEFAULT CHARSET=utf8 COLLATE=utf8_unicode_ci;

--
-- Volcado de datos para la tabla `mservicedetail`
--

INSERT INTO `mservicedetail` (`id`) VALUES
(236);

-- --------------------------------------------------------

--
-- Estructura de tabla para la tabla `mservices`
--

CREATE TABLE `mservices` (
  `id` int(11) NOT NULL
) ENGINE=InnoDB DEFAULT CHARSET=utf8 COLLATE=utf8_unicode_ci;

-- --------------------------------------------------------

--
-- Estructura de tabla para la tabla `mserviceslist`
--

CREATE TABLE `mserviceslist` (
  `id` int(11) NOT NULL
) ENGINE=InnoDB DEFAULT CHARSET=utf8 COLLATE=utf8_unicode_ci;

-- --------------------------------------------------------

--
-- Estructura de tabla para la tabla `mtestimonies`
--

CREATE TABLE `mtestimonies` (
  `id` int(11) NOT NULL
) ENGINE=InnoDB DEFAULT CHARSET=utf8 COLLATE=utf8_unicode_ci;

-- --------------------------------------------------------

--
-- Estructura de tabla para la tabla `mwelcometext`
--

CREATE TABLE `mwelcometext` (
  `id` int(11) NOT NULL,
  `text` longtext COLLATE utf8_unicode_ci
) ENGINE=InnoDB DEFAULT CHARSET=utf8 COLLATE=utf8_unicode_ci;

--
-- Volcado de datos para la tabla `mwelcometext`
--

INSERT INTO `mwelcometext` (`id`, `text`) VALUES
(228, 'Primeras marcas a precios imbatibles'),
(242, 'CONTACTO'),
(254, 'NOTICIAS'),
(260, 'Novedades');

-- --------------------------------------------------------

--
-- Estructura de tabla para la tabla `orderproducts`
--

CREATE TABLE `orderproducts` (
  `id` int(11) NOT NULL,
  `orders_id` int(11) DEFAULT NULL,
  `product_id` int(11) DEFAULT NULL,
  `price` double NOT NULL,
  `amount` double NOT NULL,
  `subtotal` double NOT NULL,
  `taxes` double NOT NULL,
  `total` double NOT NULL,
  `updatedAt` datetime DEFAULT NULL,
  `createdAt` datetime NOT NULL,
  `descuento` double NOT NULL,
  `base` double NOT NULL,
  `productvariant_id` int(11) DEFAULT NULL
) ENGINE=InnoDB DEFAULT CHARSET=utf8 COLLATE=utf8_unicode_ci;

--
-- Volcado de datos para la tabla `orderproducts`
--

INSERT INTO `orderproducts` (`id`, `orders_id`, `product_id`, `price`, `amount`, `subtotal`, `taxes`, `total`, `updatedAt`, `createdAt`, `descuento`, `base`, `productvariant_id`) VALUES
(1, 1, 1, 79.95, 3, 239.85, 50.37, 290.22, '2018-01-31 08:22:03', '2018-01-31 08:22:03', 0, 0, NULL),
(2, 1, 2, 423.52, 2, 847.04, 177.88, 1024.92, '2018-01-31 08:22:03', '2018-01-31 08:22:03', 0, 0, NULL),
(3, 2, 2, 423.52, 1, 423.52, 88.94, 512.46, '2018-01-31 11:49:19', '2018-01-31 11:49:19', 0, 0, NULL),
(4, 2, 3, 142.91, 2, 285.82, 60.02, 345.84, '2018-01-31 11:49:19', '2018-01-31 11:49:19', 0, 0, NULL),
(5, 2, 4, 54, 1, 54, 11.34, 65.34, '2018-01-31 11:49:19', '2018-01-31 11:49:19', 0, 0, NULL),
(6, 3, 3, 142.91, 3, 428.73, 90.03, 518.76, '2018-01-31 16:09:49', '2018-01-31 16:09:49', 0, 0, NULL),
(7, 4, 2, 423.52, 1, 423.52, 88.94, 512.46, '2018-01-31 16:11:04', '2018-01-31 16:11:04', 0, 0, NULL),
(8, 5, 1, 79.95, 1, 79.95, 16.79, 96.74, '2018-01-31 17:36:12', '2018-01-31 17:36:12', 0, 0, NULL),
(9, 6, 1, 79.95, 4, 319.8, 67.16, 386.96, '2018-02-01 09:01:15', '2018-02-01 09:01:15', 0, 0, NULL),
(10, 7, 2, 423.52, 1, 423.52, 88.94, 512.46, '2018-02-02 08:56:40', '2018-02-02 08:56:40', 0, 0, NULL),
(11, 8, 6, 468, 1, 468, 98.28, 566.28, '2018-02-02 09:04:44', '2018-02-02 09:04:44', 0, 0, NULL),
(12, 9, 2, 454.57024793388, 1, 454.57, 95.46, 550.03, '2018-02-06 09:36:54', '2018-02-06 09:36:54', 126.51, 0, NULL),
(13, 10, 15, 95.89, 1, 79.25, 16.64, 95.89, '2018-02-06 09:42:14', '2018-02-06 09:42:14', 23.94, 79.247933884298, NULL),
(14, 11, 2, 550.03, 1, 454.57, 95.46, 550.03, '2018-02-06 09:53:46', '2018-02-06 09:53:46', 126.51, 454.57024793388, NULL),
(15, 12, 16, 11.95, 2, 19.75, 4.15, 23.9, '2018-02-08 13:14:20', '2018-02-08 13:14:20', 0, 9.8760330578512, 2),
(16, 13, 16, 10.95, 1, 9.05, 1.9, 10.95, '2018-02-08 13:17:37', '2018-02-08 13:17:37', 0, 9.0495867768595, 1),
(17, 14, 15, 95.89, 1, 79.25, 16.64, 95.89, '2018-02-08 13:24:25', '2018-02-08 13:24:25', 23.94, 79.247933884298, 10),
(18, 15, 13, 900.73, 2, 1488.81, 312.65, 1801.46, '2018-02-08 13:50:41', '2018-02-08 13:50:41', 504.41, 744.40495867769, 29),
(19, 15, 7, 30.85, 1, 25.5, 5.35, 30.85, '2018-02-08 13:50:41', '2018-02-08 13:50:41', 12.9, 25.495867768595, NULL),
(20, 15, 15, 95.89, 1, 79.25, 16.64, 95.89, '2018-02-08 13:50:41', '2018-02-08 13:50:41', 23.94, 79.247933884298, 5),
(21, 15, 16, 12.95, 1, 10.7, 2.25, 12.95, '2018-02-08 13:50:41', '2018-02-08 13:50:41', 0, 10.702479338843, 3),
(22, 16, 17, 1159, 1, 957.85, 201.15, 1159, '2018-02-08 19:52:56', '2018-02-08 19:52:56', 0, 957.85123966942, NULL),
(23, 17, 2, 550.03, 1, 454.57, 95.46, 550.03, '2018-02-09 10:28:41', '2018-02-09 10:28:41', 126.51, 454.57024793388, NULL),
(24, 18, 2, 550.03, 1, 454.57, 95.46, 550.03, '2018-03-07 12:09:14', '2018-03-07 12:09:14', 126.51, 454.57024793388, NULL),
(25, 19, 2, 550.03, 1, 454.57, 95.46, 550.03, '2018-03-07 12:23:33', '2018-03-07 12:23:33', 126.51, 454.57024793388, NULL),
(26, 20, 6, 468, 1, 386.78, 81.22, 468, '2018-03-07 12:25:25', '2018-03-07 12:25:25', 0, 386.77685950413, NULL),
(27, 21, 2, 550.03, 1, 454.57, 95.46, 550.03, '2018-03-07 13:00:06', '2018-03-07 13:00:06', 126.51, 454.57024793388, NULL),
(28, 22, 6, 468, 1, 386.78, 81.22, 468, '2018-03-07 13:32:09', '2018-03-07 13:32:09', 0, 386.77685950413, NULL),
(29, 23, 2, 550.03, 1, 454.57, 95.46, 550.03, '2018-05-08 12:41:12', '2018-05-08 12:41:12', 126.51, 454.57024793388, NULL),
(30, 24, 2, 550.03, 1, 454.57, 95.46, 550.03, '2018-05-08 12:41:35', '2018-05-08 12:41:35', 126.51, 454.57024793388, NULL),
(31, 25, 6, 468, 1, 386.78, 81.22, 468, '2018-05-08 12:43:53', '2018-05-08 12:43:53', 0, 386.77685950413, NULL);

-- --------------------------------------------------------

--
-- Estructura de tabla para la tabla `orders`
--

CREATE TABLE `orders` (
  `id` int(11) NOT NULL,
  `business_id` int(11) DEFAULT NULL,
  `orderNumber` int(11) NOT NULL,
  `deliveryName` varchar(255) COLLATE utf8_unicode_ci DEFAULT NULL,
  `deliveryLastname` varchar(255) COLLATE utf8_unicode_ci DEFAULT NULL,
  `deliveryCif` varchar(255) COLLATE utf8_unicode_ci DEFAULT NULL,
  `deliveryPhone` varchar(255) COLLATE utf8_unicode_ci DEFAULT NULL,
  `deliveryEmail` varchar(255) COLLATE utf8_unicode_ci DEFAULT NULL,
  `deliveryAddress` varchar(255) COLLATE utf8_unicode_ci DEFAULT NULL,
  `deliveryZip` varchar(255) COLLATE utf8_unicode_ci DEFAULT NULL,
  `deliveryTown` varchar(255) COLLATE utf8_unicode_ci DEFAULT NULL,
  `deliveryCountry` varchar(255) COLLATE utf8_unicode_ci DEFAULT NULL,
  `invoiceName` varchar(255) COLLATE utf8_unicode_ci DEFAULT NULL,
  `invoiceLastname` varchar(255) COLLATE utf8_unicode_ci DEFAULT NULL,
  `invoiceCif` varchar(255) COLLATE utf8_unicode_ci DEFAULT NULL,
  `invoicePhone` varchar(255) COLLATE utf8_unicode_ci DEFAULT NULL,
  `invoiceEmail` varchar(255) COLLATE utf8_unicode_ci DEFAULT NULL,
  `invoiceAddress` varchar(255) COLLATE utf8_unicode_ci DEFAULT NULL,
  `invoiceZip` varchar(255) COLLATE utf8_unicode_ci DEFAULT NULL,
  `invoiceTown` varchar(255) COLLATE utf8_unicode_ci DEFAULT NULL,
  `invoiceCountry` varchar(255) COLLATE utf8_unicode_ci DEFAULT NULL,
  `subtotal` double NOT NULL,
  `taxes` double NOT NULL,
  `total` double NOT NULL,
  `paid` tinyint(1) NOT NULL DEFAULT '0',
  `status` int(11) NOT NULL DEFAULT '1',
  `updatedAt` datetime DEFAULT NULL,
  `createdAt` datetime NOT NULL,
  `client_id` int(11) DEFAULT NULL,
  `deliveryPhonemobile` varchar(255) COLLATE utf8_unicode_ci DEFAULT NULL,
  `deliveryObservations` longtext COLLATE utf8_unicode_ci,
  `descuento` double NOT NULL,
  `totaldescuento` double NOT NULL,
  `invoicerequested` tinyint(1) NOT NULL,
  `paqueteria_id` int(11) DEFAULT NULL,
  `titlepaqueteria` varchar(255) COLLATE utf8_unicode_ci DEFAULT NULL,
  `preciopaqueteria` double DEFAULT NULL
) ENGINE=InnoDB DEFAULT CHARSET=utf8 COLLATE=utf8_unicode_ci;

--
-- Volcado de datos para la tabla `orders`
--

INSERT INTO `orders` (`id`, `business_id`, `orderNumber`, `deliveryName`, `deliveryLastname`, `deliveryCif`, `deliveryPhone`, `deliveryEmail`, `deliveryAddress`, `deliveryZip`, `deliveryTown`, `deliveryCountry`, `invoiceName`, `invoiceLastname`, `invoiceCif`, `invoicePhone`, `invoiceEmail`, `invoiceAddress`, `invoiceZip`, `invoiceTown`, `invoiceCountry`, `subtotal`, `taxes`, `total`, `paid`, `status`, `updatedAt`, `createdAt`, `client_id`, `deliveryPhonemobile`, `deliveryObservations`, `descuento`, `totaldescuento`, `invoicerequested`, `paqueteria_id`, `titlepaqueteria`, `preciopaqueteria`) VALUES
(1, 29, 1, 'Rubén', 'Sanchez', NULL, '648054395', 'rubensr@appandweb.es', 'Direccion', '18000', 'Granada', 'es', NULL, NULL, NULL, NULL, NULL, NULL, NULL, NULL, NULL, 1086.89, 228.25, 1315.14, 0, 1, '2018-01-31 08:22:03', '2018-01-31 08:22:03', NULL, NULL, NULL, 0, 0, 0, NULL, NULL, NULL),
(2, 29, 2, 'Rubén', 'Sánchez Reche', NULL, '600 000 00', 'rumar13@gmail.com', 'Calle Gracia, 12', '18000', 'Granada', 'es', NULL, NULL, NULL, NULL, NULL, NULL, NULL, NULL, NULL, 763.34, 160.3, 923.64, 0, 2, '2018-01-31 11:49:19', '2018-01-31 11:49:19', 32, '600 000 000', 'Observaciones del pedido', 0, 0, 0, NULL, NULL, NULL),
(3, 29, 3, 'Rubén', 'Sánchez Reche', NULL, '600 000 00', 'rumar13@gmail.com', 'Calle Gracia, 12', '18000', 'Granada', 'Granada', NULL, NULL, NULL, NULL, NULL, NULL, NULL, NULL, NULL, 428.73, 90.03, 518.76, 0, 1, '2018-01-31 16:09:49', '2018-01-31 16:09:49', 32, '600 000 000', '', 0, 0, 0, NULL, NULL, NULL),
(4, 29, 4, 'Rubén', 'Sánchez Reche', NULL, '600 000 00', 'rumar13@gmail.com', 'Calle Gracia, 12', '18000', 'Granada', 'Granada', NULL, NULL, NULL, NULL, NULL, NULL, NULL, NULL, NULL, 423.52, 88.94, 512.46, 0, 1, '2018-01-31 16:11:04', '2018-01-31 16:11:04', 32, '600 000 000', '', 0, 0, 0, NULL, NULL, NULL),
(5, 29, 5, 'Rubén', 'Sánchez Reche', NULL, '600 000 00', 'rumar13@gmail.com', 'Calle Gracia, 12', '18000', 'Granada', 'Granada', NULL, NULL, NULL, NULL, NULL, NULL, NULL, NULL, NULL, 79.95, 16.79, 96.74, 0, 1, '2018-01-31 17:36:12', '2018-01-31 17:36:12', 32, '600 000 000', '', 0, 0, 0, NULL, NULL, NULL),
(6, 29, 6, 'josema', NULL, NULL, NULL, 'j@j.com', 'Gracia 12', '18002', 'Granada', 'España', NULL, NULL, NULL, NULL, NULL, NULL, NULL, NULL, NULL, 319.8, 67.16, 386.96, 0, 1, '2018-02-01 09:01:15', '2018-02-01 09:01:15', 33, NULL, '', 0, 0, 0, NULL, NULL, NULL),
(7, 29, 7, 'Rubén', 'Sánchez Reche', NULL, '600 000 00', 'rumar13@gmail.com', 'Calle Gracia, 12', '18000', 'Granada', 'Granada', NULL, NULL, NULL, NULL, NULL, NULL, NULL, NULL, NULL, 423.52, 88.94, 512.46, 0, 1, '2018-02-02 08:56:40', '2018-02-02 08:56:40', 32, '600 000 000', '', 0, 0, 0, NULL, NULL, NULL),
(8, 29, 8, 'Rubén', 'Sánchez Reche', NULL, '600 000 00', 'rumar13@gmail.com', 'Calle Gracia, 12', '18000', 'Granada', 'Granada', NULL, NULL, NULL, NULL, NULL, NULL, NULL, NULL, NULL, 468, 98.28, 566.28, 0, 1, '2018-02-02 09:04:44', '2018-02-02 09:04:44', 32, '600 000 000', '', 0, 0, 0, NULL, NULL, NULL),
(9, 29, 9, 'Rubén', 'Sánchez Reche', NULL, '600 000 00', 'rumar13@gmail.com', 'Calle Gracia, 12', '18000', 'Granada', 'Granada', NULL, NULL, NULL, NULL, NULL, NULL, NULL, NULL, NULL, 454.57, 95.46, 550.03, 0, 1, '2018-02-06 09:36:54', '2018-02-06 09:36:54', 32, '600 000 000', '', 126.51, 423.52, 0, NULL, NULL, NULL),
(10, 29, 10, 'Rubén', 'Sánchez Reche', NULL, '600 000 00', 'rumar13@gmail.com', 'Calle Gracia, 12', '18000', 'Granada', 'Granada', NULL, NULL, NULL, NULL, NULL, NULL, NULL, NULL, NULL, 79.25, 16.64, 95.89, 0, 1, '2018-02-06 09:42:14', '2018-02-06 09:42:14', 32, '600 000 000', '', 23.94, 71.95, 0, NULL, NULL, NULL),
(11, 29, 11, 'Rubén', 'Sánchez Reche', NULL, '600 000 00', 'rumar13@gmail.com', 'Calle Gracia, 12', '18000', 'Granada', 'Granada', NULL, NULL, NULL, NULL, NULL, NULL, NULL, NULL, NULL, 454.57, 95.46, 550.03, 0, 1, '2018-02-06 09:53:46', '2018-02-06 09:53:46', 32, '600 000 000', '', 126.51, 423.52, 0, NULL, NULL, NULL),
(12, 29, 12, 'Rubén', 'Sánchez Reche', NULL, '600 000 00', 'rumar13@gmail.com', 'Calle Gracia, 12', '18000', 'Granada', 'Granada', NULL, NULL, NULL, NULL, NULL, NULL, NULL, NULL, NULL, 19.75, 4.15, 23.9, 0, 1, '2018-02-08 13:14:20', '2018-02-08 13:14:20', 32, '600 000 000', '', 0, 23.9, 0, NULL, NULL, NULL),
(13, 29, 13, 'Rubén', 'Sánchez Reche', NULL, '600 000 00', 'rumar13@gmail.com', 'Calle Gracia, 12', '18000', 'Granada', 'Granada', NULL, NULL, NULL, NULL, NULL, NULL, NULL, NULL, NULL, 9.05, 1.9, 10.95, 0, 1, '2018-02-08 13:17:37', '2018-02-08 13:17:37', 32, '600 000 000', '', 0, 10.95, 0, NULL, NULL, NULL),
(14, 29, 14, 'Rubén', 'Sánchez Reche', NULL, '600 000 00', 'rumar13@gmail.com', 'Calle Gracia, 12', '18000', 'Granada', 'Granada', NULL, NULL, NULL, NULL, NULL, NULL, NULL, NULL, NULL, 79.25, 16.64, 95.89, 0, 1, '2018-02-08 13:24:25', '2018-02-08 13:24:25', 32, '600 000 000', '', 23.94, 71.95, 0, NULL, NULL, NULL),
(15, 29, 15, 'Rubén', 'Sánchez Reche', NULL, '600 000 00', 'rumar13@gmail.com', 'Calle Gracia, 12', '18000', 'Granada', 'Granada', NULL, NULL, NULL, NULL, NULL, NULL, NULL, NULL, NULL, 1604.26, 336.89, 1941.15, 0, 1, '2018-02-08 13:50:41', '2018-02-08 13:50:41', 32, '600 000 000', '', 541.25, 1399.9, 0, NULL, NULL, NULL),
(16, 29, 16, 'Rubén', 'Sánchez Reche', NULL, '600 000 00', 'rumar13@gmail.com', 'Calle Gracia, 12', '18000', 'Granada', 'Granada', 'Rubén', 'Sánchez Reche', '45718452H', '600 000 000', 'rumar13@gmail.com', 'Pedro Antonio de Alarcón, 59', '18004', 'Granada', 'España', 957.85, 201.15, 1159, 1, 2, '2018-02-08 19:52:56', '2018-02-08 19:52:56', 32, '600 000 000', NULL, 0, 1159, 1, NULL, NULL, NULL),
(17, 29, 17, 'a', NULL, NULL, NULL, 'a@a.com', 'a', 'a', 'a', 'a', NULL, NULL, NULL, NULL, NULL, NULL, NULL, NULL, NULL, 454.57, 95.46, 550.03, 0, 1, '2018-02-09 10:28:40', '2018-02-09 10:28:40', 37, NULL, '', 126.51, 423.52, 0, NULL, NULL, NULL),
(18, 29, 18, 'Rubén', 'Sánchez Reche', NULL, '600 000 00', 'rumar13@gmail.com', 'Calle Gracia, 12', '18000', 'Granada', 'Granada', NULL, NULL, NULL, NULL, NULL, NULL, NULL, NULL, NULL, 454.57, 95.46, 550.03, 0, 1, '2018-03-07 12:09:14', '2018-03-07 12:09:14', 32, '600 000 000', '', 126.51, 423.52, 0, NULL, NULL, NULL),
(19, 29, 19, 'Rubén', 'Sánchez Reche', NULL, '600 000 00', 'rumar13@gmail.com', 'Calle Gracia, 12', '18000', 'Granada', 'Granada', NULL, NULL, NULL, NULL, NULL, NULL, NULL, NULL, NULL, 454.57, 95.46, 550.03, 0, 1, '2018-03-07 12:23:33', '2018-03-07 12:23:33', 32, '600 000 000', '', 126.51, 423.52, 0, NULL, 'Recogida en tienda', 0),
(20, 29, 20, 'Rubén', 'Sánchez Reche', NULL, '600 000 00', 'rumar13@gmail.com', 'Calle Gracia, 12', '18000', 'Granada', 'Granada', NULL, NULL, NULL, NULL, NULL, NULL, NULL, NULL, NULL, 386.78, 81.22, 468, 0, 1, '2018-03-07 12:25:25', '2018-03-07 12:25:25', 32, '600 000 000', '', 0, 468, 0, 1, '24 horas Península', 5.95),
(21, 29, 21, 'Rubén', 'Sánchez Reche', NULL, '600 000 00', 'rumar13@gmail.com', 'Calle Gracia, 12', '18000', 'Granada', 'Granada', NULL, NULL, NULL, NULL, NULL, NULL, NULL, NULL, NULL, 454.57, 95.46, 553.03, 0, 1, '2018-03-07 13:00:06', '2018-03-07 13:00:06', 32, '600 000 000', '', 126.51, 423.52, 0, 2, 'Estándar Península', 3),
(22, 29, 22, 'Rubén', 'Sánchez Reche', NULL, '600 000 00', 'rumar13@gmail.com', 'Calle Gracia, 12', '18000', 'Granada', 'Granada', NULL, NULL, NULL, NULL, NULL, NULL, NULL, NULL, NULL, 386.78, 81.22, 471, 0, 1, '2018-03-07 13:32:09', '2018-03-07 13:32:09', 32, '600 000 000', '', 0, 468, 0, 2, 'Estándar Península', 3),
(23, 29, 23, 'Rubén', 'Sánchez Reche', NULL, '600 000 00', 'rumar13@gmail.com', 'Calle Gracia, 12', '18000', 'Granada', 'Granada', NULL, NULL, NULL, NULL, NULL, NULL, NULL, NULL, NULL, 454.57, 95.46, 550.03, 0, 1, '2018-05-08 12:41:12', '2018-05-08 12:41:12', 32, '600 000 000', '', 126.51, 423.52, 0, NULL, 'Recogida en tienda', 0),
(24, 29, 24, 'Rubén', 'Sánchez Reche', NULL, '600 000 00', 'rumar13@gmail.com', 'Calle Gracia, 12', '18000', 'Granada', 'Granada', NULL, NULL, NULL, NULL, NULL, NULL, NULL, NULL, NULL, 454.57, 95.46, 550.03, 0, 1, '2018-05-08 12:41:35', '2018-05-08 12:41:35', 32, '600 000 000', '', 126.51, 423.52, 0, NULL, 'Recogida en tienda', 0),
(25, 29, 25, 'Rubén', 'Sánchez Reche', NULL, '600 000 00', 'rumar13@gmail.com', 'Calle Gracia, 12', '18000', 'Granada', 'Granada', NULL, NULL, NULL, NULL, NULL, NULL, NULL, NULL, NULL, 386.78, 81.22, 468, 0, 1, '2018-05-08 12:43:53', '2018-05-08 12:43:53', 32, '600 000 000', '', 0, 468, 0, NULL, 'Recogida en tienda', 0);

-- --------------------------------------------------------

--
-- Estructura de tabla para la tabla `page`
--

CREATE TABLE `page` (
  `id` int(11) NOT NULL,
  `business_id` int(11) DEFAULT NULL,
  `datecreated` datetime NOT NULL,
  `ishome` tinyint(1) NOT NULL,
  `slug` varchar(255) COLLATE utf8_unicode_ci DEFAULT NULL,
  `keyword` longtext COLLATE utf8_unicode_ci,
  `description` longtext COLLATE utf8_unicode_ci,
  `fontcolor` varchar(10) COLLATE utf8_unicode_ci DEFAULT NULL,
  `backgroundcolor` varchar(10) COLLATE utf8_unicode_ci DEFAULT NULL,
  `title` varchar(255) COLLATE utf8_unicode_ci DEFAULT NULL,
  `font` varchar(255) COLLATE utf8_unicode_ci DEFAULT NULL,
  `service_id` int(11) DEFAULT NULL,
  `showinmenu` tinyint(1) NOT NULL,
  `nameinmenu` varchar(255) COLLATE utf8_unicode_ci DEFAULT NULL,
  `isservices` tinyint(1) NOT NULL,
  `isprojects` tinyint(1) NOT NULL,
  `removable` tinyint(1) NOT NULL,
  `project_id` int(11) DEFAULT NULL,
  `blog_id` int(11) DEFAULT NULL,
  `isnews` tinyint(1) NOT NULL,
  `fonttitlesize` varchar(30) COLLATE utf8_unicode_ci DEFAULT NULL,
  `fonttextsize` varchar(30) COLLATE utf8_unicode_ci DEFAULT NULL,
  `isproducts` tinyint(1) NOT NULL,
  `isdetailproduct` tinyint(1) NOT NULL,
  `iscart` tinyint(1) NOT NULL,
  `product_id` int(11) DEFAULT NULL
) ENGINE=InnoDB DEFAULT CHARSET=utf8 COLLATE=utf8_unicode_ci;

--
-- Volcado de datos para la tabla `page`
--

INSERT INTO `page` (`id`, `business_id`, `datecreated`, `ishome`, `slug`, `keyword`, `description`, `fontcolor`, `backgroundcolor`, `title`, `font`, `service_id`, `showinmenu`, `nameinmenu`, `isservices`, `isprojects`, `removable`, `project_id`, `blog_id`, `isnews`, `fonttitlesize`, `fonttextsize`, `isproducts`, `isdetailproduct`, `iscart`, `product_id`) VALUES
(99, 29, '2018-01-30 07:39:33', 1, NULL, '', '', NULL, NULL, 'Tu tienda Winecta', NULL, NULL, 0, NULL, 0, 0, 1, NULL, NULL, 0, NULL, NULL, 0, 0, 0, NULL),
(100, 29, '2018-01-30 12:30:19', 0, 'servicio-1', NULL, NULL, NULL, NULL, 'Servicio 1', NULL, 20, 0, NULL, 1, 0, 0, NULL, NULL, 0, NULL, NULL, 0, 0, 0, NULL),
(101, 29, '2018-01-30 12:43:44', 0, '/contacto', NULL, NULL, NULL, NULL, 'Contacto', NULL, NULL, 0, NULL, 0, 0, 1, NULL, NULL, 0, NULL, NULL, 0, 0, 0, NULL),
(102, 29, '2018-01-30 12:44:27', 0, 'contacto', NULL, NULL, NULL, NULL, 'contacto', NULL, NULL, 0, NULL, 0, 0, 1, NULL, NULL, 0, NULL, NULL, 0, 0, 0, NULL),
(103, 29, '2018-01-30 13:38:05', 0, 'tienda', NULL, NULL, NULL, NULL, NULL, NULL, NULL, 1, NULL, 0, 0, 0, NULL, NULL, 0, NULL, NULL, 1, 0, 0, NULL),
(105, 29, '2018-01-30 14:23:02', 0, 'noticias', NULL, NULL, NULL, NULL, 'Listado de noticias', NULL, NULL, 0, NULL, 0, 0, 0, NULL, NULL, 1, NULL, NULL, 0, 0, 0, NULL),
(106, 29, '2018-01-30 14:26:03', 0, 'lorem-ipsum-dolor-sit-amet', NULL, NULL, NULL, NULL, 'Lorem ipsum dolor sit amet,', NULL, NULL, 0, NULL, 1, 0, 0, NULL, 9, 0, NULL, NULL, 0, 0, 0, NULL),
(107, 29, '2018-01-30 14:56:56', 0, 'in-enim-justo-rhoncus-ut-imperdiet-a-venenatis-vitae-justo', NULL, NULL, NULL, NULL, 'In enim justo, rhoncus ut, imperdiet a, venenatis vitae, justo.', NULL, NULL, 0, NULL, 1, 0, 0, NULL, 10, 0, NULL, NULL, 0, 0, 0, NULL),
(108, 29, '2018-01-30 14:57:49', 0, 'phasellus-viverra-nulla-ut-metus-varius-laoreet-quisque-rutrum-aenean-imperdiet', NULL, NULL, NULL, NULL, 'Phasellus viverra nulla ut metus varius laoreet. Quisque rutrum. Aenean imperdiet.', NULL, NULL, 0, NULL, 1, 0, 0, NULL, 11, 0, NULL, NULL, 0, 0, 0, NULL),
(109, 29, '2018-01-30 17:05:32', 0, 'politica-de-privacidad', NULL, NULL, NULL, NULL, 'Política de privacidad', NULL, NULL, 0, NULL, 0, 0, 0, NULL, NULL, 0, NULL, NULL, 0, 0, 0, NULL),
(110, 29, '2018-01-30 17:05:35', 0, 'aviso-legal', NULL, NULL, NULL, NULL, 'Aviso legal', NULL, NULL, 0, NULL, 0, 0, 0, NULL, NULL, 0, NULL, NULL, 0, 0, 0, NULL),
(111, 29, '2018-01-30 17:05:36', 0, 'politica-de-cookies', NULL, NULL, NULL, NULL, 'Política de cookies', NULL, NULL, 0, NULL, 0, 0, 0, NULL, NULL, 0, NULL, NULL, 0, 0, 0, NULL),
(112, 29, '2018-01-30 20:43:14', 0, 'cart', NULL, NULL, NULL, NULL, NULL, NULL, NULL, 1, NULL, 0, 0, 0, NULL, NULL, 0, NULL, NULL, 0, 0, 1, NULL),
(120, 29, '2018-02-06 12:00:18', 0, 'salomon-n-qst-106', NULL, NULL, NULL, NULL, NULL, NULL, NULL, 0, NULL, 0, 0, 0, NULL, NULL, 0, NULL, NULL, 0, 0, 0, 2),
(121, 29, '2018-02-06 12:23:48', 0, 'columbia-montrail-neck', NULL, NULL, NULL, NULL, NULL, NULL, NULL, 0, NULL, 0, 0, 0, NULL, NULL, 0, NULL, NULL, 0, 0, 0, 16),
(122, 29, '2018-02-06 12:24:52', 0, 'black-diamond-expedition-3', NULL, NULL, NULL, NULL, NULL, NULL, NULL, 0, NULL, 0, 0, 0, NULL, NULL, 0, NULL, NULL, 0, 0, 0, 15),
(123, 29, '2018-02-08 13:27:46', 0, 'vaude-arco-1-2p', NULL, NULL, NULL, NULL, NULL, NULL, NULL, 0, NULL, 0, 0, 0, NULL, NULL, 0, NULL, NULL, 0, 0, 0, 14),
(124, 29, '2018-02-08 13:46:58', 0, 'black-diamond-vista', NULL, NULL, NULL, NULL, NULL, NULL, NULL, 0, NULL, 0, 0, 0, NULL, NULL, 0, NULL, NULL, 0, 0, 0, 6),
(125, 29, '2018-02-08 13:47:03', 0, 'columbia-classic-outdoor-20l', NULL, NULL, NULL, NULL, NULL, NULL, NULL, 0, NULL, 0, 0, 0, NULL, NULL, 0, NULL, NULL, 0, 0, 0, 7),
(126, 29, '2018-02-08 13:47:26', 0, 'the-north-face-inferno-40f-40c', NULL, NULL, NULL, NULL, NULL, NULL, NULL, 0, NULL, 0, 0, 0, NULL, NULL, 0, NULL, NULL, 0, 0, 0, 13),
(127, 29, '2018-02-08 14:29:22', 0, 'petzl-boreo', NULL, NULL, NULL, NULL, NULL, NULL, NULL, 0, NULL, 0, 0, 0, NULL, NULL, 0, NULL, NULL, 0, 0, 0, 4),
(128, 29, '2018-02-08 14:29:27', 0, 'the-north-face-borealis', NULL, NULL, NULL, NULL, NULL, NULL, NULL, 0, NULL, 0, 0, 0, NULL, NULL, 0, NULL, NULL, 0, 0, 0, 1),
(129, 29, '2018-02-08 14:29:46', 0, 'salomon-guardian-mnc-13-l-115mm', NULL, NULL, NULL, NULL, NULL, NULL, NULL, 0, NULL, 0, 0, 0, NULL, NULL, 0, NULL, NULL, 0, 0, 0, 12),
(131, 29, '2018-02-08 19:52:43', 0, 'mac-book', NULL, NULL, NULL, NULL, NULL, NULL, NULL, 0, NULL, 0, 0, 0, NULL, NULL, 0, NULL, NULL, 0, 0, 0, 17),
(132, 29, '2018-04-10 12:55:45', 0, 'petzl-bongo', NULL, NULL, NULL, NULL, NULL, NULL, NULL, 0, NULL, 0, 0, 0, NULL, NULL, 0, NULL, NULL, 0, 0, 0, 9);

-- --------------------------------------------------------

--
-- Estructura de tabla para la tabla `palabrasclave`
--

CREATE TABLE `palabrasclave` (
  `id` int(11) NOT NULL,
  `blog_id` int(11) DEFAULT NULL,
  `palabraClave` varchar(255) COLLATE utf8_unicode_ci NOT NULL
) ENGINE=InnoDB DEFAULT CHARSET=utf8 COLLATE=utf8_unicode_ci;

-- --------------------------------------------------------

--
-- Estructura de tabla para la tabla `paqueteria`
--

CREATE TABLE `paqueteria` (
  `id` int(11) NOT NULL,
  `business_id` int(11) DEFAULT NULL,
  `title` varchar(255) COLLATE utf8_unicode_ci NOT NULL,
  `price` double NOT NULL,
  `eliminado` tinyint(1) NOT NULL
) ENGINE=InnoDB DEFAULT CHARSET=utf8 COLLATE=utf8_unicode_ci;

--
-- Volcado de datos para la tabla `paqueteria`
--

INSERT INTO `paqueteria` (`id`, `business_id`, `title`, `price`, `eliminado`) VALUES
(1, 29, '24 horas Península', 5.95, 0),
(2, 29, 'Estándar Península', 3, 0);

-- --------------------------------------------------------

--
-- Estructura de tabla para la tabla `product`
--

CREATE TABLE `product` (
  `id` int(11) NOT NULL,
  `business_id` int(11) DEFAULT NULL,
  `brand_id` int(11) DEFAULT NULL,
  `producttype_id` int(11) DEFAULT NULL,
  `title` varchar(255) COLLATE utf8_unicode_ci NOT NULL,
  `reference` varchar(255) COLLATE utf8_unicode_ci NOT NULL,
  `description` longtext COLLATE utf8_unicode_ci,
  `price` double NOT NULL,
  `discount` double NOT NULL,
  `taxes` double NOT NULL,
  `stock` int(11) NOT NULL,
  `image1` varchar(255) COLLATE utf8_unicode_ci DEFAULT NULL,
  `image2` varchar(255) COLLATE utf8_unicode_ci DEFAULT NULL,
  `image3` varchar(255) COLLATE utf8_unicode_ci DEFAULT NULL,
  `image4` varchar(255) COLLATE utf8_unicode_ci DEFAULT NULL,
  `image5` varchar(255) COLLATE utf8_unicode_ci DEFAULT NULL,
  `status` tinyint(1) NOT NULL,
  `updatedAt` datetime DEFAULT NULL,
  `createdAt` datetime NOT NULL,
  `slug` varchar(255) COLLATE utf8_unicode_ci DEFAULT NULL,
  `productorder` int(11) NOT NULL,
  `hasvariants` tinyint(1) NOT NULL,
  `seotitle` varchar(70) COLLATE utf8_unicode_ci DEFAULT NULL,
  `seodescription` tinytext COLLATE utf8_unicode_ci
) ENGINE=InnoDB DEFAULT CHARSET=utf8 COLLATE=utf8_unicode_ci;

--
-- Volcado de datos para la tabla `product`
--

INSERT INTO `product` (`id`, `business_id`, `brand_id`, `producttype_id`, `title`, `reference`, `description`, `price`, `discount`, `taxes`, `stock`, `image1`, `image2`, `image3`, `image4`, `image5`, `status`, `updatedAt`, `createdAt`, `slug`, `productorder`, `hasvariants`, `seotitle`, `seodescription`) VALUES
(1, 29, 2, 7, 'The north face Borealis', 'M00345892Lkm', '<p>Una nueva versi&oacute;n mejorada de nuestra mochila m&agrave;s vendida. Ahora con opciones de organizaci&oacute;n mejoradas y un sistema de suspensi&oacute;n actualizado, es sin duda la mochila perfecta para quienes viven en continuo movimiento.</p><p>Mu&eacute;vete de forma &agrave;gil durante todo el d&iacute;a gracias al sistema de suspensi&oacute;n FlexVent, a sus correas para los hombros moldeadas por inyecci&oacute;n y al panel de respaldo acolchado con malla y canal de ventilaci&oacute;n dorsal. Dise&ntilde;ado espec&iacute;ficamente para adaptarse al torso femenino para que disfrutes del m&agrave;ximo confort y ventilaci&oacute;n sin rozaduras.</p><p>El interior cuenta con una funda para port&agrave;til o tableta que lo proteger&agrave; de golpes o ca&iacute;das, as&iacute; como pr&agrave;cticos bolsillos para otros accesorios. Los d&iacute;as que solo lleves una carga ligera, puedes desmontar el cintur&oacute;n y ajustar las correas de los laterales.</p><p><strong>Caracter&iacute;sticas:</strong></p><ul><li>Asa superior c&oacute;moda y acolchada</li><li>Correa para el estern&oacute;n con hebilla con silbato</li><li>Compartimento principal con funda acolchada de forro polar para ordenador port&agrave;til, que lo proteger&agrave; de ca&iacute;das y golpes</li><li>Compartimento delantero en forma de D de f&agrave;cil acceso con funda acolchada con forro polar para tableta</li><li>Bolsillo delantero con paneles laterales el&agrave;sticos para mayor capacidad de almacenamiento</li><li>El compartimento secundario dispone de organizadores internos con bolsillo para dispositivos electr&oacute;nicos forrado en felpa, bolsillo de seguridad con cremallera y malla el&agrave;stica para organizar los cables</li><li>Bolsillo externo de forro polar y cremallera para llevar m&agrave;s dispositivos electr&oacute;nicos o las gafas de sol</li><li>Dos bolsillos portabotellas de malla el&agrave;stica, con posibilidad de llevar las botellas ocultas</li><li>Correas laterales de compresi&oacute;n, para contar con la posibilidad de ajustar la carga</li><li>Cintur&oacute;n desmontable</li><li>Dos bolsillos laterales en tejido opaco de malla el&agrave;stica para llevar cosas de forma discreta</li><li>Gancho para la luz de la bicicleta, leng&uuml;etas en los bolsillos para botella de agua y correas para los hombros con elementos reflectantes que ofrecen una visibilidad total. - Sistema de suspensi&oacute;n FlexVent?, con dise&ntilde;o espec&iacute;fico para adaptarse a la anatom&iacute;a femenina, con correas moldeadas por compresi&oacute;n para los hombros y panel de respaldo acolchado con malla ligera, dotado de canal de ventilaci&oacute;n dorsal</li><li>Correas para los hombros especialmente dise&ntilde;adas para adaptarse a la anatom&iacute;a femenina, con puntos de sujeci&oacute;n adaptados al torso femenino para un ajuste perfecto con cualquier talla y forma</li><li>El compartimento secundario dispone de organizadores internos con bolsillo para dispositivos multimedia forrado en felpa, bolsillo con cierre de cremallera seguro y malla el&agrave;stica para organizar los cables</li><li>Correas de compresi&oacute;n laterales para ajustar la carga</li></ul><p><strong>Especificaciones:</strong></p><ul><li>Peso aproximado: 1180 g</li><li>Peso medio: 1180 g - Capacidad: 25 litros</li><li>Funda para port&agrave;til: 30,4 x 33 cm</li><li>Tejido: nailon Cordura&reg; antidesgarro de alta resistencia 210D, tejido acolchado jaspeado antidesgarro de alta resistencia de nailon 200D/poli&eacute;ster 340D, tejido jaspeado de poli&eacute;ster 600D, estampado de poli&eacute;ster 600D.</li></ul><p>Todos los productos de la categor&iacute;a Daypacks tienen la mejor calidad de fabricaci&oacute;n y cuidan hasta el m&aacute;s m&iacute;nimo detalle.&nbsp;</p>', 79.95, 0, 21, 95, '/business/29/products/1/product-1.jpg', '/business/29/products/1/product-1_1.jpg', '/business/29/products/1/product-1_2.jpg', '/business/29/products/1/product-1_3.jpg', NULL, 1, '2018-01-30 09:43:33', '2018-01-30 09:43:33', 'the-north-face-borealis', 100, 0, NULL, NULL),
(2, 29, 1, 5, 'Salomon N QST 106', 'GTj73904hgt', '<p>El QST 106 es un cargador de nieve blanda que tambi&eacute;n ofrece arcos precisos y estables en los limpiadores y la nieve dura. Su perfil de balanc&iacute;n todoterreno flotante y predecible y 3D Woodcore est&aacute;n reforzados con CF / X para obtener potencia cuando la necesite.</p><p>El nuevo carcaj de esqu&iacute;. caracteristicas: La capa de refuerzo C / FX Carbon y Flax brinda potencia y estabilidad como el metal, a una fracci&oacute;n del peso. El emparedado completo de 360 ​​&deg;, la construcci&oacute;n de la pared lateral del ABS, que se extiende alrededor de toda la pared lateral, proporciona un mayor contacto del esqu&iacute; con la nieve, mayor resistencia y una gran adaptaci&oacute;n al terreno.</p><p>Spaceframe est&aacute; hecho de un Inverted 3D Woodcore insertado con Carbon Flax &amp; Power Transfer Platform. Proporciona un contacto superior de esqu&iacute; a nieve fuera de la pista y en la pista, lo que garantiza el rendimiento bajo el pie para la talla de paquete duro</p><p><strong>Tecnolog&iacute;as:</strong></p><ul><li>SINGLE TI LAMINADO: Una sola capa de refuerzo de titanio para un gran agarre en el borde, transferencia de energ&iacute;a eficiente y vivacidad.</li><li>REFUERZO DEL BORDE TOTAL: El refuerzo de fibra directamente en la parte superior de los bordes mejora la durabilidad, el agarre en los bordes y la resistencia a los golpes.</li><li>PULSE PAD: Una capa de caucho a lo largo de los bordes y en las zonas cr&iacute;ticas del esqu&iacute; para una conducci&oacute;n m&aacute;s suave y un mejor contacto con la nieve de esqu&iacute;.</li><li>TWIN ROCKER: El perfil de balanc&iacute;n largo y de altura media en la punta y la cola permite un f&aacute;cil giro con la m&aacute;xima flotaci&oacute;n y maniobrabilidad en polvo. El esqu&iacute; mantiene una zona de contacto largo en el borde con una inclinaci&oacute;n en el medio del esqu&iacute; para una mayor estabilidad y agarre en los bordes.</li><li>ZONA CARVE: La secci&oacute;n tradicionalmente combada de esqu&iacute;s gemelos, donde el lateral est&aacute; enfocado para obtener m&aacute;s potencia, energ&iacute;a y agarre en los bordes.</li><li>GANCHO SINCRONIZACI&Oacute;N GRATUITA: Corte lateral de 5 puntos, cono de punta y cola en las extremidades. El punto m&aacute;s ancho en el corte lateral se estrecha hacia la punta m&aacute;s temprano para reducir el arrastre y engancharse en polvo. El peso del columpio tambi&eacute;n se reduce haciendo que el esqu&iacute; sea a&uacute;n m&aacute;s maniobrable en condiciones de nieve dif&iacute;cil.</li><li>C / FX: Capa &uacute;nica de fibra preimpregnada que consiste en carbono y lino tejidas juntas, corriendo a lo largo del esqu&iacute;. Combina la incre&iacute;ble fuerza y ​​el peso m&iacute;nimo de fibra de carbono para la estabilidad y el refuerzo, con un mayor nivel de amortiguaci&oacute;n y absorci&oacute;n de vibraciones por encima y m&aacute;s all&aacute; de lo que se encuentra en las construcciones tradicionales de carbono y esqu&iacute; de luz. Patentado y exclusivo de Salomon.</li><li>COLA KOROYD: M&aacute;s Float, Less FLop. S&uacute;per ligero nido de abeja / Koroyd Tail insert, reforzado con ABS. Menos peso en las extremidades con mayor amortiguaci&oacute;n de Koroyd aumenta dr&aacute;sticamente la maniobrabilidad y la facilidad de conducci&oacute;n en esqu&iacute;s rockered.</li><li>CONSEJO DE KOROYD: M&aacute;s Float, Less FLop. S&uacute;per ligero nido de abeja / inserto de punta Koroyd, reforzado con ABS. Menos peso en las extremidades con mayor amortiguaci&oacute;n de Koroyd aumenta dr&aacute;sticamente la maniobrabilidad y la facilidad de conducci&oacute;n en esqu&iacute;s rockered. MUROS COMPLETOS SANDWICH 360 &deg;: S&aacute;ndwich completo, construcci&oacute;n de pared lateral de ABS, que se extiende alrededor de toda la pared lateral.</li><li>INVERTIDO WOODCORE 3D: Woodcore molido internamente.</li><li>PLATAFORMA DE TI POWER: Titanal insertar borde a borde.</li><li>SPACEFRAME 3.0 FR: Spaceframe est&aacute; hecho de un Inverted 3D Woodcore insertado con Carbon Flax &amp; Power Transfer Platform. Salomon N QST 106 cuenta con las mejores calidades de fabricaci&oacute;n y con la garant&iacute;a oficial de la marca Salomon. Si estas interesado en adquirir este art&iacute;culo de monta&ntilde;a debes saber sus medidas son de 23x23x cm. y su peso es de 7.04 kg. (en su caja original). En estos momentos Salomon N QST 106 se encuentra en stock en trekkinn, tu tienda online de monta&ntilde;a.</li></ul>', 550.03, 23, 21, 94, '/business/29/products/2/product-2.jpg', '/business/29/products/2/product-2_1.jpg', '/business/29/products/2/product-2_2.jpg', NULL, NULL, 1, '2018-01-30 09:53:06', '2018-01-30 09:53:06', 'salomon-n-qst-106', 1, 0, NULL, NULL),
(3, 29, 2, 8, 'The north face Cat S Meow Long', 'HGU68392-fg', '<p>The north face Cat S Meow Long Con su dise&ntilde;o eficiente para potenciar al m&aacute;ximo la protecci&oacute;n t&eacute;rmica y la capacidad de compresi&oacute;n al tiempo que se reduce el peso, el saco Cats Meow representa el modelo sint&eacute;tico por antonomasia para disfrutar del monta&ntilde;ismo tres estaciones al a&ntilde;o. Se caracteriza por su confecci&oacute;n con corte de momia, que envuelve una combinaci&oacute;n de filamentos continuos y fibras cortas de aislamiento distribuida por todo el saco en compartimentos verticales compresibles y eficientes.</p><p>Este saco se ofrece en cuatro longitudes, para que elijas la que mejor se adapte a ti, sea cual sea tu talla. Aqu&iacute; tienes la lista de caracter&iacute;sticas completa.</p><p>Caracteristicas:</p><ul><li>Confecci&oacute;n con tecnolog&iacute;a Cyclone, que envuelve una mezcla de filamentos continuos y part&iacute;culas aislantes en torno al saco, distribuidos en compartimentos verticales compresibles y eficientes</li><li>Capucha de estructura preformada para m&aacute;s calidez y confort</li><li>Cuello anticorrientes, que aporta m&aacute;s confort e impide que se pierda el calor</li><li>Incluye lazos para acoplar el saco a una esterilla o colchoneta</li><li>Bolsa de compresi&oacute;n y saco de almacenamiento incluidos</li></ul><p>Especificaciones:</p><ul><li>Temperaturas: -7 &deg;C</li><li>Dimensiones del saco de transporte: 22,9 cm x 40,8 cm</li><li>Peso medio: Modelo corto: 1134 g / Modelo largo: 1304 g / extra long: 1389 g</li></ul><p>Tecnolog&iacute;a:</p><ul><li>Fitted Hood: Nuestras colecciones Summit y Core cuentan con capuchas de dise&ntilde;o ergon&oacute;mico de eficacia probada, que aplican el aislamiento all&iacute; donde hace falta y lo retiran de los puntos donde no es necesario, para mantener el calor y el confort al tiempo que reducen el peso y el volumen.</li><li>Vaulted Footbox: El espacio abovedado que The North Face&reg; ha dise&ntilde;ado especialmente para los pies brinda suficiente espacio para poder estirarlos y moverlos con naturalidad. Esto elimina los espacios de aire aislados y mantiene los pies m&aacute;s calientes y c&oacute;modos. Pide ya tu The north face Cat S Meow Long y rec&iacute;belo en casa en unos d&iacute;as.</li></ul><p>Sus dimensiones en su caja original son de 23x23x cm. y su peso es de 1.29 kg.</p><p>Adem&aacute;s podr&aacute;s elegir el The north face Cat S Meow Long en diferentes tallas y colores, de esta forma se adapta a tus necesidades.</p>', 185.6, 23, 21, 97, '/business/29/products/3/product-3.jpg', NULL, NULL, NULL, NULL, 1, '2018-01-30 09:56:04', '2018-01-30 09:56:04', 'the-north-face-cat-s-meow-long', 100, 0, NULL, NULL),
(4, 29, 3, 4, 'Petzl Boreo', 'H6784949478', '<p>Duradero y muy vers&aacute;til, el casco BOREO es adecuado para la escalada, el alpinismo, la espeleolog&iacute;a, la v&iacute;a ferrata, el descenso de barrancos...</p><p>Gracias a su construcci&oacute;n h&iacute;brida, el casco es compacto y cubre la cabeza. Se refuerza la protecci&oacute;n contra impactos laterales, delanteros y traseros. El volumen optimizado en la cabeza y los amplios orificios de ventilaci&oacute;n lo convierten en un casco c&oacute;modo para todas las actividades.</p><p>Caracteristicas:</p><ul><li>La carcasa externa dura es resistente al impacto y a los ara&ntilde;azos para una durabilidad &oacute;ptima construcci&oacute;n h&iacute;brida con carcasa de ABS gruesa, un forro de espuma EPP y un forro de espuma EPS lo hace compacto en la cabeza diadema suave se adapta perfectamente a la forma de la cabeza y se pliega en el caparaz&oacute;n para almacenamiento y transporte.</li><li>Dise&ntilde;o de cubierta de la cabeza para una protecci&oacute;n &oacute;ptima contra impactos laterales, delanteros y traseros: lleva la etiqueta del producto Petzls TOP AND SIDE PROTECTION la forma de la cabeza, m&aacute;s baja en la parte trasera, ofrece protecci&oacute;n reforzada</li><li>Vers&aacute;til, para una variedad de actividades: adecuado para la escalada, el alpinismo, la espeleolog&iacute;a, la v&iacute;a ferrata, el descenso de barrancos ... cuatro clips para el accesorio del faro compatible con el protector ocular VIZION</li><li>Peso: 285 g Material (es)</li><li>Materiales:<ul><li>carcasa de ABS</li><li>forro de polipropileno expandido (EPP)</li><li>forro de poliestireno expandido (EPS)</li><li>cinta de poli&eacute;ste</li></ul></li></ul>', 54, 0, 21, 100, '/business/29/products/4/product-4.jpg', '/business/29/products/4/product-4_1.jpg', '/business/29/products/4/product-4_2.jpg', NULL, NULL, 1, '2018-01-30 09:59:18', '2018-01-30 09:59:18', 'petzl-boreo', 100, 0, NULL, NULL),
(5, 29, 3, 4, 'Petzl Aspir', 'gty567893948', '<p>El ASPIR es un modelo c&oacute;modo, que ofrece muchas de las ventajas de nuestros arneses de alta gama: cintur&oacute;n y perneras acolchados, punto de encordamiento reforzado y anillos portamaterial. Su volumen reducido y sus grandes posibilidades de regulaci&oacute;n lo convierten en un arn&eacute;s ideal para alpinismo y recorridos por glaciar. Un modelo muy adecuado tanto para las v&iacute;as ferrata como para los parques de aventura.</p><p><strong>Caracteristicas:</strong>&nbsp;</p><ul><li>Las perneras y el cintur&oacute;n acolchados de alta densidad con forro de nil&oacute;n flexible son confortables y ocupan un volumen m&iacute;nimo.</li><li>Las perneras regulables se ajustan perfectamente al per&iacute;metro del muslo o las capas de ropa, y permiten colocarse el arn&eacute;s con los esqu&iacute;s los crampones puestos.</li><li>La hebillas DoubleBack tienen una forma determinada para facilitar su regulaci&oacute;n y ayudan a prevenir las manipulaciones incorrectas.</li><li>Punto de encordamiento &uacute;nico reforzado en Dyneema para una excelente resistencia a la abrasi&oacute;n.</li><li>Dos anillos portamaterial flexibles, sin crear puntos de apoyo con la mochila.</li><li>El&aacute;sticos traseros desenganchables.</li><li>El interior de las perneras y el cintur&oacute;n est&aacute;n marcados con colores diferentes para facilitar la colocaci&oacute;n del arn&eacute;s. - Las tallas se identifican mediante colores diferentes para facilitar la gesti&oacute;n de los equipos para los gu&iacute;as y grupos.</li></ul><p>Especificaciones:</p><ul><li>Materiales : cintas de poliamida, punto de encordamiento poli&eacute;ster y Dyneema, espuma de polietileno cargado EVA, espuma de c&eacute;lula cerrada y rejilla 3D poli&eacute;ster tejido. - Peso : 450 g</li></ul>', 46.95, 0, 21, 100, '/business/29/products/5/product-5.jpg', '/business/29/products/5/product-5_1.jpg', '/business/29/products/5/product-5_2.jpg', NULL, NULL, 1, '2018-01-30 10:05:10', '2018-01-30 10:05:10', 'petzl-aspir', 100, 0, NULL, NULL),
(6, 29, 4, 9, 'Black diamond Vista', 'HJ67893948587', '<p>Igualmente en el pa&iacute;s en campamentos y prados alpinos remotos, las tres personas, tres estaciones Black Diamon Vista proporciona suficiente espacio para vivir sin a&ntilde;adir peso. Las caracter&iacute;sticas del dise&ntilde;o de la pared vers&aacute;til, doble un centro de lanzamiento r&aacute;pido que hace que para una instalaci&oacute;n r&aacute;pida, y puertas dobles y vest&iacute;bulos para facilitar la entrada y almacenamiento de equipo.</p><p>Para las misiones de peso ligero, la mosca se combina con el pa&ntilde;o de tierra opcional para hacer un refugio aerodin&aacute;mico.</p><p>Caracteristicas:</p><ul><li>Tres personas, de doble pared, dise&ntilde;o de tres temporada con vistas de 360 ​​grados de malla cubo de lanzamiento r&aacute;pido, de di&aacute;metro variable de polos DAC Featherlite&reg; de espacio eficiente</li><li>Las puertas dobles y 2 portales integrados 1500 mosca mm poli&eacute;ster y nylon suelo mm 2000</li><li>Tambi&eacute;n se pueden configurar utilizando s&oacute;lo la marcha, polos y tapiz de suelo opcional (se vende por separado)</li><li>Serie: Serie Doublelight Temporada 3 Capacidad: 3 Puertas: 2 Normal Peso lleno: 2,94 kg (6 lb 8 oz) Peso m&iacute;nimo: 2,70 kg (5 lb 15 oz)</li><li>Dimensiones: 244 x 218 x 168 x 117 cm (96 x 86 x 66 x 46 cm)</li></ul><p>Black diamond Vista cuenta con las mejores calidades de fabricaci&oacute;n y con la garant&iacute;a oficial de la marca Black diamond. Si estas interesado en adquirir este art&iacute;culo de monta&ntilde;a debes saber sus medidas son de 20x20x cm. y su peso es de 2.32 kg. (en su caja original).</p>', 468, 0, 21, 96, '/business/29/products/6/product-6.jpg', '/business/29/products/6/product-6_1.jpg', '/business/29/products/6/product-6_2.jpg', '/business/29/products/6/product-6_3.jpg', NULL, 1, '2018-01-30 10:07:40', '2018-01-30 10:07:40', 'black-diamond-vista', 100, 0, NULL, NULL),
(7, 29, 6, 7, 'Columbia Classic Outdoor 20L', 'B984737yfgh', '<p>Para las personas con un estilo de vida activo, es imprescindible contar con una mochila fiable. Esta luce un dise&ntilde;o de inspiraci&oacute;n retro. Tiene un bolsillo de seguridad externo y un asa para facilitar el acceso y el transporte.</p><p><strong>Caracteristicas:</strong></p><ul><li>Bolsillo de seguridad externo</li><li>Asa de transporte</li></ul><p>Especificaciones:</p><ul><li>TEJIDO:&nbsp;<ul><li>Exterior: Revestimiento 600D 100 % poli&eacute;ster</li></ul></li></ul>', 30.85, 41.82, 21, 99, '/business/29/products/7/product-7.jpg', '/business/29/products/7/product-7_1.jpg', NULL, NULL, NULL, 1, '2018-01-30 10:11:57', '2018-01-30 10:11:57', 'columbia-classic-outdoor-20l', 100, 0, NULL, NULL),
(8, 29, 7, 7, 'VAUDE Brenta 35L', 'hju6893939', '<p>&iexcl;El viaje es la recompensa! La Brenta 35 es una mochila de senderismo deportivo con funciones completas que hacen excursiones de un d&iacute;a extendidos y caseta de Tours posible tambi&eacute;n.</p><p>El sistema de suspensi&oacute;n Aeroflex permite que el aire fresco circule en la espalda; las correas y las alas de cadera ofrecen una muy buena microclima gracias a la espuma perforada.</p><p>El f&aacute;cil ajustar el sistema permite el ajuste de la tensi&oacute;n de malla para una mejor adaptaci&oacute;n a las condiciones y / o el peso de su equipo. Los tirantes se pueden ajustar individualmente con FLASH para el tama&ntilde;o de su torso. acceso frontal adicional para el compartimento principal, los bolsillos exteriores de tres estr&iacute;as y las opciones de conexi&oacute;n de los bastones de trekking o picos de hielo son pr&aacute;cticos en la gira.</p><p>Forma verde es su garant&iacute;a VAUDE para los productos respetuosos con el ecosistema. Hecha de materiales sostenibles y la producci&oacute;n de la conservaci&oacute;n de los recursos.</p>', 108, 0, 21, 100, '/business/29/products/8/product-8.jpg', NULL, NULL, NULL, NULL, 1, '2018-01-30 10:19:23', '2018-01-30 10:19:23', 'vaude-brenta-35l', 100, 0, NULL, NULL),
(9, 29, 3, 4, 'Petzl Bongo', 'HJ383992', '<p>Para el terreno de aventura, escalada artificial o en apertura de v&iacute;as.</p><p>Caracteristicas:</p><ul><li>Mango de caucho para absorber las vibraciones.</li><li>Mango con orificio para un cordino antip&eacute;rdida.</li><li>Cabeza con orificio para despitonar.&nbsp;</li><li>Cabeza curvatura optimizada para despitonar m&aacute;s f&aacute;cilmente.</li></ul><p>Especificaciones:</p><ul><li>Peso : 680 g</li><li>Longitud: 33 cm</li></ul>', 53.95, 0, 21, 100, '/business/29/products/9/product-9.jpg', NULL, NULL, NULL, NULL, 1, '2018-01-30 10:20:57', '2018-01-30 10:20:57', 'petzl-bongo', 100, 0, NULL, NULL),
(10, 29, 3, 4, 'Petzl Griptape', 'HGUKM6784993', '<p>Griptape para todos los hielos de Petzl Petzl Griptape cuenta con la garant&iacute;a oficial de la marca Petzl.</p><p>Comprando en nuestra tienda online de monta&ntilde;a podr&aacute;s disponer en tan solos unos d&iacute;as de Petzl Griptape. Sus dimensiones en su caja original son de 15x20x cm. y su peso es de 0.03 kg.</p>', 8.45, 0, 21, 100, '/business/29/products/10/product-10.jpg', NULL, NULL, NULL, NULL, 1, '2018-01-30 10:22:52', '2018-01-30 10:22:52', 'petzl-griptape', 100, 0, NULL, NULL),
(11, 29, 3, 4, 'Petzl Fixe', 'ty655787', '<p>La polea FIXE es ligera, compacta y se instala r&aacute;pidamente en la cuerda. Ofrece un buen compromiso entre peso y rendimiento.</p><p><strong>Caracteristicas:</strong></p><ul><li>Polea ligera y compacta.</li><li>Dise&ntilde;ada para ser utilizada en polipastos y desviadores de cargas.</li><li>Placas laterales fijas que permiten una colocaci&oacute;n r&aacute;pida y combinarse con un bloqueador mec&aacute;nico.</li><li>Roldana sobre cojinetes autolubricantes para asegurar un buen rendimiento.</li></ul><p>Especificaciones:</p><ul><li>Peso : 90 g - Di&aacute;metro de cuerda m&iacute;n. : 7 mm&nbsp;</li><li>Di&aacute;metro de cuerda m&aacute;x. : 13 mm</li><li>Di&aacute;metro de la roldana : 21 mm - Rendimiento : 71 %</li><li>Carga de trabajo : 5 kN (2,5 kN en un cabo)</li><li>Carga de rotura : 23 kN</li><li>Materiales : placas laterales de aluminio y roldana de aluminio.</li></ul><p>No esperes m&aacute;s para hacerte con Petzl Fixe de la marca Petzl. Su peso es de 0.17 kg. y sus dimensiones en su caja original son 10x10x cm..</p><p>Para cualquier consulta sobre las caracter&iacute;sticas de Petzl Fixe puedes ponerte en contacto con trekkinn a trav&eacute;s de nuestra p&aacute;gina de contacto.</p>', 17.95, 0, 21, 100, '/business/29/products/11/product-11.jpg', NULL, NULL, NULL, NULL, 1, '2018-01-30 10:24:29', '2018-01-30 10:24:19', 'petzl-fixe', 100, 0, NULL, NULL),
(12, 29, 1, 5, 'Salomon Guardian Mnc 13 L 115mm', 'TG67493893', '<p>Endimiento freeride probado por Salomon combinado con la pr&aacute;ctica tecnolog&iacute;a Hike &amp; Ride.</p><p><strong>Especificaciones:</strong></p><ul><li>DIN SCALE: 4-13</li><li>HEIGHT IN MM: 31.5</li><li>SKIER PESO (KG): 42-125</li><li>SKIER PESO (LBS): 92-275</li><li>ADJUSTMENT RANGE (MM): 55</li><li>ADJUSTMENT RANGE (US SIZES): 7</li><li>PESO OF 1/2 PAIR (IN G): 1460</li></ul><p><strong>Technologias</strong>:</p><ul><li>PESTA&Ntilde;AS DE AJUSTE AUTOM&Aacute;TICO: Ajuste autom&aacute;tico al calzar, sin ser manual. &iexcl;Puedes olvidarte de tu fijaci&oacute;n y confiar siempre en ella!</li><li>NORMATIVAS PARA ADULTOS - ALTA TRANSMISI&Oacute;N LATERAL: M&aacute;s precisi&oacute;n y m&aacute;s control para alcanzar un nuevo nivel de rendimiento.</li><li>CAMBIO HIDE &amp; RIDE: Cambio r&aacute;pido, f&aacute;cil y pr&aacute;ctico de la posici&oacute;n de esquiar y andar sin la necesidad de quitarse los esqu&iacute;s.</li><li>CHASIS DE PERFIL BAJO: El perfil bajo realza el feedback con el terreno y mejora la transmisi&oacute;n de la fuerza.</li><li>PLATAFORMA SOBREDIMENSIONADA: La plataforma sobredimensionada asegura la m&aacute;xima transmisi&oacute;n lateral de la fuerza.</li><li>DOBLE FLEXI&Oacute;N COMPLETA - FRENO PARA FREESKI: Freno auto plegable: adaptado a los esqu&iacute;s y pr&aacute;cticas modernas, elimina hangs up y las recepciones en switch.</li><li>AJUSTE MANUAL DE LA ALTURA EN LA PUNTERA - DESLIZAMIENTO AFD - PUNTERA U POWER: Proporciona una direcci&oacute;n potente y precisa.</li><li>MNC (CERTIFICADO MULTI NORMATIVA)</li><li>L35124300 (FRENO BC) - 376638 (FIJACI&Oacute;N - L) / 376639 (FIJACI&Oacute;N - S)</li></ul>', 330.61, 27.27, 21, 100, '/business/29/products/12/product-12.jpg', '/business/29/products/12/product-12_1.jpg', '/business/29/products/12/product-12_2.jpg', NULL, NULL, 1, '2018-01-30 10:28:43', '2018-01-30 10:28:43', 'salomon-guardian-mnc-13-l-115mm', 100, 0, NULL, NULL),
(13, 29, 2, 8, 'The north face Inferno -40F/-40C', 'tgh78892', '<p>El modelo Inferno -40C es nuestro saco de dormir de expedici&oacute;n m&aacute;s c&aacute;lido, con relleno de pluma, dise&ntilde;ado para soportar las condiciones m&aacute;s duras del planeta. Redise&ntilde;ado por nuestros atletas, presenta un mayor espacio y una facilidad de acceso nunca vista antes.</p><p>El generoso relleno de plumas ProDown de 800 cuins lo convierte en nuestro saco m&aacute;s c&aacute;lido y acolchado. El cuello totalmente aislante y el cord&oacute;n en la capucha impiden la salida del calor, mientras que el tejido Neovent Air resistente al agua situado en la capucha, los pies y la espalda mantiene la humedad a raya.</p><p>Por su parte, la cremallera central hace que meterse en el saco para protegerse de los elementos sea m&aacute;s f&aacute;cil que nunca. Aqu&iacute; tienes la lista de caracter&iacute;sticas completa.</p><p><strong>Caracteristicas: </strong></p><ul><li>Cuello aislante</li><li>Tejido Neovent Air resistente al agua en la capucha, los pies y la espalda</li><li>Placas con configuraci&oacute;n trapezoidal para impedir el movimiento de las plumas</li><li>Cremallera central para un acceso m&aacute;s sencillo</li><li>Bolsillo interno para almacenamiento aislado</li><li>Bolsa de compresi&oacute;n y almacenamiento incluidas</li><li>El cord&oacute;n de ajuste de la capucha a&iacute;sla por completo del fr&iacute;o</li><li>Relleno: Plum&oacute;n ProDown de 800 cuins Especificaciones:</li><li>Peso aproximado: 1758 g</li><li>Peso del relleno: 1250 g -</li><li>Temperatura l&iacute;mite: -40 &deg;C</li><li>Technologias:&nbsp;<ul><li><strong>Trapezoid Box Baffles:</strong> Los sacos para expediciones incorporan dos configuraciones estructurales especiales para garantizar los m&aacute;ximos niveles de calidez y confort. En primer lugar, utilizan un sistema especial de placas trapezoidales, que dispone placas de silueta trapezoidal adyacentes de forma que sus lados paralelos se colocan frente a frente. Esta configuraci&oacute;n garantiza que el conjunto conserve un volumen constante, mantiene al plum&oacute;n en su lugar y evita la aparici&oacute;n de puntos fr&iacute;os. En segundo lugar, estos sacos tambi&eacute;n cuentan con una estructura de placas que conforman una caja en las &aacute;reas m&aacute;s sensibles al fr&iacute;o: los laterales del torso y el espacio de los pies. Estas placas complementarias proporcionan un espacio adicional, garantizan que las plumas permanezcan en su sitio y, en consecuencia, ofrezcan m&aacute;s calor. Los sacos con relleno de pluma emplean un sistema especial de placas trapezoidales, con placas de silueta trapezoidal dispuestas de forma que sus laterales paralelos se sit&uacute;an frente a frente. Esta configuraci&oacute;n garantiza que el conjunto conserve un volumen constante, mantiene al plum&oacute;n en su lugar y evita la aparici&oacute;n de puntos fr&iacute;os.</li><li><strong>Vaulted Footbox:</strong> El espacio abovedado que The North Face ha dise&ntilde;ado especialmente para los pies brinda suficiente espacio para poder estirarlos y moverlos con naturalidad. Esto elimina los espacios de aire aislados y mantiene los pies m&aacute;s calientes y c&oacute;modos.</li></ul></li></ul>', 900.73, 28, 21, 11, '/business/29/products/13/product-13.jpg', '/business/29/products/13/product-13_1.jpg', '/business/29/products/13/product-13_2.jpg', NULL, NULL, 1, '2018-01-30 10:31:47', '2018-01-30 10:31:47', 'the-north-face-inferno-40f-40c', 100, 1, NULL, NULL),
(14, 29, 7, 9, 'VAUDE Arco 1 2P', 'gty657765', '<p><strong>Panorama incluye: </strong>espaciosa tienda de campa&ntilde;a t&uacute;nel 3 de la temporada con grandes entradas laterales. La habitaci&oacute;n interior h&aacute;bilmente dividida proporciona un amplio espacio para dormir para 2 personas y amplio espacio de almacenamiento para el engranaje del senderismo y los paquetes y puede ser ventilado a trav&eacute;s de una abertura en la cresta. El Campo 1 Arco 2P Puede armarse r&aacute;pidamente y es lo suficientemente fuerte como para asumir una tormenta.</p><p>El ideal arranque tienda de campa&ntilde;a para excursiones de pie en las zonas de clima templado. caracteristicas: 2 vest&iacute;bulos grandes / entradas 2 aberturas de ventilaci&oacute;n en el techo Ventilaci&oacute;n en la espalda Muy f&aacute;cil de configurar Presupuesto: Tienda interior: 100% poli&eacute;ster; 70D 185T transpirable; Doble techo: 100% poli&eacute;ster recubierto 3000mm 70D 185T poliuretano; 75D 185T con revestimiento de poliuretano; Superficie: 100% Poliamida 70D 190T poliuretano recubierto 5000 mm; 70D 190T con revestimiento de poliuretano.</p><ul><li><strong>Tama&ntilde;o del envase: </strong>45 x 20 cm</li><li><strong>Material de la tienda exterior:</strong> 100% poli&eacute;ster recubierto de poliuretano 75 D 3.000 mm</li><li><strong>Material de la tienda interior:</strong> 100% Poli&eacute;ster 68 D</li><li><strong>Material de la tienda bruta: </strong>100% poliamida 70 D poliuretano recubierto 5.000 mm</li><li><strong>Vinculaci&oacute;n:</strong> Al 6061 T9 10,3 / 9,3 mm</li><li><strong>Peso total:</strong> 2400,00</li><li><strong>Tecnolog&iacute;a: </strong><ul><li>Tunnel_tent_l: El dise&ntilde;o de tienda de campa&ntilde;a para excursiones de pie: Mejor utilizaci&oacute;n del espacio posible, bajo peso y configuraci&oacute;n sencilla y r&aacute;pida. El dise&ntilde;o del t&uacute;nel posibilita particularmente grandes &aacute;bsides, para mayor espacio de almacenamiento.</li><li>Zipper_seam_seal_l: Impermeable postal entrada grabada PVC: La etiqueta VAUDE &quot;PVC&quot; significa que este producto es fabricado 100% libres de PVC (cloruro de polivinilo). Parece que la lona lona, ​​es tan duradero y resistente al agua, pero est&aacute; hecha de PU (poliuretano) en lugar de tela recubierta de PVC. PVC contiene gran parte plastificantes (ftalatos) que se consideran perjudiciales para su salud.</li><li>Ventilation_hood_l: Por una ventilaci&oacute;n protegida lluvia de admisi&oacute;n. Ajustable a trav&eacute;s de la entrada de la cremallera de 4 v&iacute;as.</li><li>Stormcord_collector_l: Stormcord colector de cables de retenci&oacute;n</li></ul></li></ul><p>&nbsp;</p><p>Descubre nuestra oferta VAUDE Arco 1 2P en stock y al mejor precio. Visita trekkinn, tu tienda online de monta&ntilde;a y compra sin moverte de casa.</p><p>Pago seguro y env&iacute;o garantizado! Adem&aacute;s descubre m&aacute;s productos similares a VAUDE Arco 1 2P de la categor&iacute;a 3 estaciones para completar tu equipamiento de monta&ntilde;a.</p>', 180, 0, 21, 6, '/business/29/products/14/product-14.jpg', NULL, NULL, NULL, NULL, 1, '2018-01-30 16:35:38', '2018-01-30 16:35:38', 'vaude-arco-1-2p', 100, 1, NULL, NULL),
(15, 29, 4, 5, 'Black diamond Expedition 3', '54577865-l', '<p>Un poste de cuatro estaciones vers&aacute;til para el esqu&iacute;, el senderismo y transportar cargas hasta el campo base avanzado, el Diamante Negro Expedici&oacute;n 3 cuenta con FlickLocks duales para una amplia gama de ajuste.</p><p>Este polo cabe en su lona cuando es el momento de cargar con su equipo al aeropuerto, y el agarre de espuma abierta, permite que el estrangulador hacia arriba en el poste cuando est&aacute; arrancando un couloir remoto.</p><p>La expedici&oacute;n 3 viene con dos cestas y cestas de trekking en polvo, por lo que puede cambiar hacia fuera para que coincida con la temporada y el viaje. caracteristicas: 100% de aluminio: 18 mm (0,71 pulgadas) superior, 16 mm (0,63 pulgadas) a mediados, y 14 mm (0,55 pulgadas) menor</p><p>De cuatro estaciones extendi&oacute; mango de espuma con el punto de enganche para la manipulaci&oacute;n agresiva bares y hebillas correa ajustable de cuatro estaciones para la comodidad ergon&oacute;mica con o sin guantes Doble ajuste FlickLock&reg; 100 mm (4 pulgadas) Cestas Polvo Presupuesto: Peso por par: 520 g (1 lb 2 oz) Serie: Touring Longitud &uacute;til: [57] 125 cm 22,2 48,8 en [62] 140 cm 24,2 54,6 en Colapsada Longitud: [57 125 cm] 57 cm (22,2 pulgadas) [62 140 cm] 62 cm (24,2 pulgadas)</p><p><strong>&iquest;Qu&eacute; te parece encontrar Black diamond Expedition 3 con este precio?</strong> Alucinante &iquest;verdad? No esperes m&aacute;s y compra en nuestra tienda de monta&ntilde;a lo que llevas buscando desde hace tiempo. Equ&iacute;pate bien y practica tu deporte favorito de la mano de profesionales como es Black diamond. Y lo de mejor de todo es que lo tendr&aacute;s al mejor precio del mercado.</p>', 95.89, 24.97, 21, 7, '/business/29/products/15/product-15.jpg', '/business/29/products/15/product-15_1.jpg', '/business/29/products/15/product-15_2.jpg', NULL, NULL, 1, '2018-01-30 16:39:18', '2018-01-30 16:39:18', 'black-diamond-expedition-3', 100, 1, NULL, NULL),
(16, 29, 6, 10, 'Columbia Montrail Neck', 'tyei6754', '<p>Omni WICK TM Omni FREEZE ZERO TM sudor super enfriamiento activado Omni SHADE TM UPF 50 sun proteccion Presupuesto: 89% poli&eacute;ster, 11% elastano.</p>', 17.95, 0, 21, 6, '/business/29/products/16/product-16.jpg', NULL, NULL, NULL, NULL, 1, '2018-01-30 16:47:57', '2018-01-30 16:47:57', 'columbia-montrail-neck', 100, 1, NULL, NULL),
(17, 29, 4, 4, 'Mac Book', 'REF-APPLE', NULL, 1159, 0, 21, 4, '/business/29/products/17/product-17-21.jpg', NULL, NULL, NULL, NULL, 1, '2018-02-08 19:50:18', '2018-02-08 19:50:18', NULL, 1000, 0, 'Mac Book', 'Mac Book el mejor de su clase');

-- --------------------------------------------------------

--
-- Estructura de tabla para la tabla `producttoproduct`
--

CREATE TABLE `producttoproduct` (
  `id` int(11) NOT NULL,
  `product_id` int(11) DEFAULT NULL,
  `productrelacionado_id` int(11) DEFAULT NULL,
  `fechacreacion` datetime NOT NULL,
  `orden` int(11) DEFAULT NULL
) ENGINE=InnoDB DEFAULT CHARSET=utf8 COLLATE=utf8_unicode_ci;

--
-- Volcado de datos para la tabla `producttoproduct`
--

INSERT INTO `producttoproduct` (`id`, `product_id`, `productrelacionado_id`, `fechacreacion`, `orden`) VALUES
(4, 17, 4, '2018-04-10 12:12:03', 1),
(5, 17, 1, '2018-04-10 12:12:07', 2),
(6, 17, 15, '2018-04-10 12:12:26', 4),
(7, 17, 9, '2018-04-10 12:20:10', 3),
(8, 16, 6, '2018-04-10 12:21:11', NULL),
(9, 16, 17, '2018-04-10 12:36:26', NULL),
(10, 16, 15, '2018-04-10 12:53:02', NULL),
(11, 16, 12, '2018-04-10 12:53:05', NULL),
(12, 16, 14, '2018-04-10 12:53:09', NULL),
(13, 16, 8, '2018-04-10 12:53:12', NULL),
(14, 16, 2, '2018-04-10 12:53:21', NULL);

-- --------------------------------------------------------

--
-- Estructura de tabla para la tabla `producttype`
--

CREATE TABLE `producttype` (
  `id` int(11) NOT NULL,
  `business_id` int(11) DEFAULT NULL,
  `title` varchar(255) COLLATE utf8_unicode_ci NOT NULL,
  `image1` varchar(255) COLLATE utf8_unicode_ci DEFAULT NULL,
  `status` tinyint(1) NOT NULL,
  `updatedAt` datetime DEFAULT NULL,
  `createdAt` datetime NOT NULL,
  `slug` varchar(255) COLLATE utf8_unicode_ci DEFAULT NULL,
  `deleted` tinyint(1) NOT NULL
) ENGINE=InnoDB DEFAULT CHARSET=utf8 COLLATE=utf8_unicode_ci;

--
-- Volcado de datos para la tabla `producttype`
--

INSERT INTO `producttype` (`id`, `business_id`, `title`, `image1`, `status`, `updatedAt`, `createdAt`, `slug`, `deleted`) VALUES
(4, 29, 'Escalada', NULL, 1, '2018-01-30 09:30:52', '2018-01-30 09:30:52', 'escalada', 0),
(5, 29, 'Esqui de Montaña', NULL, 1, '2018-01-30 09:31:03', '2018-01-30 09:31:03', 'esqui-de-montaa', 0),
(6, 29, 'Gafas de Sol', NULL, 1, '2018-01-30 09:31:14', '2018-01-30 09:31:14', 'gafas-de-sol', 0),
(7, 29, 'Mochilas y Maletas', NULL, 1, '2018-01-30 09:32:29', '2018-01-30 09:32:29', 'mochilas-y-maletas', 0),
(8, 29, 'Sacos de Dormir', NULL, 1, '2018-01-30 09:32:56', '2018-01-30 09:32:56', 'sacos-de-dormir', 0),
(9, 29, 'Tienda de Capaña', NULL, 1, '2018-01-30 09:33:06', '2018-01-30 09:33:06', 'tienda-de-capaa', 0),
(10, 29, 'Senderismo', NULL, 1, '2018-01-30 16:46:27', '2018-01-30 16:46:27', 'senderismo', 0);

-- --------------------------------------------------------

--
-- Estructura de tabla para la tabla `productvariant`
--

CREATE TABLE `productvariant` (
  `id` int(11) NOT NULL,
  `product_id` int(11) DEFAULT NULL,
  `variantvalue1_id` int(11) DEFAULT NULL,
  `variantvalue2_id` int(11) DEFAULT NULL,
  `variantvalue3_id` int(11) DEFAULT NULL,
  `datecreated` datetime NOT NULL,
  `deleted` tinyint(1) NOT NULL,
  `stock` int(11) NOT NULL,
  `precio` double NOT NULL
) ENGINE=InnoDB DEFAULT CHARSET=utf8 COLLATE=utf8_unicode_ci;

--
-- Volcado de datos para la tabla `productvariant`
--

INSERT INTO `productvariant` (`id`, `product_id`, `variantvalue1_id`, `variantvalue2_id`, `variantvalue3_id`, `datecreated`, `deleted`, `stock`, `precio`) VALUES
(1, 16, 1, NULL, NULL, '2018-02-08 13:12:58', 0, 0, 10.95),
(2, 16, 2, NULL, NULL, '2018-02-08 13:12:58', 0, 0, 11.95),
(3, 16, 3, NULL, NULL, '2018-02-08 13:12:58', 0, 2, 12.95),
(4, 16, 4, NULL, NULL, '2018-02-08 13:12:58', 0, 4, 13.95),
(5, 15, 5, 8, NULL, '2018-02-08 13:23:05', 0, 0, 95.89),
(6, 15, 5, 9, NULL, '2018-02-08 13:23:05', 0, 1, 95.89),
(7, 15, 5, 10, NULL, '2018-02-08 13:23:05', 0, 1, 95.89),
(8, 15, 6, 8, NULL, '2018-02-08 13:23:05', 0, 1, 95.89),
(9, 15, 6, 9, NULL, '2018-02-08 13:23:05', 0, 1, 95.89),
(10, 15, 6, 10, NULL, '2018-02-08 13:23:05', 0, 0, 95.89),
(11, 15, 7, 8, NULL, '2018-02-08 13:23:05', 0, 1, 95.89),
(12, 15, 7, 9, NULL, '2018-02-08 13:23:05', 0, 1, 95.89),
(13, 15, 7, 10, NULL, '2018-02-08 13:23:05', 0, 1, 95.89),
(14, 14, 11, 14, NULL, '2018-02-08 13:27:09', 1, 1, 150),
(15, 14, 11, 15, NULL, '2018-02-08 13:27:09', 1, 20, 180),
(16, 14, 12, 14, NULL, '2018-02-08 13:27:09', 1, 30, 180),
(17, 14, 12, 15, NULL, '2018-02-08 13:27:09', 1, 0, 180),
(18, 14, 13, 14, NULL, '2018-02-08 13:27:09', 1, 0, 180),
(19, 14, 13, 15, NULL, '2018-02-08 13:27:09', 1, 0, 180),
(20, 14, 11, NULL, NULL, '2018-02-08 13:37:11', 1, 2, 180),
(21, 14, 12, NULL, NULL, '2018-02-08 13:37:11', 1, 2, 180),
(22, 14, 13, NULL, NULL, '2018-02-08 13:37:11', 1, 2, 180),
(23, 14, 11, 16, NULL, '2018-02-08 13:44:07', 0, 1, 180),
(24, 14, 12, 16, NULL, '2018-02-08 13:44:07', 0, 2, 180),
(25, 14, 13, 16, NULL, '2018-02-08 13:44:07', 0, 3, 180),
(26, 13, 17, 19, 23, '2018-02-08 13:47:56', 0, 1, 900.73),
(27, 13, 17, 20, 23, '2018-02-08 13:47:56', 0, 1, 900.73),
(28, 13, 17, 21, 23, '2018-02-08 13:47:56', 0, 1, 900.73),
(29, 13, 17, 22, 23, '2018-02-08 13:47:56', 0, 0, 900.73),
(30, 13, 18, 19, 23, '2018-02-08 13:47:56', 0, 3, 900.73),
(31, 13, 18, 20, 23, '2018-02-08 13:47:56', 0, 1, 900.73),
(32, 13, 18, 21, 23, '2018-02-08 13:47:56', 0, 2, 900.73),
(33, 13, 18, 22, 23, '2018-02-08 13:47:56', 0, 1, 900.73),
(34, 13, 17, 19, 24, '2018-02-08 13:48:44', 0, 1, 900.73),
(35, 13, 17, 20, 24, '2018-02-08 13:48:44', 0, 0, 900.73),
(36, 13, 17, 21, 24, '2018-02-08 13:48:44', 0, 0, 900.73),
(37, 13, 17, 22, 24, '2018-02-08 13:48:44', 0, 0, 900.73),
(38, 13, 18, 19, 24, '2018-02-08 13:48:44', 0, 0, 900.73),
(39, 13, 18, 20, 24, '2018-02-08 13:48:44', 0, 0, 900.73),
(40, 13, 18, 21, 24, '2018-02-08 13:48:44', 0, 0, 900.73),
(41, 13, 18, 22, 24, '2018-02-08 13:48:44', 0, 0, 900.73);

-- --------------------------------------------------------

--
-- Estructura de tabla para la tabla `project`
--

CREATE TABLE `project` (
  `id` int(11) NOT NULL,
  `business_id` int(11) DEFAULT NULL,
  `name` varchar(255) COLLATE utf8_unicode_ci NOT NULL,
  `slug` varchar(255) COLLATE utf8_unicode_ci NOT NULL,
  `projectdescription` longtext COLLATE utf8_unicode_ci NOT NULL,
  `deleted` tinyint(1) NOT NULL,
  `showinmenu` tinyint(1) NOT NULL,
  `pathicon` varchar(255) COLLATE utf8_unicode_ci DEFAULT NULL,
  `page_id` int(11) DEFAULT NULL,
  `showinhome` tinyint(1) NOT NULL,
  `paginainterior` tinyint(1) NOT NULL
) ENGINE=InnoDB DEFAULT CHARSET=utf8 COLLATE=utf8_unicode_ci;

--
-- Volcado de datos para la tabla `project`
--

INSERT INTO `project` (`id`, `business_id`, `name`, `slug`, `projectdescription`, `deleted`, `showinmenu`, `pathicon`, `page_id`, `showinhome`, `paginainterior`) VALUES
(3, 29, 'Proyecto 1', 'proyecto-1', 'Proyecto realizado.', 0, 1, '/business/29/projec-icon-3.jpg', NULL, 1, 1),
(4, 29, 'Proyecto 2', 'proyecto-2', 'Proyecto realizado.', 0, 1, '/business/29/projec-icon-4.jpg', NULL, 1, 1),
(5, 29, 'Proyecto 3', 'proyecto-3', 'Proyecto realizado.', 0, 1, '/business/29/projec-icon-5.jpg', NULL, 1, 1),
(6, 29, 'Proyecto 4', 'proyecto-4', 'Proyecto realizado.', 0, 1, '/business/29/projec-icon-6.jpg', NULL, 1, 1);

-- --------------------------------------------------------

--
-- Estructura de tabla para la tabla `service`
--

CREATE TABLE `service` (
  `id` int(11) NOT NULL,
  `business_id` int(11) DEFAULT NULL,
  `name` varchar(255) COLLATE utf8_unicode_ci NOT NULL,
  `slug` varchar(255) COLLATE utf8_unicode_ci DEFAULT NULL,
  `descriptionservice` longtext COLLATE utf8_unicode_ci,
  `pathicon` varchar(255) COLLATE utf8_unicode_ci DEFAULT NULL,
  `deleted` tinyint(1) NOT NULL,
  `showinmenu` tinyint(1) NOT NULL,
  `datecreated` datetime NOT NULL,
  `descripcionmin` longtext COLLATE utf8_unicode_ci,
  `imagendestacada` varchar(255) COLLATE utf8_unicode_ci DEFAULT NULL,
  `showinhome` tinyint(1) NOT NULL,
  `page_id` int(11) DEFAULT NULL
) ENGINE=InnoDB DEFAULT CHARSET=utf8 COLLATE=utf8_unicode_ci;

--
-- Volcado de datos para la tabla `service`
--

INSERT INTO `service` (`id`, `business_id`, `name`, `slug`, `descriptionservice`, `pathicon`, `deleted`, `showinmenu`, `datecreated`, `descripcionmin`, `imagendestacada`, `showinhome`, `page_id`) VALUES
(20, 29, 'Servicio 1', 'servicio-1', 'En este espacio puedes describir uno de tus servicios de forma extensa.', '', 0, 1, '2018-01-30 07:39:33', 'En este espacio puedes describir uno de tus servicios de forma breve.', NULL, 1, 100),
(21, 29, 'Servicio 2', 'servicio-2', 'En este espacio puedes describir uno de tus servicios de forma extensa.', '', 0, 1, '2018-01-30 07:39:33', 'En este espacio puedes describir uno de tus servicios de forma breve.', NULL, 1, NULL),
(22, 29, 'Servicio 3', 'servicio-3', 'En este espacio puedes describir uno de tus servicios de forma extensa.', '', 0, 1, '2018-01-30 07:39:33', 'En este espacio puedes describir uno de tus servicios de forma breve.', NULL, 1, NULL);

-- --------------------------------------------------------

--
-- Estructura de tabla para la tabla `socialnetwork`
--

CREATE TABLE `socialnetwork` (
  `id` int(11) NOT NULL,
  `business_id` int(11) DEFAULT NULL,
  `twitter` varchar(255) COLLATE utf8_unicode_ci DEFAULT NULL,
  `facebook` varchar(255) COLLATE utf8_unicode_ci DEFAULT NULL,
  `instagram` varchar(255) COLLATE utf8_unicode_ci DEFAULT NULL,
  `youtube` varchar(255) COLLATE utf8_unicode_ci DEFAULT NULL,
  `whatsapp` varchar(255) COLLATE utf8_unicode_ci DEFAULT NULL,
  `linkedin` varchar(255) COLLATE utf8_unicode_ci DEFAULT NULL,
  `google` varchar(255) COLLATE utf8_unicode_ci DEFAULT NULL,
  `flickr` varchar(255) COLLATE utf8_unicode_ci DEFAULT NULL,
  `datecreated` datetime NOT NULL
) ENGINE=InnoDB DEFAULT CHARSET=utf8 COLLATE=utf8_unicode_ci;

--
-- Volcado de datos para la tabla `socialnetwork`
--

INSERT INTO `socialnetwork` (`id`, `business_id`, `twitter`, `facebook`, `instagram`, `youtube`, `whatsapp`, `linkedin`, `google`, `flickr`, `datecreated`) VALUES
(1, 1, 'https://twitter.com/app_and_web', 'https://www.facebook.com/appandwebGranada', 'https://www.instagram.com/?hl=es', 'https://www.youtube.com/?hl=es&gl=ES', '123456789', 'https://www.linkedin.com/', 'https://plus.google.com/+AppWebGranada', 'https://www.flickr.com/', '2017-05-03 00:00:00'),
(3, 2, 'https://twitter.com/App_and_Web', '', '', '', '649 99 47 36', '', '', '', '2017-05-06 18:30:03'),
(4, 3, '', 'hjhjhjkhjhjk', '', '', '', '', '', '', '2017-05-06 19:03:48'),
(5, 4, NULL, NULL, NULL, NULL, NULL, NULL, NULL, NULL, '2017-05-08 12:41:15'),
(6, 5, NULL, NULL, NULL, NULL, NULL, NULL, NULL, NULL, '2017-05-08 12:43:09'),
(7, 9, '', 'https://www.facebook.com/', '', '', '', '', '', '', '2017-05-08 12:53:04'),
(8, 10, NULL, NULL, NULL, NULL, NULL, NULL, NULL, NULL, '2017-05-08 12:57:50'),
(9, 11, NULL, NULL, NULL, NULL, NULL, NULL, NULL, NULL, '2017-05-08 12:59:55'),
(10, 12, 'asdad', 'sadasd', 'asdasd', 'asdasd', 'asdasdas', 'asdasd', 'asdasd', 'asdasd', '2017-05-08 13:01:56'),
(11, 14, 'https://twitter.com/examsline', 'https://www.facebook.com/Examsline-1879022372423635/?ref=bookmarks', '', '', '', '', '', '', '2017-05-08 13:06:44'),
(12, 13, 'lhgkgf', 'iutfif', 'ufgytd', '', '', '', '', '', '2017-05-08 13:06:51'),
(13, 16, 'twitter', 'face', 'isnta', 'YT', '5873456', 'In', 'G+', 'Flickr', '2017-05-08 13:12:49'),
(14, 17, NULL, NULL, NULL, NULL, NULL, NULL, NULL, NULL, '2017-05-08 13:13:37'),
(15, 15, 'https://www.twitter.com/mellamanbe', 'https://www.facebook.com/mellamanbe', '', '', '000000000', '', '', '', '2017-05-08 13:19:40'),
(16, 18, NULL, NULL, NULL, NULL, NULL, NULL, NULL, NULL, '2017-05-08 13:43:31'),
(17, 7, NULL, NULL, NULL, NULL, NULL, NULL, NULL, NULL, '2017-05-08 16:51:06'),
(18, 6, 'twitter', '', '', '', '', '', '', '', '2017-05-10 16:18:01'),
(19, 19, NULL, NULL, NULL, NULL, NULL, NULL, NULL, NULL, '2017-05-10 17:28:19'),
(20, 20, NULL, NULL, NULL, NULL, NULL, NULL, NULL, NULL, '2017-05-10 17:30:21'),
(21, 21, NULL, NULL, NULL, NULL, NULL, NULL, NULL, NULL, '2017-05-10 17:34:16'),
(22, 22, NULL, NULL, NULL, NULL, NULL, NULL, NULL, NULL, '2017-05-10 17:36:19'),
(23, 23, NULL, NULL, NULL, NULL, NULL, NULL, NULL, NULL, '2017-05-10 17:38:14'),
(24, 24, NULL, NULL, NULL, NULL, NULL, NULL, NULL, NULL, '2017-05-10 17:41:05'),
(25, 25, NULL, NULL, NULL, NULL, NULL, NULL, NULL, NULL, '2017-05-10 17:42:57'),
(26, 26, NULL, NULL, NULL, NULL, NULL, NULL, NULL, NULL, '2017-05-10 17:45:00'),
(27, 8, NULL, NULL, NULL, NULL, NULL, NULL, NULL, NULL, '2017-05-12 06:50:56'),
(28, 28, 'TWITTER', 'FACE', '', '', '', '', 'LIKE', '', '2017-05-12 16:36:40'),
(29, 27, NULL, NULL, NULL, NULL, NULL, NULL, NULL, NULL, '2017-05-14 12:52:51'),
(30, 29, 'https://twitter.com/', 'https://www.facebook.com/', 'https://www.instagram.com', '', '', '', '', '', '2018-01-30 07:39:34'),
(31, 31, NULL, NULL, NULL, NULL, NULL, NULL, NULL, NULL, '2018-02-02 13:41:28'),
(32, 30, NULL, NULL, NULL, NULL, NULL, NULL, NULL, NULL, '2018-02-02 13:45:13');

-- --------------------------------------------------------

--
-- Estructura de tabla para la tabla `subcategory`
--

CREATE TABLE `subcategory` (
  `id` int(11) NOT NULL,
  `category_id` int(11) DEFAULT NULL,
  `name` varchar(255) COLLATE utf8_unicode_ci NOT NULL,
  `sort` int(11) NOT NULL,
  `datecreated` datetime NOT NULL,
  `deleted` tinyint(1) NOT NULL,
  `slug` varchar(255) COLLATE utf8_unicode_ci NOT NULL
) ENGINE=InnoDB DEFAULT CHARSET=utf8 COLLATE=utf8_unicode_ci;

--
-- Volcado de datos para la tabla `subcategory`
--

INSERT INTO `subcategory` (`id`, `category_id`, `name`, `sort`, `datecreated`, `deleted`, `slug`) VALUES
(1, 1, 'Arquitectura', 1, '2017-05-07 08:47:06', 0, 'arquitectura'),
(2, 1, 'Carpintería', 100, '2017-05-07 08:48:48', 0, 'carpinteria'),
(3, 1, 'Construcción', 100, '2017-05-07 08:49:07', 0, 'construccion'),
(4, 1, 'Diseño de interiores', 100, '2017-05-07 08:49:27', 0, 'diseno_de_interiores'),
(5, 1, 'Inmobiliaria', 100, '2017-05-07 08:49:46', 0, 'inmobiliaria'),
(6, 1, 'Mantenimiento', 100, '2017-05-07 08:50:01', 0, 'mantenimiento'),
(7, 2, 'Actividades deportivas', 100, '2017-05-07 09:19:26', 0, 'actividades_deportivas'),
(8, 2, 'Deporte', 100, '2017-05-07 09:19:38', 0, 'deporte'),
(9, 2, 'Gimnasio', 100, '2017-05-07 09:19:54', 0, 'gimnasio'),
(10, 3, 'Bodas', 100, '2017-05-07 09:20:19', 0, 'bodas'),
(11, 3, 'Fiestas y Celebraciones', 100, '2017-05-07 09:20:42', 0, 'fiestas_celebraciones'),
(12, 4, 'Agencia de viajes', 100, '2017-05-07 09:21:08', 0, 'agencia-de-viajes'),
(13, 4, 'Café', 100, '2017-05-07 09:21:20', 0, 'cafe'),
(14, 4, 'Club', 100, '2017-05-07 09:21:28', 0, 'club'),
(15, 4, 'Hotel', 100, '2017-05-07 09:21:37', 0, 'hotel'),
(16, 4, 'Restaurante', 100, '2017-05-07 09:21:45', 0, 'restaurante'),
(17, 5, 'Artes y Oficios', 100, '2017-05-07 09:22:06', 0, 'artes_y_oficios'),
(18, 5, 'Comida rápida', 100, '2017-05-07 09:22:24', 0, 'comida_rapida'),
(19, 5, 'Tiendas de ropa', 100, '2017-05-07 09:22:41', 0, 'tiendas_de_ropa'),
(20, 5, 'Vendedor de coches', 100, '2017-05-07 09:22:59', 0, 'vendedor_de_coches'),
(21, 6, 'Agencia web', 100, '2017-05-07 09:23:22', 0, 'agencia-web'),
(22, 6, 'Banda de música', 100, '2017-05-07 09:23:42', 0, 'banda_de_musica'),
(23, 6, 'Estudio de diseño', 100, '2017-05-07 09:24:03', 0, 'estudio_de_diseno'),
(24, 6, 'Foto y Video', 100, '2017-05-07 09:24:24', 0, 'foto_y_video'),
(25, 6, 'Galería de arte', 100, '2017-05-07 09:24:47', 0, 'galeria_de_arte'),
(26, 6, 'Moda', 100, '2017-05-07 09:25:01', 0, 'moda'),
(27, 7, 'Centro de belleza', 100, '2017-05-07 09:25:23', 0, 'centro_de_belleza'),
(28, 7, 'Clínica', 100, '2017-05-07 09:26:02', 0, 'clinica'),
(29, 7, 'Clínica veterinaria', 100, '2017-05-07 09:26:18', 0, 'clinica_veterinaria'),
(30, 7, 'Farmacia', 100, '2017-05-07 09:26:41', 0, 'Farmacia'),
(31, 7, 'Fisioterapia', 100, '2017-05-07 09:27:05', 0, 'fisioterapia'),
(32, 7, 'Spa', 100, '2017-05-07 09:27:14', 0, 'spa'),
(33, 8, 'Consultoría', 100, '2017-05-07 09:27:38', 0, 'consultoria'),
(34, 8, 'Guardería', 100, '2017-05-07 09:27:50', 0, 'guarderia'),
(35, 8, 'Imprenta', 100, '2017-05-07 09:28:07', 0, 'imprenta'),
(36, 8, 'Informática', 100, '2017-05-07 09:28:25', 0, 'informatica'),
(37, 8, 'Ingeniería RD', 100, '2017-05-07 09:28:48', 0, 'ingenieria_r_d'),
(38, 8, 'Ong', 100, '2017-05-07 09:29:04', 0, 'ong'),
(39, 3, 'Cumpleaños', 100, '2017-05-07 09:30:32', 0, 'cumpleanos'),
(40, 5, 'Pequeños negocios', 100, '2017-05-07 09:31:46', 0, 'pequenos_negocios'),
(41, 8, 'Seguridad', 100, '2017-05-07 09:32:19', 0, 'seguridad'),
(42, 5, 'Transporte', 100, '2017-05-07 09:32:48', 0, 'transporte');

-- --------------------------------------------------------

--
-- Estructura de tabla para la tabla `subcategoryimage`
--

CREATE TABLE `subcategoryimage` (
  `id` int(11) NOT NULL,
  `subcategory_id` int(11) DEFAULT NULL,
  `path` varchar(255) COLLATE utf8_unicode_ci DEFAULT NULL,
  `datecreated` datetime NOT NULL,
  `width` double DEFAULT NULL,
  `height` double DEFAULT NULL,
  `deleted` tinyint(1) NOT NULL,
  `isgalery` tinyint(1) NOT NULL,
  `isbackground` tinyint(1) NOT NULL
) ENGINE=InnoDB DEFAULT CHARSET=utf8 COLLATE=utf8_unicode_ci;

--
-- Volcado de datos para la tabla `subcategoryimage`
--

INSERT INTO `subcategoryimage` (`id`, `subcategory_id`, `path`, `datecreated`, `width`, `height`, `deleted`, `isgalery`, `isbackground`) VALUES
(32, 1, 'image-32-88.jpg', '2017-05-07 10:51:06', 700, 550, 0, 0, 0),
(33, 1, 'image-33-68.jpg', '2017-05-07 10:51:06', 700, 550, 0, 0, 0),
(34, 1, 'image-34-100.jpg', '2017-05-07 10:51:07', 700, 550, 0, 0, 0),
(35, 1, 'image-35-71.jpg', '2017-05-07 10:51:07', 700, 550, 0, 0, 0),
(36, 1, 'image-36-94.jpg', '2017-05-07 10:51:07', 1600, 600, 0, 0, 1),
(37, 1, 'image-37-48.jpg', '2017-05-07 10:51:07', 1600, 750, 0, 1, 0),
(38, 1, 'image-38-86.jpg', '2017-05-07 10:51:07', 1600, 750, 0, 1, 0),
(39, 1, 'image-39-6.jpg', '2017-05-07 10:51:07', 1600, 750, 0, 1, 0),
(40, 1, 'image-40-98.jpg', '2017-05-07 10:51:07', 1600, 600, 0, 0, 1),
(41, 2, 'image-41-97.jpg', '2017-05-07 11:11:35', 700, 467, 0, 1, 0),
(42, 2, 'image-42-5.jpg', '2017-05-07 11:11:35', 700, 550, 0, 0, 0),
(43, 2, 'image-43-26.jpg', '2017-05-07 11:11:35', 700, 467, 0, 1, 0),
(44, 2, 'image-44-23.jpg', '2017-05-07 11:11:35', 700, 455, 0, 1, 0),
(45, 2, 'image-45-18.jpg', '2017-05-07 11:11:35', 1600, 600, 0, 0, 1),
(46, 2, 'image-46-52.jpg', '2017-05-07 11:11:35', 1600, 600, 0, 0, 1),
(47, 2, 'image-47-83.jpg', '2017-05-07 11:11:35', 1600, 750, 0, 1, 0),
(48, 2, 'image-48-80.jpg', '2017-05-07 11:11:35', 1600, 750, 0, 1, 0),
(49, 2, 'image-49-13.jpg', '2017-05-07 11:11:35', 1600, 600, 0, 0, 1),
(50, 3, 'image-50-42.jpg', '2017-05-07 11:12:10', 700, 550, 0, 0, 0),
(51, 3, 'image-51-41.jpg', '2017-05-07 11:12:10', 700, 550, 0, 0, 0),
(52, 3, 'image-52-35.jpg', '2017-05-07 11:12:10', 700, 550, 0, 0, 0),
(53, 3, 'image-53-49.jpg', '2017-05-07 11:12:10', 700, 550, 0, 0, 0),
(54, 3, 'image-54-86.jpg', '2017-05-07 11:12:10', 1600, 750, 0, 0, 1),
(55, 3, 'image-55-5.jpg', '2017-05-07 11:12:10', 1600, 750, 0, 1, 0),
(56, 3, 'image-56-40.jpg', '2017-05-07 11:12:10', 1600, 750, 0, 1, 0),
(57, 3, 'image-57-16.jpg', '2017-05-07 11:12:10', 1600, 750, 0, 1, 0),
(58, 3, 'image-58-6.jpg', '2017-05-07 11:12:10', 1600, 750, 0, 0, 1),
(59, 4, 'image-59-43.jpg', '2017-05-07 11:12:39', 700, 550, 0, 0, 0),
(60, 4, 'image-60-20.jpg', '2017-05-07 11:12:39', 700, 550, 0, 0, 0),
(61, 4, 'image-61-79.jpg', '2017-05-07 11:12:39', 700, 550, 0, 0, 0),
(62, 4, 'image-62-50.jpg', '2017-05-07 11:12:39', 700, 550, 0, 0, 0),
(63, 4, 'image-63-71.jpg', '2017-05-07 11:12:39', 1600, 600, 0, 0, 1),
(64, 4, 'image-64-78.jpg', '2017-05-07 11:12:39', 1600, 750, 0, 1, 0),
(65, 4, 'image-65-76.jpg', '2017-05-07 11:12:39', 1600, 750, 0, 1, 0),
(66, 4, 'image-66-79.jpg', '2017-05-07 11:12:40', 1600, 750, 0, 1, 0),
(67, 4, 'image-67-43.jpg', '2017-05-07 11:12:40', 1600, 600, 0, 0, 1),
(68, 5, 'image-68-84.jpg', '2017-05-07 11:13:03', 700, 550, 0, 0, 0),
(69, 5, 'image-69-3.jpg', '2017-05-07 11:13:03', 700, 550, 0, 0, 0),
(70, 5, 'image-70-97.jpg', '2017-05-07 11:13:03', 700, 550, 0, 0, 0),
(71, 5, 'image-71-23.jpg', '2017-05-07 11:13:03', 700, 550, 0, 0, 0),
(72, 5, 'image-72-45.jpg', '2017-05-07 11:13:03', 1600, 600, 0, 0, 1),
(73, 5, 'image-73-22.jpg', '2017-05-07 11:13:03', 1600, 750, 0, 1, 0),
(74, 5, 'image-74-11.jpg', '2017-05-07 11:13:03', 1600, 750, 0, 1, 0),
(75, 5, 'image-75-30.jpg', '2017-05-07 11:13:03', 1600, 750, 0, 1, 0),
(76, 5, 'image-76-61.jpg', '2017-05-07 11:13:03', 1600, 600, 0, 0, 1),
(77, 7, 'image-77-43.jpg', '2017-05-07 11:13:40', 700, 550, 0, 0, 0),
(78, 7, 'image-78-62.jpg', '2017-05-07 11:13:40', 700, 550, 0, 0, 0),
(79, 7, 'image-79-92.jpg', '2017-05-07 11:13:40', 700, 550, 0, 0, 0),
(80, 7, 'image-80-84.jpg', '2017-05-07 11:13:40', 700, 550, 0, 0, 0),
(81, 7, 'image-81-3.jpg', '2017-05-07 11:13:40', 1600, 600, 0, 0, 1),
(82, 7, 'image-82-20.jpg', '2017-05-07 11:13:40', 1600, 750, 0, 1, 0),
(83, 7, 'image-83-60.jpg', '2017-05-07 11:13:40', 1600, 750, 0, 1, 0),
(84, 7, 'image-84-30.jpg', '2017-05-07 11:13:40', 1600, 750, 0, 1, 0),
(85, 7, 'image-85-6.jpg', '2017-05-07 11:13:40', 1600, 600, 0, 0, 1),
(86, 8, 'image-86-81.jpg', '2017-05-07 11:13:59', 700, 550, 0, 0, 0),
(87, 8, 'image-87-44.jpg', '2017-05-07 11:13:59', 700, 550, 0, 0, 0),
(88, 8, 'image-88-80.jpg', '2017-05-07 11:13:59', 700, 450, 0, 0, 0),
(89, 8, 'image-89-89.jpg', '2017-05-07 11:13:59', 700, 550, 0, 0, 0),
(90, 8, 'image-90-82.jpg', '2017-05-07 11:13:59', 1600, 600, 0, 0, 1),
(91, 8, 'image-91-60.jpg', '2017-05-07 11:13:59', 1600, 750, 0, 1, 0),
(92, 8, 'image-92-75.jpg', '2017-05-07 11:13:59', 1600, 750, 0, 1, 0),
(93, 8, 'image-93-35.jpg', '2017-05-07 11:13:59', 1600, 750, 0, 1, 0),
(94, 8, 'image-94-58.jpg', '2017-05-07 11:13:59', 1600, 600, 0, 0, 1),
(95, 9, 'image-95-5.jpg', '2017-05-07 11:14:19', 700, 550, 0, 0, 0),
(96, 9, 'image-96-87.jpg', '2017-05-07 11:14:19', 700, 550, 0, 0, 0),
(97, 9, 'image-97-13.jpg', '2017-05-07 11:14:19', 700, 550, 0, 0, 0),
(98, 9, 'image-98-23.jpg', '2017-05-07 11:14:19', 700, 550, 0, 0, 0),
(99, 9, 'image-99-66.jpg', '2017-05-07 11:14:19', 1600, 600, 0, 0, 1),
(100, 9, 'image-100-24.jpg', '2017-05-07 11:14:19', 1600, 750, 0, 1, 0),
(101, 9, 'image-101-60.jpg', '2017-05-07 11:14:19', 1600, 750, 0, 1, 0),
(102, 9, 'image-102-80.jpg', '2017-05-07 11:14:19', 1600, 750, 0, 1, 0),
(103, 9, 'image-103-76.jpg', '2017-05-07 11:14:19', 1600, 600, 0, 0, 1),
(104, 12, 'image-104-15.jpg', '2017-05-07 11:15:34', 700, 550, 0, 0, 0),
(105, 12, 'image-105-75.jpeg', '2017-05-07 11:15:34', 700, 550, 0, 0, 0),
(106, 12, 'image-106-45.jpg', '2017-05-07 11:15:34', 700, 550, 0, 0, 0),
(107, 12, 'image-107-86.jpg', '2017-05-07 11:15:34', 700, 550, 0, 0, 0),
(108, 12, 'image-108-54.jpg', '2017-05-07 11:15:34', 1600, 600, 0, 0, 1),
(109, 12, 'image-109-85.jpg', '2017-05-07 11:15:34', 1600, 750, 0, 1, 0),
(110, 12, 'image-110-81.jpg', '2017-05-07 11:15:34', 1600, 750, 0, 1, 0),
(111, 12, 'image-111-28.jpg', '2017-05-07 11:15:34', 1600, 750, 0, 1, 0),
(112, 12, 'image-112-4.jpg', '2017-05-07 11:15:34', 1600, 600, 0, 0, 1),
(113, 13, 'image-113-98.jpg', '2017-05-07 11:15:53', 700, 550, 0, 0, 0),
(114, 13, 'image-114-39.jpg', '2017-05-07 11:15:53', 700, 550, 0, 0, 0),
(115, 13, 'image-115-61.jpg', '2017-05-07 11:15:53', 700, 550, 0, 0, 0),
(116, 13, 'image-116-77.jpeg', '2017-05-07 11:15:53', 700, 550, 0, 0, 0),
(117, 13, 'image-117-54.jpg', '2017-05-07 11:15:53', 1600, 600, 0, 0, 1),
(118, 13, 'image-118-31.jpg', '2017-05-07 11:15:53', 1600, 750, 0, 1, 0),
(119, 13, 'image-119-15.jpg', '2017-05-07 11:15:53', 1600, 750, 0, 1, 0),
(120, 13, 'image-120-40.jpg', '2017-05-07 11:15:53', 1600, 750, 0, 1, 0),
(121, 13, 'image-121-98.jpg', '2017-05-07 11:15:53', 1600, 600, 0, 0, 1),
(122, 14, 'image-122-4.jpeg', '2017-05-07 11:16:13', 700, 550, 0, 0, 0),
(123, 14, 'image-123-67.jpg', '2017-05-07 11:16:13', 700, 550, 0, 0, 0),
(124, 14, 'image-124-7.jpeg', '2017-05-07 11:16:13', 700, 550, 0, 0, 0),
(125, 14, 'image-125-96.jpeg', '2017-05-07 11:16:13', 700, 550, 0, 0, 0),
(126, 14, 'image-126-51.jpg', '2017-05-07 11:16:13', 1600, 600, 0, 0, 1),
(127, 14, 'image-127-46.jpg', '2017-05-07 11:16:13', 1600, 750, 0, 1, 0),
(128, 14, 'image-128-66.jpg', '2017-05-07 11:16:13', 1600, 750, 0, 1, 0),
(129, 14, 'image-129-84.jpg', '2017-05-07 11:16:13', 1600, 750, 0, 1, 0),
(130, 14, 'image-130-14.jpg', '2017-05-07 11:16:13', 1600, 600, 0, 0, 1),
(131, 15, 'image-131-89.jpg', '2017-05-07 11:16:32', 700, 550, 0, 0, 0),
(132, 15, 'image-132-3.jpeg', '2017-05-07 11:16:32', 700, 551, 0, 0, 0),
(133, 15, 'image-133-7.jpeg', '2017-05-07 11:16:32', 700, 550, 0, 0, 0),
(134, 15, 'image-134-63.jpg', '2017-05-07 11:16:32', 700, 550, 0, 0, 0),
(135, 15, 'image-135-60.jpg', '2017-05-07 11:16:32', 1600, 600, 0, 0, 1),
(136, 15, 'image-136-41.jpg', '2017-05-07 11:16:32', 1600, 750, 0, 1, 0),
(137, 15, 'image-137-4.jpg', '2017-05-07 11:16:32', 1600, 750, 0, 1, 0),
(138, 15, 'image-138-13.jpg', '2017-05-07 11:16:32', 1600, 750, 0, 1, 0),
(139, 15, 'image-139-90.jpg', '2017-05-07 11:16:32', 1600, 600, 0, 0, 1),
(140, 16, 'image-140-59.jpeg', '2017-05-07 11:16:53', 700, 550, 0, 0, 0),
(141, 16, 'image-141-33.jpg', '2017-05-07 11:16:53', 700, 550, 0, 0, 0),
(142, 16, 'image-142-1.jpg', '2017-05-07 11:16:53', 700, 550, 0, 0, 0),
(143, 16, 'image-143-53.jpeg', '2017-05-07 11:16:53', 700, 550, 0, 0, 0),
(144, 16, 'image-144-21.jpg', '2017-05-07 11:16:53', 1600, 600, 0, 0, 1),
(145, 16, 'image-145-82.jpg', '2017-05-07 11:16:53', 1600, 750, 0, 1, 0),
(146, 16, 'image-146-95.jpg', '2017-05-07 11:16:53', 1600, 750, 0, 1, 0),
(147, 16, 'image-147-11.jpg', '2017-05-07 11:16:53', 1600, 750, 0, 1, 0),
(148, 16, 'image-148-24.jpg', '2017-05-07 11:16:53', 1600, 600, 0, 0, 1),
(149, 17, 'image-149-48.jpg', '2017-05-07 11:17:17', 700, 550, 0, 0, 0),
(150, 17, 'image-150-97.jpg', '2017-05-07 11:17:17', 700, 550, 0, 0, 0),
(151, 17, 'image-151-9.jpeg', '2017-05-07 11:17:17', 700, 550, 0, 0, 0),
(152, 17, 'image-152-82.jpg', '2017-05-07 11:17:17', 700, 550, 0, 0, 0),
(153, 17, 'image-153-7.jpg', '2017-05-07 11:17:17', 1600, 600, 0, 0, 1),
(154, 17, 'image-154-81.jpg', '2017-05-07 11:17:17', 1600, 750, 0, 1, 0),
(155, 17, 'image-155-77.jpg', '2017-05-07 11:17:17', 1600, 750, 0, 1, 0),
(156, 17, 'image-156-31.jpg', '2017-05-07 11:17:17', 1600, 750, 0, 1, 0),
(157, 17, 'image-157-9.jpg', '2017-05-07 11:17:17', 1600, 600, 0, 0, 1),
(158, 18, 'image-158-99.jpg', '2017-05-07 11:17:36', 700, 550, 0, 0, 0),
(159, 18, 'image-159-85.jpg', '2017-05-07 11:17:36', 700, 550, 0, 0, 0),
(160, 18, 'image-160-9.jpg', '2017-05-07 11:17:36', 700, 550, 0, 0, 0),
(161, 18, 'image-161-72.jpg', '2017-05-07 11:17:36', 700, 550, 0, 0, 0),
(162, 18, 'image-162-65.jpg', '2017-05-07 11:17:36', 1600, 600, 0, 0, 1),
(163, 18, 'image-163-11.jpg', '2017-05-07 11:17:36', 1600, 750, 0, 1, 0),
(164, 18, 'image-164-37.jpg', '2017-05-07 11:17:36', 1600, 750, 0, 1, 0),
(165, 18, 'image-165-62.jpg', '2017-05-07 11:17:36', 1600, 750, 0, 1, 0),
(166, 18, 'image-166-79.jpg', '2017-05-07 11:17:36', 1600, 600, 0, 0, 1),
(167, 19, 'image-167-57.jpeg', '2017-05-07 11:17:55', 700, 550, 0, 0, 0),
(168, 19, 'image-168-62.jpeg', '2017-05-07 11:17:55', 700, 550, 0, 0, 0),
(169, 19, 'image-169-22.jpeg', '2017-05-07 11:17:55', 700, 550, 0, 0, 0),
(170, 19, 'image-170-1.jpeg', '2017-05-07 11:17:55', 700, 550, 0, 0, 0),
(171, 19, 'image-171-59.jpg', '2017-05-07 11:17:55', 1600, 600, 0, 0, 1),
(172, 19, 'image-172-61.jpg', '2017-05-07 11:17:55', 1600, 750, 0, 1, 0),
(173, 19, 'image-173-62.jpg', '2017-05-07 11:17:55', 1600, 750, 0, 1, 0),
(174, 19, 'image-174-35.jpg', '2017-05-07 11:17:55', 1600, 750, 0, 1, 0),
(175, 19, 'image-175-14.jpg', '2017-05-07 11:17:55', 1600, 600, 0, 0, 1),
(176, 20, 'image-176-28.jpeg', '2017-05-07 11:18:52', 700, 550, 0, 0, 0),
(177, 20, 'image-177-7.jpeg', '2017-05-07 11:18:52', 700, 550, 0, 0, 0),
(178, 20, 'image-178-74.jpeg', '2017-05-07 11:18:52', 700, 550, 0, 0, 0),
(179, 20, 'image-179-70.jpeg', '2017-05-07 11:18:52', 700, 550, 0, 0, 0),
(180, 20, 'image-180-92.jpg', '2017-05-07 11:18:52', 1600, 600, 0, 0, 1),
(181, 20, 'image-181-45.jpg', '2017-05-07 11:18:52', 1600, 750, 0, 1, 0),
(182, 20, 'image-182-19.jpg', '2017-05-07 11:18:52', 1600, 750, 0, 1, 0),
(183, 20, 'image-183-32.jpg', '2017-05-07 11:18:52', 1600, 750, 0, 1, 0),
(184, 20, 'image-184-61.jpg', '2017-05-07 11:18:52', 1600, 600, 0, 0, 1),
(185, 21, 'image-185-30.jpg', '2017-05-07 11:19:33', 1600, 600, 0, 0, 1),
(186, 21, 'image-186-22.jpg', '2017-05-07 11:19:33', 1600, 750, 0, 1, 0),
(187, 21, 'image-187-65.jpg', '2017-05-07 11:19:33', 1600, 750, 0, 1, 0),
(188, 21, 'image-188-22.jpg', '2017-05-07 11:19:33', 1600, 750, 0, 1, 0),
(189, 21, 'image-189-73.jpg', '2017-05-07 11:19:33', 1920, 720, 0, 0, 1),
(190, 21, 'image-190-27.jpeg', '2017-05-07 11:19:33', 700, 550, 0, 0, 0),
(191, 21, 'image-191-39.jpeg', '2017-05-07 11:19:33', 700, 550, 0, 0, 0),
(192, 21, 'image-192-52.jpeg', '2017-05-07 11:19:33', 700, 550, 0, 0, 0),
(193, 21, 'image-193-99.jpg', '2017-05-07 11:19:33', 700, 550, 0, 0, 0),
(194, 22, 'image-194-20.jpeg', '2017-05-07 11:19:52', 700, 550, 0, 0, 0),
(195, 22, 'image-195-13.jpeg', '2017-05-07 11:19:52', 700, 550, 0, 0, 0),
(196, 22, 'image-196-98.jpg', '2017-05-07 11:19:52', 700, 550, 0, 0, 0),
(197, 22, 'image-197-30.jpg', '2017-05-07 11:19:52', 700, 550, 0, 0, 0),
(198, 22, 'image-198-57.jpg', '2017-05-07 11:19:52', 1600, 600, 0, 0, 1),
(199, 22, 'image-199-95.jpg', '2017-05-07 11:19:52', 1600, 750, 0, 1, 0),
(200, 22, 'image-200-55.jpg', '2017-05-07 11:19:52', 1600, 750, 0, 1, 0),
(201, 22, 'image-201-65.jpg', '2017-05-07 11:19:52', 1600, 750, 0, 1, 0),
(202, 22, 'image-202-36.jpeg', '2017-05-07 11:19:52', 1600, 600, 0, 0, 1),
(203, 23, 'image-203-82.jpg', '2017-05-07 11:21:12', 700, 550, 0, 0, 0),
(204, 23, 'image-204-95.jpg', '2017-05-07 11:21:12', 700, 550, 0, 0, 0),
(205, 23, 'image-205-17.jpg', '2017-05-07 11:21:12', 700, 550, 0, 0, 0),
(206, 23, 'image-206-12.jpeg', '2017-05-07 11:21:12', 700, 550, 0, 0, 0),
(207, 23, 'image-207-61.jpg', '2017-05-07 11:21:12', 1600, 600, 0, 0, 1),
(208, 23, 'image-208-89.jpg', '2017-05-07 11:21:12', 1600, 750, 0, 1, 0),
(209, 23, 'image-209-67.jpg', '2017-05-07 11:21:12', 1600, 750, 0, 1, 0),
(210, 23, 'image-210-55.jpg', '2017-05-07 11:21:12', 1600, 750, 0, 1, 0),
(211, 23, 'image-211-40.jpg', '2017-05-07 11:21:12', 1600, 600, 0, 0, 1),
(212, 25, 'image-212-27.jpg', '2017-05-07 11:21:42', 700, 550, 0, 0, 0),
(213, 25, 'image-213-91.jpg', '2017-05-07 11:21:42', 700, 550, 0, 0, 0),
(214, 25, 'image-214-62.jpg', '2017-05-07 11:21:42', 700, 550, 0, 0, 0),
(215, 25, 'image-215-41.jpg', '2017-05-07 11:21:42', 700, 550, 0, 0, 0),
(216, 25, 'image-216-79.jpg', '2017-05-07 11:21:42', 1600, 600, 0, 0, 1),
(217, 25, 'image-217-44.jpg', '2017-05-07 11:21:42', 1600, 750, 0, 1, 0),
(218, 25, 'image-218-13.jpg', '2017-05-07 11:21:42', 1600, 750, 0, 1, 0),
(219, 25, 'image-219-11.jpg', '2017-05-07 11:21:42', 1600, 750, 0, 1, 0),
(220, 25, 'image-220-68.jpg', '2017-05-07 11:21:42', 1600, 600, 0, 0, 1),
(221, 26, 'image-221-37.jpg', '2017-05-07 11:22:02', 700, 550, 0, 0, 0),
(222, 26, 'image-222-68.jpg', '2017-05-07 11:22:02', 700, 550, 0, 0, 0),
(223, 26, 'image-223-12.jpg', '2017-05-07 11:22:02', 700, 550, 0, 0, 0),
(224, 26, 'image-224-15.jpeg', '2017-05-07 11:22:02', 700, 550, 0, 0, 0),
(225, 26, 'image-225-78.jpg', '2017-05-07 11:22:02', 1600, 600, 0, 0, 1),
(226, 26, 'image-226-39.jpg', '2017-05-07 11:22:02', 1600, 750, 0, 1, 0),
(227, 26, 'image-227-48.jpg', '2017-05-07 11:22:02', 1600, 750, 0, 1, 0),
(228, 26, 'image-228-30.jpg', '2017-05-07 11:22:02', 1600, 750, 0, 1, 0),
(229, 26, 'image-229-77.jpg', '2017-05-07 11:22:02', 1600, 600, 0, 0, 1),
(230, 27, 'image-230-59.jpg', '2017-05-07 11:22:26', 700, 550, 0, 0, 0),
(231, 27, 'image-231-1.jpg', '2017-05-07 11:22:26', 700, 550, 0, 0, 0),
(232, 27, 'image-232-39.jpg', '2017-05-07 11:22:26', 700, 550, 0, 0, 0),
(233, 27, 'image-233-4.jpg', '2017-05-07 11:22:26', 700, 550, 0, 0, 0),
(234, 27, 'image-234-27.jpg', '2017-05-07 11:22:26', 1600, 600, 0, 0, 1),
(235, 27, 'image-235-92.jpg', '2017-05-07 11:22:26', 1600, 750, 0, 1, 0),
(236, 27, 'image-236-65.jpg', '2017-05-07 11:22:26', 1600, 750, 0, 1, 0),
(237, 27, 'image-237-100.jpg', '2017-05-07 11:22:26', 1600, 750, 0, 1, 0),
(240, 28, 'image-240-48.jpg', '2017-05-07 11:23:34', 700, 550, 0, 0, 0),
(241, 28, 'image-241-26.jpg', '2017-05-07 11:23:34', 700, 550, 0, 0, 0),
(242, 28, 'image-242-27.jpg', '2017-05-07 11:23:34', 700, 550, 0, 0, 0),
(243, 28, 'image-243-74.jpg', '2017-05-07 11:23:34', 700, 550, 0, 0, 0),
(244, 28, 'image-244-89.jpg', '2017-05-07 11:23:34', 1600, 600, 0, 0, 1),
(245, 28, 'image-245-97.jpg', '2017-05-07 11:23:34', 1600, 750, 0, 1, 0),
(246, 28, 'image-246-22.jpg', '2017-05-07 11:23:34', 1600, 750, 0, 1, 0),
(247, 28, 'image-247-46.jpg', '2017-05-07 11:23:34', 1600, 750, 0, 1, 0),
(248, 28, 'image-248-73.jpg', '2017-05-07 11:23:34', 1600, 600, 0, 0, 1),
(249, 30, 'image-249-2.jpg', '2017-05-07 11:23:53', 700, 550, 0, 0, 0),
(250, 30, 'image-250-53.jpg', '2017-05-07 11:23:53', 700, 550, 0, 0, 0),
(251, 30, 'image-251-63.jpg', '2017-05-07 11:23:53', 700, 550, 0, 0, 0),
(252, 30, 'image-252-11.jpg', '2017-05-07 11:23:53', 700, 550, 0, 0, 0),
(253, 30, 'image-253-4.jpg', '2017-05-07 11:23:53', 1600, 600, 0, 0, 1),
(254, 30, 'image-254-96.jpg', '2017-05-07 11:23:53', 1600, 750, 0, 1, 0),
(255, 30, 'image-255-90.jpg', '2017-05-07 11:23:53', 1600, 1067, 0, 1, 0),
(256, 30, 'image-256-92.jpg', '2017-05-07 11:23:53', 1600, 750, 0, 1, 0),
(257, 30, 'image-257-48.jpg', '2017-05-07 11:23:53', 1920, 720, 0, 0, 1),
(258, 32, 'image-258-64.jpg', '2017-05-07 11:24:23', 700, 550, 0, 0, 0),
(259, 32, 'image-259-77.jpg', '2017-05-07 11:24:23', 700, 550, 0, 0, 0),
(260, 32, 'image-260-3.jpg', '2017-05-07 11:24:23', 700, 550, 0, 0, 0),
(261, 32, 'image-261-90.jpg', '2017-05-07 11:24:23', 700, 550, 0, 0, 0),
(262, 32, 'image-262-26.jpg', '2017-05-07 11:24:23', 1600, 600, 0, 0, 1),
(263, 32, 'image-263-29.jpg', '2017-05-07 11:24:23', 1600, 750, 0, 1, 0),
(264, 32, 'image-264-89.jpg', '2017-05-07 11:24:23', 1600, 750, 0, 1, 0),
(265, 32, 'image-265-34.jpg', '2017-05-07 11:24:23', 1600, 750, 0, 1, 0),
(266, 32, 'image-266-75.jpg', '2017-05-07 11:24:23', 1600, 600, 0, 0, 1),
(267, 33, 'image-267-48.jpg', '2017-05-07 11:24:48', 700, 550, 0, 0, 0),
(268, 33, 'image-268-64.jpg', '2017-05-07 11:24:48', 700, 550, 0, 0, 0),
(269, 33, 'image-269-58.jpg', '2017-05-07 11:24:48', 700, 550, 0, 0, 0),
(270, 33, 'image-270-55.jpg', '2017-05-07 11:24:48', 700, 550, 0, 0, 0),
(271, 33, 'image-271-83.jpg', '2017-05-07 11:24:48', 1600, 600, 0, 0, 1),
(272, 33, 'image-272-77.jpg', '2017-05-07 11:24:48', 1600, 750, 0, 1, 0),
(273, 33, 'image-273-29.jpg', '2017-05-07 11:24:48', 1600, 750, 0, 1, 0),
(274, 33, 'image-274-90.jpg', '2017-05-07 11:24:48', 1600, 750, 0, 1, 0),
(275, 33, 'image-275-7.jpg', '2017-05-07 11:24:48', 1600, 600, 0, 0, 1),
(276, 34, 'image-276-1.jpg', '2017-05-07 11:25:09', 700, 550, 0, 0, 0),
(277, 34, 'image-277-98.jpg', '2017-05-07 11:25:09', 700, 550, 0, 0, 0),
(278, 34, 'image-278-21.jpg', '2017-05-07 11:25:09', 700, 550, 0, 0, 0),
(279, 34, 'image-279-81.jpg', '2017-05-07 11:25:09', 700, 550, 0, 0, 0),
(280, 34, 'image-280-69.jpg', '2017-05-07 11:25:09', 1600, 600, 0, 0, 1),
(281, 34, 'image-281-70.jpg', '2017-05-07 11:25:09', 1600, 750, 0, 1, 0),
(282, 34, 'image-282-48.jpg', '2017-05-07 11:25:09', 1600, 750, 0, 1, 0),
(283, 34, 'image-283-32.jpg', '2017-05-07 11:25:09', 1600, 750, 0, 1, 0),
(284, 34, 'image-284-66.jpg', '2017-05-07 11:25:09', 1600, 600, 0, 0, 1),
(285, 35, 'image-285-16.jpg', '2017-05-07 11:25:31', 700, 550, 0, 0, 0),
(286, 35, 'image-286-26.jpg', '2017-05-07 11:25:31', 700, 550, 0, 0, 0),
(287, 35, 'image-287-28.jpg', '2017-05-07 11:25:31', 700, 550, 0, 0, 0),
(288, 35, 'image-288-75.jpg', '2017-05-07 11:25:31', 700, 550, 0, 0, 0),
(289, 35, 'image-289-70.jpg', '2017-05-07 11:25:31', 1600, 600, 0, 0, 1),
(290, 35, 'image-290-13.jpg', '2017-05-07 11:25:31', 1600, 750, 0, 1, 0),
(291, 35, 'image-291-46.jpg', '2017-05-07 11:25:31', 1600, 750, 0, 1, 0),
(292, 35, 'image-292-37.jpg', '2017-05-07 11:25:31', 1600, 750, 0, 1, 0),
(293, 35, 'image-293-16.jpg', '2017-05-07 11:25:31', 1920, 720, 0, 0, 1),
(294, 36, 'image-294-9.jpg', '2017-05-07 11:26:05', 700, 550, 0, 0, 0),
(295, 36, 'image-295-42.jpg', '2017-05-07 11:26:05', 700, 550, 0, 0, 0),
(296, 36, 'image-296-65.jpg', '2017-05-07 11:26:05', 700, 550, 0, 0, 0),
(297, 36, 'image-297-15.jpg', '2017-05-07 11:26:05', 1600, 600, 0, 0, 1),
(298, 36, 'image-298-90.jpg', '2017-05-07 11:26:05', 1600, 750, 0, 1, 0),
(299, 36, 'image-299-36.jpg', '2017-05-07 11:26:05', 1600, 750, 0, 1, 0),
(300, 36, 'image-300-87.jpg', '2017-05-07 11:26:05', 1600, 750, 0, 1, 0),
(301, 36, 'image-301-26.jpg', '2017-05-07 11:26:05', 1600, 600, 0, 0, 1);

-- --------------------------------------------------------

--
-- Estructura de tabla para la tabla `suburl`
--

CREATE TABLE `suburl` (
  `id` int(11) NOT NULL,
  `url_id` int(11) DEFAULT NULL,
  `service_id` int(11) DEFAULT NULL,
  `suburl` varchar(255) COLLATE utf8_unicode_ci NOT NULL,
  `urlorder` int(11) NOT NULL,
  `name` varchar(255) COLLATE utf8_unicode_ci NOT NULL,
  `project_id` int(11) DEFAULT NULL
) ENGINE=InnoDB DEFAULT CHARSET=utf8 COLLATE=utf8_unicode_ci;

-- --------------------------------------------------------

--
-- Estructura de tabla para la tabla `superadministrator`
--

CREATE TABLE `superadministrator` (
  `id` int(11) NOT NULL
) ENGINE=InnoDB DEFAULT CHARSET=utf8 COLLATE=utf8_unicode_ci;

--
-- Volcado de datos para la tabla `superadministrator`
--

INSERT INTO `superadministrator` (`id`) VALUES
(2);

-- --------------------------------------------------------

--
-- Estructura de tabla para la tabla `testimony`
--

CREATE TABLE `testimony` (
  `id` int(11) NOT NULL,
  `business_id` int(11) DEFAULT NULL,
  `datecreated` datetime NOT NULL,
  `name` varchar(255) COLLATE utf8_unicode_ci NOT NULL,
  `text` longtext COLLATE utf8_unicode_ci,
  `deleted` tinyint(1) NOT NULL
) ENGINE=InnoDB DEFAULT CHARSET=utf8 COLLATE=utf8_unicode_ci;

--
-- Volcado de datos para la tabla `testimony`
--

INSERT INTO `testimony` (`id`, `business_id`, `datecreated`, `name`, `text`, `deleted`) VALUES
(17, 29, '2018-01-30 07:39:34', 'Nombre del cliente', 'Testimonio 1', 0),
(18, 29, '2018-01-30 07:39:34', 'Nombre del cliente', 'Testimonio 2', 0),
(19, 29, '2018-01-30 07:39:34', 'Nombre del cliente', 'Testimonio 3', 0),
(20, 29, '2018-01-30 07:39:34', 'Nombre del cliente', 'Testimonio 4', 0);

-- --------------------------------------------------------

--
-- Estructura de tabla para la tabla `text`
--

CREATE TABLE `text` (
  `id` int(11) NOT NULL,
  `text` longtext COLLATE utf8_unicode_ci NOT NULL
) ENGINE=InnoDB DEFAULT CHARSET=utf8 COLLATE=utf8_unicode_ci;

-- --------------------------------------------------------

--
-- Estructura de tabla para la tabla `theme`
--

CREATE TABLE `theme` (
  `id` int(11) NOT NULL,
  `numtheme` int(11) NOT NULL,
  `template` varchar(255) COLLATE utf8_unicode_ci NOT NULL,
  `tipo` varchar(255) COLLATE utf8_unicode_ci NOT NULL,
  `name` varchar(255) COLLATE utf8_unicode_ci NOT NULL,
  `pathimagen` varchar(255) COLLATE utf8_unicode_ci NOT NULL,
  `tituloplantilla` varchar(255) COLLATE utf8_unicode_ci DEFAULT NULL
) ENGINE=InnoDB DEFAULT CHARSET=utf8 COLLATE=utf8_unicode_ci;

--
-- Volcado de datos para la tabla `theme`
--

INSERT INTO `theme` (`id`, `numtheme`, `template`, `tipo`, `name`, `pathimagen`, `tituloplantilla`) VALUES
(1, 1, 'mgalery:theme1.html.twig', 'themegalery', 'Tema 1', '/disenio-modulos/galeria1.png', 'Elije el tipo de galería que más te guste'),
(2, 2, 'mgalery:theme2.html.twig', 'themegalery', 'Tema 2', '/disenio-modulos/galeria2.png', 'Elije el tipo de galería que más te guste'),
(3, 3, 'mgalery:theme3.html.twig', 'themegalery', 'Tema 3', '/disenio-modulos/galeria3.png', 'Elije el tipo de galería que más te guste'),
(4, 1, 'mtestimony:theme1.html.twig', 'themetestimonies', 'Tema 1', '/disenio-modulos/testimonio1.png', 'Elije el tipo de plantilla que más te guste'),
(5, 2, 'mtestimony:theme2.html.twig', 'themetestimonies', 'Tema 2', '/disenio-modulos/testimonio2.png', 'Elije el tipo de plantilla que más te guste'),
(6, 3, 'mtestimony:theme3.html.twig', 'themetestimonies', 'Tema 3', '/disenio-modulos/testimonio3.png', 'Elije el tipo de plantilla que más te guste'),
(7, 4, 'mtestimony:theme4.html.twig', 'themetestimonies', 'Tema 4', '/disenio-modulos/testimonio4.png', 'Elije el tipo de plantilla que más te guste'),
(8, 5, 'mtestimony:theme5.html.twig', 'themetestimonies', 'Tema 5', '/disenio-modulos/testimonio5.png', 'Elije el tipo de plantilla que más te guste'),
(9, 6, 'mtestimony:theme6.html.twig', 'themetestimonies', 'Tema 6', '/disenio-modulos/testimonio6.png', 'Elije el tipo de plantilla que más te guste'),
(11, 1, 'mservices:theme1.html.twig', 'themeservices', 'Tema 1', '/disenio-modulos/servicios1.png', 'Elije el tipo de plantilla que más te guste'),
(12, 2, 'mservices:theme2.html.twig', 'themeservices', 'Tema 2', '/disenio-modulos/servicios2.png', 'Elije el tipo de plantilla que más te guste'),
(13, 3, 'mservices:theme3.html.twig', 'themeservices', 'Tema 3', '/disenio-modulos/servicios3.png', 'Elije el tipo de plantilla que más te guste'),
(14, 4, 'mservices:theme4.html.twig', 'themeservices', 'Tema 4', '/disenio-modulos/servicios4.png', 'Elije el tipo de plantilla que más te guste'),
(15, 5, 'mservices:theme5.html.twig', 'themeservices', 'Tema 5', '/disenio-modulos/servicios5.png', 'Elije el tipo de plantilla que más te guste'),
(17, 1, 'mwelcometext:theme1.html.twig', 'themewelcometext', 'Tema 1', '/disenio-modulos/texto-bienvenida1.png', 'Elije el tipo de plantilla que más te guste'),
(18, 4, 'mgalery:theme4.html.twig', 'themegalery', 'Tema 4', '/disenio-modulos/galeria4.png', 'Elije el tipo de plantilla que más te guste'),
(19, 1, 'mlastnews:theme1.html.twig', 'themelastnews', 'Tema 1', '/disenio-modulos/noticiasdest1.png', 'Elije el tipo de plantilla que más te guste'),
(20, 2, 'mlastnews:theme2.html.twig', 'themelastnews', 'Tema 2', '/disenio-modulos/noticiasdest2.png', 'Elije el tipo de plantilla que más te guste'),
(21, 3, 'mlastnews:theme3.html.twig', 'themelastnews', 'Tema 3', '/disenio-modulos/noticiasdest3.png', 'Elije el tipo de plantilla que más te guste'),
(22, 1, 'mfreetextimage:theme1.html.twig', 'themefreetextimage', 'Tema 1', '/disenio-modulos/texto-libre1.png', 'Elije el tipo de plantilla que más te guste'),
(23, 2, 'mfreetextimage:theme2.html.twig', 'themefreetextimage', 'Tema 2', '/disenio-modulos/texto-libre2.png', 'Elije el tipo de plantilla que más te guste'),
(24, 3, 'mfreetextimage:theme3.html.twig', 'themefreetextimage', 'Tema 3', '/disenio-modulos/texto-libre3.png', 'Elije el tipo de plantilla que más te guste'),
(25, 4, 'mfreetextimage:theme4.html.twig', 'themefreetextimage', 'Tema 4', '/disenio-modulos/texto-libre4.png', 'Elije el tipo de plantilla que más te guste'),
(26, 1, 'mmap:theme1.html.twig', 'thememap', 'Tema 1', '/disenio-modulos/mapa.png', 'Elije el tipo de plantilla que más te guste'),
(27, 1, 'mcontact:theme1.html.twig', 'themecontact', 'Tema 1', '/disenio-modulos/contacto1.png', 'Elije el tipo de plantilla que más te guste'),
(28, 2, 'mcontact:theme2.html.twig', 'themecontact', 'Tema 2', '/disenio-modulos/contacto2.png', 'Elije el tipo de plantilla que más te guste'),
(29, 1, 'mservicedetail:theme1.html.twig', 'themeservicedetail', 'Tema 1', '/disenio-modulos/servicio-interior1.png', 'Elije el tipo de plantilla que más te guste'),
(30, 2, 'mservicedetail:theme2.html.twig', 'themeservicedetail', 'Tema 2', '/disenio-modulos/servicio-interior2.png', 'Elije el tipo de plantilla que más te guste'),
(31, 1, 'mserviceslist:theme1.html.twig', 'themeserviceslist', 'Tema 1', '/disenio-modulos/pagina-servicios1.png', 'Elije el tipo de plantilla que más te guste'),
(32, 2, 'mserviceslist:theme2.html.twig', 'themeserviceslist', 'Tema 2', '/disenio-modulos/pagina-servicios2.png', 'Elije el tipo de plantilla que más te guste'),
(33, 3, 'mserviceslist:theme3.html.twig', 'themeserviceslist', 'Tema 3', '/disenio-modulos/pagina-servicios3.png', 'Elije el tipo de plantilla que más te guste'),
(34, 1, 'mfooter:theme1.html.twig', 'themefooter', 'Tema 1', '/disenio-modulos/footer1.png', 'Elije el tipo de pie de página que más te guste'),
(35, 2, 'mfooter:theme2.html.twig', 'themefooter', 'Tema 2', '/disenio-modulos/footer2.png', 'Elije el tipo de pie de página que más te guste'),
(36, 3, 'mfooter:theme3.html.twig', 'themefooter', 'Tema 3', '/disenio-modulos/footer3.png', 'Elije el tipo de pie de página que más te guste'),
(37, 1, 'mheader:theme1.html.twig', 'themeheader', 'Tema 1', '/disenio-modulos/cabecera1.png', 'Elije el tipo de cabecera que más te guste'),
(38, 2, 'mheader:theme2.html.twig', 'themeheader', 'Tema 2', '/disenio-modulos/cabecera2.png', 'Elije el tipo de cabecera que más te guste'),
(39, 3, 'mheader:theme3.html.twig', 'themeheader', 'Tema 3', '/disenio-modulos/cabecera3.png', 'Elije el tipo de cabecera que más te guste'),
(40, 4, 'mheader:theme4.html.twig', 'themeheader', 'Tema 4', '/disenio-modulos/cabecera4.png', 'Elije el tipo de cabecera que más te guste'),
(41, 5, 'mheader:theme5.html.twig', 'themeheader', 'Tema 5', '/disenio-modulos/cabecera5.png', 'Elije el tipo de cabecera que más te guste'),
(42, 1, 'mprojectsfeatures:theme1.html.twig', 'themeprojectsfeatures', 'Tema 1', '/disenio-modulos/proyectos1.png', 'Elije la plantilla que más te guste'),
(43, 2, 'mprojectsfeatures:theme2.html.twig', 'themeprojectsfeatures', 'Tema 2', '/disenio-modulos/proyectos2.png', 'Elije la plantilla que más te guste'),
(44, 3, 'mprojectsfeatures:theme3.html.twig', 'themeprojectsfeatures', 'Tema 3', '/disenio-modulos/proyectos3.png', 'Elije la plantilla que más te guste'),
(45, 1, 'mprojectdetail:theme1.html.twig', 'themeprojectdetail', 'Tema 1', '/disenio-modulos/servicio-interior1.png', 'Elije la plantilla que más te guste'),
(46, 2, 'mprojectdetail:theme2.html.twig', 'themeprojectdetail', 'Tema 2', '/disenio-modulos/servicio-interior2.png', 'Elije la plantilla que más te guste'),
(47, 1, 'mprojectslist:theme1.html.twig', 'themeprojectlist', 'Tema 1', '/disenio-modulos/pagina-servicios1.png', 'Elije el tipo de plantilla que más te guste'),
(48, 2, 'mprojectslist:theme2.html.twig', 'themeprojectlist', 'Tema 2', '/disenio-modulos/pagina-servicios2.png', 'Elije el tipo de plantilla que más te guste'),
(49, 3, 'mprojectslist:theme3.html.twig', 'themeprojectlist', 'Tema 3', '/disenio-modulos/pagina-servicios3.png', 'Elije el tipo de plantilla que más te guste'),
(50, 1, 'mnewdetail:theme1.html.twig', 'themenewdetail', 'Tema 1', '/disenio-modulos/servicio-interior1.png', 'Elije la plantilla que más te guste'),
(51, 2, 'mnewdetail:theme2.html.twig', 'themenewdetail', 'Tema 2', '/disenio-modulos/servicio-interior2.png', 'Elije la plantilla que más te guste'),
(52, 1, 'mnewslist:theme1.html.twig', 'themenewslist', 'Tema 1', '/disenio-modulos/pagina-servicios1.png', 'Elije el tipo de plantilla que más te guste'),
(53, 2, 'mnewslist:theme2.html.twig', 'themenewslist', 'Tema 2', '/disenio-modulos/pagina-servicios2.png', 'Elije el tipo de plantilla que más te guste'),
(54, 3, 'mnewslist:theme3.html.twig', 'themenewslist', 'Tema 3', '/disenio-modulos/pagina-servicios3.png', 'Elije el tipo de plantilla que más te guste'),
(55, 1, 'mfeaturedproducts:theme1.html.twig', 'themefeaturedproducts', 'Tema 1', '/disenio-modulos/porductosdestacados1.png', 'Elije el tipo de plantilla que más te guste'),
(56, 2, 'mfeaturedproducts:theme2.html.twig', 'themefeaturedproducts', 'Tema 2', '/disenio-modulos/porductosdestacados2.png', 'Elije el tipo de plantilla que más te guste'),
(57, 1, 'mproductlist:theme1.html.twig', 'themeproductlist', 'Tema 1', '/disenio-modulos/mproductlist1.jpg', 'Elije el tipo de plantilla que más te guste'),
(58, 2, 'mproductlist:theme2.html.twig', 'themeproductlist', 'Tema 2', '/disenio-modulos/mproductlist2.jpg', 'Elije el tipo de plantilla que más te guste'),
(59, 3, 'mproductlist:theme3.html.twig', 'themeproductlist', 'Tema 3', '/disenio-modulos/mproductlist3.jpg', 'Elije el tipo de plantilla que más te guste');

-- --------------------------------------------------------

--
-- Estructura de tabla para la tabla `themecontact`
--

CREATE TABLE `themecontact` (
  `id` int(11) NOT NULL
) ENGINE=InnoDB DEFAULT CHARSET=utf8 COLLATE=utf8_unicode_ci;

--
-- Volcado de datos para la tabla `themecontact`
--

INSERT INTO `themecontact` (`id`) VALUES
(27),
(28);

-- --------------------------------------------------------

--
-- Estructura de tabla para la tabla `themefeaturedproducts`
--

CREATE TABLE `themefeaturedproducts` (
  `id` int(11) NOT NULL
) ENGINE=InnoDB DEFAULT CHARSET=utf8 COLLATE=utf8_unicode_ci;

--
-- Volcado de datos para la tabla `themefeaturedproducts`
--

INSERT INTO `themefeaturedproducts` (`id`) VALUES
(55),
(56);

-- --------------------------------------------------------

--
-- Estructura de tabla para la tabla `themefooter`
--

CREATE TABLE `themefooter` (
  `id` int(11) NOT NULL
) ENGINE=InnoDB DEFAULT CHARSET=utf8 COLLATE=utf8_unicode_ci;

--
-- Volcado de datos para la tabla `themefooter`
--

INSERT INTO `themefooter` (`id`) VALUES
(34),
(35),
(36);

-- --------------------------------------------------------

--
-- Estructura de tabla para la tabla `themefreetextimage`
--

CREATE TABLE `themefreetextimage` (
  `id` int(11) NOT NULL
) ENGINE=InnoDB DEFAULT CHARSET=utf8 COLLATE=utf8_unicode_ci;

--
-- Volcado de datos para la tabla `themefreetextimage`
--

INSERT INTO `themefreetextimage` (`id`) VALUES
(22),
(23),
(24),
(25);

-- --------------------------------------------------------

--
-- Estructura de tabla para la tabla `themegalery`
--

CREATE TABLE `themegalery` (
  `id` int(11) NOT NULL
) ENGINE=InnoDB DEFAULT CHARSET=utf8 COLLATE=utf8_unicode_ci;

--
-- Volcado de datos para la tabla `themegalery`
--

INSERT INTO `themegalery` (`id`) VALUES
(1),
(2),
(3),
(18);

-- --------------------------------------------------------

--
-- Estructura de tabla para la tabla `themeheader`
--

CREATE TABLE `themeheader` (
  `id` int(11) NOT NULL
) ENGINE=InnoDB DEFAULT CHARSET=utf8 COLLATE=utf8_unicode_ci;

--
-- Volcado de datos para la tabla `themeheader`
--

INSERT INTO `themeheader` (`id`) VALUES
(37),
(38),
(39),
(40),
(41);

-- --------------------------------------------------------

--
-- Estructura de tabla para la tabla `themelastnews`
--

CREATE TABLE `themelastnews` (
  `id` int(11) NOT NULL
) ENGINE=InnoDB DEFAULT CHARSET=utf8 COLLATE=utf8_unicode_ci;

--
-- Volcado de datos para la tabla `themelastnews`
--

INSERT INTO `themelastnews` (`id`) VALUES
(19),
(20),
(21);

-- --------------------------------------------------------

--
-- Estructura de tabla para la tabla `thememap`
--

CREATE TABLE `thememap` (
  `id` int(11) NOT NULL
) ENGINE=InnoDB DEFAULT CHARSET=utf8 COLLATE=utf8_unicode_ci;

--
-- Volcado de datos para la tabla `thememap`
--

INSERT INTO `thememap` (`id`) VALUES
(26);

-- --------------------------------------------------------

--
-- Estructura de tabla para la tabla `themenewdetail`
--

CREATE TABLE `themenewdetail` (
  `id` int(11) NOT NULL
) ENGINE=InnoDB DEFAULT CHARSET=utf8 COLLATE=utf8_unicode_ci;

--
-- Volcado de datos para la tabla `themenewdetail`
--

INSERT INTO `themenewdetail` (`id`) VALUES
(50),
(51);

-- --------------------------------------------------------

--
-- Estructura de tabla para la tabla `themenewslist`
--

CREATE TABLE `themenewslist` (
  `id` int(11) NOT NULL
) ENGINE=InnoDB DEFAULT CHARSET=utf8 COLLATE=utf8_unicode_ci;

--
-- Volcado de datos para la tabla `themenewslist`
--

INSERT INTO `themenewslist` (`id`) VALUES
(52),
(53),
(54);

-- --------------------------------------------------------

--
-- Estructura de tabla para la tabla `themeproductlist`
--

CREATE TABLE `themeproductlist` (
  `id` int(11) NOT NULL
) ENGINE=InnoDB DEFAULT CHARSET=utf8 COLLATE=utf8_unicode_ci;

--
-- Volcado de datos para la tabla `themeproductlist`
--

INSERT INTO `themeproductlist` (`id`) VALUES
(57),
(58),
(59);

-- --------------------------------------------------------

--
-- Estructura de tabla para la tabla `themeprojectdetail`
--

CREATE TABLE `themeprojectdetail` (
  `id` int(11) NOT NULL
) ENGINE=InnoDB DEFAULT CHARSET=utf8 COLLATE=utf8_unicode_ci;

--
-- Volcado de datos para la tabla `themeprojectdetail`
--

INSERT INTO `themeprojectdetail` (`id`) VALUES
(45),
(46);

-- --------------------------------------------------------

--
-- Estructura de tabla para la tabla `themeprojectlist`
--

CREATE TABLE `themeprojectlist` (
  `id` int(11) NOT NULL
) ENGINE=InnoDB DEFAULT CHARSET=utf8 COLLATE=utf8_unicode_ci;

--
-- Volcado de datos para la tabla `themeprojectlist`
--

INSERT INTO `themeprojectlist` (`id`) VALUES
(47),
(48),
(49);

-- --------------------------------------------------------

--
-- Estructura de tabla para la tabla `themeprojects`
--

CREATE TABLE `themeprojects` (
  `id` int(11) NOT NULL
) ENGINE=InnoDB DEFAULT CHARSET=utf8 COLLATE=utf8_unicode_ci;

-- --------------------------------------------------------

--
-- Estructura de tabla para la tabla `themeprojectsfeatures`
--

CREATE TABLE `themeprojectsfeatures` (
  `id` int(11) NOT NULL
) ENGINE=InnoDB DEFAULT CHARSET=utf8 COLLATE=utf8_unicode_ci;

--
-- Volcado de datos para la tabla `themeprojectsfeatures`
--

INSERT INTO `themeprojectsfeatures` (`id`) VALUES
(42),
(43),
(44);

-- --------------------------------------------------------

--
-- Estructura de tabla para la tabla `themeservicedetail`
--

CREATE TABLE `themeservicedetail` (
  `id` int(11) NOT NULL
) ENGINE=InnoDB DEFAULT CHARSET=utf8 COLLATE=utf8_unicode_ci;

--
-- Volcado de datos para la tabla `themeservicedetail`
--

INSERT INTO `themeservicedetail` (`id`) VALUES
(29),
(30);

-- --------------------------------------------------------

--
-- Estructura de tabla para la tabla `themeservices`
--

CREATE TABLE `themeservices` (
  `id` int(11) NOT NULL
) ENGINE=InnoDB DEFAULT CHARSET=utf8 COLLATE=utf8_unicode_ci;

--
-- Volcado de datos para la tabla `themeservices`
--

INSERT INTO `themeservices` (`id`) VALUES
(11),
(12),
(13),
(14),
(15);

-- --------------------------------------------------------

--
-- Estructura de tabla para la tabla `themeserviceslist`
--

CREATE TABLE `themeserviceslist` (
  `id` int(11) NOT NULL
) ENGINE=InnoDB DEFAULT CHARSET=utf8 COLLATE=utf8_unicode_ci;

--
-- Volcado de datos para la tabla `themeserviceslist`
--

INSERT INTO `themeserviceslist` (`id`) VALUES
(31),
(32),
(33);

-- --------------------------------------------------------

--
-- Estructura de tabla para la tabla `themetestimonies`
--

CREATE TABLE `themetestimonies` (
  `id` int(11) NOT NULL
) ENGINE=InnoDB DEFAULT CHARSET=utf8 COLLATE=utf8_unicode_ci;

--
-- Volcado de datos para la tabla `themetestimonies`
--

INSERT INTO `themetestimonies` (`id`) VALUES
(4),
(5),
(6),
(7),
(8),
(9);

-- --------------------------------------------------------

--
-- Estructura de tabla para la tabla `themewelcometext`
--

CREATE TABLE `themewelcometext` (
  `id` int(11) NOT NULL
) ENGINE=InnoDB DEFAULT CHARSET=utf8 COLLATE=utf8_unicode_ci;

--
-- Volcado de datos para la tabla `themewelcometext`
--

INSERT INTO `themewelcometext` (`id`) VALUES
(17);

-- --------------------------------------------------------

--
-- Estructura de tabla para la tabla `url`
--

CREATE TABLE `url` (
  `id` int(11) NOT NULL,
  `mfooter_id` int(11) DEFAULT NULL,
  `mheader_id` int(11) DEFAULT NULL,
  `url` varchar(255) COLLATE utf8_unicode_ci NOT NULL,
  `name` varchar(255) COLLATE utf8_unicode_ci NOT NULL,
  `urlorder` int(11) NOT NULL,
  `page_id` int(11) DEFAULT NULL
) ENGINE=InnoDB DEFAULT CHARSET=utf8 COLLATE=utf8_unicode_ci;

--
-- Volcado de datos para la tabla `url`
--

INSERT INTO `url` (`id`, `mfooter_id`, `mheader_id`, `url`, `name`, `urlorder`, `page_id`) VALUES
(61, 29, NULL, '/app_dev.php', 'HOME', 1, 99),
(62, NULL, 29, '/app_dev.php', 'INICIO', 1, 99),
(65, 29, NULL, '/app_dev.php/contacto/', 'CONTACTO', 5, 102),
(67, NULL, 29, '/app_dev.php/tienda/', 'TIENDA', 2, 103),
(71, 29, NULL, '/app_dev.php/tienda/', 'TIENDA', 2, 103),
(73, NULL, 29, '/app_dev.php/cart/', 'CARRITO', 100, 112);

-- --------------------------------------------------------

--
-- Estructura de tabla para la tabla `variant`
--

CREATE TABLE `variant` (
  `id` int(11) NOT NULL,
  `product_id` int(11) DEFAULT NULL,
  `variant` varchar(255) COLLATE utf8_unicode_ci NOT NULL,
  `datecreated` datetime NOT NULL,
  `deleted` tinyint(1) NOT NULL,
  `orden` int(11) NOT NULL
) ENGINE=InnoDB DEFAULT CHARSET=utf8 COLLATE=utf8_unicode_ci;

--
-- Volcado de datos para la tabla `variant`
--

INSERT INTO `variant` (`id`, `product_id`, `variant`, `datecreated`, `deleted`, `orden`) VALUES
(1, 16, 'Color', '2018-02-08 13:12:57', 0, 100),
(2, 15, 'Medidas', '2018-02-08 13:23:04', 0, 100),
(3, 15, 'Color', '2018-02-08 13:23:05', 0, 100),
(4, 14, 'Color', '2018-02-08 13:27:08', 0, 100),
(5, 14, 'Plazas', '2018-02-08 13:27:08', 0, 100),
(6, 13, 'Color', '2018-02-08 13:47:56', 0, 100),
(7, 13, 'Talla', '2018-02-08 13:47:56', 0, 100),
(8, 13, 'Material', '2018-02-08 13:47:56', 0, 100);

-- --------------------------------------------------------

--
-- Estructura de tabla para la tabla `variantvalue`
--

CREATE TABLE `variantvalue` (
  `id` int(11) NOT NULL,
  `variant_id` int(11) DEFAULT NULL,
  `variantvalue` varchar(255) COLLATE utf8_unicode_ci NOT NULL,
  `datecreated` datetime NOT NULL,
  `deleted` tinyint(1) NOT NULL,
  `orden` int(11) NOT NULL
) ENGINE=InnoDB DEFAULT CHARSET=utf8 COLLATE=utf8_unicode_ci;

--
-- Volcado de datos para la tabla `variantvalue`
--

INSERT INTO `variantvalue` (`id`, `variant_id`, `variantvalue`, `datecreated`, `deleted`, `orden`) VALUES
(1, 1, 'Rojo', '2018-02-08 13:12:57', 0, 1),
(2, 1, 'Verde', '2018-02-08 13:12:57', 0, 2),
(3, 1, 'Azul', '2018-02-08 13:12:57', 0, 3),
(4, 1, 'Camuflaje', '2018-02-08 13:12:57', 0, 4),
(5, 2, '110cm', '2018-02-08 13:23:04', 0, 1),
(6, 2, '120cm', '2018-02-08 13:23:05', 0, 2),
(7, 2, '130cm', '2018-02-08 13:23:05', 0, 3),
(8, 3, 'Negro', '2018-02-08 13:23:05', 0, 1),
(9, 3, 'Rojo', '2018-02-08 13:23:05', 0, 2),
(10, 3, 'Verde', '2018-02-08 13:23:05', 0, 3),
(11, 4, 'Azul', '2018-02-08 13:27:08', 0, 1),
(12, 4, 'Verde', '2018-02-08 13:27:08', 0, 2),
(13, 4, 'Rojo', '2018-02-08 13:27:08', 0, 3),
(14, 5, '2 Personas', '2018-02-08 13:27:08', 1, 1),
(15, 5, '3 Personas', '2018-02-08 13:27:08', 1, 2),
(16, 5, '1 Persona', '2018-02-08 13:44:06', 0, 1),
(17, 6, 'Rojo', '2018-02-08 13:47:56', 0, 1),
(18, 6, 'Negro', '2018-02-08 13:47:56', 0, 2),
(19, 7, 'S', '2018-02-08 13:47:56', 0, 1),
(20, 7, 'M', '2018-02-08 13:47:56', 0, 2),
(21, 7, 'L', '2018-02-08 13:47:56', 0, 3),
(22, 7, 'XL', '2018-02-08 13:47:56', 0, 4),
(23, 8, 'Nylon', '2018-02-08 13:47:56', 0, 1),
(24, 8, 'Plástico', '2018-02-08 13:48:43', 0, 2);

--
-- Índices para tablas volcadas
--

--
-- Indices de la tabla `administrator`
--
ALTER TABLE `administrator`
  ADD PRIMARY KEY (`id`),
  ADD UNIQUE KEY `UNIQ_58DF0651A89DB457` (`business_id`);

--
-- Indices de la tabla `blog`
--
ALTER TABLE `blog`
  ADD PRIMARY KEY (`id`),
  ADD UNIQUE KEY `UNIQ_C0155143C4663E4` (`page_id`),
  ADD KEY `IDX_C01551433397707A` (`categoria_id`),
  ADD KEY `IDX_C0155143A89DB457` (`business_id`);

--
-- Indices de la tabla `blogcategoria`
--
ALTER TABLE `blogcategoria`
  ADD PRIMARY KEY (`id`),
  ADD KEY `IDX_148D736AA89DB457` (`business_id`);

--
-- Indices de la tabla `blogcomentario`
--
ALTER TABLE `blogcomentario`
  ADD PRIMARY KEY (`id`),
  ADD KEY `IDX_A373AE50DAE07E97` (`blog_id`);

--
-- Indices de la tabla `blogs`
--
ALTER TABLE `blogs`
  ADD PRIMARY KEY (`Blog_id`,`relacion_blog_id`),
  ADD KEY `IDX_F41BCA70155D470B` (`Blog_id`),
  ADD KEY `IDX_F41BCA70BB1B6895` (`relacion_blog_id`);

--
-- Indices de la tabla `brand`
--
ALTER TABLE `brand`
  ADD PRIMARY KEY (`id`),
  ADD KEY `IDX_1C52F958A89DB457` (`business_id`);

--
-- Indices de la tabla `category`
--
ALTER TABLE `category`
  ADD PRIMARY KEY (`id`);

--
-- Indices de la tabla `client`
--
ALTER TABLE `client`
  ADD PRIMARY KEY (`id`);

--
-- Indices de la tabla `contact`
--
ALTER TABLE `contact`
  ADD PRIMARY KEY (`id`),
  ADD KEY `IDX_4C62E638A89DB457` (`business_id`);

--
-- Indices de la tabla `contactinfo`
--
ALTER TABLE `contactinfo`
  ADD PRIMARY KEY (`id`),
  ADD UNIQUE KEY `UNIQ_7BD84995A89DB457` (`business_id`);

--
-- Indices de la tabla `image`
--
ALTER TABLE `image`
  ADD PRIMARY KEY (`id`);

--
-- Indices de la tabla `itemfeaturedproduct`
--
ALTER TABLE `itemfeaturedproduct`
  ADD PRIMARY KEY (`id`),
  ADD KEY `IDX_F76E2AF44584665A` (`product_id`),
  ADD KEY `IDX_F76E2AF49DAA2BC6` (`mfeaturedproducts_id`);

--
-- Indices de la tabla `legalinfo`
--
ALTER TABLE `legalinfo`
  ADD PRIMARY KEY (`id`),
  ADD UNIQUE KEY `UNIQ_FFE31252A89DB457` (`business_id`);

--
-- Indices de la tabla `location`
--
ALTER TABLE `location`
  ADD PRIMARY KEY (`id`),
  ADD KEY `IDX_5E9E89CBA89DB457` (`business_id`);

--
-- Indices de la tabla `mcontact`
--
ALTER TABLE `mcontact`
  ADD PRIMARY KEY (`id`);

--
-- Indices de la tabla `mfeaturedproducts`
--
ALTER TABLE `mfeaturedproducts`
  ADD PRIMARY KEY (`id`);

--
-- Indices de la tabla `mfooter`
--
ALTER TABLE `mfooter`
  ADD PRIMARY KEY (`id`),
  ADD KEY `IDX_24FE56ABA89DB457` (`business_id`);

--
-- Indices de la tabla `mfreetextimage`
--
ALTER TABLE `mfreetextimage`
  ADD PRIMARY KEY (`id`);

--
-- Indices de la tabla `mgalery`
--
ALTER TABLE `mgalery`
  ADD PRIMARY KEY (`id`);

--
-- Indices de la tabla `mgaleryimage`
--
ALTER TABLE `mgaleryimage`
  ADD PRIMARY KEY (`id`),
  ADD KEY `IDX_FC7BF55AFBDA531D` (`mgalery_id`);

--
-- Indices de la tabla `mheader`
--
ALTER TABLE `mheader`
  ADD PRIMARY KEY (`id`),
  ADD KEY `IDX_A8BDFB39A89DB457` (`business_id`);

--
-- Indices de la tabla `mlastnews`
--
ALTER TABLE `mlastnews`
  ADD PRIMARY KEY (`id`);

--
-- Indices de la tabla `mmap`
--
ALTER TABLE `mmap`
  ADD PRIMARY KEY (`id`);

--
-- Indices de la tabla `mnewdetail`
--
ALTER TABLE `mnewdetail`
  ADD PRIMARY KEY (`id`);

--
-- Indices de la tabla `mnewslist`
--
ALTER TABLE `mnewslist`
  ADD PRIMARY KEY (`id`);

--
-- Indices de la tabla `module`
--
ALTER TABLE `module`
  ADD PRIMARY KEY (`id`),
  ADD KEY `IDX_C242628C4663E4` (`page_id`);

--
-- Indices de la tabla `mproductlist`
--
ALTER TABLE `mproductlist`
  ADD PRIMARY KEY (`id`);

--
-- Indices de la tabla `mprojectdetail`
--
ALTER TABLE `mprojectdetail`
  ADD PRIMARY KEY (`id`);

--
-- Indices de la tabla `mprojectsfeatures`
--
ALTER TABLE `mprojectsfeatures`
  ADD PRIMARY KEY (`id`);

--
-- Indices de la tabla `mprojectslist`
--
ALTER TABLE `mprojectslist`
  ADD PRIMARY KEY (`id`);

--
-- Indices de la tabla `mservicedetail`
--
ALTER TABLE `mservicedetail`
  ADD PRIMARY KEY (`id`);

--
-- Indices de la tabla `mservices`
--
ALTER TABLE `mservices`
  ADD PRIMARY KEY (`id`);

--
-- Indices de la tabla `mserviceslist`
--
ALTER TABLE `mserviceslist`
  ADD PRIMARY KEY (`id`);

--
-- Indices de la tabla `mtestimonies`
--
ALTER TABLE `mtestimonies`
  ADD PRIMARY KEY (`id`);

--
-- Indices de la tabla `mwelcometext`
--
ALTER TABLE `mwelcometext`
  ADD PRIMARY KEY (`id`);

--
-- Indices de la tabla `orderproducts`
--
ALTER TABLE `orderproducts`
  ADD PRIMARY KEY (`id`),
  ADD KEY `IDX_3188126CCFFE9AD6` (`orders_id`),
  ADD KEY `IDX_3188126C4584665A` (`product_id`),
  ADD KEY `IDX_3188126C1855BE3F` (`productvariant_id`);

--
-- Indices de la tabla `orders`
--
ALTER TABLE `orders`
  ADD PRIMARY KEY (`id`),
  ADD KEY `IDX_E52FFDEEA89DB457` (`business_id`),
  ADD KEY `IDX_E52FFDEE19EB6921` (`client_id`),
  ADD KEY `IDX_E52FFDEE689D4FF` (`paqueteria_id`);

--
-- Indices de la tabla `page`
--
ALTER TABLE `page`
  ADD PRIMARY KEY (`id`),
  ADD UNIQUE KEY `UNIQ_140AB620ED5CA9E6` (`service_id`),
  ADD UNIQUE KEY `UNIQ_140AB620166D1F9C` (`project_id`),
  ADD UNIQUE KEY `UNIQ_140AB620DAE07E97` (`blog_id`),
  ADD UNIQUE KEY `UNIQ_140AB6204584665A` (`product_id`),
  ADD KEY `IDX_140AB620A89DB457` (`business_id`);

--
-- Indices de la tabla `palabrasclave`
--
ALTER TABLE `palabrasclave`
  ADD PRIMARY KEY (`id`),
  ADD KEY `IDX_FCC1D9B7DAE07E97` (`blog_id`);

--
-- Indices de la tabla `paqueteria`
--
ALTER TABLE `paqueteria`
  ADD PRIMARY KEY (`id`),
  ADD KEY `IDX_11DF442A89DB457` (`business_id`);

--
-- Indices de la tabla `product`
--
ALTER TABLE `product`
  ADD PRIMARY KEY (`id`),
  ADD KEY `IDX_D34A04ADA89DB457` (`business_id`),
  ADD KEY `IDX_D34A04AD44F5D008` (`brand_id`),
  ADD KEY `IDX_D34A04AD5E032AB4` (`producttype_id`);

--
-- Indices de la tabla `producttoproduct`
--
ALTER TABLE `producttoproduct`
  ADD PRIMARY KEY (`id`),
  ADD KEY `IDX_E9DBC0444584665A` (`product_id`),
  ADD KEY `IDX_E9DBC0444DD4A8E9` (`productrelacionado_id`);

--
-- Indices de la tabla `producttype`
--
ALTER TABLE `producttype`
  ADD PRIMARY KEY (`id`),
  ADD KEY `IDX_219A1ACCA89DB457` (`business_id`);

--
-- Indices de la tabla `productvariant`
--
ALTER TABLE `productvariant`
  ADD PRIMARY KEY (`id`),
  ADD KEY `IDX_6A0C198A4584665A` (`product_id`),
  ADD KEY `IDX_6A0C198A5F5DCB04` (`variantvalue1_id`),
  ADD KEY `IDX_6A0C198A4DE864EA` (`variantvalue2_id`),
  ADD KEY `IDX_6A0C198AF554038F` (`variantvalue3_id`);

--
-- Indices de la tabla `project`
--
ALTER TABLE `project`
  ADD PRIMARY KEY (`id`),
  ADD UNIQUE KEY `UNIQ_2FB3D0EEC4663E4` (`page_id`),
  ADD KEY `IDX_2FB3D0EEA89DB457` (`business_id`);

--
-- Indices de la tabla `service`
--
ALTER TABLE `service`
  ADD PRIMARY KEY (`id`),
  ADD UNIQUE KEY `UNIQ_E19D9AD2C4663E4` (`page_id`),
  ADD KEY `IDX_E19D9AD2A89DB457` (`business_id`);

--
-- Indices de la tabla `socialnetwork`
--
ALTER TABLE `socialnetwork`
  ADD PRIMARY KEY (`id`),
  ADD UNIQUE KEY `UNIQ_87FC02E3A89DB457` (`business_id`);

--
-- Indices de la tabla `subcategory`
--
ALTER TABLE `subcategory`
  ADD PRIMARY KEY (`id`),
  ADD UNIQUE KEY `UNIQ_DDCA448989D9B62` (`slug`),
  ADD KEY `IDX_DDCA44812469DE2` (`category_id`);

--
-- Indices de la tabla `subcategoryimage`
--
ALTER TABLE `subcategoryimage`
  ADD PRIMARY KEY (`id`),
  ADD KEY `IDX_5E8A2B9C5DC6FE57` (`subcategory_id`);

--
-- Indices de la tabla `suburl`
--
ALTER TABLE `suburl`
  ADD PRIMARY KEY (`id`),
  ADD KEY `IDX_975E124781CFDAE7` (`url_id`),
  ADD KEY `IDX_975E1247ED5CA9E6` (`service_id`),
  ADD KEY `IDX_975E1247166D1F9C` (`project_id`);

--
-- Indices de la tabla `superadministrator`
--
ALTER TABLE `superadministrator`
  ADD PRIMARY KEY (`id`);

--
-- Indices de la tabla `testimony`
--
ALTER TABLE `testimony`
  ADD PRIMARY KEY (`id`),
  ADD KEY `IDX_523C9487A89DB457` (`business_id`);

--
-- Indices de la tabla `text`
--
ALTER TABLE `text`
  ADD PRIMARY KEY (`id`);

--
-- Indices de la tabla `theme`
--
ALTER TABLE `theme`
  ADD PRIMARY KEY (`id`);

--
-- Indices de la tabla `themecontact`
--
ALTER TABLE `themecontact`
  ADD PRIMARY KEY (`id`);

--
-- Indices de la tabla `themefeaturedproducts`
--
ALTER TABLE `themefeaturedproducts`
  ADD PRIMARY KEY (`id`);

--
-- Indices de la tabla `themefooter`
--
ALTER TABLE `themefooter`
  ADD PRIMARY KEY (`id`);

--
-- Indices de la tabla `themefreetextimage`
--
ALTER TABLE `themefreetextimage`
  ADD PRIMARY KEY (`id`);

--
-- Indices de la tabla `themegalery`
--
ALTER TABLE `themegalery`
  ADD PRIMARY KEY (`id`);

--
-- Indices de la tabla `themeheader`
--
ALTER TABLE `themeheader`
  ADD PRIMARY KEY (`id`);

--
-- Indices de la tabla `themelastnews`
--
ALTER TABLE `themelastnews`
  ADD PRIMARY KEY (`id`);

--
-- Indices de la tabla `thememap`
--
ALTER TABLE `thememap`
  ADD PRIMARY KEY (`id`);

--
-- Indices de la tabla `themenewdetail`
--
ALTER TABLE `themenewdetail`
  ADD PRIMARY KEY (`id`);

--
-- Indices de la tabla `themenewslist`
--
ALTER TABLE `themenewslist`
  ADD PRIMARY KEY (`id`);

--
-- Indices de la tabla `themeproductlist`
--
ALTER TABLE `themeproductlist`
  ADD PRIMARY KEY (`id`);

--
-- Indices de la tabla `themeprojectdetail`
--
ALTER TABLE `themeprojectdetail`
  ADD PRIMARY KEY (`id`);

--
-- Indices de la tabla `themeprojectlist`
--
ALTER TABLE `themeprojectlist`
  ADD PRIMARY KEY (`id`);

--
-- Indices de la tabla `themeprojects`
--
ALTER TABLE `themeprojects`
  ADD PRIMARY KEY (`id`);

--
-- Indices de la tabla `themeprojectsfeatures`
--
ALTER TABLE `themeprojectsfeatures`
  ADD PRIMARY KEY (`id`);

--
-- Indices de la tabla `themeservicedetail`
--
ALTER TABLE `themeservicedetail`
  ADD PRIMARY KEY (`id`);

--
-- Indices de la tabla `themeservices`
--
ALTER TABLE `themeservices`
  ADD PRIMARY KEY (`id`);

--
-- Indices de la tabla `themeserviceslist`
--
ALTER TABLE `themeserviceslist`
  ADD PRIMARY KEY (`id`);

--
-- Indices de la tabla `themetestimonies`
--
ALTER TABLE `themetestimonies`
  ADD PRIMARY KEY (`id`);

--
-- Indices de la tabla `themewelcometext`
--
ALTER TABLE `themewelcometext`
  ADD PRIMARY KEY (`id`);

--
-- Indices de la tabla `url`
--
ALTER TABLE `url`
  ADD PRIMARY KEY (`id`),
  ADD KEY `IDX_F47645AE588525C` (`mfooter_id`),
  ADD KEY `IDX_F47645AEF63ECC0` (`mheader_id`),
  ADD KEY `IDX_F47645AEC4663E4` (`page_id`);

--
-- Indices de la tabla `variant`
--
ALTER TABLE `variant`
  ADD PRIMARY KEY (`id`),
  ADD KEY `IDX_F143BFAD4584665A` (`product_id`);

--
-- Indices de la tabla `variantvalue`
--
ALTER TABLE `variantvalue`
  ADD PRIMARY KEY (`id`),
  ADD KEY `IDX_AFAABEBA3B69A9AF` (`variant_id`);

--
-- AUTO_INCREMENT de las tablas volcadas
--

--
-- AUTO_INCREMENT de la tabla `blog`
--
ALTER TABLE `blog`
  MODIFY `id` int(11) NOT NULL AUTO_INCREMENT, AUTO_INCREMENT=12;
--
-- AUTO_INCREMENT de la tabla `blogcategoria`
--
ALTER TABLE `blogcategoria`
  MODIFY `id` int(11) NOT NULL AUTO_INCREMENT, AUTO_INCREMENT=4;
--
-- AUTO_INCREMENT de la tabla `blogcomentario`
--
ALTER TABLE `blogcomentario`
  MODIFY `id` int(11) NOT NULL AUTO_INCREMENT;
--
-- AUTO_INCREMENT de la tabla `brand`
--
ALTER TABLE `brand`
  MODIFY `id` int(11) NOT NULL AUTO_INCREMENT, AUTO_INCREMENT=9;
--
-- AUTO_INCREMENT de la tabla `category`
--
ALTER TABLE `category`
  MODIFY `id` int(11) NOT NULL AUTO_INCREMENT, AUTO_INCREMENT=9;
--
-- AUTO_INCREMENT de la tabla `contact`
--
ALTER TABLE `contact`
  MODIFY `id` int(11) NOT NULL AUTO_INCREMENT, AUTO_INCREMENT=3;
--
-- AUTO_INCREMENT de la tabla `contactinfo`
--
ALTER TABLE `contactinfo`
  MODIFY `id` int(11) NOT NULL AUTO_INCREMENT, AUTO_INCREMENT=33;
--
-- AUTO_INCREMENT de la tabla `image`
--
ALTER TABLE `image`
  MODIFY `id` int(11) NOT NULL AUTO_INCREMENT;
--
-- AUTO_INCREMENT de la tabla `itemfeaturedproduct`
--
ALTER TABLE `itemfeaturedproduct`
  MODIFY `id` int(11) NOT NULL AUTO_INCREMENT, AUTO_INCREMENT=9;
--
-- AUTO_INCREMENT de la tabla `legalinfo`
--
ALTER TABLE `legalinfo`
  MODIFY `id` int(11) NOT NULL AUTO_INCREMENT, AUTO_INCREMENT=32;
--
-- AUTO_INCREMENT de la tabla `location`
--
ALTER TABLE `location`
  MODIFY `id` int(11) NOT NULL AUTO_INCREMENT, AUTO_INCREMENT=15;
--
-- AUTO_INCREMENT de la tabla `mfooter`
--
ALTER TABLE `mfooter`
  MODIFY `id` int(11) NOT NULL AUTO_INCREMENT, AUTO_INCREMENT=32;
--
-- AUTO_INCREMENT de la tabla `mgaleryimage`
--
ALTER TABLE `mgaleryimage`
  MODIFY `id` int(11) NOT NULL AUTO_INCREMENT, AUTO_INCREMENT=248;
--
-- AUTO_INCREMENT de la tabla `mheader`
--
ALTER TABLE `mheader`
  MODIFY `id` int(11) NOT NULL AUTO_INCREMENT, AUTO_INCREMENT=32;
--
-- AUTO_INCREMENT de la tabla `module`
--
ALTER TABLE `module`
  MODIFY `id` int(11) NOT NULL AUTO_INCREMENT, AUTO_INCREMENT=274;
--
-- AUTO_INCREMENT de la tabla `orderproducts`
--
ALTER TABLE `orderproducts`
  MODIFY `id` int(11) NOT NULL AUTO_INCREMENT, AUTO_INCREMENT=32;
--
-- AUTO_INCREMENT de la tabla `orders`
--
ALTER TABLE `orders`
  MODIFY `id` int(11) NOT NULL AUTO_INCREMENT, AUTO_INCREMENT=26;
--
-- AUTO_INCREMENT de la tabla `page`
--
ALTER TABLE `page`
  MODIFY `id` int(11) NOT NULL AUTO_INCREMENT, AUTO_INCREMENT=133;
--
-- AUTO_INCREMENT de la tabla `palabrasclave`
--
ALTER TABLE `palabrasclave`
  MODIFY `id` int(11) NOT NULL AUTO_INCREMENT, AUTO_INCREMENT=5;
--
-- AUTO_INCREMENT de la tabla `paqueteria`
--
ALTER TABLE `paqueteria`
  MODIFY `id` int(11) NOT NULL AUTO_INCREMENT, AUTO_INCREMENT=3;
--
-- AUTO_INCREMENT de la tabla `product`
--
ALTER TABLE `product`
  MODIFY `id` int(11) NOT NULL AUTO_INCREMENT, AUTO_INCREMENT=18;
--
-- AUTO_INCREMENT de la tabla `producttoproduct`
--
ALTER TABLE `producttoproduct`
  MODIFY `id` int(11) NOT NULL AUTO_INCREMENT, AUTO_INCREMENT=15;
--
-- AUTO_INCREMENT de la tabla `producttype`
--
ALTER TABLE `producttype`
  MODIFY `id` int(11) NOT NULL AUTO_INCREMENT, AUTO_INCREMENT=11;
--
-- AUTO_INCREMENT de la tabla `productvariant`
--
ALTER TABLE `productvariant`
  MODIFY `id` int(11) NOT NULL AUTO_INCREMENT, AUTO_INCREMENT=42;
--
-- AUTO_INCREMENT de la tabla `project`
--
ALTER TABLE `project`
  MODIFY `id` int(11) NOT NULL AUTO_INCREMENT, AUTO_INCREMENT=15;
--
-- AUTO_INCREMENT de la tabla `service`
--
ALTER TABLE `service`
  MODIFY `id` int(11) NOT NULL AUTO_INCREMENT, AUTO_INCREMENT=29;
--
-- AUTO_INCREMENT de la tabla `socialnetwork`
--
ALTER TABLE `socialnetwork`
  MODIFY `id` int(11) NOT NULL AUTO_INCREMENT, AUTO_INCREMENT=33;
--
-- AUTO_INCREMENT de la tabla `subcategory`
--
ALTER TABLE `subcategory`
  MODIFY `id` int(11) NOT NULL AUTO_INCREMENT, AUTO_INCREMENT=43;
--
-- AUTO_INCREMENT de la tabla `subcategoryimage`
--
ALTER TABLE `subcategoryimage`
  MODIFY `id` int(11) NOT NULL AUTO_INCREMENT, AUTO_INCREMENT=302;
--
-- AUTO_INCREMENT de la tabla `suburl`
--
ALTER TABLE `suburl`
  MODIFY `id` int(11) NOT NULL AUTO_INCREMENT, AUTO_INCREMENT=16;
--
-- AUTO_INCREMENT de la tabla `testimony`
--
ALTER TABLE `testimony`
  MODIFY `id` int(11) NOT NULL AUTO_INCREMENT, AUTO_INCREMENT=29;
--
-- AUTO_INCREMENT de la tabla `text`
--
ALTER TABLE `text`
  MODIFY `id` int(11) NOT NULL AUTO_INCREMENT;
--
-- AUTO_INCREMENT de la tabla `theme`
--
ALTER TABLE `theme`
  MODIFY `id` int(11) NOT NULL AUTO_INCREMENT, AUTO_INCREMENT=60;
--
-- AUTO_INCREMENT de la tabla `url`
--
ALTER TABLE `url`
  MODIFY `id` int(11) NOT NULL AUTO_INCREMENT, AUTO_INCREMENT=80;
--
-- AUTO_INCREMENT de la tabla `variant`
--
ALTER TABLE `variant`
  MODIFY `id` int(11) NOT NULL AUTO_INCREMENT, AUTO_INCREMENT=9;
--
-- AUTO_INCREMENT de la tabla `variantvalue`
--
ALTER TABLE `variantvalue`
  MODIFY `id` int(11) NOT NULL AUTO_INCREMENT, AUTO_INCREMENT=25;
--
-- Restricciones para tablas volcadas
--

--
-- Filtros para la tabla `administrator`
--
ALTER TABLE `administrator`
  ADD CONSTRAINT `FK_58DF0651A89DB457` FOREIGN KEY (`business_id`) REFERENCES `business` (`id`),
  ADD CONSTRAINT `FK_58DF0651BF396750` FOREIGN KEY (`id`) REFERENCES `user` (`id`) ON DELETE CASCADE;

--
-- Filtros para la tabla `blog`
--
ALTER TABLE `blog`
  ADD CONSTRAINT `FK_C01551433397707A` FOREIGN KEY (`categoria_id`) REFERENCES `blogcategoria` (`id`),
  ADD CONSTRAINT `FK_C0155143A89DB457` FOREIGN KEY (`business_id`) REFERENCES `business` (`id`),
  ADD CONSTRAINT `FK_C0155143C4663E4` FOREIGN KEY (`page_id`) REFERENCES `page` (`id`);

--
-- Filtros para la tabla `blogcategoria`
--
ALTER TABLE `blogcategoria`
  ADD CONSTRAINT `FK_148D736AA89DB457` FOREIGN KEY (`business_id`) REFERENCES `business` (`id`);

--
-- Filtros para la tabla `blogcomentario`
--
ALTER TABLE `blogcomentario`
  ADD CONSTRAINT `FK_A373AE50DAE07E97` FOREIGN KEY (`blog_id`) REFERENCES `blog` (`id`);

--
-- Filtros para la tabla `blogs`
--
ALTER TABLE `blogs`
  ADD CONSTRAINT `FK_F41BCA70155D470B` FOREIGN KEY (`Blog_id`) REFERENCES `blog` (`id`),
  ADD CONSTRAINT `FK_F41BCA70BB1B6895` FOREIGN KEY (`relacion_blog_id`) REFERENCES `blog` (`id`);

--
-- Filtros para la tabla `brand`
--
ALTER TABLE `brand`
  ADD CONSTRAINT `FK_1C52F958A89DB457` FOREIGN KEY (`business_id`) REFERENCES `business` (`id`);

--
-- Filtros para la tabla `client`
--
ALTER TABLE `client`
  ADD CONSTRAINT `FK_C7440455BF396750` FOREIGN KEY (`id`) REFERENCES `user` (`id`) ON DELETE CASCADE;

--
-- Filtros para la tabla `contact`
--
ALTER TABLE `contact`
  ADD CONSTRAINT `FK_4C62E638A89DB457` FOREIGN KEY (`business_id`) REFERENCES `business` (`id`);

--
-- Filtros para la tabla `contactinfo`
--
ALTER TABLE `contactinfo`
  ADD CONSTRAINT `FK_7BD84995A89DB457` FOREIGN KEY (`business_id`) REFERENCES `business` (`id`);

--
-- Filtros para la tabla `itemfeaturedproduct`
--
ALTER TABLE `itemfeaturedproduct`
  ADD CONSTRAINT `FK_F76E2AF44584665A` FOREIGN KEY (`product_id`) REFERENCES `product` (`id`),
  ADD CONSTRAINT `FK_F76E2AF49DAA2BC6` FOREIGN KEY (`mfeaturedproducts_id`) REFERENCES `mfeaturedproducts` (`id`);

--
-- Filtros para la tabla `legalinfo`
--
ALTER TABLE `legalinfo`
  ADD CONSTRAINT `FK_FFE31252A89DB457` FOREIGN KEY (`business_id`) REFERENCES `business` (`id`);

--
-- Filtros para la tabla `location`
--
ALTER TABLE `location`
  ADD CONSTRAINT `FK_5E9E89CBA89DB457` FOREIGN KEY (`business_id`) REFERENCES `business` (`id`);

--
-- Filtros para la tabla `mcontact`
--
ALTER TABLE `mcontact`
  ADD CONSTRAINT `FK_FFC25345BF396750` FOREIGN KEY (`id`) REFERENCES `module` (`id`) ON DELETE CASCADE;

--
-- Filtros para la tabla `mfeaturedproducts`
--
ALTER TABLE `mfeaturedproducts`
  ADD CONSTRAINT `FK_223CE59EBF396750` FOREIGN KEY (`id`) REFERENCES `module` (`id`) ON DELETE CASCADE;

--
-- Filtros para la tabla `mfooter`
--
ALTER TABLE `mfooter`
  ADD CONSTRAINT `FK_24FE56ABA89DB457` FOREIGN KEY (`business_id`) REFERENCES `business` (`id`);

--
-- Filtros para la tabla `mfreetextimage`
--
ALTER TABLE `mfreetextimage`
  ADD CONSTRAINT `FK_E3D977CCBF396750` FOREIGN KEY (`id`) REFERENCES `module` (`id`) ON DELETE CASCADE;

--
-- Filtros para la tabla `mgalery`
--
ALTER TABLE `mgalery`
  ADD CONSTRAINT `FK_CD9200D8BF396750` FOREIGN KEY (`id`) REFERENCES `module` (`id`) ON DELETE CASCADE;

--
-- Filtros para la tabla `mgaleryimage`
--
ALTER TABLE `mgaleryimage`
  ADD CONSTRAINT `FK_FC7BF55AFBDA531D` FOREIGN KEY (`mgalery_id`) REFERENCES `mgalery` (`id`);

--
-- Filtros para la tabla `mheader`
--
ALTER TABLE `mheader`
  ADD CONSTRAINT `FK_A8BDFB39A89DB457` FOREIGN KEY (`business_id`) REFERENCES `business` (`id`);

--
-- Filtros para la tabla `mlastnews`
--
ALTER TABLE `mlastnews`
  ADD CONSTRAINT `FK_5CD3FFD4BF396750` FOREIGN KEY (`id`) REFERENCES `module` (`id`) ON DELETE CASCADE;

--
-- Filtros para la tabla `mmap`
--
ALTER TABLE `mmap`
  ADD CONSTRAINT `FK_84E4836BBF396750` FOREIGN KEY (`id`) REFERENCES `module` (`id`) ON DELETE CASCADE;

--
-- Filtros para la tabla `mnewdetail`
--
ALTER TABLE `mnewdetail`
  ADD CONSTRAINT `FK_7D3223CABF396750` FOREIGN KEY (`id`) REFERENCES `module` (`id`) ON DELETE CASCADE;

--
-- Filtros para la tabla `mnewslist`
--
ALTER TABLE `mnewslist`
  ADD CONSTRAINT `FK_9A1323F4BF396750` FOREIGN KEY (`id`) REFERENCES `module` (`id`) ON DELETE CASCADE;

--
-- Filtros para la tabla `module`
--
ALTER TABLE `module`
  ADD CONSTRAINT `FK_C242628C4663E4` FOREIGN KEY (`page_id`) REFERENCES `page` (`id`);

--
-- Filtros para la tabla `mproductlist`
--
ALTER TABLE `mproductlist`
  ADD CONSTRAINT `FK_4F23AF98BF396750` FOREIGN KEY (`id`) REFERENCES `module` (`id`) ON DELETE CASCADE;

--
-- Filtros para la tabla `mprojectdetail`
--
ALTER TABLE `mprojectdetail`
  ADD CONSTRAINT `FK_52835AA6BF396750` FOREIGN KEY (`id`) REFERENCES `module` (`id`) ON DELETE CASCADE;

--
-- Filtros para la tabla `mprojectsfeatures`
--
ALTER TABLE `mprojectsfeatures`
  ADD CONSTRAINT `FK_A244688BBF396750` FOREIGN KEY (`id`) REFERENCES `module` (`id`) ON DELETE CASCADE;

--
-- Filtros para la tabla `mprojectslist`
--
ALTER TABLE `mprojectslist`
  ADD CONSTRAINT `FK_4416C8C8BF396750` FOREIGN KEY (`id`) REFERENCES `module` (`id`) ON DELETE CASCADE;

--
-- Filtros para la tabla `mservicedetail`
--
ALTER TABLE `mservicedetail`
  ADD CONSTRAINT `FK_E8A4BEDFBF396750` FOREIGN KEY (`id`) REFERENCES `module` (`id`) ON DELETE CASCADE;

--
-- Filtros para la tabla `mservices`
--
ALTER TABLE `mservices`
  ADD CONSTRAINT `FK_5D354C5DBF396750` FOREIGN KEY (`id`) REFERENCES `module` (`id`) ON DELETE CASCADE;

--
-- Filtros para la tabla `mserviceslist`
--
ALTER TABLE `mserviceslist`
  ADD CONSTRAINT `FK_B3C4B43CBF396750` FOREIGN KEY (`id`) REFERENCES `module` (`id`) ON DELETE CASCADE;

--
-- Filtros para la tabla `mtestimonies`
--
ALTER TABLE `mtestimonies`
  ADD CONSTRAINT `FK_A9761F63BF396750` FOREIGN KEY (`id`) REFERENCES `module` (`id`) ON DELETE CASCADE;

--
-- Filtros para la tabla `mwelcometext`
--
ALTER TABLE `mwelcometext`
  ADD CONSTRAINT `FK_4B45564BBF396750` FOREIGN KEY (`id`) REFERENCES `module` (`id`) ON DELETE CASCADE;

--
-- Filtros para la tabla `orderproducts`
--
ALTER TABLE `orderproducts`
  ADD CONSTRAINT `FK_3188126C1855BE3F` FOREIGN KEY (`productvariant_id`) REFERENCES `productvariant` (`id`),
  ADD CONSTRAINT `FK_3188126C4584665A` FOREIGN KEY (`product_id`) REFERENCES `product` (`id`),
  ADD CONSTRAINT `FK_3188126CCFFE9AD6` FOREIGN KEY (`orders_id`) REFERENCES `orders` (`id`);

--
-- Filtros para la tabla `orders`
--
ALTER TABLE `orders`
  ADD CONSTRAINT `FK_E52FFDEE19EB6921` FOREIGN KEY (`client_id`) REFERENCES `client` (`id`),
  ADD CONSTRAINT `FK_E52FFDEE689D4FF` FOREIGN KEY (`paqueteria_id`) REFERENCES `paqueteria` (`id`),
  ADD CONSTRAINT `FK_E52FFDEEA89DB457` FOREIGN KEY (`business_id`) REFERENCES `business` (`id`);

--
-- Filtros para la tabla `page`
--
ALTER TABLE `page`
  ADD CONSTRAINT `FK_140AB620166D1F9C` FOREIGN KEY (`project_id`) REFERENCES `project` (`id`),
  ADD CONSTRAINT `FK_140AB6204584665A` FOREIGN KEY (`product_id`) REFERENCES `product` (`id`),
  ADD CONSTRAINT `FK_140AB620A89DB457` FOREIGN KEY (`business_id`) REFERENCES `business` (`id`),
  ADD CONSTRAINT `FK_140AB620DAE07E97` FOREIGN KEY (`blog_id`) REFERENCES `blog` (`id`),
  ADD CONSTRAINT `FK_140AB620ED5CA9E6` FOREIGN KEY (`service_id`) REFERENCES `service` (`id`);

--
-- Filtros para la tabla `palabrasclave`
--
ALTER TABLE `palabrasclave`
  ADD CONSTRAINT `FK_FCC1D9B7DAE07E97` FOREIGN KEY (`blog_id`) REFERENCES `blog` (`id`);

--
-- Filtros para la tabla `paqueteria`
--
ALTER TABLE `paqueteria`
  ADD CONSTRAINT `FK_11DF442A89DB457` FOREIGN KEY (`business_id`) REFERENCES `business` (`id`);

--
-- Filtros para la tabla `product`
--
ALTER TABLE `product`
  ADD CONSTRAINT `FK_D34A04AD44F5D008` FOREIGN KEY (`brand_id`) REFERENCES `brand` (`id`),
  ADD CONSTRAINT `FK_D34A04AD5E032AB4` FOREIGN KEY (`producttype_id`) REFERENCES `producttype` (`id`),
  ADD CONSTRAINT `FK_D34A04ADA89DB457` FOREIGN KEY (`business_id`) REFERENCES `business` (`id`);

--
-- Filtros para la tabla `producttoproduct`
--
ALTER TABLE `producttoproduct`
  ADD CONSTRAINT `FK_E9DBC0444584665A` FOREIGN KEY (`product_id`) REFERENCES `product` (`id`),
  ADD CONSTRAINT `FK_E9DBC0444DD4A8E9` FOREIGN KEY (`productrelacionado_id`) REFERENCES `product` (`id`);

--
-- Filtros para la tabla `producttype`
--
ALTER TABLE `producttype`
  ADD CONSTRAINT `FK_219A1ACCA89DB457` FOREIGN KEY (`business_id`) REFERENCES `business` (`id`);

--
-- Filtros para la tabla `productvariant`
--
ALTER TABLE `productvariant`
  ADD CONSTRAINT `FK_6A0C198A4584665A` FOREIGN KEY (`product_id`) REFERENCES `product` (`id`),
  ADD CONSTRAINT `FK_6A0C198A4DE864EA` FOREIGN KEY (`variantvalue2_id`) REFERENCES `variantvalue` (`id`),
  ADD CONSTRAINT `FK_6A0C198A5F5DCB04` FOREIGN KEY (`variantvalue1_id`) REFERENCES `variantvalue` (`id`),
  ADD CONSTRAINT `FK_6A0C198AF554038F` FOREIGN KEY (`variantvalue3_id`) REFERENCES `variantvalue` (`id`);

--
-- Filtros para la tabla `project`
--
ALTER TABLE `project`
  ADD CONSTRAINT `FK_2FB3D0EEA89DB457` FOREIGN KEY (`business_id`) REFERENCES `business` (`id`),
  ADD CONSTRAINT `FK_2FB3D0EEC4663E4` FOREIGN KEY (`page_id`) REFERENCES `page` (`id`);

--
-- Filtros para la tabla `service`
--
ALTER TABLE `service`
  ADD CONSTRAINT `FK_E19D9AD2A89DB457` FOREIGN KEY (`business_id`) REFERENCES `business` (`id`),
  ADD CONSTRAINT `FK_E19D9AD2C4663E4` FOREIGN KEY (`page_id`) REFERENCES `page` (`id`);

--
-- Filtros para la tabla `socialnetwork`
--
ALTER TABLE `socialnetwork`
  ADD CONSTRAINT `FK_87FC02E3A89DB457` FOREIGN KEY (`business_id`) REFERENCES `business` (`id`);

--
-- Filtros para la tabla `subcategory`
--
ALTER TABLE `subcategory`
  ADD CONSTRAINT `FK_DDCA44812469DE2` FOREIGN KEY (`category_id`) REFERENCES `category` (`id`);

--
-- Filtros para la tabla `subcategoryimage`
--
ALTER TABLE `subcategoryimage`
  ADD CONSTRAINT `FK_5E8A2B9C5DC6FE57` FOREIGN KEY (`subcategory_id`) REFERENCES `subcategory` (`id`);

--
-- Filtros para la tabla `suburl`
--
ALTER TABLE `suburl`
  ADD CONSTRAINT `FK_975E1247166D1F9C` FOREIGN KEY (`project_id`) REFERENCES `project` (`id`),
  ADD CONSTRAINT `FK_975E124781CFDAE7` FOREIGN KEY (`url_id`) REFERENCES `url` (`id`),
  ADD CONSTRAINT `FK_975E1247ED5CA9E6` FOREIGN KEY (`service_id`) REFERENCES `service` (`id`);

--
-- Filtros para la tabla `superadministrator`
--
ALTER TABLE `superadministrator`
  ADD CONSTRAINT `FK_269ADBD2BF396750` FOREIGN KEY (`id`) REFERENCES `user` (`id`) ON DELETE CASCADE;

--
-- Filtros para la tabla `testimony`
--
ALTER TABLE `testimony`
  ADD CONSTRAINT `FK_523C9487A89DB457` FOREIGN KEY (`business_id`) REFERENCES `business` (`id`);

--
-- Filtros para la tabla `themecontact`
--
ALTER TABLE `themecontact`
  ADD CONSTRAINT `FK_656935C7BF396750` FOREIGN KEY (`id`) REFERENCES `theme` (`id`) ON DELETE CASCADE;

--
-- Filtros para la tabla `themefeaturedproducts`
--
ALTER TABLE `themefeaturedproducts`
  ADD CONSTRAINT `FK_854AD6DABF396750` FOREIGN KEY (`id`) REFERENCES `theme` (`id`) ON DELETE CASCADE;

--
-- Filtros para la tabla `themefooter`
--
ALTER TABLE `themefooter`
  ADD CONSTRAINT `FK_302B622ABF396750` FOREIGN KEY (`id`) REFERENCES `theme` (`id`) ON DELETE CASCADE;

--
-- Filtros para la tabla `themefreetextimage`
--
ALTER TABLE `themefreetextimage`
  ADD CONSTRAINT `FK_CC3DE3D0BF396750` FOREIGN KEY (`id`) REFERENCES `theme` (`id`) ON DELETE CASCADE;

--
-- Filtros para la tabla `themegalery`
--
ALTER TABLE `themegalery`
  ADD CONSTRAINT `FK_D9473459BF396750` FOREIGN KEY (`id`) REFERENCES `theme` (`id`) ON DELETE CASCADE;

--
-- Filtros para la tabla `themeheader`
--
ALTER TABLE `themeheader`
  ADD CONSTRAINT `FK_BC68CFB8BF396750` FOREIGN KEY (`id`) REFERENCES `theme` (`id`) ON DELETE CASCADE;

--
-- Filtros para la tabla `themelastnews`
--
ALTER TABLE `themelastnews`
  ADD CONSTRAINT `FK_5FFFB6BEBF396750` FOREIGN KEY (`id`) REFERENCES `theme` (`id`) ON DELETE CASCADE;

--
-- Filtros para la tabla `thememap`
--
ALTER TABLE `thememap`
  ADD CONSTRAINT `FK_ACEE1B0CBF396750` FOREIGN KEY (`id`) REFERENCES `theme` (`id`) ON DELETE CASCADE;

--
-- Filtros para la tabla `themenewdetail`
--
ALTER TABLE `themenewdetail`
  ADD CONSTRAINT `FK_D05687C5BF396750` FOREIGN KEY (`id`) REFERENCES `theme` (`id`) ON DELETE CASCADE;

--
-- Filtros para la tabla `themenewslist`
--
ALTER TABLE `themenewslist`
  ADD CONSTRAINT `FK_993F6A9EBF396750` FOREIGN KEY (`id`) REFERENCES `theme` (`id`) ON DELETE CASCADE;

--
-- Filtros para la tabla `themeproductlist`
--
ALTER TABLE `themeproductlist`
  ADD CONSTRAINT `FK_190079C2BF396750` FOREIGN KEY (`id`) REFERENCES `theme` (`id`) ON DELETE CASCADE;

--
-- Filtros para la tabla `themeprojectdetail`
--
ALTER TABLE `themeprojectdetail`
  ADD CONSTRAINT `FK_7D67CEBABF396750` FOREIGN KEY (`id`) REFERENCES `theme` (`id`) ON DELETE CASCADE;

--
-- Filtros para la tabla `themeprojectlist`
--
ALTER TABLE `themeprojectlist`
  ADD CONSTRAINT `FK_6B54F73EBF396750` FOREIGN KEY (`id`) REFERENCES `theme` (`id`) ON DELETE CASCADE;

--
-- Filtros para la tabla `themeprojects`
--
ALTER TABLE `themeprojects`
  ADD CONSTRAINT `FK_71B857FABF396750` FOREIGN KEY (`id`) REFERENCES `theme` (`id`) ON DELETE CASCADE;

--
-- Filtros para la tabla `themeprojectsfeatures`
--
ALTER TABLE `themeprojectsfeatures`
  ADD CONSTRAINT `FK_5325BCFBF396750` FOREIGN KEY (`id`) REFERENCES `theme` (`id`) ON DELETE CASCADE;

--
-- Filtros para la tabla `themeservicedetail`
--
ALTER TABLE `themeservicedetail`
  ADD CONSTRAINT `FK_C7402AC3BF396750` FOREIGN KEY (`id`) REFERENCES `theme` (`id`) ON DELETE CASCADE;

--
-- Filtros para la tabla `themeservices`
--
ALTER TABLE `themeservices`
  ADD CONSTRAINT `FK_5E190537BF396750` FOREIGN KEY (`id`) REFERENCES `theme` (`id`) ON DELETE CASCADE;

--
-- Filtros para la tabla `themeserviceslist`
--
ALTER TABLE `themeserviceslist`
  ADD CONSTRAINT `FK_382C2F00BF396750` FOREIGN KEY (`id`) REFERENCES `theme` (`id`) ON DELETE CASCADE;

--
-- Filtros para la tabla `themetestimonies`
--
ALTER TABLE `themetestimonies`
  ADD CONSTRAINT `FK_FF55C939BF396750` FOREIGN KEY (`id`) REFERENCES `theme` (`id`) ON DELETE CASCADE;

--
-- Filtros para la tabla `themewelcometext`
--
ALTER TABLE `themewelcometext`
  ADD CONSTRAINT `FK_1D668011BF396750` FOREIGN KEY (`id`) REFERENCES `theme` (`id`) ON DELETE CASCADE;

--
-- Filtros para la tabla `url`
--
ALTER TABLE `url`
  ADD CONSTRAINT `FK_F47645AE588525C` FOREIGN KEY (`mfooter_id`) REFERENCES `mfooter` (`id`),
  ADD CONSTRAINT `FK_F47645AEC4663E4` FOREIGN KEY (`page_id`) REFERENCES `page` (`id`),
  ADD CONSTRAINT `FK_F47645AEF63ECC0` FOREIGN KEY (`mheader_id`) REFERENCES `mheader` (`id`);

--
-- Filtros para la tabla `variant`
--
ALTER TABLE `variant`
  ADD CONSTRAINT `FK_F143BFAD4584665A` FOREIGN KEY (`product_id`) REFERENCES `product` (`id`);

--
-- Filtros para la tabla `variantvalue`
--
ALTER TABLE `variantvalue`
  ADD CONSTRAINT `FK_AFAABEBA3B69A9AF` FOREIGN KEY (`variant_id`) REFERENCES `variant` (`id`);

