-- https://www.phpmyadmin.net/
--
-- Servidor: localhost
-- Tiempo de generación: 11-03-2019 a las 12:40:20
-- Versión del servidor: 5.5.56
-- Versión de PHP: 5.6.36

START TRANSACTION;



--
-- Base de datos: `pagoswinecta`
--

-- --------------------------------------------------------

--
-- Estructura de tabla para la tabla `briefing`
--

CREATE TABLE `briefing` (
  `id` int(11) NOT NULL,
  `usuario_id` int(11) DEFAULT NULL,
  `categoria_id` int(11) DEFAULT NULL,
  `category_id` int(11) DEFAULT NULL,
  `subcategory_id` int(11) DEFAULT NULL,
  `nombre` varchar(255) COLLATE utf8_unicode_ci DEFAULT NULL,
  `nombretienda` varchar(255) COLLATE utf8_unicode_ci DEFAULT NULL,
  `descripcion` longtext COLLATE utf8_unicode_ci,
  `lema` longtext COLLATE utf8_unicode_ci,
  `servicio1titulo` varchar(255) COLLATE utf8_unicode_ci DEFAULT NULL,
  `servicio1descripcion` longtext COLLATE utf8_unicode_ci,
  `servicio2titulo` varchar(255) COLLATE utf8_unicode_ci DEFAULT NULL,
  `servicio2descripcion` longtext COLLATE utf8_unicode_ci,
  `servicio3titulo` varchar(255) COLLATE utf8_unicode_ci DEFAULT NULL,
  `servicio3descripcion` longtext COLLATE utf8_unicode_ci,
  `email` varchar(255) COLLATE utf8_unicode_ci DEFAULT NULL,
  `emailpedidos` varchar(255) COLLATE utf8_unicode_ci DEFAULT NULL,
  `telefono` varchar(255) COLLATE utf8_unicode_ci DEFAULT NULL,
  `direccion` varchar(255) COLLATE utf8_unicode_ci DEFAULT NULL,
  `horario` varchar(255) COLLATE utf8_unicode_ci DEFAULT NULL,
  `facebook` varchar(255) COLLATE utf8_unicode_ci DEFAULT NULL,
  `twitter` varchar(255) COLLATE utf8_unicode_ci DEFAULT NULL,
  `instagram` varchar(255) COLLATE utf8_unicode_ci DEFAULT NULL,
  `linkedin` varchar(255) COLLATE utf8_unicode_ci DEFAULT NULL,
  `pathlogo` varchar(255) COLLATE utf8_unicode_ci DEFAULT NULL,
  `pathbanner` varchar(255) COLLATE utf8_unicode_ci DEFAULT NULL,
  `numerosubidas` int(11) NOT NULL,
  `plantilla` int(11) NOT NULL,
  `colorweb` varchar(255) COLLATE utf8_unicode_ci DEFAULT NULL,
  `parecidas` longtext COLLATE utf8_unicode_ci,
  `textolegal` longtext COLLATE utf8_unicode_ci,
  `condicioneslegales` longtext COLLATE utf8_unicode_ci,
  `politicaprivacidad` longtext COLLATE utf8_unicode_ci,
  `observaciones` longtext COLLATE utf8_unicode_ci,
  `zipimagenes` varchar(255) COLLATE utf8_unicode_ci DEFAULT NULL,
  `productosparaadultos` tinyint(1) NOT NULL,
  `codigotemporal` varchar(255) COLLATE utf8_unicode_ci DEFAULT NULL
) ENGINE=InnoDB DEFAULT CHARSET=utf8 COLLATE=utf8_unicode_ci;

--
-- Volcado de datos para la tabla `briefing`
--

INSERT INTO `briefing` (`id`, `usuario_id`, `categoria_id`, `category_id`, `subcategory_id`, `nombre`, `nombretienda`, `descripcion`, `lema`, `servicio1titulo`, `servicio1descripcion`, `servicio2titulo`, `servicio2descripcion`, `servicio3titulo`, `servicio3descripcion`, `email`, `emailpedidos`, `telefono`, `direccion`, `horario`, `facebook`, `twitter`, `instagram`, `linkedin`, `pathlogo`, `pathbanner`, `numerosubidas`, `plantilla`, `colorweb`, `parecidas`, `textolegal`, `condicioneslegales`, `politicaprivacidad`, `observaciones`, `zipimagenes`, `productosparaadultos`, `codigotemporal`) VALUES
(4, 9, NULL, 5, 19, 'Winecta', 'Grupo Winecta', 'Descripción de la empresa', 'ESLOGAN', 'Servicio 1', 'DESCRIPCION', 'SERVICIO 2', 'DESCRIPCIÓN', NULL, NULL, NULL, NULL, NULL, NULL, NULL, 'FACEBOOK', NULL, NULL, NULL, '9-863-logo.png', '9-390-banner.jpg', 0, 0, 'FFFFFF', NULL, NULL, NULL, NULL, NULL, NULL, 0, 'af6abec5c55b3b6d4228439ade0ee46a'),
(5, 10, NULL, NULL, NULL, 'APP&WEB', NULL, NULL, NULL, NULL, NULL, NULL, NULL, NULL, NULL, NULL, NULL, NULL, NULL, NULL, NULL, NULL, NULL, NULL, '10-373-logo.png', '10-550-banner.jpg', 0, 0, NULL, NULL, NULL, NULL, NULL, NULL, NULL, 0, '1b677c44bd7d14b7e2a005463371d404');

-- --------------------------------------------------------

--
-- Estructura de tabla para la tabla `business`
--

CREATE TABLE `business` (
  `id` int(11) NOT NULL,
  `style_id` int(11) DEFAULT NULL,
  `nif` varchar(255) COLLATE utf8_unicode_ci DEFAULT NULL,
  `nombre` varchar(255) COLLATE utf8_unicode_ci NOT NULL,
  `terminal` varchar(255) COLLATE utf8_unicode_ci DEFAULT NULL,
  `tpvversion` varchar(255) COLLATE utf8_unicode_ci DEFAULT NULL,
  `tpvproduction` tinyint(1) NOT NULL,
  `fuc` varchar(255) COLLATE utf8_unicode_ci DEFAULT NULL,
  `fucdevelopment` varchar(255) COLLATE utf8_unicode_ci DEFAULT NULL,
  `tpvkeyproduction` varchar(255) COLLATE utf8_unicode_ci DEFAULT NULL,
  `tpvkeydevelopment` varchar(255) COLLATE utf8_unicode_ci DEFAULT NULL,
  `urlpaypal` varchar(255) COLLATE utf8_unicode_ci DEFAULT NULL,
  `usuariopaypal` varchar(255) COLLATE utf8_unicode_ci DEFAULT NULL,
  `estadopaypal` int(11) DEFAULT NULL,
  `currency` varchar(255) COLLATE utf8_unicode_ci DEFAULT NULL,
  `moneda` varchar(255) COLLATE utf8_unicode_ci DEFAULT NULL,
  `trans` varchar(255) COLLATE utf8_unicode_ci DEFAULT NULL,
  `eliminado` tinyint(1) NOT NULL,
  `email` varchar(255) COLLATE utf8_unicode_ci DEFAULT NULL,
  `urlregistro` varchar(255) COLLATE utf8_unicode_ci DEFAULT NULL,
  `mensajeregistro` varchar(255) COLLATE utf8_unicode_ci DEFAULT NULL,
  `urlsubdominios` varchar(255) COLLATE utf8_unicode_ci DEFAULT NULL,
  `urlcrearweb` varchar(255) COLLATE utf8_unicode_ci DEFAULT NULL,
  `contadorsubdominios` int(11) NOT NULL,
  `estadostripe` int(11) DEFAULT NULL,
  `claveteststripe` varchar(255) COLLATE utf8_unicode_ci DEFAULT NULL,
  `claveproduccionstripe` varchar(255) COLLATE utf8_unicode_ci DEFAULT NULL
) ENGINE=InnoDB DEFAULT CHARSET=utf8 COLLATE=utf8_unicode_ci;

--
-- Volcado de datos para la tabla `business`
--

INSERT INTO `business` (`id`, `style_id`, `nif`, `nombre`, `terminal`, `tpvversion`, `tpvproduction`, `fuc`, `fucdevelopment`, `tpvkeyproduction`, `tpvkeydevelopment`, `urlpaypal`, `usuariopaypal`, `estadopaypal`, `currency`, `moneda`, `trans`, `eliminado`, `email`, `urlregistro`, `mensajeregistro`, `urlsubdominios`, `urlcrearweb`, `contadorsubdominios`, `estadostripe`, `claveteststripe`, `claveproduccionstripe`) VALUES
(2, 1, NULL, 'Haz tu Ecommerce', '1', 'HMAC_SHA256_V1', 0, NULL, '', NULL, '', 'https://www.sandbox.paypal.com/cgi-bin/webscr', 'paypal@appandweb.es', 1, 'EUR', '978', '0', 0, 'noreply@haztuecommerce.com', 'admin.haztuecommerce.com', 'Bienvenido a Haztuecommerce', 'test.haztuecommerce.com', 'make.haztuecommerce.com', 7, 1, 'sk_test_T6d2yRX779uRSbwGVCDgQIUB', 'sk_live_vsT8Tk2VqRoXR6RlD7tjsK6Z'),
(3, 2, NULL, 'Lanza Tu Página Web', '1', 'HMAC_SHA256_V1', 0, NULL, '', NULL, '', 'https://www.sandbox.paypal.com/cgi-bin/webscr', NULL, 1, NULL, '978', '0', 0, NULL, 'admin.lanzatupaginaweb.com', 'Bienvenido a Lanzatupaginaweb', 'test.lanzatupaginaweb.com', 'make.lanzatupaginaweb.com', 0, 1, NULL, NULL);

-- --------------------------------------------------------

--
-- Estructura de tabla para la tabla `categoria`
--

CREATE TABLE `categoria` (
  `id` int(11) NOT NULL,
  `categoria` varchar(255) COLLATE utf8_unicode_ci NOT NULL,
  `nombre` varchar(255) COLLATE utf8_unicode_ci NOT NULL,
  `isdeleted` tinyint(1) NOT NULL
) ENGINE=InnoDB DEFAULT CHARSET=utf8 COLLATE=utf8_unicode_ci;

-- --------------------------------------------------------

--
-- Estructura de tabla para la tabla `category`
--

CREATE TABLE `category` (
  `id` int(11) NOT NULL,
  `name` varchar(255) COLLATE utf8_unicode_ci NOT NULL,
  `sort` int(11) NOT NULL,
  `datecreated` datetime NOT NULL,
  `deleted` tinyint(1) NOT NULL
) ENGINE=InnoDB DEFAULT CHARSET=utf8 COLLATE=utf8_unicode_ci;

--
-- Volcado de datos para la tabla `category`
--

INSERT INTO `category` (`id`, `name`, `sort`, `datecreated`, `deleted`) VALUES
(1, 'Casa y construcción', 1, '2017-05-07 08:34:33', 1),
(2, 'Deportes', 2, '2017-05-07 08:35:42', 1),
(3, 'Eventos', 3, '2017-05-07 08:35:49', 1),
(4, 'Hotel y Turismo', 4, '2017-05-07 08:35:58', 0),
(5, 'Negocios', 6, '2017-05-07 08:36:10', 0),
(6, 'Portafolio', 7, '2017-05-07 08:36:19', 0),
(7, 'Salud y bienestar', 8, '2017-05-07 08:36:27', 0),
(8, 'Servicios', 9, '2017-05-07 08:36:39', 0);

-- --------------------------------------------------------

--
-- Estructura de tabla para la tabla `contactinfo`
--

CREATE TABLE `contactinfo` (
  `id` int(11) NOT NULL,
  `usuario_id` int(11) DEFAULT NULL,
  `email` varchar(255) COLLATE utf8_unicode_ci DEFAULT NULL,
  `telephone` varchar(255) COLLATE utf8_unicode_ci DEFAULT NULL,
  `mobilephone` varchar(255) COLLATE utf8_unicode_ci DEFAULT NULL,
  `fax` varchar(255) COLLATE utf8_unicode_ci DEFAULT NULL,
  `latitude` double DEFAULT NULL,
  `longitude` double DEFAULT NULL,
  `address` varchar(255) COLLATE utf8_unicode_ci DEFAULT NULL,
  `schedule` varchar(255) COLLATE utf8_unicode_ci DEFAULT NULL,
  `datecreated` datetime NOT NULL
) ENGINE=InnoDB DEFAULT CHARSET=utf8 COLLATE=utf8_unicode_ci;

-- --------------------------------------------------------

--
-- Estructura de tabla para la tabla `contadorsubdominios`
--

CREATE TABLE `contadorsubdominios` (
  `id` int(11) NOT NULL,
  `numero` int(11) NOT NULL
) ENGINE=InnoDB DEFAULT CHARSET=utf8 COLLATE=utf8_unicode_ci;

-- --------------------------------------------------------

--
-- Estructura de tabla para la tabla `legalinfo`
--

CREATE TABLE `legalinfo` (
  `id` int(11) NOT NULL,
  `usuario_id` int(11) DEFAULT NULL,
  `legalwarning` longtext COLLATE utf8_unicode_ci,
  `privacypolicy` longtext COLLATE utf8_unicode_ci,
  `cookiespolicy` longtext COLLATE utf8_unicode_ci,
  `legalconditions` longtext COLLATE utf8_unicode_ci,
  `datecreated` datetime NOT NULL
) ENGINE=InnoDB DEFAULT CHARSET=utf8 COLLATE=utf8_unicode_ci;

-- --------------------------------------------------------

--
-- Estructura de tabla para la tabla `pago`
--

CREATE TABLE `pago` (
  `id` int(11) NOT NULL,
  `usuario_id` int(11) DEFAULT NULL,
  `business_id` int(11) DEFAULT NULL,
  `subtotal` double NOT NULL,
  `taxes` double NOT NULL,
  `descuento` double NOT NULL,
  `total` double NOT NULL,
  `totaldescuento` double NOT NULL,
  `pagado` tinyint(1) NOT NULL,
  `estado` int(11) NOT NULL,
  `authorizationcode` varchar(255) COLLATE utf8_unicode_ci DEFAULT NULL,
  `datepayment` datetime DEFAULT NULL,
  `eliminado` int(11) NOT NULL,
  `updatedAt` datetime DEFAULT NULL,
  `createdAt` datetime NOT NULL,
  `deliveryName` varchar(255) COLLATE utf8_unicode_ci DEFAULT NULL,
  `paymentform` int(11) NOT NULL
) ENGINE=InnoDB DEFAULT CHARSET=utf8 COLLATE=utf8_unicode_ci;

--
-- Volcado de datos para la tabla `pago`
--

INSERT INTO `pago` (`id`, `usuario_id`, `business_id`, `subtotal`, `taxes`, `descuento`, `total`, `totaldescuento`, `pagado`, `estado`, `authorizationcode`, `datepayment`, `eliminado`, `updatedAt`, `createdAt`, `deliveryName`, `paymentform`) VALUES
(10, 9, 2, 29.9, 21, 0, 29.9, 29.9, 0, 1, NULL, NULL, 0, '2019-02-28 17:19:18', '2019-02-28 17:19:18', 'Plan renove', 0),
(11, 9, 2, 29.9, 21, 0, 29.9, 29.9, 0, 1, NULL, NULL, 0, '2019-02-28 17:24:35', '2019-02-28 17:24:35', 'Plan renove', 0),
(12, 10, 2, 29.9, 21, 0, 29.9, 29.9, 0, 1, NULL, NULL, 0, '2019-03-07 10:52:11', '2019-03-07 10:52:11', 'Plan renove', 0);

-- --------------------------------------------------------

--
-- Estructura de tabla para la tabla `plan`
--

CREATE TABLE `plan` (
  `id` int(11) NOT NULL,
  `business_id` int(11) DEFAULT NULL,
  `name` varchar(255) COLLATE utf8_unicode_ci NOT NULL,
  `taxes` double NOT NULL,
  `total` double NOT NULL,
  `meses` int(11) NOT NULL,
  `eliminado` int(11) NOT NULL,
  `idplanstripe` varchar(255) COLLATE utf8_unicode_ci DEFAULT NULL
) ENGINE=InnoDB DEFAULT CHARSET=utf8 COLLATE=utf8_unicode_ci;

--
-- Volcado de datos para la tabla `plan`
--

INSERT INTO `plan` (`id`, `business_id`, `name`, `taxes`, `total`, `meses`, `eliminado`, `idplanstripe`) VALUES
(1, 2, 'Plan mensual', 21, 29.9, 1, 0, '2');

-- --------------------------------------------------------

--
-- Estructura de tabla para la tabla `socialnetwork`
--

CREATE TABLE `socialnetwork` (
  `id` int(11) NOT NULL,
  `usuario_id` int(11) DEFAULT NULL,
  `twitter` varchar(255) COLLATE utf8_unicode_ci DEFAULT NULL,
  `facebook` varchar(255) COLLATE utf8_unicode_ci DEFAULT NULL,
  `instagram` varchar(255) COLLATE utf8_unicode_ci DEFAULT NULL,
  `youtube` varchar(255) COLLATE utf8_unicode_ci DEFAULT NULL,
  `whatsapp` varchar(255) COLLATE utf8_unicode_ci DEFAULT NULL,
  `linkedin` varchar(255) COLLATE utf8_unicode_ci DEFAULT NULL,
  `google` varchar(255) COLLATE utf8_unicode_ci DEFAULT NULL,
  `flickr` varchar(255) COLLATE utf8_unicode_ci DEFAULT NULL,
  `datecreated` datetime NOT NULL
) ENGINE=InnoDB DEFAULT CHARSET=utf8 COLLATE=utf8_unicode_ci;

-- --------------------------------------------------------

--
-- Estructura de tabla para la tabla `style`
--

CREATE TABLE `style` (
  `id` int(11) NOT NULL,
  `nombre` varchar(255) COLLATE utf8_unicode_ci DEFAULT NULL,
  `nombrelogo` varchar(255) COLLATE utf8_unicode_ci DEFAULT NULL,
  `pathlogin` varchar(255) COLLATE utf8_unicode_ci DEFAULT NULL,
  `pathimagen` varchar(255) COLLATE utf8_unicode_ci DEFAULT NULL,
  `classimagen` varchar(255) COLLATE utf8_unicode_ci DEFAULT NULL,
  `fondomenu` varchar(255) COLLATE utf8_unicode_ci DEFAULT NULL,
  `colortopmenu` varchar(255) COLLATE utf8_unicode_ci DEFAULT NULL,
  `colorlateralmenu` varchar(255) COLLATE utf8_unicode_ci DEFAULT NULL,
  `colorletramenu` varchar(255) COLLATE utf8_unicode_ci DEFAULT NULL,
  `colorletramenulateral` varchar(255) COLLATE utf8_unicode_ci DEFAULT NULL,
  `colorseparadoresmenu` varchar(255) COLLATE utf8_unicode_ci DEFAULT NULL,
  `colorcabeceramodal` varchar(255) COLLATE utf8_unicode_ci DEFAULT NULL,
  `colortabfondo` varchar(255) COLLATE utf8_unicode_ci DEFAULT NULL,
  `colorbotonfondo` varchar(255) COLLATE utf8_unicode_ci DEFAULT NULL,
  `colorbotonletra` varchar(255) COLLATE utf8_unicode_ci DEFAULT NULL,
  `colorfondoadministracion` varchar(255) COLLATE utf8_unicode_ci DEFAULT NULL,
  `colorfondopublic` varchar(255) COLLATE utf8_unicode_ci DEFAULT NULL,
  `colorbotonpublic` varchar(255) COLLATE utf8_unicode_ci DEFAULT NULL,
  `colorletraspublic` varchar(255) COLLATE utf8_unicode_ci DEFAULT NULL,
  `colorcabeceramodalpublic` varchar(255) COLLATE utf8_unicode_ci DEFAULT NULL,
  `colorbotonpreviaedita` varchar(255) COLLATE utf8_unicode_ci DEFAULT NULL,
  `colorbotonpublicacontinua` varchar(255) COLLATE utf8_unicode_ci DEFAULT NULL,
  `colorbotonarchivopublic` varchar(255) COLLATE utf8_unicode_ci DEFAULT NULL,
  `colortextoavisopublic` varchar(255) COLLATE utf8_unicode_ci DEFAULT NULL,
  `eliminado` tinyint(1) NOT NULL,
  `equilanciaedewis` int(11) NOT NULL
) ENGINE=InnoDB DEFAULT CHARSET=utf8 COLLATE=utf8_unicode_ci;

--
-- Volcado de datos para la tabla `style`
--

INSERT INTO `style` (`id`, `nombre`, `nombrelogo`, `pathlogin`, `pathimagen`, `classimagen`, `fondomenu`, `colortopmenu`, `colorlateralmenu`, `colorletramenu`, `colorletramenulateral`, `colorseparadoresmenu`, `colorcabeceramodal`, `colortabfondo`, `colorbotonfondo`, `colorbotonletra`, `colorfondoadministracion`, `colorfondopublic`, `colorbotonpublic`, `colorletraspublic`, `colorcabeceramodalpublic`, `colorbotonpreviaedita`, `colorbotonpublicacontinua`, `colorbotonarchivopublic`, `colortextoavisopublic`, `eliminado`, `equilanciaedewis`) VALUES
(1, 'Haztuecommerce', 'Haztuecommerce', 'pathlogin-1-54.png', 'pathimagen-1-73.png', 'haztuecommerce', '#F2F2F2', '#FF5959', '#6C67D7', '#6C67D7', '#6C67D7', '#FFFFFF', '#6C67D7', '#F2F2F2', '#FF5959', '#FFFFFF', NULL, '#F2F2F2', '#FF5959', '#313131', '#6C67D7', '#6C67D7', '#FF5959', '#6C67D7', '#FF5959', 0, 3),
(2, 'Lanzatupaginaweb', 'lanzatupaginaweb', 'pathlogin-2-92.png', 'pathimagen-2-11.png', 'lanzatupaginaweb', '#F2F2F2', '#FF5959', '#FF5959', '#6C67D7', '#6C67D7', '#FFFFFF', '#6C67D7', '#F2F2F2', '#FF5959', '#FFFFFF', NULL, '#F2F2F2', '#FF5959', '#313131', '#6C67D7', '#6C67D7', '#FF5959', '#6C67D7', '#FF5959', 0, 3);

-- --------------------------------------------------------

--
-- Estructura de tabla para la tabla `subcategory`
--

CREATE TABLE `subcategory` (
  `id` int(11) NOT NULL,
  `category_id` int(11) DEFAULT NULL,
  `name` varchar(255) COLLATE utf8_unicode_ci NOT NULL,
  `slug` varchar(255) COLLATE utf8_unicode_ci NOT NULL,
  `sort` int(11) NOT NULL,
  `datecreated` datetime NOT NULL,
  `deleted` tinyint(1) NOT NULL
) ENGINE=InnoDB DEFAULT CHARSET=utf8 COLLATE=utf8_unicode_ci;

--
-- Volcado de datos para la tabla `subcategory`
--

INSERT INTO `subcategory` (`id`, `category_id`, `name`, `slug`, `sort`, `datecreated`, `deleted`) VALUES
(1, 1, 'Arquitectura', 'arquitectura', 1, '2017-05-07 08:47:06', 0),
(2, 1, 'Carpintería', 'carpinteria', 100, '2017-05-07 08:48:48', 0),
(3, 1, 'Construcción', 'construccion', 100, '2017-05-07 08:49:07', 0),
(4, 1, 'Diseño de interiores', 'diseno_de_interiores', 100, '2017-05-07 08:49:27', 1),
(5, 1, 'Inmobiliaria', 'inmobiliaria', 100, '2017-05-07 08:49:46', 0),
(6, 1, 'Mantenimiento', 'mantenimiento', 100, '2017-05-07 08:50:01', 0),
(7, 2, 'Actividades deportivas', 'actividades_deportivas', 100, '2017-05-07 09:19:26', 0),
(8, 2, 'Deporte', 'deporte', 100, '2017-05-07 09:19:38', 0),
(9, 2, 'Gimnasio', 'gimnasio', 100, '2017-05-07 09:19:54', 0),
(10, 3, 'Bodas', 'bodas', 100, '2017-05-07 09:20:19', 0),
(11, 3, 'Fiestas y Celebraciones', 'fiestas_celebraciones', 100, '2017-05-07 09:20:42', 0),
(12, 4, 'Agencia de viajes', 'agencia-de-viajes', 100, '2017-05-07 09:21:08', 0),
(13, 4, 'Café', 'cafe', 100, '2017-05-07 09:21:20', 0),
(14, 4, 'Club', 'club', 100, '2017-05-07 09:21:28', 0),
(15, 4, 'Hotel', 'hotel', 100, '2017-05-07 09:21:37', 0),
(16, 4, 'Restaurante', 'restaurante', 100, '2017-05-07 09:21:45', 0),
(17, 5, 'Artes y Oficios', 'artes_y_oficios', 100, '2017-05-07 09:22:06', 0),
(18, 5, 'Comida rápida', 'comida_rapida', 100, '2017-05-07 09:22:24', 0),
(19, 5, 'Tiendas de ropa', 'tiendas_de_ropa', 100, '2017-05-07 09:22:41', 0),
(20, 5, 'Vendedor de coches', 'vendedor_de_coches', 100, '2017-05-07 09:22:59', 0),
(21, 6, 'Agencia web', 'agencia-web', 100, '2017-05-07 09:23:22', 0),
(22, 6, 'Banda de música', 'banda_de_musica', 100, '2017-05-07 09:23:42', 0),
(23, 6, 'Estudio de diseño', 'estudio_de_diseno', 100, '2017-05-07 09:24:03', 0),
(24, 6, 'Foto y Video', 'foto_y_video', 100, '2017-05-07 09:24:24', 0),
(25, 6, 'Galería de arte', 'galeria_de_arte', 100, '2017-05-07 09:24:47', 0),
(26, 6, 'Moda', 'moda', 100, '2017-05-07 09:25:01', 0),
(27, 7, 'Centro de belleza', 'centro_de_belleza', 100, '2017-05-07 09:25:23', 0),
(28, 7, 'Clínica', 'clinica', 100, '2017-05-07 09:26:02', 0),
(29, 7, 'Clínica veterinaria', 'clinica_veterinaria', 100, '2017-05-07 09:26:18', 0),
(30, 7, 'Farmacia', 'Farmacia', 100, '2017-05-07 09:26:41', 0),
(31, 7, 'Fisioterapia', 'fisioterapia', 100, '2017-05-07 09:27:05', 0),
(32, 7, 'Spa', 'spa', 100, '2017-05-07 09:27:14', 0),
(33, 8, 'Consultoría', 'consultoria', 100, '2017-05-07 09:27:38', 0),
(34, 8, 'Guardería', 'guarderia', 100, '2017-05-07 09:27:50', 0),
(35, 8, 'Imprenta', 'imprenta', 100, '2017-05-07 09:28:07', 0),
(36, 8, 'Informática', 'informatica', 100, '2017-05-07 09:28:25', 0),
(37, 8, 'Ingeniería RD', 'ingenieria_r_d', 100, '2017-05-07 09:28:48', 0),
(38, 8, 'Ong', 'ong', 100, '2017-05-07 09:29:04', 0),
(39, 3, 'Cumpleaños', 'cumpleanos', 100, '2017-05-07 09:30:32', 0),
(40, 5, 'Pequeños negocios', 'pequenos_negocios', 100, '2017-05-07 09:31:46', 0),
(41, 8, 'Seguridad', 'seguridad', 100, '2017-05-07 09:32:19', 0),
(42, 5, 'Transporte', 'transporte', 100, '2017-05-07 09:32:48', 0),
(43, 2, 'categ', 'cat', 2, '2019-02-01 20:31:41', 0);

-- --------------------------------------------------------

--
-- Estructura de tabla para la tabla `superadmin`
--

CREATE TABLE `superadmin` (
  `id` int(11) NOT NULL
) ENGINE=InnoDB DEFAULT CHARSET=utf8 COLLATE=utf8_unicode_ci;

--
-- Volcado de datos para la tabla `superadmin`
--

INSERT INTO `superadmin` (`id`) VALUES
(1);

-- --------------------------------------------------------

--
-- Estructura de tabla para la tabla `usuario`
--

CREATE TABLE `usuario` (
  `id` int(11) NOT NULL,
  `subcategory_id` int(11) DEFAULT NULL,
  `category_id` int(11) DEFAULT NULL,
  `web_id` int(11) DEFAULT NULL,
  `business_id` int(11) DEFAULT NULL,
  `briefing_id` int(11) DEFAULT NULL,
  `nombre` varchar(255) COLLATE utf8_unicode_ci NOT NULL,
  `apellidos` varchar(255) COLLATE utf8_unicode_ci DEFAULT NULL,
  `telefono` varchar(255) COLLATE utf8_unicode_ci DEFAULT NULL,
  `email` varchar(255) COLLATE utf8_unicode_ci NOT NULL,
  `password` varchar(255) COLLATE utf8_unicode_ci NOT NULL,
  `role` varchar(255) COLLATE utf8_unicode_ci NOT NULL,
  `salt` varchar(255) COLLATE utf8_unicode_ci NOT NULL,
  `date` datetime NOT NULL,
  `activo` tinyint(1) NOT NULL,
  `bloqueado` tinyint(1) NOT NULL,
  `expirado` tinyint(1) NOT NULL,
  `codigoverificacion` varchar(255) COLLATE utf8_unicode_ci DEFAULT NULL,
  `zipimagenes` varchar(255) COLLATE utf8_unicode_ci DEFAULT NULL,
  `urlweb` varchar(255) COLLATE utf8_unicode_ci DEFAULT NULL,
  `completadainformacion` tinyint(1) NOT NULL,
  `planactivo` tinyint(1) NOT NULL,
  `fechainformacion` datetime DEFAULT NULL,
  `passcifrada` varchar(255) COLLATE utf8_unicode_ci DEFAULT NULL,
  `fechaexpiracion` datetime NOT NULL,
  `terminosaceptados` tinyint(1) NOT NULL,
  `configuracion` tinyint(1) NOT NULL,
  `tipo` varchar(255) COLLATE utf8_unicode_ci NOT NULL,
  `contactinfo_id` int(11) DEFAULT NULL,
  `legalinfo_id` int(11) DEFAULT NULL,
  `socialnetwork_id` int(11) DEFAULT NULL,
  `domain` varchar(255) COLLATE utf8_unicode_ci DEFAULT NULL,
  `subdomain` varchar(255) COLLATE utf8_unicode_ci DEFAULT NULL,
  `planseleccionado_id` int(11) DEFAULT NULL
) ENGINE=InnoDB DEFAULT CHARSET=utf8 COLLATE=utf8_unicode_ci;

--
-- Volcado de datos para la tabla `usuario`
--

INSERT INTO `usuario` (`id`, `subcategory_id`, `category_id`, `web_id`, `business_id`, `briefing_id`, `nombre`, `apellidos`, `telefono`, `email`, `password`, `role`, `salt`, `date`, `activo`, `bloqueado`, `expirado`, `codigoverificacion`, `zipimagenes`, `urlweb`, `completadainformacion`, `planactivo`, `fechainformacion`, `passcifrada`, `fechaexpiracion`, `terminosaceptados`, `configuracion`, `tipo`, `contactinfo_id`, `legalinfo_id`, `socialnetwork_id`, `domain`, `subdomain`, `planseleccionado_id`) VALUES
(1, NULL, NULL, NULL, NULL, NULL, 'Admin', NULL, NULL, 'admin@admin.es', 'RIroZy18P+sFrZjLoiY5l4fmqZa6/NMtYj8rXjYRhJF6DdyskYWdIL3nDpGaXgtqBQNeR0CTdEu+aVrbAvTCCA==', 'ROLE_SUPER_ADMIN', '1735cbe1bacc00c4be4b69421ee09f65', '2018-11-12 00:00:00', 1, 1, 1, NULL, NULL, NULL, 1, 0, NULL, NULL, '2099-11-01 00:00:00', 0, 0, 'superadmin', NULL, NULL, NULL, NULL, NULL, NULL),
(9, 18, 5, 5, 2, 4, 'Rubén', 'Sánchez Reche', '648054395', 'rumar13@gmail.com', '/G/fWcAzjepWA7qP2mCHcpUEfHjyzi8uyUEi7ZdjlYztl+aLU4xr3vLey2uO6bOyxgURkuYH8HsQGoQbj+1Eeg==', 'ROLE_USER', '004fc06cc3a0cff926fc5d63cf1e5332', '2019-02-28 13:11:43', 1, 1, 1, NULL, NULL, 'Web de Winecta', 1, 1, '2019-02-28 17:16:09', 'v8+TWyujyCGGZvnO4CJrZw==', '2019-02-27 13:11:43', 1, 0, 'usuario', NULL, NULL, NULL, NULL, NULL, 1),
(10, 32, 7, 6, 2, 5, 'Rubén', 'Sánchez Reche', '648 05 43 95', 'rubensr@winecta.com', 'FONaaa4FdeuZFddRI9jZFfuCbdP6Y43d76pJ3/2oSPUrxdyrg2AZILZ++ZnzTjHqlqwwCpLKnDHQV5dWDazg/Q==', 'ROLE_USER', '2631f2b22ae1a23a08b351dea11ecc12', '2019-03-07 10:39:45', 1, 1, 1, NULL, NULL, 'APP&WEB', 0, 1, '2019-03-07 10:49:07', '7tSMJlGc7TJ8MkoD3KX/dg==', '2019-03-06 10:39:45', 1, 0, 'usuario', NULL, NULL, NULL, NULL, NULL, 1);

-- --------------------------------------------------------

--
-- Estructura de tabla para la tabla `web`
--

CREATE TABLE `web` (
  `id` int(11) NOT NULL,
  `usuario_id` int(11) DEFAULT NULL,
  `dominio` varchar(255) COLLATE utf8_unicode_ci DEFAULT NULL,
  `dominiopropio` tinyint(1) NOT NULL,
  `suddominio` varchar(255) COLLATE utf8_unicode_ci DEFAULT NULL,
  `fechasolicitud` datetime DEFAULT NULL,
  `dominioaceptado` tinyint(1) NOT NULL,
  `subdominiocreado` tinyint(1) NOT NULL
) ENGINE=InnoDB DEFAULT CHARSET=utf8 COLLATE=utf8_unicode_ci;

--
-- Volcado de datos para la tabla `web`
--

INSERT INTO `web` (`id`, `usuario_id`, `dominio`, `dominiopropio`, `suddominio`, `fechasolicitud`, `dominioaceptado`, `subdominiocreado`) VALUES
(5, 9, NULL, 0, 'd006test.haztuecommerce.com', NULL, 0, 1),
(6, 10, NULL, 0, 'd007test.haztuecommerce.com', NULL, 0, 1);

--
-- Índices para tablas volcadas
--

--
-- Indices de la tabla `briefing`
--
ALTER TABLE `briefing`
  ADD PRIMARY KEY (`id`),
  ADD UNIQUE KEY `UNIQ_83D1F5A0DB38439E` (`usuario_id`),
  ADD KEY `IDX_83D1F5A03397707A` (`categoria_id`),
  ADD KEY `IDX_83D1F5A012469DE2` (`category_id`),
  ADD KEY `IDX_83D1F5A05DC6FE57` (`subcategory_id`);

--
-- Indices de la tabla `business`
--
ALTER TABLE `business`
  ADD PRIMARY KEY (`id`),
  ADD KEY `IDX_8D36E38BACD6074` (`style_id`);

--
-- Indices de la tabla `categoria`
--
ALTER TABLE `categoria`
  ADD PRIMARY KEY (`id`);

--
-- Indices de la tabla `category`
--
ALTER TABLE `category`
  ADD PRIMARY KEY (`id`);

--
-- Indices de la tabla `contactinfo`
--
ALTER TABLE `contactinfo`
  ADD PRIMARY KEY (`id`),
  ADD UNIQUE KEY `UNIQ_7BD84995DB38439E` (`usuario_id`);

--
-- Indices de la tabla `contadorsubdominios`
--
ALTER TABLE `contadorsubdominios`
  ADD PRIMARY KEY (`id`);

--
-- Indices de la tabla `legalinfo`
--
ALTER TABLE `legalinfo`
  ADD PRIMARY KEY (`id`),
  ADD UNIQUE KEY `UNIQ_FFE31252DB38439E` (`usuario_id`);

--
-- Indices de la tabla `pago`
--
ALTER TABLE `pago`
  ADD PRIMARY KEY (`id`),
  ADD KEY `IDX_F4DF5F3EDB38439E` (`usuario_id`),
  ADD KEY `IDX_F4DF5F3EA89DB457` (`business_id`);

--
-- Indices de la tabla `plan`
--
ALTER TABLE `plan`
  ADD PRIMARY KEY (`id`),
  ADD KEY `IDX_DD5A5B7DA89DB457` (`business_id`);

--
-- Indices de la tabla `socialnetwork`
--
ALTER TABLE `socialnetwork`
  ADD PRIMARY KEY (`id`),
  ADD UNIQUE KEY `UNIQ_87FC02E3DB38439E` (`usuario_id`);

--
-- Indices de la tabla `style`
--
ALTER TABLE `style`
  ADD PRIMARY KEY (`id`);

--
-- Indices de la tabla `subcategory`
--
ALTER TABLE `subcategory`
  ADD PRIMARY KEY (`id`),
  ADD UNIQUE KEY `UNIQ_DDCA448989D9B62` (`slug`),
  ADD KEY `IDX_DDCA44812469DE2` (`category_id`);

--
-- Indices de la tabla `superadmin`
--
ALTER TABLE `superadmin`
  ADD PRIMARY KEY (`id`);

--
-- Indices de la tabla `usuario`
--
ALTER TABLE `usuario`
  ADD PRIMARY KEY (`id`),
  ADD UNIQUE KEY `UNIQ_2265B05DE7927C74` (`email`),
  ADD UNIQUE KEY `UNIQ_2265B05DFE18474D` (`web_id`),
  ADD UNIQUE KEY `UNIQ_2265B05D27266F69` (`briefing_id`),
  ADD UNIQUE KEY `UNIQ_2265B05DA7A91E0B` (`domain`),
  ADD UNIQUE KEY `UNIQ_2265B05DC1D5962E` (`subdomain`),
  ADD UNIQUE KEY `UNIQ_2265B05D342A11FA` (`contactinfo_id`),
  ADD UNIQUE KEY `UNIQ_2265B05D488EFC00` (`legalinfo_id`),
  ADD UNIQUE KEY `UNIQ_2265B05D4BD877FB` (`socialnetwork_id`),
  ADD KEY `IDX_2265B05D5DC6FE57` (`subcategory_id`),
  ADD KEY `IDX_2265B05D12469DE2` (`category_id`),
  ADD KEY `IDX_2265B05DA89DB457` (`business_id`),
  ADD KEY `IDX_2265B05DBA81C51` (`planseleccionado_id`);

--
-- Indices de la tabla `web`
--
ALTER TABLE `web`
  ADD PRIMARY KEY (`id`),
  ADD UNIQUE KEY `UNIQ_15C93851DB38439E` (`usuario_id`);

--
-- AUTO_INCREMENT de las tablas volcadas
--

--
-- AUTO_INCREMENT de la tabla `briefing`
--
ALTER TABLE `briefing`
  MODIFY `id` int(11) NOT NULL AUTO_INCREMENT, AUTO_INCREMENT=6;

--
-- AUTO_INCREMENT de la tabla `business`
--
ALTER TABLE `business`
  MODIFY `id` int(11) NOT NULL AUTO_INCREMENT, AUTO_INCREMENT=4;

--
-- AUTO_INCREMENT de la tabla `categoria`
--
ALTER TABLE `categoria`
  MODIFY `id` int(11) NOT NULL AUTO_INCREMENT;

--
-- AUTO_INCREMENT de la tabla `category`
--
ALTER TABLE `category`
  MODIFY `id` int(11) NOT NULL AUTO_INCREMENT, AUTO_INCREMENT=9;

--
-- AUTO_INCREMENT de la tabla `contactinfo`
--
ALTER TABLE `contactinfo`
  MODIFY `id` int(11) NOT NULL AUTO_INCREMENT;

--
-- AUTO_INCREMENT de la tabla `contadorsubdominios`
--
ALTER TABLE `contadorsubdominios`
  MODIFY `id` int(11) NOT NULL AUTO_INCREMENT;

--
-- AUTO_INCREMENT de la tabla `legalinfo`
--
ALTER TABLE `legalinfo`
  MODIFY `id` int(11) NOT NULL AUTO_INCREMENT;

--
-- AUTO_INCREMENT de la tabla `pago`
--
ALTER TABLE `pago`
  MODIFY `id` int(11) NOT NULL AUTO_INCREMENT, AUTO_INCREMENT=13;

--
-- AUTO_INCREMENT de la tabla `plan`
--
ALTER TABLE `plan`
  MODIFY `id` int(11) NOT NULL AUTO_INCREMENT, AUTO_INCREMENT=2;

--
-- AUTO_INCREMENT de la tabla `socialnetwork`
--
ALTER TABLE `socialnetwork`
  MODIFY `id` int(11) NOT NULL AUTO_INCREMENT;

--
-- AUTO_INCREMENT de la tabla `style`
--
ALTER TABLE `style`
  MODIFY `id` int(11) NOT NULL AUTO_INCREMENT, AUTO_INCREMENT=3;

--
-- AUTO_INCREMENT de la tabla `subcategory`
--
ALTER TABLE `subcategory`
  MODIFY `id` int(11) NOT NULL AUTO_INCREMENT, AUTO_INCREMENT=44;

--
-- AUTO_INCREMENT de la tabla `usuario`
--
ALTER TABLE `usuario`
  MODIFY `id` int(11) NOT NULL AUTO_INCREMENT, AUTO_INCREMENT=11;

--
-- AUTO_INCREMENT de la tabla `web`
--
ALTER TABLE `web`
  MODIFY `id` int(11) NOT NULL AUTO_INCREMENT, AUTO_INCREMENT=7;

--
-- Restricciones para tablas volcadas
--

--
-- Filtros para la tabla `briefing`
--
ALTER TABLE `briefing`
  ADD CONSTRAINT `FK_83D1F5A012469DE2` FOREIGN KEY (`category_id`) REFERENCES `category` (`id`),
  ADD CONSTRAINT `FK_83D1F5A03397707A` FOREIGN KEY (`categoria_id`) REFERENCES `categoria` (`id`),
  ADD CONSTRAINT `FK_83D1F5A05DC6FE57` FOREIGN KEY (`subcategory_id`) REFERENCES `subcategory` (`id`),
  ADD CONSTRAINT `FK_83D1F5A0DB38439E` FOREIGN KEY (`usuario_id`) REFERENCES `usuario` (`id`);

--
-- Filtros para la tabla `business`
--
ALTER TABLE `business`
  ADD CONSTRAINT `FK_8D36E38BACD6074` FOREIGN KEY (`style_id`) REFERENCES `style` (`id`);

--
-- Filtros para la tabla `contactinfo`
--
ALTER TABLE `contactinfo`
  ADD CONSTRAINT `FK_7BD84995DB38439E` FOREIGN KEY (`usuario_id`) REFERENCES `usuario` (`id`);

--
-- Filtros para la tabla `legalinfo`
--
ALTER TABLE `legalinfo`
  ADD CONSTRAINT `FK_FFE31252DB38439E` FOREIGN KEY (`usuario_id`) REFERENCES `usuario` (`id`);

--
-- Filtros para la tabla `pago`
--
ALTER TABLE `pago`
  ADD CONSTRAINT `FK_F4DF5F3EA89DB457` FOREIGN KEY (`business_id`) REFERENCES `business` (`id`),
  ADD CONSTRAINT `FK_F4DF5F3EDB38439E` FOREIGN KEY (`usuario_id`) REFERENCES `usuario` (`id`);

--
-- Filtros para la tabla `plan`
--
ALTER TABLE `plan`
  ADD CONSTRAINT `FK_DD5A5B7DA89DB457` FOREIGN KEY (`business_id`) REFERENCES `business` (`id`);

--
-- Filtros para la tabla `socialnetwork`
--
ALTER TABLE `socialnetwork`
  ADD CONSTRAINT `FK_87FC02E3DB38439E` FOREIGN KEY (`usuario_id`) REFERENCES `usuario` (`id`);

--
-- Filtros para la tabla `subcategory`
--
ALTER TABLE `subcategory`
  ADD CONSTRAINT `FK_DDCA44812469DE2` FOREIGN KEY (`category_id`) REFERENCES `category` (`id`);

--
-- Filtros para la tabla `superadmin`
--
ALTER TABLE `superadmin`
  ADD CONSTRAINT `FK_39D87404BF396750` FOREIGN KEY (`id`) REFERENCES `usuario` (`id`) ON DELETE CASCADE;

--
-- Filtros para la tabla `usuario`
--
ALTER TABLE `usuario`
  ADD CONSTRAINT `FK_2265B05D12469DE2` FOREIGN KEY (`category_id`) REFERENCES `category` (`id`),
  ADD CONSTRAINT `FK_2265B05D27266F69` FOREIGN KEY (`briefing_id`) REFERENCES `briefing` (`id`),
  ADD CONSTRAINT `FK_2265B05D342A11FA` FOREIGN KEY (`contactinfo_id`) REFERENCES `contactinfo` (`id`),
  ADD CONSTRAINT `FK_2265B05D488EFC00` FOREIGN KEY (`legalinfo_id`) REFERENCES `legalinfo` (`id`),
  ADD CONSTRAINT `FK_2265B05D4BD877FB` FOREIGN KEY (`socialnetwork_id`) REFERENCES `socialnetwork` (`id`),
  ADD CONSTRAINT `FK_2265B05D5DC6FE57` FOREIGN KEY (`subcategory_id`) REFERENCES `subcategory` (`id`),
  ADD CONSTRAINT `FK_2265B05DA89DB457` FOREIGN KEY (`business_id`) REFERENCES `business` (`id`),
  ADD CONSTRAINT `FK_2265B05DBA81C51` FOREIGN KEY (`planseleccionado_id`) REFERENCES `plan` (`id`),
  ADD CONSTRAINT `FK_2265B05DFE18474D` FOREIGN KEY (`web_id`) REFERENCES `web` (`id`);

--
-- Filtros para la tabla `web`
--
ALTER TABLE `web`
  ADD CONSTRAINT `FK_15C93851DB38439E` FOREIGN KEY (`usuario_id`) REFERENCES `usuario` (`id`);
COMMIT;

